74.7.241.30 - - [24/Dec/2025:20:17:38 +0800] "GET /pages.php?relieve/a1?pid=2886 HTTP/1.1" 200 151556 "-" "Mozilla/5.0 AppleWebKit/537.36 (KHTML, like Gecko; compatible; GPTBot/1.3; +https://openai.com/gptbot)"
74.7.241.30 - - [24/Dec/2025:20:17:39 +0800] "GET /pages.php?limit/l1?pid=2892 HTTP/1.1" 200 151402 "-" "Mozilla/5.0 AppleWebKit/537.36 (KHTML, like Gecko; compatible; GPTBot/1.3; +https://openai.com/gptbot)"
74.7.241.30 - - [24/Dec/2025:20:17:40 +0800] "GET /pages.php?upstairs/f172?pid=1561 HTTP/1.1" 200 144681 "-" "Mozilla/5.0 AppleWebKit/537.36 (KHTML, like Gecko; compatible; GPTBot/1.3; +https://openai.com/gptbot)"
74.7.241.30 - - [24/Dec/2025:20:17:40 +0800] "GET /pages.php?controversy/m1?pid=2908 HTTP/1.1" 200 152265 "-" "Mozilla/5.0 AppleWebKit/537.36 (KHTML, like Gecko; compatible; GPTBot/1.3; +https://openai.com/gptbot)"
74.7.241.30 - - [24/Dec/2025:20:17:41 +0800] "GET /pages.php?transit/z1?pid=2852 HTTP/1.1" 200 151653 "-" "Mozilla/5.0 AppleWebKit/537.36 (KHTML, like Gecko; compatible; GPTBot/1.3; +https://openai.com/gptbot)"
66.249.74.160 - - [24/Dec/2025:20:17:42 +0800] "GET /?products/21449852 HTTP/1.1" 200 161344 "-" "Mozilla/5.0 (Linux; Android 6.0.1; Nexus 5X Build/MMB29P) AppleWebKit/537.36 (KHTML, like Gecko) Chrome/141.0.7390.122 Mobile Safari/537.36 (compatible; GoogleOther)"
74.7.241.30 - - [24/Dec/2025:20:17:42 +0800] "GET /pages.php?solid/b1?pid=2684 HTTP/1.1" 200 153293 "-" "Mozilla/5.0 AppleWebKit/537.36 (KHTML, like Gecko; compatible; GPTBot/1.3; +https://openai.com/gptbot)"
74.7.241.30 - - [24/Dec/2025:20:17:43 +0800] "GET /pages.php?noise/u1?pid=2844 HTTP/1.1" 200 153180 "-" "Mozilla/5.0 AppleWebKit/537.36 (KHTML, like Gecko; compatible; GPTBot/1.3; +https://openai.com/gptbot)"
74.7.241.30 - - [24/Dec/2025:20:17:44 +0800] "GET /pages.php?session/u1?pid=2844 HTTP/1.1" 200 152726 "-" "Mozilla/5.0 AppleWebKit/537.36 (KHTML, like Gecko; compatible; GPTBot/1.3; +https://openai.com/gptbot)"
66.249.74.169 - - [24/Dec/2025:20:17:44 +0800] "GET /?products/23963085 HTTP/1.1" 200 150808 "-" "Mozilla/5.0 (Linux; Android 6.0.1; Nexus 5X Build/MMB29P) AppleWebKit/537.36 (KHTML, like Gecko) Chrome/141.0.7390.122 Mobile Safari/537.36 (compatible; GoogleOther)"
66.249.74.169 - - [24/Dec/2025:20:17:45 +0800] "GET /?products/18839674 HTTP/1.1" 200 149991 "-" "Mozilla/5.0 (Linux; Android 6.0.1; Nexus 5X Build/MMB29P) AppleWebKit/537.36 (KHTML, like Gecko) Chrome/141.0.7390.122 Mobile Safari/537.36 (compatible; GoogleOther)"
74.7.241.30 - - [24/Dec/2025:20:17:44 +0800] "GET /pages.php?laugh/a1?pid=2886 HTTP/1.1" 200 151428 "-" "Mozilla/5.0 AppleWebKit/537.36 (KHTML, like Gecko; compatible; GPTBot/1.3; +https://openai.com/gptbot)"
66.249.74.160 - - [24/Dec/2025:20:17:45 +0800] "GET /?products/28423518 HTTP/1.1" 200 145898 "-" "Mozilla/5.0 (Linux; Android 6.0.1; Nexus 5X Build/MMB29P) AppleWebKit/537.36 (KHTML, like Gecko) Chrome/141.0.7390.122 Mobile Safari/537.36 (compatible; GoogleOther)"
74.7.241.30 - - [24/Dec/2025:20:17:45 +0800] "GET /pages.php?neck/z1?pid=2888 HTTP/1.1" 200 151894 "-" "Mozilla/5.0 AppleWebKit/537.36 (KHTML, like Gecko; compatible; GPTBot/1.3; +https://openai.com/gptbot)"
66.249.74.169 - - [24/Dec/2025:20:17:46 +0800] "GET /?products/21382785 HTTP/1.1" 200 157357 "-" "Mozilla/5.0 (Linux; Android 6.0.1; Nexus 5X Build/MMB29P) AppleWebKit/537.36 (KHTML, like Gecko) Chrome/141.0.7390.122 Mobile Safari/537.36 (compatible; GoogleOther)"
74.7.241.30 - - [24/Dec/2025:20:17:46 +0800] "GET /pages.php?expectation/e1?pid=2910 HTTP/1.1" 200 152140 "-" "Mozilla/5.0 AppleWebKit/537.36 (KHTML, like Gecko; compatible; GPTBot/1.3; +https://openai.com/gptbot)"
74.7.241.30 - - [24/Dec/2025:20:17:47 +0800] "GET /pages.php?deputy/z1?pid=2852 HTTP/1.1" 200 152861 "-" "Mozilla/5.0 AppleWebKit/537.36 (KHTML, like Gecko; compatible; GPTBot/1.3; +https://openai.com/gptbot)"
74.7.241.30 - - [24/Dec/2025:20:17:47 +0800] "GET /pages.php?boast/h1?pid=2850 HTTP/1.1" 200 151973 "-" "Mozilla/5.0 AppleWebKit/537.36 (KHTML, like Gecko; compatible; GPTBot/1.3; +https://openai.com/gptbot)"
74.7.241.30 - - [24/Dec/2025:20:17:48 +0800] "GET /pages.php?premium/z1?pid=2852 HTTP/1.1" 200 151397 "-" "Mozilla/5.0 AppleWebKit/537.36 (KHTML, like Gecko; compatible; GPTBot/1.3; +https://openai.com/gptbot)"
66.249.74.161 - - [24/Dec/2025:20:17:49 +0800] "GET /?products/24619696 HTTP/1.1" 200 154582 "-" "Mozilla/5.0 (Linux; Android 6.0.1; Nexus 5X Build/MMB29P) AppleWebKit/537.36 (KHTML, like Gecko) Chrome/141.0.7390.122 Mobile Safari/537.36 (compatible; GoogleOther)"
74.7.241.30 - - [24/Dec/2025:20:17:49 +0800] "GET /pages.php?oversee/o230?pid=8443 HTTP/1.1" 200 162268 "-" "Mozilla/5.0 AppleWebKit/537.36 (KHTML, like Gecko; compatible; GPTBot/1.3; +https://openai.com/gptbot)"
66.249.74.169 - - [24/Dec/2025:20:17:49 +0800] "GET /?products/21512830 HTTP/1.1" 200 171500 "-" "Mozilla/5.0 (Linux; Android 6.0.1; Nexus 5X Build/MMB29P) AppleWebKit/537.36 (KHTML, like Gecko) Chrome/141.0.7390.122 Mobile Safari/537.36 (compatible; GoogleOther)"
74.7.241.30 - - [24/Dec/2025:20:17:50 +0800] "GET /pages.php?apartment/p1?pid=2738 HTTP/1.1" 200 151426 "-" "Mozilla/5.0 AppleWebKit/537.36 (KHTML, like Gecko; compatible; GPTBot/1.3; +https://openai.com/gptbot)"
74.7.241.30 - - [24/Dec/2025:20:17:50 +0800] "GET /pages.php?solid/z1?pid=2852 HTTP/1.1" 200 152040 "-" "Mozilla/5.0 AppleWebKit/537.36 (KHTML, like Gecko; compatible; GPTBot/1.3; +https://openai.com/gptbot)"
74.7.241.30 - - [24/Dec/2025:20:17:51 +0800] "GET /pages.php?due/p114?pid=9619 HTTP/1.1" 200 165914 "-" "Mozilla/5.0 AppleWebKit/537.36 (KHTML, like Gecko; compatible; GPTBot/1.3; +https://openai.com/gptbot)"
74.7.241.30 - - [24/Dec/2025:20:17:52 +0800] "GET /pages.php?paper/u1?pid=2844 HTTP/1.1" 200 152258 "-" "Mozilla/5.0 AppleWebKit/537.36 (KHTML, like Gecko; compatible; GPTBot/1.3; +https://openai.com/gptbot)"
74.7.241.30 - - [24/Dec/2025:20:17:53 +0800] "GET /pages.php?vegetable/a1?pid=2886 HTTP/1.1" 200 152097 "-" "Mozilla/5.0 AppleWebKit/537.36 (KHTML, like Gecko; compatible; GPTBot/1.3; +https://openai.com/gptbot)"
74.7.241.30 - - [24/Dec/2025:20:17:54 +0800] "GET /pages.php?search/k1?pid=2894 HTTP/1.1" 200 151691 "-" "Mozilla/5.0 AppleWebKit/537.36 (KHTML, like Gecko; compatible; GPTBot/1.3; +https://openai.com/gptbot)"
66.249.74.160 - - [24/Dec/2025:20:17:54 +0800] "GET /?products/20725874 HTTP/1.1" 200 161579 "-" "Mozilla/5.0 (Linux; Android 6.0.1; Nexus 5X Build/MMB29P) AppleWebKit/537.36 (KHTML, like Gecko) Chrome/141.0.7390.122 Mobile Safari/537.36 (compatible; GoogleOther)"
74.7.241.30 - - [24/Dec/2025:20:17:54 +0800] "GET /pages.php?girl/j91?pid=3044 HTTP/1.1" 200 143847 "-" "Mozilla/5.0 AppleWebKit/537.36 (KHTML, like Gecko; compatible; GPTBot/1.3; +https://openai.com/gptbot)"
74.7.241.30 - - [24/Dec/2025:20:17:55 +0800] "GET /pages.php?summary/s1?pid=2912 HTTP/1.1" 200 151932 "-" "Mozilla/5.0 AppleWebKit/537.36 (KHTML, like Gecko; compatible; GPTBot/1.3; +https://openai.com/gptbot)"
74.7.241.30 - - [24/Dec/2025:20:17:56 +0800] "GET /pages.php?public/h1?pid=2850 HTTP/1.1" 200 152647 "-" "Mozilla/5.0 AppleWebKit/537.36 (KHTML, like Gecko; compatible; GPTBot/1.3; +https://openai.com/gptbot)"
74.7.241.30 - - [24/Dec/2025:20:17:57 +0800] "GET /pages.php?whenever/r230?pid=8833 HTTP/1.1" 200 153972 "-" "Mozilla/5.0 AppleWebKit/537.36 (KHTML, like Gecko; compatible; GPTBot/1.3; +https://openai.com/gptbot)"
74.7.241.30 - - [24/Dec/2025:20:17:58 +0800] "GET /pages.php?shine/e1?pid=2910 HTTP/1.1" 200 152594 "-" "Mozilla/5.0 AppleWebKit/537.36 (KHTML, like Gecko; compatible; GPTBot/1.3; +https://openai.com/gptbot)"
74.7.241.30 - - [24/Dec/2025:20:17:59 +0800] "GET /pages.php?contributor/m107?pid=46966 HTTP/1.1" 200 145573 "-" "Mozilla/5.0 AppleWebKit/537.36 (KHTML, like Gecko; compatible; GPTBot/1.3; +https://openai.com/gptbot)"
66.249.74.161 - - [24/Dec/2025:20:18:00 +0800] "GET /?products/8758141 HTTP/1.1" 200 156590 "-" "Mozilla/5.0 (Linux; Android 6.0.1; Nexus 5X Build/MMB29P) AppleWebKit/537.36 (KHTML, like Gecko) Chrome/141.0.7390.122 Mobile Safari/537.36 (compatible; GoogleOther)"
74.7.241.30 - - [24/Dec/2025:20:18:00 +0800] "GET /pages.php?initial/p114?pid=9619 HTTP/1.1" 200 166049 "-" "Mozilla/5.0 AppleWebKit/537.36 (KHTML, like Gecko; compatible; GPTBot/1.3; +https://openai.com/gptbot)"
74.7.241.30 - - [24/Dec/2025:20:18:01 +0800] "GET /pages.php?moon/e99?pid=5014 HTTP/1.1" 200 154756 "-" "Mozilla/5.0 AppleWebKit/537.36 (KHTML, like Gecko; compatible; GPTBot/1.3; +https://openai.com/gptbot)"
74.7.241.30 - - [24/Dec/2025:20:18:02 +0800] "GET /pages.php?phenomenon/z1?pid=2852 HTTP/1.1" 200 153038 "-" "Mozilla/5.0 AppleWebKit/537.36 (KHTML, like Gecko; compatible; GPTBot/1.3; +https://openai.com/gptbot)"
74.7.241.30 - - [24/Dec/2025:20:18:03 +0800] "GET /pages.php?stress/k1?pid=2894 HTTP/1.1" 200 151606 "-" "Mozilla/5.0 AppleWebKit/537.36 (KHTML, like Gecko; compatible; GPTBot/1.3; +https://openai.com/gptbot)"
74.7.241.30 - - [24/Dec/2025:20:18:04 +0800] "GET /pages.php?example/u1?pid=2844 HTTP/1.1" 200 152107 "-" "Mozilla/5.0 AppleWebKit/537.36 (KHTML, like Gecko; compatible; GPTBot/1.3; +https://openai.com/gptbot)"
74.7.241.30 - - [24/Dec/2025:20:18:05 +0800] "GET /pages.php?driver/s1?pid=2912 HTTP/1.1" 200 152602 "-" "Mozilla/5.0 AppleWebKit/537.36 (KHTML, like Gecko; compatible; GPTBot/1.3; +https://openai.com/gptbot)"
66.249.74.169 - - [24/Dec/2025:20:18:08 +0800] "GET /?products/18161041 HTTP/1.1" 200 150170 "-" "Mozilla/5.0 (Linux; Android 6.0.1; Nexus 5X Build/MMB29P) AppleWebKit/537.36 (KHTML, like Gecko) Chrome/141.0.7390.122 Mobile Safari/537.36 (compatible; GoogleOther)"
74.7.241.30 - - [24/Dec/2025:20:18:06 +0800] "GET /pages.php?remaining/e8?pid=27901 HTTP/1.1" 200 144795 "-" "Mozilla/5.0 AppleWebKit/537.36 (KHTML, like Gecko; compatible; GPTBot/1.3; +https://openai.com/gptbot)"
74.7.241.30 - - [24/Dec/2025:20:18:08 +0800] "GET /pages.php?question/u230?pid=8365 HTTP/1.1" 200 160070 "-" "Mozilla/5.0 AppleWebKit/537.36 (KHTML, like Gecko; compatible; GPTBot/1.3; +https://openai.com/gptbot)"
66.249.74.169 - - [24/Dec/2025:20:18:10 +0800] "GET /?products/13410707 HTTP/1.1" 200 148126 "-" "Mozilla/5.0 (Linux; Android 6.0.1; Nexus 5X Build/MMB29P) AppleWebKit/537.36 (KHTML, like Gecko) Chrome/141.0.7390.122 Mobile Safari/537.36 (compatible; GoogleOther)"
66.249.74.160 - - [24/Dec/2025:20:18:10 +0800] "GET /?m=435922424 HTTP/1.1" 200 178751 "-" "Mozilla/5.0 (compatible; Googlebot/2.1; +http://www.google.com/bot.html)"
74.7.241.30 - - [24/Dec/2025:20:18:10 +0800] "GET /pages.php?fewer/b22?pid=2403 HTTP/1.1" 200 154173 "-" "Mozilla/5.0 AppleWebKit/537.36 (KHTML, like Gecko; compatible; GPTBot/1.3; +https://openai.com/gptbot)"
74.7.241.30 - - [24/Dec/2025:20:18:11 +0800] "GET /pages.php?software/w293?pid=7110 HTTP/1.1" 200 146773 "-" "Mozilla/5.0 AppleWebKit/537.36 (KHTML, like Gecko; compatible; GPTBot/1.3; +https://openai.com/gptbot)"
74.7.241.30 - - [24/Dec/2025:20:18:13 +0800] "GET /pages.php?landmark/p114?pid=9619 HTTP/1.1" 200 165398 "-" "Mozilla/5.0 AppleWebKit/537.36 (KHTML, like Gecko; compatible; GPTBot/1.3; +https://openai.com/gptbot)"
74.7.241.30 - - [24/Dec/2025:20:18:14 +0800] "GET /pages.php?vitamin/e1?pid=2910 HTTP/1.1" 200 152005 "-" "Mozilla/5.0 AppleWebKit/537.36 (KHTML, like Gecko; compatible; GPTBot/1.3; +https://openai.com/gptbot)"
66.249.74.169 - - [24/Dec/2025:20:18:15 +0800] "GET /?products/22318952 HTTP/1.1" 200 150529 "-" "Mozilla/5.0 (compatible; Googlebot/2.1; +http://www.google.com/bot.html)"
74.7.241.30 - - [24/Dec/2025:20:18:15 +0800] "GET /pages.php?senior/a1?pid=2886 HTTP/1.1" 200 152256 "-" "Mozilla/5.0 AppleWebKit/537.36 (KHTML, like Gecko; compatible; GPTBot/1.3; +https://openai.com/gptbot)"
74.7.241.30 - - [24/Dec/2025:20:18:17 +0800] "GET /pages.php?inherit/a1?pid=2886 HTTP/1.1" 200 151821 "-" "Mozilla/5.0 AppleWebKit/537.36 (KHTML, like Gecko; compatible; GPTBot/1.3; +https://openai.com/gptbot)"
66.249.74.169 - - [24/Dec/2025:20:18:18 +0800] "GET /?products/13375685 HTTP/1.1" 200 159848 "-" "Mozilla/5.0 (Linux; Android 6.0.1; Nexus 5X Build/MMB29P) AppleWebKit/537.36 (KHTML, like Gecko) Chrome/141.0.7390.122 Mobile Safari/537.36 (compatible; GoogleOther)"
74.7.241.30 - - [24/Dec/2025:20:18:17 +0800] "GET /pages.php?waist/t1?pid=2898 HTTP/1.1" 200 152188 "-" "Mozilla/5.0 AppleWebKit/537.36 (KHTML, like Gecko; compatible; GPTBot/1.3; +https://openai.com/gptbot)"
66.249.74.169 - - [24/Dec/2025:20:18:19 +0800] "GET /?products/29457229 HTTP/1.1" 200 168389 "-" "Mozilla/5.0 (Linux; Android 6.0.1; Nexus 5X Build/MMB29P) AppleWebKit/537.36 (KHTML, like Gecko) Chrome/141.0.7390.122 Mobile Safari/537.36 (compatible; GoogleOther)"
74.7.241.30 - - [24/Dec/2025:20:18:19 +0800] "GET /pages.php?respondent/s1?pid=2912 HTTP/1.1" 200 152412 "-" "Mozilla/5.0 AppleWebKit/537.36 (KHTML, like Gecko; compatible; GPTBot/1.3; +https://openai.com/gptbot)"
74.7.241.30 - - [24/Dec/2025:20:18:20 +0800] "GET /pages.php?title/b1?pid=2684 HTTP/1.1" 200 151913 "-" "Mozilla/5.0 AppleWebKit/537.36 (KHTML, like Gecko; compatible; GPTBot/1.3; +https://openai.com/gptbot)"
74.7.241.30 - - [24/Dec/2025:20:18:20 +0800] "GET /pages.php?promising/s66?pid=46411 HTTP/1.1" 200 142798 "-" "Mozilla/5.0 AppleWebKit/537.36 (KHTML, like Gecko; compatible; GPTBot/1.3; +https://openai.com/gptbot)"
74.7.241.30 - - [24/Dec/2025:20:18:21 +0800] "GET /pages.php?departure/s195?pid=9996 HTTP/1.1" 200 141636 "-" "Mozilla/5.0 AppleWebKit/537.36 (KHTML, like Gecko; compatible; GPTBot/1.3; +https://openai.com/gptbot)"
74.7.241.30 - - [24/Dec/2025:20:18:22 +0800] "GET /pages.php?loose/f1?pid=2740 HTTP/1.1" 200 152160 "-" "Mozilla/5.0 AppleWebKit/537.36 (KHTML, like Gecko; compatible; GPTBot/1.3; +https://openai.com/gptbot)"
74.7.241.30 - - [24/Dec/2025:20:18:23 +0800] "GET /pages.php?rough/p1?pid=2738 HTTP/1.1" 200 152265 "-" "Mozilla/5.0 AppleWebKit/537.36 (KHTML, like Gecko; compatible; GPTBot/1.3; +https://openai.com/gptbot)"
74.7.241.30 - - [24/Dec/2025:20:18:24 +0800] "GET /pages.php?passing/e1?pid=2910 HTTP/1.1" 200 152165 "-" "Mozilla/5.0 AppleWebKit/537.36 (KHTML, like Gecko; compatible; GPTBot/1.3; +https://openai.com/gptbot)"
74.7.241.30 - - [24/Dec/2025:20:18:25 +0800] "GET /pages.php?item/u253/18491/ HTTP/1.1" 200 146624 "-" "Mozilla/5.0 AppleWebKit/537.36 (KHTML, like Gecko; compatible; GPTBot/1.3; +https://openai.com/gptbot)"
66.249.74.169 - - [24/Dec/2025:20:18:26 +0800] "GET /?products/20158830 HTTP/1.1" 200 149085 "-" "Mozilla/5.0 (Linux; Android 6.0.1; Nexus 5X Build/MMB29P) AppleWebKit/537.36 (KHTML, like Gecko) Chrome/141.0.7390.122 Mobile Safari/537.36 (compatible; GoogleOther)"
74.7.241.30 - - [24/Dec/2025:20:18:26 +0800] "GET /pages.php?executive/e43?pid=8856 HTTP/1.1" 200 148029 "-" "Mozilla/5.0 AppleWebKit/537.36 (KHTML, like Gecko; compatible; GPTBot/1.3; +https://openai.com/gptbot)"
66.249.74.169 - - [24/Dec/2025:20:18:26 +0800] "GET /?products/15184118 HTTP/1.1" 200 143941 "-" "Mozilla/5.0 (Linux; Android 6.0.1; Nexus 5X Build/MMB29P) AppleWebKit/537.36 (KHTML, like Gecko) Chrome/141.0.7390.122 Mobile Safari/537.36 (compatible; Googlebot/2.1; +http://www.google.com/bot.html)"
74.7.241.30 - - [24/Dec/2025:20:18:27 +0800] "GET /pages.php?award/t1?pid=2898 HTTP/1.1" 200 152983 "-" "Mozilla/5.0 AppleWebKit/537.36 (KHTML, like Gecko; compatible; GPTBot/1.3; +https://openai.com/gptbot)"
74.7.241.30 - - [24/Dec/2025:20:18:27 +0800] "GET /pages.php?cargo/u1?pid=2844 HTTP/1.1" 200 152418 "-" "Mozilla/5.0 AppleWebKit/537.36 (KHTML, like Gecko; compatible; GPTBot/1.3; +https://openai.com/gptbot)"
74.7.241.30 - - [24/Dec/2025:20:18:28 +0800] "GET /pages.php?nasty/a1?pid=2886 HTTP/1.1" 200 152695 "-" "Mozilla/5.0 AppleWebKit/537.36 (KHTML, like Gecko; compatible; GPTBot/1.3; +https://openai.com/gptbot)"
66.249.74.169 - - [24/Dec/2025:20:18:29 +0800] "GET /?products/7559929 HTTP/1.1" 200 143014 "-" "Mozilla/5.0 (Linux; Android 6.0.1; Nexus 5X Build/MMB29P) AppleWebKit/537.36 (KHTML, like Gecko) Chrome/141.0.7390.122 Mobile Safari/537.36 (compatible; GoogleOther)"
66.249.74.169 - - [24/Dec/2025:20:18:29 +0800] "GET /?products/12667263 HTTP/1.1" 200 149958 "-" "Mozilla/5.0 (Linux; Android 6.0.1; Nexus 5X Build/MMB29P) AppleWebKit/537.36 (KHTML, like Gecko) Chrome/141.0.7390.122 Mobile Safari/537.36 (compatible; Googlebot/2.1; +http://www.google.com/bot.html)"
74.7.241.30 - - [24/Dec/2025:20:18:29 +0800] "GET /pages.php?brake/u1?pid=2844 HTTP/1.1" 200 152393 "-" "Mozilla/5.0 AppleWebKit/537.36 (KHTML, like Gecko; compatible; GPTBot/1.3; +https://openai.com/gptbot)"
74.7.241.30 - - [24/Dec/2025:20:18:30 +0800] "GET /pages.php?franchise/s195?pid=9996 HTTP/1.1" 200 142244 "-" "Mozilla/5.0 AppleWebKit/537.36 (KHTML, like Gecko; compatible; GPTBot/1.3; +https://openai.com/gptbot)"
74.7.241.30 - - [24/Dec/2025:20:18:31 +0800] "GET /pages.php?array/x2?pid=8245 HTTP/1.1" 200 152122 "-" "Mozilla/5.0 AppleWebKit/537.36 (KHTML, like Gecko; compatible; GPTBot/1.3; +https://openai.com/gptbot)"
66.249.74.160 - - [24/Dec/2025:20:18:31 +0800] "GET /?products/10549518 HTTP/1.1" 200 146672 "-" "Mozilla/5.0 (Linux; Android 6.0.1; Nexus 5X Build/MMB29P) AppleWebKit/537.36 (KHTML, like Gecko) Chrome/141.0.7390.122 Mobile Safari/537.36 (compatible; Googlebot/2.1; +http://www.google.com/bot.html)"
74.7.241.30 - - [24/Dec/2025:20:18:31 +0800] "GET /pages.php?eastern/p1?pid=2738 HTTP/1.1" 200 151324 "-" "Mozilla/5.0 AppleWebKit/537.36 (KHTML, like Gecko; compatible; GPTBot/1.3; +https://openai.com/gptbot)"
66.249.74.169 - - [24/Dec/2025:20:18:32 +0800] "GET /?products/21672674 HTTP/1.1" 200 149898 "-" "Mozilla/5.0 (Linux; Android 6.0.1; Nexus 5X Build/MMB29P) AppleWebKit/537.36 (KHTML, like Gecko) Chrome/141.0.7390.122 Mobile Safari/537.36 (compatible; Googlebot/2.1; +http://www.google.com/bot.html)"
66.249.74.160 - - [24/Dec/2025:20:18:32 +0800] "GET /?m=469367824 HTTP/1.1" 200 164500 "-" "Mozilla/5.0 (Linux; Android 6.0.1; Nexus 5X Build/MMB29P) AppleWebKit/537.36 (KHTML, like Gecko) Chrome/141.0.7390.122 Mobile Safari/537.36 (compatible; Googlebot/2.1; +http://www.google.com/bot.html)"
66.249.74.160 - - [24/Dec/2025:20:18:33 +0800] "GET /?products/22188130 HTTP/1.1" 200 190027 "-" "Mozilla/5.0 (Linux; Android 6.0.1; Nexus 5X Build/MMB29P) AppleWebKit/537.36 (KHTML, like Gecko) Chrome/141.0.7390.122 Mobile Safari/537.36 (compatible; GoogleOther)"
74.7.241.30 - - [24/Dec/2025:20:18:32 +0800] "GET /pages.php?scene/p60?pid=425 HTTP/1.1" 200 144179 "-" "Mozilla/5.0 AppleWebKit/537.36 (KHTML, like Gecko; compatible; GPTBot/1.3; +https://openai.com/gptbot)"
74.7.241.30 - - [24/Dec/2025:20:18:34 +0800] "GET /pages.php?documentary/a86?pid=32351 HTTP/1.1" 200 140968 "-" "Mozilla/5.0 AppleWebKit/537.36 (KHTML, like Gecko; compatible; GPTBot/1.3; +https://openai.com/gptbot)"
74.7.241.30 - - [24/Dec/2025:20:18:35 +0800] "GET /pages.php?raise/e43?pid=8856 HTTP/1.1" 200 148066 "-" "Mozilla/5.0 AppleWebKit/537.36 (KHTML, like Gecko; compatible; GPTBot/1.3; +https://openai.com/gptbot)"
74.7.241.30 - - [24/Dec/2025:20:18:36 +0800] "GET /pages.php?tennis/n1?pid=2736 HTTP/1.1" 200 151315 "-" "Mozilla/5.0 AppleWebKit/537.36 (KHTML, like Gecko; compatible; GPTBot/1.3; +https://openai.com/gptbot)"
74.7.241.30 - - [24/Dec/2025:20:18:37 +0800] "GET /pages.php?imply/o1?pid=2988 HTTP/1.1" 200 154343 "-" "Mozilla/5.0 AppleWebKit/537.36 (KHTML, like Gecko; compatible; GPTBot/1.3; +https://openai.com/gptbot)"
74.7.241.30 - - [24/Dec/2025:20:18:39 +0800] "GET /pages.php?depth/a1?pid=2886 HTTP/1.1" 200 152260 "-" "Mozilla/5.0 AppleWebKit/537.36 (KHTML, like Gecko; compatible; GPTBot/1.3; +https://openai.com/gptbot)"
74.7.241.30 - - [24/Dec/2025:20:18:40 +0800] "GET /pages.php?blow/g194?pid=38255 HTTP/1.1" 200 144777 "-" "Mozilla/5.0 AppleWebKit/537.36 (KHTML, like Gecko; compatible; GPTBot/1.3; +https://openai.com/gptbot)"
74.7.241.30 - - [24/Dec/2025:20:18:41 +0800] "GET /pages.php?cancer/u1?pid=2844 HTTP/1.1" 200 153064 "-" "Mozilla/5.0 AppleWebKit/537.36 (KHTML, like Gecko; compatible; GPTBot/1.3; +https://openai.com/gptbot)"
74.7.241.30 - - [24/Dec/2025:20:18:42 +0800] "GET /pages.php?error/x2?pid=8245 HTTP/1.1" 200 152805 "-" "Mozilla/5.0 AppleWebKit/537.36 (KHTML, like Gecko; compatible; GPTBot/1.3; +https://openai.com/gptbot)"
74.7.241.30 - - [24/Dec/2025:20:18:43 +0800] "GET /pages.php?salad/m1?pid=2908 HTTP/1.1" 200 152138 "-" "Mozilla/5.0 AppleWebKit/537.36 (KHTML, like Gecko; compatible; GPTBot/1.3; +https://openai.com/gptbot)"
66.249.74.169 - - [24/Dec/2025:20:18:44 +0800] "GET /?m=149038424 HTTP/1.1" 200 167420 "-" "Mozilla/5.0 (compatible; Googlebot/2.1; +http://www.google.com/bot.html)"
74.7.241.30 - - [24/Dec/2025:20:18:43 +0800] "GET /pages.php?demand/p60?pid=425 HTTP/1.1" 200 144400 "-" "Mozilla/5.0 AppleWebKit/537.36 (KHTML, like Gecko; compatible; GPTBot/1.3; +https://openai.com/gptbot)"
66.249.74.169 - - [24/Dec/2025:20:18:44 +0800] "GET /?products/13874918 HTTP/1.1" 200 147343 "-" "Mozilla/5.0 (Linux; Android 6.0.1; Nexus 5X Build/MMB29P) AppleWebKit/537.36 (KHTML, like Gecko) Chrome/141.0.7390.122 Mobile Safari/537.36 (compatible; GoogleOther)"
74.7.241.30 - - [24/Dec/2025:20:18:44 +0800] "GET /pages.php?score/m1?pid=2908 HTTP/1.1" 200 152354 "-" "Mozilla/5.0 AppleWebKit/537.36 (KHTML, like Gecko; compatible; GPTBot/1.3; +https://openai.com/gptbot)"
74.7.241.30 - - [24/Dec/2025:20:18:45 +0800] "GET /pages.php?west/k8?pid=10565 HTTP/1.1" 200 152234 "-" "Mozilla/5.0 AppleWebKit/537.36 (KHTML, like Gecko; compatible; GPTBot/1.3; +https://openai.com/gptbot)"
74.7.241.30 - - [24/Dec/2025:20:18:46 +0800] "GET /pages.php?spray/l1?pid=2892 HTTP/1.1" 200 151121 "-" "Mozilla/5.0 AppleWebKit/537.36 (KHTML, like Gecko; compatible; GPTBot/1.3; +https://openai.com/gptbot)"
74.7.241.30 - - [24/Dec/2025:20:18:47 +0800] "GET /pages.php?reach/w1?pid=2854 HTTP/1.1" 200 152048 "-" "Mozilla/5.0 AppleWebKit/537.36 (KHTML, like Gecko; compatible; GPTBot/1.3; +https://openai.com/gptbot)"
74.7.241.30 - - [24/Dec/2025:20:18:48 +0800] "GET /pages.php?swear/o1?pid=2988 HTTP/1.1" 200 153843 "-" "Mozilla/5.0 AppleWebKit/537.36 (KHTML, like Gecko; compatible; GPTBot/1.3; +https://openai.com/gptbot)"
74.7.241.30 - - [24/Dec/2025:20:18:49 +0800] "GET /pages.php?cute/j149?pid=16722 HTTP/1.1" 200 142728 "-" "Mozilla/5.0 AppleWebKit/537.36 (KHTML, like Gecko; compatible; GPTBot/1.3; +https://openai.com/gptbot)"
74.7.241.30 - - [24/Dec/2025:20:18:49 +0800] "GET /pages.php?light/t1?pid=2898 HTTP/1.1" 200 152062 "-" "Mozilla/5.0 AppleWebKit/537.36 (KHTML, like Gecko; compatible; GPTBot/1.3; +https://openai.com/gptbot)"
74.7.241.30 - - [24/Dec/2025:20:18:50 +0800] "GET /pages.php?spoon/a1?pid=2886 HTTP/1.1" 200 152130 "-" "Mozilla/5.0 AppleWebKit/537.36 (KHTML, like Gecko; compatible; GPTBot/1.3; +https://openai.com/gptbot)"
74.7.241.30 - - [24/Dec/2025:20:18:51 +0800] "GET /pages.php?ready/z1?pid=2842 HTTP/1.1" 200 152712 "-" "Mozilla/5.0 AppleWebKit/537.36 (KHTML, like Gecko; compatible; GPTBot/1.3; +https://openai.com/gptbot)"
74.7.241.30 - - [24/Dec/2025:20:18:51 +0800] "GET /pages.php?instant/j3?pid=1092 HTTP/1.1" 200 141139 "-" "Mozilla/5.0 AppleWebKit/537.36 (KHTML, like Gecko; compatible; GPTBot/1.3; +https://openai.com/gptbot)"
74.7.241.30 - - [24/Dec/2025:20:18:52 +0800] "GET /pages.php?strict/p60?pid=425 HTTP/1.1" 200 143446 "-" "Mozilla/5.0 AppleWebKit/537.36 (KHTML, like Gecko; compatible; GPTBot/1.3; +https://openai.com/gptbot)"
74.7.241.30 - - [24/Dec/2025:20:18:53 +0800] "GET /pages.php?operation/v15?pid=7738 HTTP/1.1" 200 154286 "-" "Mozilla/5.0 AppleWebKit/537.36 (KHTML, like Gecko; compatible; GPTBot/1.3; +https://openai.com/gptbot)"
74.7.241.30 - - [24/Dec/2025:20:18:54 +0800] "GET /pages.php?happiness/x208?pid=5225 HTTP/1.1" 200 143103 "-" "Mozilla/5.0 AppleWebKit/537.36 (KHTML, like Gecko; compatible; GPTBot/1.3; +https://openai.com/gptbot)"
74.7.241.30 - - [24/Dec/2025:20:18:55 +0800] "GET /pages.php?inspiration/v15?pid=7738 HTTP/1.1" 200 154533 "-" "Mozilla/5.0 AppleWebKit/537.36 (KHTML, like Gecko; compatible; GPTBot/1.3; +https://openai.com/gptbot)"
74.7.241.30 - - [24/Dec/2025:20:18:56 +0800] "GET /pages.php?yesterday/h1?pid=2850 HTTP/1.1" 200 152559 "-" "Mozilla/5.0 AppleWebKit/537.36 (KHTML, like Gecko; compatible; GPTBot/1.3; +https://openai.com/gptbot)"
66.249.74.161 - - [24/Dec/2025:20:18:57 +0800] "GET /?products/24047096 HTTP/1.1" 200 154712 "-" "Mozilla/5.0 (Linux; Android 6.0.1; Nexus 5X Build/MMB29P) AppleWebKit/537.36 (KHTML, like Gecko) Chrome/141.0.7390.122 Mobile Safari/537.36 (compatible; GoogleOther)"
74.7.241.30 - - [24/Dec/2025:20:18:57 +0800] "GET /pages.php?boundary/m96?pid=42589 HTTP/1.1" 200 144302 "-" "Mozilla/5.0 AppleWebKit/537.36 (KHTML, like Gecko; compatible; GPTBot/1.3; +https://openai.com/gptbot)"
74.7.241.30 - - [24/Dec/2025:20:18:58 +0800] "GET /pages.php?cotton/t1?pid=3434 HTTP/1.1" 200 154508 "-" "Mozilla/5.0 AppleWebKit/537.36 (KHTML, like Gecko; compatible; GPTBot/1.3; +https://openai.com/gptbot)"
74.7.241.30 - - [24/Dec/2025:20:18:58 +0800] "GET /pages.php?zone/a289?pid=818 HTTP/1.1" 200 147302 "-" "Mozilla/5.0 AppleWebKit/537.36 (KHTML, like Gecko; compatible; GPTBot/1.3; +https://openai.com/gptbot)"
66.249.74.169 - - [24/Dec/2025:20:19:00 +0800] "GET /?products/13980063 HTTP/1.1" 200 166982 "-" "Mozilla/5.0 (Linux; Android 6.0.1; Nexus 5X Build/MMB29P) AppleWebKit/537.36 (KHTML, like Gecko) Chrome/141.0.7390.122 Mobile Safari/537.36 (compatible; GoogleOther)"
74.7.241.30 - - [24/Dec/2025:20:18:59 +0800] "GET /pages.php?succeed/h1?pid=2850 HTTP/1.1" 200 152108 "-" "Mozilla/5.0 AppleWebKit/537.36 (KHTML, like Gecko; compatible; GPTBot/1.3; +https://openai.com/gptbot)"
74.7.241.30 - - [24/Dec/2025:20:19:00 +0800] "GET /pages.php?basis/w1?pid=2854 HTTP/1.1" 200 152010 "-" "Mozilla/5.0 AppleWebKit/537.36 (KHTML, like Gecko; compatible; GPTBot/1.3; +https://openai.com/gptbot)"
74.7.241.30 - - [24/Dec/2025:20:19:01 +0800] "GET /pages.php?floor/l1?pid=2880 HTTP/1.1" 200 152354 "-" "Mozilla/5.0 AppleWebKit/537.36 (KHTML, like Gecko; compatible; GPTBot/1.3; +https://openai.com/gptbot)"
74.7.241.30 - - [24/Dec/2025:20:19:02 +0800] "GET /pages.php?total/l1?pid=2880 HTTP/1.1" 200 151875 "-" "Mozilla/5.0 AppleWebKit/537.36 (KHTML, like Gecko; compatible; GPTBot/1.3; +https://openai.com/gptbot)"
74.7.241.30 - - [24/Dec/2025:20:19:03 +0800] "GET /pages.php?water/l1?pid=2880 HTTP/1.1" 200 151717 "-" "Mozilla/5.0 AppleWebKit/537.36 (KHTML, like Gecko; compatible; GPTBot/1.3; +https://openai.com/gptbot)"
74.7.241.30 - - [24/Dec/2025:20:19:04 +0800] "GET /pages.php?press/r7?pid=19414 HTTP/1.1" 200 143799 "-" "Mozilla/5.0 AppleWebKit/537.36 (KHTML, like Gecko; compatible; GPTBot/1.3; +https://openai.com/gptbot)"
74.7.241.30 - - [24/Dec/2025:20:19:05 +0800] "GET /pages.php?mass/d274?pid=823 HTTP/1.1" 200 141408 "-" "Mozilla/5.0 AppleWebKit/537.36 (KHTML, like Gecko; compatible; GPTBot/1.3; +https://openai.com/gptbot)"
74.7.241.30 - - [24/Dec/2025:20:19:06 +0800] "GET /pages.php?globe/a1?pid=2886 HTTP/1.1" 200 152490 "-" "Mozilla/5.0 AppleWebKit/537.36 (KHTML, like Gecko; compatible; GPTBot/1.3; +https://openai.com/gptbot)"
66.249.74.169 - - [24/Dec/2025:20:19:07 +0800] "GET /?products/5892063 HTTP/1.1" 200 157672 "-" "Mozilla/5.0 (Linux; Android 6.0.1; Nexus 5X Build/MMB29P) AppleWebKit/537.36 (KHTML, like Gecko) Chrome/141.0.7390.122 Mobile Safari/537.36 (compatible; GoogleOther)"
74.7.241.30 - - [24/Dec/2025:20:19:07 +0800] "GET /pages.php?round/o1?pid=2848 HTTP/1.1" 200 152315 "-" "Mozilla/5.0 AppleWebKit/537.36 (KHTML, like Gecko; compatible; GPTBot/1.3; +https://openai.com/gptbot)"
74.7.241.30 - - [24/Dec/2025:20:19:08 +0800] "GET /pages.php?fraud/d2?pid=35325 HTTP/1.1" 200 155959 "-" "Mozilla/5.0 AppleWebKit/537.36 (KHTML, like Gecko; compatible; GPTBot/1.3; +https://openai.com/gptbot)"
74.7.241.30 - - [24/Dec/2025:20:19:09 +0800] "GET /pages.php?twice/z1?pid=2852 HTTP/1.1" 200 151573 "-" "Mozilla/5.0 AppleWebKit/537.36 (KHTML, like Gecko; compatible; GPTBot/1.3; +https://openai.com/gptbot)"
66.249.74.161 - - [24/Dec/2025:20:19:10 +0800] "GET /?products/8641718 HTTP/1.1" 200 202929 "-" "Mozilla/5.0 (Linux; Android 6.0.1; Nexus 5X Build/MMB29P) AppleWebKit/537.36 (KHTML, like Gecko) Chrome/141.0.7390.122 Mobile Safari/537.36 (compatible; GoogleOther)"
74.7.241.30 - - [24/Dec/2025:20:19:10 +0800] "GET /pages.php?seal/h3?pid=12606 HTTP/1.1" 200 143777 "-" "Mozilla/5.0 AppleWebKit/537.36 (KHTML, like Gecko; compatible; GPTBot/1.3; +https://openai.com/gptbot)"
74.7.241.30 - - [24/Dec/2025:20:19:11 +0800] "GET /pages.php?pastor/l1?pid=2892 HTTP/1.1" 200 151639 "-" "Mozilla/5.0 AppleWebKit/537.36 (KHTML, like Gecko; compatible; GPTBot/1.3; +https://openai.com/gptbot)"
74.7.241.30 - - [24/Dec/2025:20:19:12 +0800] "GET /pages.php?hospital/u78?pid=8977 HTTP/1.1" 200 146559 "-" "Mozilla/5.0 AppleWebKit/537.36 (KHTML, like Gecko; compatible; GPTBot/1.3; +https://openai.com/gptbot)"
74.7.241.30 - - [24/Dec/2025:20:19:13 +0800] "GET /pages.php?foundation/v1?pid=2856 HTTP/1.1" 200 152744 "-" "Mozilla/5.0 AppleWebKit/537.36 (KHTML, like Gecko; compatible; GPTBot/1.3; +https://openai.com/gptbot)"
74.7.241.30 - - [24/Dec/2025:20:19:14 +0800] "GET /pages.php?coach/t1?pid=2858 HTTP/1.1" 200 152319 "-" "Mozilla/5.0 AppleWebKit/537.36 (KHTML, like Gecko; compatible; GPTBot/1.3; +https://openai.com/gptbot)"
74.7.241.30 - - [24/Dec/2025:20:19:15 +0800] "GET /pages.php?spell/d274?pid=823 HTTP/1.1" 200 140909 "-" "Mozilla/5.0 AppleWebKit/537.36 (KHTML, like Gecko; compatible; GPTBot/1.3; +https://openai.com/gptbot)"
66.249.74.160 - - [24/Dec/2025:20:19:15 +0800] "GET /?products/3394541 HTTP/1.1" 200 157894 "-" "Mozilla/5.0 (Linux; Android 6.0.1; Nexus 5X Build/MMB29P) AppleWebKit/537.36 (KHTML, like Gecko) Chrome/141.0.7390.122 Mobile Safari/537.36 (compatible; GoogleOther)"
74.7.241.30 - - [24/Dec/2025:20:19:16 +0800] "GET /pages.php?native/a1?pid=2886 HTTP/1.1" 200 151856 "-" "Mozilla/5.0 AppleWebKit/537.36 (KHTML, like Gecko; compatible; GPTBot/1.3; +https://openai.com/gptbot)"
74.7.241.30 - - [24/Dec/2025:20:19:16 +0800] "GET /pages.php?adviser/o1?pid=2848 HTTP/1.1" 200 152366 "-" "Mozilla/5.0 AppleWebKit/537.36 (KHTML, like Gecko; compatible; GPTBot/1.3; +https://openai.com/gptbot)"
74.7.241.30 - - [24/Dec/2025:20:19:17 +0800] "GET /pages.php?visit/d2?pid=35325 HTTP/1.1" 200 155198 "-" "Mozilla/5.0 AppleWebKit/537.36 (KHTML, like Gecko; compatible; GPTBot/1.3; +https://openai.com/gptbot)"
74.7.241.30 - - [24/Dec/2025:20:19:18 +0800] "GET /pages.php?distinct/i70?pid=17097 HTTP/1.1" 200 142864 "-" "Mozilla/5.0 AppleWebKit/537.36 (KHTML, like Gecko; compatible; GPTBot/1.3; +https://openai.com/gptbot)"
74.7.241.30 - - [24/Dec/2025:20:19:19 +0800] "GET /pages.php?event/j87?pid=3834 HTTP/1.1" 200 152058 "-" "Mozilla/5.0 AppleWebKit/537.36 (KHTML, like Gecko; compatible; GPTBot/1.3; +https://openai.com/gptbot)"
74.7.241.30 - - [24/Dec/2025:20:19:19 +0800] "GET /pages.php?aggression/l1?pid=2892 HTTP/1.1" 200 151805 "-" "Mozilla/5.0 AppleWebKit/537.36 (KHTML, like Gecko; compatible; GPTBot/1.3; +https://openai.com/gptbot)"
74.7.241.30 - - [24/Dec/2025:20:19:20 +0800] "GET /pages.php?fluid/h3?pid=12606 HTTP/1.1" 200 143996 "-" "Mozilla/5.0 AppleWebKit/537.36 (KHTML, like Gecko; compatible; GPTBot/1.3; +https://openai.com/gptbot)"
57.141.6.22 - - [24/Dec/2025:20:19:21 +0800] "GET /?products/28639218 HTTP/1.1" 200 - "-" "meta-externalagent/1.1 (+https://developers.facebook.com/docs/sharing/webmasters/crawler)"
74.7.241.30 - - [24/Dec/2025:20:19:21 +0800] "GET /pages.php?error/n52?pid=5837 HTTP/1.1" 200 145065 "-" "Mozilla/5.0 AppleWebKit/537.36 (KHTML, like Gecko; compatible; GPTBot/1.3; +https://openai.com/gptbot)"
74.7.241.30 - - [24/Dec/2025:20:19:22 +0800] "GET /pages.php?useful/t1?pid=2858 HTTP/1.1" 200 151738 "-" "Mozilla/5.0 AppleWebKit/537.36 (KHTML, like Gecko; compatible; GPTBot/1.3; +https://openai.com/gptbot)"
66.249.74.169 - - [24/Dec/2025:20:19:23 +0800] "GET /?products/15250096 HTTP/1.1" 200 156218 "-" "Mozilla/5.0 (Linux; Android 6.0.1; Nexus 5X Build/MMB29P) AppleWebKit/537.36 (KHTML, like Gecko) Chrome/141.0.7390.122 Mobile Safari/537.36 (compatible; GoogleOther)"
74.7.241.30 - - [24/Dec/2025:20:19:23 +0800] "GET /pages.php?ride/d274?pid=823 HTTP/1.1" 200 141638 "-" "Mozilla/5.0 AppleWebKit/537.36 (KHTML, like Gecko; compatible; GPTBot/1.3; +https://openai.com/gptbot)"
74.7.241.30 - - [24/Dec/2025:20:19:24 +0800] "GET /pages.php?pulse/a6?pid=25293 HTTP/1.1" 200 149606 "-" "Mozilla/5.0 AppleWebKit/537.36 (KHTML, like Gecko; compatible; GPTBot/1.3; +https://openai.com/gptbot)"
74.7.241.30 - - [24/Dec/2025:20:19:25 +0800] "GET /pages.php?patient/j1?pid=2890 HTTP/1.1" 200 152346 "-" "Mozilla/5.0 AppleWebKit/537.36 (KHTML, like Gecko; compatible; GPTBot/1.3; +https://openai.com/gptbot)"
66.249.74.169 - - [24/Dec/2025:20:19:26 +0800] "GET /?products/11947018 HTTP/1.1" 200 150978 "-" "Mozilla/5.0 (Linux; Android 6.0.1; Nexus 5X Build/MMB29P) AppleWebKit/537.36 (KHTML, like Gecko) Chrome/141.0.7390.122 Mobile Safari/537.36 (compatible; GoogleOther)"
74.7.241.30 - - [24/Dec/2025:20:19:26 +0800] "GET /pages.php?dialogue/d2?pid=35325 HTTP/1.1" 200 155890 "-" "Mozilla/5.0 AppleWebKit/537.36 (KHTML, like Gecko; compatible; GPTBot/1.3; +https://openai.com/gptbot)"
74.7.241.30 - - [24/Dec/2025:20:19:26 +0800] "GET /pages.php?anxious/i70?pid=17097 HTTP/1.1" 200 142486 "-" "Mozilla/5.0 AppleWebKit/537.36 (KHTML, like Gecko; compatible; GPTBot/1.3; +https://openai.com/gptbot)"
74.7.241.30 - - [24/Dec/2025:20:19:27 +0800] "GET /pages.php?patch/p3?pid=24198 HTTP/1.1" 200 143556 "-" "Mozilla/5.0 AppleWebKit/537.36 (KHTML, like Gecko; compatible; GPTBot/1.3; +https://openai.com/gptbot)"
66.249.74.169 - - [24/Dec/2025:20:19:28 +0800] "GET /?products/30862641 HTTP/1.1" 200 148178 "-" "Mozilla/5.0 (Linux; Android 6.0.1; Nexus 5X Build/MMB29P) AppleWebKit/537.36 (KHTML, like Gecko) Chrome/141.0.7390.122 Mobile Safari/537.36 (compatible; GoogleOther)"
74.7.241.30 - - [24/Dec/2025:20:19:28 +0800] "GET /pages.php?climate/l1?pid=2892 HTTP/1.1" 200 152234 "-" "Mozilla/5.0 AppleWebKit/537.36 (KHTML, like Gecko; compatible; GPTBot/1.3; +https://openai.com/gptbot)"
74.7.241.30 - - [24/Dec/2025:20:19:29 +0800] "GET /pages.php?opening/e1?pid=2910 HTTP/1.1" 200 152208 "-" "Mozilla/5.0 AppleWebKit/537.36 (KHTML, like Gecko; compatible; GPTBot/1.3; +https://openai.com/gptbot)"
66.249.74.169 - - [24/Dec/2025:20:19:31 +0800] "GET /?products/14781252 HTTP/1.1" 200 152580 "-" "Mozilla/5.0 (Linux; Android 6.0.1; Nexus 5X Build/MMB29P) AppleWebKit/537.36 (KHTML, like Gecko) Chrome/141.0.7390.122 Mobile Safari/537.36 (compatible; GoogleOther)"
74.7.241.30 - - [24/Dec/2025:20:19:30 +0800] "GET /pages.php?digital/h1?pid=2850 HTTP/1.1" 200 152397 "-" "Mozilla/5.0 AppleWebKit/537.36 (KHTML, like Gecko; compatible; GPTBot/1.3; +https://openai.com/gptbot)"
74.7.241.30 - - [24/Dec/2025:20:19:32 +0800] "GET /pages.php?weapon/n1?pid=2736 HTTP/1.1" 200 152119 "-" "Mozilla/5.0 AppleWebKit/537.36 (KHTML, like Gecko; compatible; GPTBot/1.3; +https://openai.com/gptbot)"
74.7.241.30 - - [24/Dec/2025:20:19:32 +0800] "GET /pages.php?allegedly/d274?pid=823 HTTP/1.1" 200 141372 "-" "Mozilla/5.0 AppleWebKit/537.36 (KHTML, like Gecko; compatible; GPTBot/1.3; +https://openai.com/gptbot)"
74.7.241.30 - - [24/Dec/2025:20:19:33 +0800] "GET /pages.php?ease/a6?pid=25293 HTTP/1.1" 200 149882 "-" "Mozilla/5.0 AppleWebKit/537.36 (KHTML, like Gecko; compatible; GPTBot/1.3; +https://openai.com/gptbot)"
66.249.74.169 - - [24/Dec/2025:20:19:34 +0800] "GET /firm178?kg=45021 HTTP/1.1" 200 188689 "-" "Mozilla/5.0 (Linux; Android 6.0.1; Nexus 5X Build/MMB29P) AppleWebKit/537.36 (KHTML, like Gecko) Chrome/141.0.7390.122 Mobile Safari/537.36 (compatible; GoogleOther)"
74.7.241.30 - - [24/Dec/2025:20:19:34 +0800] "GET /pages.php?maker/z1?pid=2852 HTTP/1.1" 200 152700 "-" "Mozilla/5.0 AppleWebKit/537.36 (KHTML, like Gecko; compatible; GPTBot/1.3; +https://openai.com/gptbot)"
74.7.241.30 - - [24/Dec/2025:20:19:35 +0800] "GET /pages.php?operator/d2?pid=35325 HTTP/1.1" 200 156140 "-" "Mozilla/5.0 AppleWebKit/537.36 (KHTML, like Gecko; compatible; GPTBot/1.3; +https://openai.com/gptbot)"
66.249.74.169 - - [24/Dec/2025:20:19:36 +0800] "GET /?products/16994207 HTTP/1.1" 200 144641 "-" "Mozilla/5.0 (Linux; Android 6.0.1; Nexus 5X Build/MMB29P) AppleWebKit/537.36 (KHTML, like Gecko) Chrome/141.0.7390.122 Mobile Safari/537.36 (compatible; GoogleOther)"
74.7.241.30 - - [24/Dec/2025:20:19:36 +0800] "GET /pages.php?whose/j1?pid=2890 HTTP/1.1" 200 152898 "-" "Mozilla/5.0 AppleWebKit/537.36 (KHTML, like Gecko; compatible; GPTBot/1.3; +https://openai.com/gptbot)"
74.7.241.30 - - [24/Dec/2025:20:19:37 +0800] "GET /pages.php?still/t1?pid=2858 HTTP/1.1" 200 152302 "-" "Mozilla/5.0 AppleWebKit/537.36 (KHTML, like Gecko; compatible; GPTBot/1.3; +https://openai.com/gptbot)"
66.249.74.169 - - [24/Dec/2025:20:19:39 +0800] "GET /?m=342050824 HTTP/1.1" 200 167673 "-" "Mozilla/5.0 (Linux; Android 6.0.1; Nexus 5X Build/MMB29P) AppleWebKit/537.36 (KHTML, like Gecko) Chrome/141.0.7390.122 Mobile Safari/537.36 (compatible; Googlebot/2.1; +http://www.google.com/bot.html)"
74.7.241.30 - - [24/Dec/2025:20:19:39 +0800] "GET /pages.php?barrier/m1?pid=2908 HTTP/1.1" 200 152552 "-" "Mozilla/5.0 AppleWebKit/537.36 (KHTML, like Gecko; compatible; GPTBot/1.3; +https://openai.com/gptbot)"
74.7.241.30 - - [24/Dec/2025:20:19:40 +0800] "GET /pages.php?cooperative/e1?pid=2910 HTTP/1.1" 200 152209 "-" "Mozilla/5.0 AppleWebKit/537.36 (KHTML, like Gecko; compatible; GPTBot/1.3; +https://openai.com/gptbot)"
66.249.74.169 - - [24/Dec/2025:20:19:41 +0800] "GET /?products/3500263 HTTP/1.1" 200 172360 "-" "Mozilla/5.0 (Linux; Android 6.0.1; Nexus 5X Build/MMB29P) AppleWebKit/537.36 (KHTML, like Gecko) Chrome/141.0.7390.122 Mobile Safari/537.36 (compatible; Googlebot/2.1; +http://www.google.com/bot.html)"
74.7.241.30 - - [24/Dec/2025:20:19:41 +0800] "GET /pages.php?office/z1?pid=2852 HTTP/1.1" 200 152849 "-" "Mozilla/5.0 AppleWebKit/537.36 (KHTML, like Gecko; compatible; GPTBot/1.3; +https://openai.com/gptbot)"
57.141.6.33 - - [24/Dec/2025:20:19:42 +0800] "GET /?products/14594918 HTTP/1.1" 200 - "-" "meta-externalagent/1.1 (+https://developers.facebook.com/docs/sharing/webmasters/crawler)"
66.249.74.160 - - [24/Dec/2025:20:19:42 +0800] "GET /?products/13316396 HTTP/1.1" 200 148588 "-" "Mozilla/5.0 (Linux; Android 6.0.1; Nexus 5X Build/MMB29P) AppleWebKit/537.36 (KHTML, like Gecko) Chrome/141.0.7390.122 Mobile Safari/537.36 (compatible; Googlebot/2.1; +http://www.google.com/bot.html)"
74.7.241.30 - - [24/Dec/2025:20:19:42 +0800] "GET /pages.php?myself/a1?pid=2886 HTTP/1.1" 200 152009 "-" "Mozilla/5.0 AppleWebKit/537.36 (KHTML, like Gecko; compatible; GPTBot/1.3; +https://openai.com/gptbot)"
66.249.74.160 - - [24/Dec/2025:20:19:44 +0800] "GET /?products/7582685 HTTP/1.1" 200 151295 "-" "Mozilla/5.0 (Linux; Android 6.0.1; Nexus 5X Build/MMB29P) AppleWebKit/537.36 (KHTML, like Gecko) Chrome/141.0.7390.122 Mobile Safari/537.36 (compatible; GoogleOther)"
74.7.241.30 - - [24/Dec/2025:20:19:43 +0800] "GET /pages.php?dinner/n1?pid=2736 HTTP/1.1" 200 151938 "-" "Mozilla/5.0 AppleWebKit/537.36 (KHTML, like Gecko; compatible; GPTBot/1.3; +https://openai.com/gptbot)"
74.7.241.30 - - [24/Dec/2025:20:19:45 +0800] "GET /pages.php?view/y190?pid=33301 HTTP/1.1" 200 156454 "-" "Mozilla/5.0 AppleWebKit/537.36 (KHTML, like Gecko; compatible; GPTBot/1.3; +https://openai.com/gptbot)"
74.7.241.30 - - [24/Dec/2025:20:19:46 +0800] "GET /pages.php?sudden/p1?pid=2738 HTTP/1.1" 200 152085 "-" "Mozilla/5.0 AppleWebKit/537.36 (KHTML, like Gecko; compatible; GPTBot/1.3; +https://openai.com/gptbot)"
74.7.241.30 - - [24/Dec/2025:20:19:47 +0800] "GET /pages.php?acceptance/z1?pid=2852 HTTP/1.1" 200 152068 "-" "Mozilla/5.0 AppleWebKit/537.36 (KHTML, like Gecko; compatible; GPTBot/1.3; +https://openai.com/gptbot)"
74.7.241.30 - - [24/Dec/2025:20:19:48 +0800] "GET /pages.php?finish/a1?pid=2886 HTTP/1.1" 200 151481 "-" "Mozilla/5.0 AppleWebKit/537.36 (KHTML, like Gecko; compatible; GPTBot/1.3; +https://openai.com/gptbot)"
66.249.74.169 - - [24/Dec/2025:20:19:49 +0800] "GET /?products/2500874 HTTP/1.1" 200 153474 "-" "Mozilla/5.0 (Linux; Android 6.0.1; Nexus 5X Build/MMB29P) AppleWebKit/537.36 (KHTML, like Gecko) Chrome/141.0.7390.122 Mobile Safari/537.36 (compatible; GoogleOther)"
74.7.241.30 - - [24/Dec/2025:20:19:49 +0800] "GET /pages.php?decide/p1?pid=2738 HTTP/1.1" 200 151454 "-" "Mozilla/5.0 AppleWebKit/537.36 (KHTML, like Gecko; compatible; GPTBot/1.3; +https://openai.com/gptbot)"
74.7.241.30 - - [24/Dec/2025:20:19:50 +0800] "GET /pages.php?happiness/t1?pid=2858 HTTP/1.1" 200 152344 "-" "Mozilla/5.0 AppleWebKit/537.36 (KHTML, like Gecko; compatible; GPTBot/1.3; +https://openai.com/gptbot)"
74.7.241.30 - - [24/Dec/2025:20:19:51 +0800] "GET /pages.php?operating/e1?pid=2910 HTTP/1.1" 200 152069 "-" "Mozilla/5.0 AppleWebKit/537.36 (KHTML, like Gecko; compatible; GPTBot/1.3; +https://openai.com/gptbot)"
66.249.74.169 - - [24/Dec/2025:20:19:52 +0800] "GET /?products/9602696 HTTP/1.1" 200 154819 "-" "Mozilla/5.0 (Linux; Android 6.0.1; Nexus 5X Build/MMB29P) AppleWebKit/537.36 (KHTML, like Gecko) Chrome/141.0.7390.122 Mobile Safari/537.36 (compatible; GoogleOther)"
74.7.241.30 - - [24/Dec/2025:20:19:52 +0800] "GET /pages.php?disaster/d274?pid=823 HTTP/1.1" 200 141514 "-" "Mozilla/5.0 AppleWebKit/537.36 (KHTML, like Gecko; compatible; GPTBot/1.3; +https://openai.com/gptbot)"
74.7.241.30 - - [24/Dec/2025:20:19:52 +0800] "GET /pages.php?potential/n8?pid=15633 HTTP/1.1" 200 142939 "-" "Mozilla/5.0 AppleWebKit/537.36 (KHTML, like Gecko; compatible; GPTBot/1.3; +https://openai.com/gptbot)"
74.7.241.30 - - [24/Dec/2025:20:19:53 +0800] "GET /pages.php?expedition/z1?pid=2888 HTTP/1.1" 200 152232 "-" "Mozilla/5.0 AppleWebKit/537.36 (KHTML, like Gecko; compatible; GPTBot/1.3; +https://openai.com/gptbot)"
74.7.241.30 - - [24/Dec/2025:20:19:54 +0800] "GET /pages.php?precise/s94?pid=38349 HTTP/1.1" 200 142654 "-" "Mozilla/5.0 AppleWebKit/537.36 (KHTML, like Gecko; compatible; GPTBot/1.3; +https://openai.com/gptbot)"
74.7.241.30 - - [24/Dec/2025:20:19:56 +0800] "GET /pages.php?reject/p1?pid=2738 HTTP/1.1" 200 152225 "-" "Mozilla/5.0 AppleWebKit/537.36 (KHTML, like Gecko; compatible; GPTBot/1.3; +https://openai.com/gptbot)"
74.7.241.30 - - [24/Dec/2025:20:19:57 +0800] "GET /pages.php?competitive/z1?pid=2888 HTTP/1.1" 200 152324 "-" "Mozilla/5.0 AppleWebKit/537.36 (KHTML, like Gecko; compatible; GPTBot/1.3; +https://openai.com/gptbot)"
74.7.241.30 - - [24/Dec/2025:20:19:58 +0800] "GET /pages.php?defense/w300?pid=6225 HTTP/1.1" 200 142425 "-" "Mozilla/5.0 AppleWebKit/537.36 (KHTML, like Gecko; compatible; GPTBot/1.3; +https://openai.com/gptbot)"
74.7.241.30 - - [24/Dec/2025:20:19:58 +0800] "GET /pages.php?attach/p1?pid=2738 HTTP/1.1" 200 151694 "-" "Mozilla/5.0 AppleWebKit/537.36 (KHTML, like Gecko; compatible; GPTBot/1.3; +https://openai.com/gptbot)"
74.7.241.30 - - [24/Dec/2025:20:19:59 +0800] "GET /pages.php?infant/t1?pid=2858 HTTP/1.1" 200 152342 "-" "Mozilla/5.0 AppleWebKit/537.36 (KHTML, like Gecko; compatible; GPTBot/1.3; +https://openai.com/gptbot)"
66.249.74.169 - - [24/Dec/2025:20:20:00 +0800] "GET /?products/11740152 HTTP/1.1" 200 149189 "-" "Mozilla/5.0 (compatible; Googlebot/2.1; +http://www.google.com/bot.html)"
66.249.74.169 - - [24/Dec/2025:20:20:01 +0800] "GET /?products/23726552 HTTP/1.1" 200 151075 "-" "Mozilla/5.0 (Linux; Android 6.0.1; Nexus 5X Build/MMB29P) AppleWebKit/537.36 (KHTML, like Gecko) Chrome/141.0.7390.122 Mobile Safari/537.36 (compatible; GoogleOther)"
74.7.241.30 - - [24/Dec/2025:20:20:00 +0800] "GET /pages.php?debate/e1?pid=2910 HTTP/1.1" 200 152384 "-" "Mozilla/5.0 AppleWebKit/537.36 (KHTML, like Gecko; compatible; GPTBot/1.3; +https://openai.com/gptbot)"
66.249.74.169 - - [24/Dec/2025:20:20:01 +0800] "GET /?products/12722107 HTTP/1.1" 200 165600 "-" "Mozilla/5.0 (Linux; Android 6.0.1; Nexus 5X Build/MMB29P) AppleWebKit/537.36 (KHTML, like Gecko) Chrome/141.0.7390.122 Mobile Safari/537.36 (compatible; GoogleOther)"
66.249.74.169 - - [24/Dec/2025:20:20:01 +0800] "GET /?products/3265863 HTTP/1.1" 200 145793 "-" "Mozilla/5.0 (Linux; Android 6.0.1; Nexus 5X Build/MMB29P) AppleWebKit/537.36 (KHTML, like Gecko) Chrome/141.0.7390.122 Mobile Safari/537.36 (compatible; GoogleOther)"
74.7.241.30 - - [24/Dec/2025:20:20:01 +0800] "GET /pages.php?parish/k1?pid=2894 HTTP/1.1" 200 151521 "-" "Mozilla/5.0 AppleWebKit/537.36 (KHTML, like Gecko; compatible; GPTBot/1.3; +https://openai.com/gptbot)"
66.249.74.161 - - [24/Dec/2025:20:20:02 +0800] "GET /?products/23330618 HTTP/1.1" 200 148968 "-" "Mozilla/5.0 (Linux; Android 6.0.1; Nexus 5X Build/MMB29P) AppleWebKit/537.36 (KHTML, like Gecko) Chrome/141.0.7390.122 Mobile Safari/537.36 (compatible; GoogleOther)"
74.7.241.30 - - [24/Dec/2025:20:20:02 +0800] "GET /pages.php?view/e107?pid=6032 HTTP/1.1" 200 142287 "-" "Mozilla/5.0 AppleWebKit/537.36 (KHTML, like Gecko; compatible; GPTBot/1.3; +https://openai.com/gptbot)"
74.7.241.30 - - [24/Dec/2025:20:20:03 +0800] "GET /pages.php?simple/b1?pid=2684 HTTP/1.1" 200 152519 "-" "Mozilla/5.0 AppleWebKit/537.36 (KHTML, like Gecko; compatible; GPTBot/1.3; +https://openai.com/gptbot)"
74.7.241.30 - - [24/Dec/2025:20:20:04 +0800] "GET /pages.php?shareholder/l1?pid=2880 HTTP/1.1" 200 151805 "-" "Mozilla/5.0 AppleWebKit/537.36 (KHTML, like Gecko; compatible; GPTBot/1.3; +https://openai.com/gptbot)"
74.7.241.30 - - [24/Dec/2025:20:20:05 +0800] "GET /pages.php?outfit/a1?pid=2886 HTTP/1.1" 200 151762 "-" "Mozilla/5.0 AppleWebKit/537.36 (KHTML, like Gecko; compatible; GPTBot/1.3; +https://openai.com/gptbot)"
74.7.241.30 - - [24/Dec/2025:20:20:06 +0800] "GET /pages.php?criticism/z1?pid=2888 HTTP/1.1" 200 152074 "-" "Mozilla/5.0 AppleWebKit/537.36 (KHTML, like Gecko; compatible; GPTBot/1.3; +https://openai.com/gptbot)"
74.7.241.30 - - [24/Dec/2025:20:20:06 +0800] "GET /pages.php?criticism/e145?pid=4148 HTTP/1.1" 200 152809 "-" "Mozilla/5.0 AppleWebKit/537.36 (KHTML, like Gecko; compatible; GPTBot/1.3; +https://openai.com/gptbot)"
66.249.74.160 - - [24/Dec/2025:20:20:07 +0800] "GET /?products/15600774 HTTP/1.1" 200 145699 "-" "Mozilla/5.0 (Linux; Android 6.0.1; Nexus 5X Build/MMB29P) AppleWebKit/537.36 (KHTML, like Gecko) Chrome/141.0.7390.122 Mobile Safari/537.36 (compatible; GoogleOther)"
74.7.241.30 - - [24/Dec/2025:20:20:07 +0800] "GET /pages.php?dependent/x97?pid=33644 HTTP/1.1" 200 147809 "-" "Mozilla/5.0 AppleWebKit/537.36 (KHTML, like Gecko; compatible; GPTBot/1.3; +https://openai.com/gptbot)"
74.7.241.30 - - [24/Dec/2025:20:20:08 +0800] "GET /pages.php?deploy/t1?pid=2858 HTTP/1.1" 200 152718 "-" "Mozilla/5.0 AppleWebKit/537.36 (KHTML, like Gecko; compatible; GPTBot/1.3; +https://openai.com/gptbot)"
66.249.74.161 - - [24/Dec/2025:20:20:10 +0800] "GET /?products/3289741 HTTP/1.1" 200 146897 "-" "Mozilla/5.0 (Linux; Android 6.0.1; Nexus 5X Build/MMB29P) AppleWebKit/537.36 (KHTML, like Gecko) Chrome/141.0.7390.122 Mobile Safari/537.36 (compatible; GoogleOther)"
74.7.241.30 - - [24/Dec/2025:20:20:09 +0800] "GET /pages.php?smooth/l1?pid=2880 HTTP/1.1" 200 152101 "-" "Mozilla/5.0 AppleWebKit/537.36 (KHTML, like Gecko; compatible; GPTBot/1.3; +https://openai.com/gptbot)"
66.249.74.169 - - [24/Dec/2025:20:20:11 +0800] "GET /?products/6226252 HTTP/1.1" 200 148894 "-" "Mozilla/5.0 (Linux; Android 6.0.1; Nexus 5X Build/MMB29P) AppleWebKit/537.36 (KHTML, like Gecko) Chrome/141.0.7390.122 Mobile Safari/537.36 (compatible; GoogleOther)"
74.7.241.30 - - [24/Dec/2025:20:20:10 +0800] "GET /pages.php?sphere/j1?pid=2890 HTTP/1.1" 200 152820 "-" "Mozilla/5.0 AppleWebKit/537.36 (KHTML, like Gecko; compatible; GPTBot/1.3; +https://openai.com/gptbot)"
74.7.241.30 - - [24/Dec/2025:20:20:12 +0800] "GET /pages.php?speaker/z88?pid=36785 HTTP/1.1" 200 142224 "-" "Mozilla/5.0 AppleWebKit/537.36 (KHTML, like Gecko; compatible; GPTBot/1.3; +https://openai.com/gptbot)"
66.249.74.169 - - [24/Dec/2025:20:20:13 +0800] "GET /?m=234598224 HTTP/1.1" 200 157441 "-" "Mozilla/5.0 (compatible; Googlebot/2.1; +http://www.google.com/bot.html)"
74.7.241.30 - - [24/Dec/2025:20:20:13 +0800] "GET /pages.php?find/a6?pid=25293 HTTP/1.1" 200 149194 "-" "Mozilla/5.0 AppleWebKit/537.36 (KHTML, like Gecko; compatible; GPTBot/1.3; +https://openai.com/gptbot)"
74.7.241.30 - - [24/Dec/2025:20:20:14 +0800] "GET /pages.php?mainly/l1?pid=2880 HTTP/1.1" 200 152305 "-" "Mozilla/5.0 AppleWebKit/537.36 (KHTML, like Gecko; compatible; GPTBot/1.3; +https://openai.com/gptbot)"
74.7.241.30 - - [24/Dec/2025:20:20:15 +0800] "GET /pages.php?give/z88?pid=5005 HTTP/1.1" 200 164384 "-" "Mozilla/5.0 AppleWebKit/537.36 (KHTML, like Gecko; compatible; GPTBot/1.3; +https://openai.com/gptbot)"
66.249.74.160 - - [24/Dec/2025:20:20:15 +0800] "GET /?products/15208185 HTTP/1.1" 200 148282 "-" "Mozilla/5.0 (Linux; Android 6.0.1; Nexus 5X Build/MMB29P) AppleWebKit/537.36 (KHTML, like Gecko) Chrome/141.0.7390.122 Mobile Safari/537.36 (compatible; GoogleOther)"
74.7.241.30 - - [24/Dec/2025:20:20:15 +0800] "GET /pages.php?approve/a1?pid=2886 HTTP/1.1" 200 151869 "-" "Mozilla/5.0 AppleWebKit/537.36 (KHTML, like Gecko; compatible; GPTBot/1.3; +https://openai.com/gptbot)"
74.7.241.30 - - [24/Dec/2025:20:20:16 +0800] "GET /pages.php?review/q60?pid=253 HTTP/1.1" 200 152077 "-" "Mozilla/5.0 AppleWebKit/537.36 (KHTML, like Gecko; compatible; GPTBot/1.3; +https://openai.com/gptbot)"
74.7.241.30 - - [24/Dec/2025:20:20:17 +0800] "GET /pages.php?sponsor/h1?pid=2850 HTTP/1.1" 200 152703 "-" "Mozilla/5.0 AppleWebKit/537.36 (KHTML, like Gecko; compatible; GPTBot/1.3; +https://openai.com/gptbot)"
66.249.74.169 - - [24/Dec/2025:20:20:18 +0800] "GET /?products/26198518 HTTP/1.1" 200 163293 "-" "Mozilla/5.0 (Linux; Android 6.0.1; Nexus 5X Build/MMB29P) AppleWebKit/537.36 (KHTML, like Gecko) Chrome/141.0.7390.122 Mobile Safari/537.36 (compatible; GoogleOther)"
