66.249.74.169 - - [24/Dec/2025:21:34:05 +0800] "GET /?products/11190063 HTTP/1.1" 200 151384 "-" "Mozilla/5.0 (compatible; Googlebot/2.1; +http://www.google.com/bot.html)"
74.7.241.30 - - [24/Dec/2025:21:34:05 +0800] "GET /pages.php?raise/l1?pid=1820 HTTP/1.1" 200 152761 "-" "Mozilla/5.0 AppleWebKit/537.36 (KHTML, like Gecko; compatible; GPTBot/1.3; +https://openai.com/gptbot)"
66.249.74.169 - - [24/Dec/2025:21:34:06 +0800] "GET /?products/13338207 HTTP/1.1" 200 156198 "-" "Mozilla/5.0 (Linux; Android 6.0.1; Nexus 5X Build/MMB29P) AppleWebKit/537.36 (KHTML, like Gecko) Chrome/141.0.7390.122 Mobile Safari/537.36 (compatible; Googlebot/2.1; +http://www.google.com/bot.html)"
57.141.6.3 - - [24/Dec/2025:21:34:06 +0800] "GET /?products/7436318 HTTP/1.1" 200 - "-" "meta-externalagent/1.1 (+https://developers.facebook.com/docs/sharing/webmasters/crawler)"
74.7.241.30 - - [24/Dec/2025:21:34:06 +0800] "GET /pages.php?trade/y1?pid=1822 HTTP/1.1" 200 151985 "-" "Mozilla/5.0 AppleWebKit/537.36 (KHTML, like Gecko; compatible; GPTBot/1.3; +https://openai.com/gptbot)"
74.7.241.30 - - [24/Dec/2025:21:34:07 +0800] "GET /pages.php?salad/n1?pid=1496 HTTP/1.1" 200 151917 "-" "Mozilla/5.0 AppleWebKit/537.36 (KHTML, like Gecko; compatible; GPTBot/1.3; +https://openai.com/gptbot)"
74.7.241.30 - - [24/Dec/2025:21:34:08 +0800] "GET /pages.php?terror/c1?pid=1730 HTTP/1.1" 200 152135 "-" "Mozilla/5.0 AppleWebKit/537.36 (KHTML, like Gecko; compatible; GPTBot/1.3; +https://openai.com/gptbot)"
57.141.6.15 - - [24/Dec/2025:21:34:09 +0800] "GET /?products/1240074 HTTP/1.1" 200 - "-" "meta-externalagent/1.1 (+https://developers.facebook.com/docs/sharing/webmasters/crawler)"
74.7.241.30 - - [24/Dec/2025:21:34:09 +0800] "GET /pages.php?placement/p1?pid=1680 HTTP/1.1" 200 152376 "-" "Mozilla/5.0 AppleWebKit/537.36 (KHTML, like Gecko; compatible; GPTBot/1.3; +https://openai.com/gptbot)"
74.7.241.30 - - [24/Dec/2025:21:34:10 +0800] "GET /pages.php?landscape/o1?pid=1664 HTTP/1.1" 200 151849 "-" "Mozilla/5.0 AppleWebKit/537.36 (KHTML, like Gecko; compatible; GPTBot/1.3; +https://openai.com/gptbot)"
74.7.241.30 - - [24/Dec/2025:21:34:11 +0800] "GET /pages.php?movement/v262?pid=4139 HTTP/1.1" 200 158314 "-" "Mozilla/5.0 AppleWebKit/537.36 (KHTML, like Gecko; compatible; GPTBot/1.3; +https://openai.com/gptbot)"
74.7.241.30 - - [24/Dec/2025:21:34:12 +0800] "GET /pages.php?along/u69?pid=4544 HTTP/1.1" 200 145374 "-" "Mozilla/5.0 AppleWebKit/537.36 (KHTML, like Gecko; compatible; GPTBot/1.3; +https://openai.com/gptbot)"
74.7.241.30 - - [24/Dec/2025:21:34:12 +0800] "GET /pages.php?trend/t1?pid=1726 HTTP/1.1" 200 151191 "-" "Mozilla/5.0 AppleWebKit/537.36 (KHTML, like Gecko; compatible; GPTBot/1.3; +https://openai.com/gptbot)"
74.7.241.30 - - [24/Dec/2025:21:34:14 +0800] "GET /pages.php?sound/h75?pid=1922 HTTP/1.1" 200 152787 "-" "Mozilla/5.0 AppleWebKit/537.36 (KHTML, like Gecko; compatible; GPTBot/1.3; +https://openai.com/gptbot)"
74.7.241.30 - - [24/Dec/2025:21:34:15 +0800] "GET /pages.php?weakness/c222?pid=35329 HTTP/1.1" 200 142356 "-" "Mozilla/5.0 AppleWebKit/537.36 (KHTML, like Gecko; compatible; GPTBot/1.3; +https://openai.com/gptbot)"
66.249.74.169 - - [24/Dec/2025:21:34:15 +0800] "GET /?m=218714524 HTTP/1.1" 200 155378 "-" "Mozilla/5.0 (Linux; Android 6.0.1; Nexus 5X Build/MMB29P) AppleWebKit/537.36 (KHTML, like Gecko) Chrome/141.0.7390.122 Mobile Safari/537.36 (compatible; Googlebot/2.1; +http://www.google.com/bot.html)"
74.7.241.30 - - [24/Dec/2025:21:34:15 +0800] "GET /pages.php?creativity/y1?pid=1822 HTTP/1.1" 200 152472 "-" "Mozilla/5.0 AppleWebKit/537.36 (KHTML, like Gecko; compatible; GPTBot/1.3; +https://openai.com/gptbot)"
74.7.241.30 - - [24/Dec/2025:21:34:16 +0800] "GET /pages.php?rally/o1?pid=1664 HTTP/1.1" 200 152144 "-" "Mozilla/5.0 AppleWebKit/537.36 (KHTML, like Gecko; compatible; GPTBot/1.3; +https://openai.com/gptbot)"
74.7.241.30 - - [24/Dec/2025:21:34:17 +0800] "GET /pages.php?prior/c1?pid=1730 HTTP/1.1" 200 152036 "-" "Mozilla/5.0 AppleWebKit/537.36 (KHTML, like Gecko; compatible; GPTBot/1.3; +https://openai.com/gptbot)"
66.249.74.160 - - [24/Dec/2025:21:34:18 +0800] "GET /?products/29125852 HTTP/1.1" 200 153318 "-" "Mozilla/5.0 (Linux; Android 6.0.1; Nexus 5X Build/MMB29P) AppleWebKit/537.36 (KHTML, like Gecko) Chrome/141.0.7390.122 Mobile Safari/537.36 (compatible; Googlebot/2.1; +http://www.google.com/bot.html)"
74.7.241.30 - - [24/Dec/2025:21:34:18 +0800] "GET /pages.php?election/f95?pid=43094 HTTP/1.1" 200 156286 "-" "Mozilla/5.0 AppleWebKit/537.36 (KHTML, like Gecko; compatible; GPTBot/1.3; +https://openai.com/gptbot)"
57.141.6.5 - - [24/Dec/2025:21:34:19 +0800] "GET /?products/4243407 HTTP/1.1" 200 - "-" "meta-externalagent/1.1 (+https://developers.facebook.com/docs/sharing/webmasters/crawler)"
74.7.241.30 - - [24/Dec/2025:21:34:19 +0800] "GET /pages.php?scary/z1?pid=1498 HTTP/1.1" 200 156232 "-" "Mozilla/5.0 AppleWebKit/537.36 (KHTML, like Gecko; compatible; GPTBot/1.3; +https://openai.com/gptbot)"
57.141.6.14 - - [24/Dec/2025:21:34:21 +0800] "GET /?products/7895285 HTTP/1.1" 200 - "-" "meta-externalagent/1.1 (+https://developers.facebook.com/docs/sharing/webmasters/crawler)"
74.7.241.30 - - [24/Dec/2025:21:34:21 +0800] "GET /pages.php?fight/c1?pid=1730 HTTP/1.1" 200 152204 "-" "Mozilla/5.0 AppleWebKit/537.36 (KHTML, like Gecko; compatible; GPTBot/1.3; +https://openai.com/gptbot)"
74.7.241.30 - - [24/Dec/2025:21:34:22 +0800] "GET /pages.php?until/y1?pid=1822 HTTP/1.1" 200 152176 "-" "Mozilla/5.0 AppleWebKit/537.36 (KHTML, like Gecko; compatible; GPTBot/1.3; +https://openai.com/gptbot)"
74.7.241.30 - - [24/Dec/2025:21:34:23 +0800] "GET /pages.php?alarm/g1?pid=1738 HTTP/1.1" 200 151752 "-" "Mozilla/5.0 AppleWebKit/537.36 (KHTML, like Gecko; compatible; GPTBot/1.3; +https://openai.com/gptbot)"
74.7.241.30 - - [24/Dec/2025:21:34:24 +0800] "GET /pages.php?associate/h75?pid=1922 HTTP/1.1" 200 152348 "-" "Mozilla/5.0 AppleWebKit/537.36 (KHTML, like Gecko; compatible; GPTBot/1.3; +https://openai.com/gptbot)"
74.7.241.30 - - [24/Dec/2025:21:34:25 +0800] "GET /pages.php?learn/t1?pid=1818 HTTP/1.1" 200 151850 "-" "Mozilla/5.0 AppleWebKit/537.36 (KHTML, like Gecko; compatible; GPTBot/1.3; +https://openai.com/gptbot)"
74.7.241.30 - - [24/Dec/2025:21:34:26 +0800] "GET /pages.php?affair/f1?pid=1728 HTTP/1.1" 200 152146 "-" "Mozilla/5.0 AppleWebKit/537.36 (KHTML, like Gecko; compatible; GPTBot/1.3; +https://openai.com/gptbot)"
74.7.241.30 - - [24/Dec/2025:21:34:27 +0800] "GET /pages.php?style/t1?pid=1818 HTTP/1.1" 200 152268 "-" "Mozilla/5.0 AppleWebKit/537.36 (KHTML, like Gecko; compatible; GPTBot/1.3; +https://openai.com/gptbot)"
74.7.241.30 - - [24/Dec/2025:21:34:28 +0800] "GET /pages.php?membership/l1?pid=1820 HTTP/1.1" 200 152195 "-" "Mozilla/5.0 AppleWebKit/537.36 (KHTML, like Gecko; compatible; GPTBot/1.3; +https://openai.com/gptbot)"
74.7.241.30 - - [24/Dec/2025:21:34:29 +0800] "GET /pages.php?apartment/t1?pid=1818 HTTP/1.1" 200 152449 "-" "Mozilla/5.0 AppleWebKit/537.36 (KHTML, like Gecko; compatible; GPTBot/1.3; +https://openai.com/gptbot)"
74.7.241.30 - - [24/Dec/2025:21:34:29 +0800] "GET /pages.php?hazard/z1?pid=1498 HTTP/1.1" 200 157125 "-" "Mozilla/5.0 AppleWebKit/537.36 (KHTML, like Gecko; compatible; GPTBot/1.3; +https://openai.com/gptbot)"
74.7.241.30 - - [24/Dec/2025:21:34:30 +0800] "GET /pages.php?visual/o1?pid=1664 HTTP/1.1" 200 151499 "-" "Mozilla/5.0 AppleWebKit/537.36 (KHTML, like Gecko; compatible; GPTBot/1.3; +https://openai.com/gptbot)"
57.141.6.14 - - [24/Dec/2025:21:34:32 +0800] "GET /?products/967885 HTTP/1.1" 200 - "-" "meta-externalagent/1.1 (+https://developers.facebook.com/docs/sharing/webmasters/crawler)"
74.7.241.30 - - [24/Dec/2025:21:34:31 +0800] "GET /pages.php?salary/o1?pid=1664 HTTP/1.1" 200 152340 "-" "Mozilla/5.0 AppleWebKit/537.36 (KHTML, like Gecko; compatible; GPTBot/1.3; +https://openai.com/gptbot)"
74.7.241.30 - - [24/Dec/2025:21:34:32 +0800] "GET /pages.php?ignore/o1?pid=1664 HTTP/1.1" 200 152212 "-" "Mozilla/5.0 AppleWebKit/537.36 (KHTML, like Gecko; compatible; GPTBot/1.3; +https://openai.com/gptbot)"
74.7.241.30 - - [24/Dec/2025:21:34:33 +0800] "GET /pages.php?increased/z1?pid=1662 HTTP/1.1" 200 152648 "-" "Mozilla/5.0 AppleWebKit/537.36 (KHTML, like Gecko; compatible; GPTBot/1.3; +https://openai.com/gptbot)"
52.167.144.161 - - [24/Dec/2025:21:34:33 +0800] "GET /?m=178392224 HTTP/1.1" 200 171664 "-" "Mozilla/5.0 AppleWebKit/537.36 (KHTML, like Gecko; compatible; bingbot/2.0; +http://www.bing.com/bingbot.htm) Chrome/116.0.1938.76 Safari/537.36"
74.7.241.30 - - [24/Dec/2025:21:34:34 +0800] "GET /pages.php?screen/z1?pid=1662 HTTP/1.1" 200 152923 "-" "Mozilla/5.0 AppleWebKit/537.36 (KHTML, like Gecko; compatible; GPTBot/1.3; +https://openai.com/gptbot)"
66.249.74.169 - - [24/Dec/2025:21:34:35 +0800] "GET /?products/23020207 HTTP/1.1" 200 156013 "-" "Mozilla/5.0 (Linux; Android 6.0.1; Nexus 5X Build/MMB29P) AppleWebKit/537.36 (KHTML, like Gecko) Chrome/141.0.7390.122 Mobile Safari/537.36 (compatible; Googlebot/2.1; +http://www.google.com/bot.html)"
74.7.241.30 - - [24/Dec/2025:21:34:35 +0800] "GET /pages.php?secret/g1?pid=1738 HTTP/1.1" 200 151423 "-" "Mozilla/5.0 AppleWebKit/537.36 (KHTML, like Gecko; compatible; GPTBot/1.3; +https://openai.com/gptbot)"
74.7.241.30 - - [24/Dec/2025:21:34:36 +0800] "GET /pages.php?advice/t1?pid=1818 HTTP/1.1" 200 152554 "-" "Mozilla/5.0 AppleWebKit/537.36 (KHTML, like Gecko; compatible; GPTBot/1.3; +https://openai.com/gptbot)"
74.7.241.30 - - [24/Dec/2025:21:34:37 +0800] "GET /pages.php?attach/o1?pid=1664 HTTP/1.1" 200 152169 "-" "Mozilla/5.0 AppleWebKit/537.36 (KHTML, like Gecko; compatible; GPTBot/1.3; +https://openai.com/gptbot)"
74.7.241.30 - - [24/Dec/2025:21:34:37 +0800] "GET /pages.php?destruction/t1?pid=1818 HTTP/1.1" 200 152238 "-" "Mozilla/5.0 AppleWebKit/537.36 (KHTML, like Gecko; compatible; GPTBot/1.3; +https://openai.com/gptbot)"
74.7.241.30 - - [24/Dec/2025:21:34:38 +0800] "GET /pages.php?large/q9?pid=23720 HTTP/1.1" 200 144292 "-" "Mozilla/5.0 AppleWebKit/537.36 (KHTML, like Gecko; compatible; GPTBot/1.3; +https://openai.com/gptbot)"
74.7.241.30 - - [24/Dec/2025:21:34:39 +0800] "GET /pages.php?hat/y240?pid=31445 HTTP/1.1" 200 142016 "-" "Mozilla/5.0 AppleWebKit/537.36 (KHTML, like Gecko; compatible; GPTBot/1.3; +https://openai.com/gptbot)"
74.7.241.30 - - [24/Dec/2025:21:34:41 +0800] "GET /pages.php?apple/k39?pid=3846 HTTP/1.1" 200 143735 "-" "Mozilla/5.0 AppleWebKit/537.36 (KHTML, like Gecko; compatible; GPTBot/1.3; +https://openai.com/gptbot)"
74.7.241.30 - - [24/Dec/2025:21:34:42 +0800] "GET /pages.php?agenda/u1?pid=8224 HTTP/1.1" 200 147724 "-" "Mozilla/5.0 AppleWebKit/537.36 (KHTML, like Gecko; compatible; GPTBot/1.3; +https://openai.com/gptbot)"
74.7.241.30 - - [24/Dec/2025:21:34:43 +0800] "GET /pages.php?trigger/o1?pid=1664 HTTP/1.1" 200 151634 "-" "Mozilla/5.0 AppleWebKit/537.36 (KHTML, like Gecko; compatible; GPTBot/1.3; +https://openai.com/gptbot)"
66.249.74.169 - - [24/Dec/2025:21:34:45 +0800] "GET /?m=467081524 HTTP/1.1" 200 191937 "-" "Mozilla/5.0 (Linux; Android 6.0.1; Nexus 5X Build/MMB29P) AppleWebKit/537.36 (KHTML, like Gecko) Chrome/141.0.7390.122 Mobile Safari/537.36 (compatible; Googlebot/2.1; +http://www.google.com/bot.html)"
74.7.241.30 - - [24/Dec/2025:21:34:45 +0800] "GET /pages.php?hunting/n1?pid=1496 HTTP/1.1" 200 152420 "-" "Mozilla/5.0 AppleWebKit/537.36 (KHTML, like Gecko; compatible; GPTBot/1.3; +https://openai.com/gptbot)"
74.7.241.30 - - [24/Dec/2025:21:34:46 +0800] "GET /pages.php?episode/h295?pid=16646 HTTP/1.1" 200 145749 "-" "Mozilla/5.0 AppleWebKit/537.36 (KHTML, like Gecko; compatible; GPTBot/1.3; +https://openai.com/gptbot)"
74.7.241.30 - - [24/Dec/2025:21:34:47 +0800] "GET /pages.php?accept/g1?pid=1738 HTTP/1.1" 200 151420 "-" "Mozilla/5.0 AppleWebKit/537.36 (KHTML, like Gecko; compatible; GPTBot/1.3; +https://openai.com/gptbot)"
74.7.241.30 - - [24/Dec/2025:21:34:48 +0800] "GET /pages.php?eating/f1?pid=1728 HTTP/1.1" 200 151642 "-" "Mozilla/5.0 AppleWebKit/537.36 (KHTML, like Gecko; compatible; GPTBot/1.3; +https://openai.com/gptbot)"
74.7.241.30 - - [24/Dec/2025:21:34:49 +0800] "GET /pages.php?composition/t1?pid=1818 HTTP/1.1" 200 151943 "-" "Mozilla/5.0 AppleWebKit/537.36 (KHTML, like Gecko; compatible; GPTBot/1.3; +https://openai.com/gptbot)"
74.7.241.30 - - [24/Dec/2025:21:34:50 +0800] "GET /pages.php?programming/n1?pid=1496 HTTP/1.1" 200 152167 "-" "Mozilla/5.0 AppleWebKit/537.36 (KHTML, like Gecko; compatible; GPTBot/1.3; +https://openai.com/gptbot)"
74.7.241.30 - - [24/Dec/2025:21:34:51 +0800] "GET /pages.php?filter/q49?pid=41622 HTTP/1.1" 200 152976 "-" "Mozilla/5.0 AppleWebKit/537.36 (KHTML, like Gecko; compatible; GPTBot/1.3; +https://openai.com/gptbot)"
74.7.241.30 - - [24/Dec/2025:21:34:52 +0800] "GET /pages.php?news/u75?pid=45616 HTTP/1.1" 200 143873 "-" "Mozilla/5.0 AppleWebKit/537.36 (KHTML, like Gecko; compatible; GPTBot/1.3; +https://openai.com/gptbot)"
74.7.241.30 - - [24/Dec/2025:21:34:53 +0800] "GET /pages.php?privilege/z1?pid=1662 HTTP/1.1" 200 152744 "-" "Mozilla/5.0 AppleWebKit/537.36 (KHTML, like Gecko; compatible; GPTBot/1.3; +https://openai.com/gptbot)"
74.7.241.30 - - [24/Dec/2025:21:34:55 +0800] "GET /pages.php?including/o1?pid=1664 HTTP/1.1" 200 152046 "-" "Mozilla/5.0 AppleWebKit/537.36 (KHTML, like Gecko; compatible; GPTBot/1.3; +https://openai.com/gptbot)"
74.7.241.30 - - [24/Dec/2025:21:34:55 +0800] "GET /pages.php?tradition/h58?pid=141 HTTP/1.1" 200 143048 "-" "Mozilla/5.0 AppleWebKit/537.36 (KHTML, like Gecko; compatible; GPTBot/1.3; +https://openai.com/gptbot)"
74.7.241.30 - - [24/Dec/2025:21:34:56 +0800] "GET /pages.php?launch/w87?pid=29000 HTTP/1.1" 200 145298 "-" "Mozilla/5.0 AppleWebKit/537.36 (KHTML, like Gecko; compatible; GPTBot/1.3; +https://openai.com/gptbot)"
74.7.241.30 - - [24/Dec/2025:21:34:58 +0800] "GET /pages.php?ancient/n1?pid=1496 HTTP/1.1" 200 153017 "-" "Mozilla/5.0 AppleWebKit/537.36 (KHTML, like Gecko; compatible; GPTBot/1.3; +https://openai.com/gptbot)"
74.7.241.30 - - [24/Dec/2025:21:34:59 +0800] "GET /pages.php?grief/f1?pid=1728 HTTP/1.1" 200 151856 "-" "Mozilla/5.0 AppleWebKit/537.36 (KHTML, like Gecko; compatible; GPTBot/1.3; +https://openai.com/gptbot)"
74.7.241.30 - - [24/Dec/2025:21:35:00 +0800] "GET /pages.php?stable/t1?pid=1818 HTTP/1.1" 200 152273 "-" "Mozilla/5.0 AppleWebKit/537.36 (KHTML, like Gecko; compatible; GPTBot/1.3; +https://openai.com/gptbot)"
66.249.74.169 - - [24/Dec/2025:21:35:01 +0800] "GET /?products/7429085 HTTP/1.1" 200 150036 "-" "Mozilla/5.0 (Linux; Android 6.0.1; Nexus 5X Build/MMB29P) AppleWebKit/537.36 (KHTML, like Gecko) Chrome/141.0.7390.122 Mobile Safari/537.36 (compatible; GoogleOther)"
66.249.74.169 - - [24/Dec/2025:21:35:01 +0800] "GET /?products/1865196 HTTP/1.1" 200 156490 "-" "Mozilla/5.0 (Linux; Android 6.0.1; Nexus 5X Build/MMB29P) AppleWebKit/537.36 (KHTML, like Gecko) Chrome/141.0.7390.122 Mobile Safari/537.36 (compatible; GoogleOther)"
74.7.241.30 - - [24/Dec/2025:21:35:01 +0800] "GET /pages.php?happiness/c1?pid=1730 HTTP/1.1" 200 151671 "-" "Mozilla/5.0 AppleWebKit/537.36 (KHTML, like Gecko; compatible; GPTBot/1.3; +https://openai.com/gptbot)"
57.141.6.31 - - [24/Dec/2025:21:35:02 +0800] "GET /?products/13377963 HTTP/1.1" 200 - "-" "meta-externalagent/1.1 (+https://developers.facebook.com/docs/sharing/webmasters/crawler)"
74.7.241.30 - - [24/Dec/2025:21:35:02 +0800] "GET /pages.php?skill/o1?pid=1664 HTTP/1.1" 200 152463 "-" "Mozilla/5.0 AppleWebKit/537.36 (KHTML, like Gecko; compatible; GPTBot/1.3; +https://openai.com/gptbot)"
74.7.241.30 - - [24/Dec/2025:21:35:04 +0800] "GET /pages.php?music/z1?pid=1662 HTTP/1.1" 200 153115 "-" "Mozilla/5.0 AppleWebKit/537.36 (KHTML, like Gecko; compatible; GPTBot/1.3; +https://openai.com/gptbot)"
74.7.241.30 - - [24/Dec/2025:21:35:06 +0800] "GET /pages.php?voice/o1?pid=1664 HTTP/1.1" 200 152833 "-" "Mozilla/5.0 AppleWebKit/537.36 (KHTML, like Gecko; compatible; GPTBot/1.3; +https://openai.com/gptbot)"
74.7.241.30 - - [24/Dec/2025:21:35:07 +0800] "GET /pages.php?wonder/t1?pid=1818 HTTP/1.1" 200 152300 "-" "Mozilla/5.0 AppleWebKit/537.36 (KHTML, like Gecko; compatible; GPTBot/1.3; +https://openai.com/gptbot)"
74.7.241.30 - - [24/Dec/2025:21:35:08 +0800] "GET /pages.php?persist/k24?pid=927 HTTP/1.1" 200 142663 "-" "Mozilla/5.0 AppleWebKit/537.36 (KHTML, like Gecko; compatible; GPTBot/1.3; +https://openai.com/gptbot)"
74.7.241.30 - - [24/Dec/2025:21:35:09 +0800] "GET /pages.php?sword/z1?pid=1498 HTTP/1.1" 200 157008 "-" "Mozilla/5.0 AppleWebKit/537.36 (KHTML, like Gecko; compatible; GPTBot/1.3; +https://openai.com/gptbot)"
74.7.241.30 - - [24/Dec/2025:21:35:10 +0800] "GET /pages.php?youth/p1?pid=1680 HTTP/1.1" 200 151412 "-" "Mozilla/5.0 AppleWebKit/537.36 (KHTML, like Gecko; compatible; GPTBot/1.3; +https://openai.com/gptbot)"
74.7.241.30 - - [24/Dec/2025:21:35:11 +0800] "GET /pages.php?sample/f1?pid=1728 HTTP/1.1" 200 151877 "-" "Mozilla/5.0 AppleWebKit/537.36 (KHTML, like Gecko; compatible; GPTBot/1.3; +https://openai.com/gptbot)"
74.7.241.30 - - [24/Dec/2025:21:35:12 +0800] "GET /pages.php?charge/c1?pid=1730 HTTP/1.1" 200 151628 "-" "Mozilla/5.0 AppleWebKit/537.36 (KHTML, like Gecko; compatible; GPTBot/1.3; +https://openai.com/gptbot)"
74.7.241.30 - - [24/Dec/2025:21:35:13 +0800] "GET /pages.php?barely/t1?pid=1818 HTTP/1.1" 200 152136 "-" "Mozilla/5.0 AppleWebKit/537.36 (KHTML, like Gecko; compatible; GPTBot/1.3; +https://openai.com/gptbot)"
74.7.241.30 - - [24/Dec/2025:21:35:13 +0800] "GET /pages.php?emphasize/g1?pid=1738 HTTP/1.1" 200 151782 "-" "Mozilla/5.0 AppleWebKit/537.36 (KHTML, like Gecko; compatible; GPTBot/1.3; +https://openai.com/gptbot)"
74.7.241.30 - - [24/Dec/2025:21:35:14 +0800] "GET /pages.php?apple/f1?pid=1728 HTTP/1.1" 200 151673 "-" "Mozilla/5.0 AppleWebKit/537.36 (KHTML, like Gecko; compatible; GPTBot/1.3; +https://openai.com/gptbot)"
74.7.241.30 - - [24/Dec/2025:21:35:15 +0800] "GET /pages.php?association/n1?pid=1496 HTTP/1.1" 200 152004 "-" "Mozilla/5.0 AppleWebKit/537.36 (KHTML, like Gecko; compatible; GPTBot/1.3; +https://openai.com/gptbot)"
74.7.241.30 - - [24/Dec/2025:21:35:16 +0800] "GET /pages.php?blank/z1?pid=1662 HTTP/1.1" 200 152442 "-" "Mozilla/5.0 AppleWebKit/537.36 (KHTML, like Gecko; compatible; GPTBot/1.3; +https://openai.com/gptbot)"
74.7.241.30 - - [24/Dec/2025:21:35:17 +0800] "GET /pages.php?door/l98?pid=37773 HTTP/1.1" 200 145263 "-" "Mozilla/5.0 AppleWebKit/537.36 (KHTML, like Gecko; compatible; GPTBot/1.3; +https://openai.com/gptbot)"
74.7.241.30 - - [24/Dec/2025:21:35:18 +0800] "GET /pages.php?cease/c1?pid=1730 HTTP/1.1" 200 151567 "-" "Mozilla/5.0 AppleWebKit/537.36 (KHTML, like Gecko; compatible; GPTBot/1.3; +https://openai.com/gptbot)"
74.7.241.30 - - [24/Dec/2025:21:35:19 +0800] "GET /pages.php?dream/p1?pid=1680 HTTP/1.1" 200 151656 "-" "Mozilla/5.0 AppleWebKit/537.36 (KHTML, like Gecko; compatible; GPTBot/1.3; +https://openai.com/gptbot)"
74.7.241.30 - - [24/Dec/2025:21:35:20 +0800] "GET /pages.php?impression/p1?pid=1680 HTTP/1.1" 200 152421 "-" "Mozilla/5.0 AppleWebKit/537.36 (KHTML, like Gecko; compatible; GPTBot/1.3; +https://openai.com/gptbot)"
74.7.241.30 - - [24/Dec/2025:21:35:21 +0800] "GET /pages.php?dictate/f1?pid=1728 HTTP/1.1" 200 151646 "-" "Mozilla/5.0 AppleWebKit/537.36 (KHTML, like Gecko; compatible; GPTBot/1.3; +https://openai.com/gptbot)"
74.7.241.30 - - [24/Dec/2025:21:35:22 +0800] "GET /pages.php?racism/t1?pid=1818 HTTP/1.1" 200 152329 "-" "Mozilla/5.0 AppleWebKit/537.36 (KHTML, like Gecko; compatible; GPTBot/1.3; +https://openai.com/gptbot)"
74.7.241.30 - - [24/Dec/2025:21:35:23 +0800] "GET /pages.php?diversity/l65?pid=1342 HTTP/1.1" 200 141787 "-" "Mozilla/5.0 AppleWebKit/537.36 (KHTML, like Gecko; compatible; GPTBot/1.3; +https://openai.com/gptbot)"
74.7.241.30 - - [24/Dec/2025:21:35:24 +0800] "GET /pages.php?dozen/g1?pid=1738 HTTP/1.1" 200 151964 "-" "Mozilla/5.0 AppleWebKit/537.36 (KHTML, like Gecko; compatible; GPTBot/1.3; +https://openai.com/gptbot)"
74.7.241.30 - - [24/Dec/2025:21:35:25 +0800] "GET /pages.php?prompt/c1?pid=1730 HTTP/1.1" 200 151876 "-" "Mozilla/5.0 AppleWebKit/537.36 (KHTML, like Gecko; compatible; GPTBot/1.3; +https://openai.com/gptbot)"
74.7.241.30 - - [24/Dec/2025:21:35:26 +0800] "GET /pages.php?inspire/z1?pid=1662 HTTP/1.1" 200 152698 "-" "Mozilla/5.0 AppleWebKit/537.36 (KHTML, like Gecko; compatible; GPTBot/1.3; +https://openai.com/gptbot)"
74.7.241.30 - - [24/Dec/2025:21:35:27 +0800] "GET /pages.php?class/c1?pid=1730 HTTP/1.1" 200 151759 "-" "Mozilla/5.0 AppleWebKit/537.36 (KHTML, like Gecko; compatible; GPTBot/1.3; +https://openai.com/gptbot)"
207.46.13.102 - - [24/Dec/2025:21:35:28 +0800] "GET /?m=345589324 HTTP/1.1" 200 153695 "-" "Mozilla/5.0 AppleWebKit/537.36 (KHTML, like Gecko; compatible; bingbot/2.0; +http://www.bing.com/bingbot.htm) Chrome/116.0.1938.76 Safari/537.36"
74.7.241.30 - - [24/Dec/2025:21:35:28 +0800] "GET /pages.php?intact/t1?pid=1726 HTTP/1.1" 200 152178 "-" "Mozilla/5.0 AppleWebKit/537.36 (KHTML, like Gecko; compatible; GPTBot/1.3; +https://openai.com/gptbot)"
74.7.241.30 - - [24/Dec/2025:21:35:28 +0800] "GET /pages.php?restore/p1?pid=1680 HTTP/1.1" 200 151546 "-" "Mozilla/5.0 AppleWebKit/537.36 (KHTML, like Gecko; compatible; GPTBot/1.3; +https://openai.com/gptbot)"
74.7.241.30 - - [24/Dec/2025:21:35:29 +0800] "GET /pages.php?witness/f1?pid=1728 HTTP/1.1" 200 151328 "-" "Mozilla/5.0 AppleWebKit/537.36 (KHTML, like Gecko; compatible; GPTBot/1.3; +https://openai.com/gptbot)"
74.7.241.30 - - [24/Dec/2025:21:35:30 +0800] "GET /pages.php?sometimes/f1?pid=1728 HTTP/1.1" 200 151648 "-" "Mozilla/5.0 AppleWebKit/537.36 (KHTML, like Gecko; compatible; GPTBot/1.3; +https://openai.com/gptbot)"
74.7.241.30 - - [24/Dec/2025:21:35:31 +0800] "GET /pages.php?commission/o1?pid=1664 HTTP/1.1" 200 152281 "-" "Mozilla/5.0 AppleWebKit/537.36 (KHTML, like Gecko; compatible; GPTBot/1.3; +https://openai.com/gptbot)"
74.7.241.30 - - [24/Dec/2025:21:35:32 +0800] "GET /pages.php?someone/z1?pid=1662 HTTP/1.1" 200 151884 "-" "Mozilla/5.0 AppleWebKit/537.36 (KHTML, like Gecko; compatible; GPTBot/1.3; +https://openai.com/gptbot)"
74.7.241.30 - - [24/Dec/2025:21:35:33 +0800] "GET /pages.php?think/g1?pid=1738 HTTP/1.1" 200 151312 "-" "Mozilla/5.0 AppleWebKit/537.36 (KHTML, like Gecko; compatible; GPTBot/1.3; +https://openai.com/gptbot)"
66.249.74.161 - - [24/Dec/2025:21:35:35 +0800] "GET /?products/18971074 HTTP/1.1" 200 147769 "-" "Mozilla/5.0 (Linux; Android 6.0.1; Nexus 5X Build/MMB29P) AppleWebKit/537.36 (KHTML, like Gecko) Chrome/141.0.7390.122 Mobile Safari/537.36 (compatible; GoogleOther)"
66.249.74.161 - - [24/Dec/2025:21:35:35 +0800] "GET /?products/20499407 HTTP/1.1" 200 158333 "-" "Mozilla/5.0 (Linux; Android 6.0.1; Nexus 5X Build/MMB29P) AppleWebKit/537.36 (KHTML, like Gecko) Chrome/141.0.7390.122 Mobile Safari/537.36 (compatible; GoogleOther)"
74.7.241.30 - - [24/Dec/2025:21:35:34 +0800] "GET /pages.php?list/i42?pid=12677 HTTP/1.1" 200 168075 "-" "Mozilla/5.0 AppleWebKit/537.36 (KHTML, like Gecko; compatible; GPTBot/1.3; +https://openai.com/gptbot)"
74.7.241.30 - - [24/Dec/2025:21:35:35 +0800] "GET /pages.php?adventure/d94?pid=7467 HTTP/1.1" 200 148283 "-" "Mozilla/5.0 AppleWebKit/537.36 (KHTML, like Gecko; compatible; GPTBot/1.3; +https://openai.com/gptbot)"
74.7.241.30 - - [24/Dec/2025:21:35:37 +0800] "GET /pages.php?ease/j1?pid=26308 HTTP/1.1" 200 142827 "-" "Mozilla/5.0 AppleWebKit/537.36 (KHTML, like Gecko; compatible; GPTBot/1.3; +https://openai.com/gptbot)"
74.7.241.30 - - [24/Dec/2025:21:35:37 +0800] "GET /pages.php?lover/y1?pid=1822 HTTP/1.1" 200 152095 "-" "Mozilla/5.0 AppleWebKit/537.36 (KHTML, like Gecko; compatible; GPTBot/1.3; +https://openai.com/gptbot)"
74.7.241.30 - - [24/Dec/2025:21:35:38 +0800] "GET /pages.php?maybe/o1?pid=1664 HTTP/1.1" 200 152167 "-" "Mozilla/5.0 AppleWebKit/537.36 (KHTML, like Gecko; compatible; GPTBot/1.3; +https://openai.com/gptbot)"
74.7.241.30 - - [24/Dec/2025:21:35:39 +0800] "GET /pages.php?visible/p1?pid=1680 HTTP/1.1" 200 151506 "-" "Mozilla/5.0 AppleWebKit/537.36 (KHTML, like Gecko; compatible; GPTBot/1.3; +https://openai.com/gptbot)"
74.7.241.30 - - [24/Dec/2025:21:35:40 +0800] "GET /pages.php?quite/l1?pid=1820 HTTP/1.1" 200 152608 "-" "Mozilla/5.0 AppleWebKit/537.36 (KHTML, like Gecko; compatible; GPTBot/1.3; +https://openai.com/gptbot)"
74.7.241.30 - - [24/Dec/2025:21:35:41 +0800] "GET /pages.php?violate/l1?pid=1820 HTTP/1.1" 200 152006 "-" "Mozilla/5.0 AppleWebKit/537.36 (KHTML, like Gecko; compatible; GPTBot/1.3; +https://openai.com/gptbot)"
74.7.241.30 - - [24/Dec/2025:21:35:42 +0800] "GET /pages.php?score/z1?pid=1662 HTTP/1.1" 200 152666 "-" "Mozilla/5.0 AppleWebKit/537.36 (KHTML, like Gecko; compatible; GPTBot/1.3; +https://openai.com/gptbot)"
74.7.241.30 - - [24/Dec/2025:21:35:43 +0800] "GET /pages.php?battery/g1?pid=1738 HTTP/1.1" 200 151962 "-" "Mozilla/5.0 AppleWebKit/537.36 (KHTML, like Gecko; compatible; GPTBot/1.3; +https://openai.com/gptbot)"
74.7.241.30 - - [24/Dec/2025:21:35:44 +0800] "GET /pages.php?closest/c1?pid=1730 HTTP/1.1" 200 151859 "-" "Mozilla/5.0 AppleWebKit/537.36 (KHTML, like Gecko; compatible; GPTBot/1.3; +https://openai.com/gptbot)"
74.7.241.30 - - [24/Dec/2025:21:35:45 +0800] "GET /pages.php?delicate/d94?pid=7467 HTTP/1.1" 200 148599 "-" "Mozilla/5.0 AppleWebKit/537.36 (KHTML, like Gecko; compatible; GPTBot/1.3; +https://openai.com/gptbot)"
74.7.241.30 - - [24/Dec/2025:21:35:46 +0800] "GET /pages.php?literary/t233?pid=8292 HTTP/1.1" 200 161112 "-" "Mozilla/5.0 AppleWebKit/537.36 (KHTML, like Gecko; compatible; GPTBot/1.3; +https://openai.com/gptbot)"
74.7.241.30 - - [24/Dec/2025:21:35:46 +0800] "GET /pages.php?dessert/h272?pid=9295 HTTP/1.1" 200 155362 "-" "Mozilla/5.0 AppleWebKit/537.36 (KHTML, like Gecko; compatible; GPTBot/1.3; +https://openai.com/gptbot)"
74.7.241.30 - - [24/Dec/2025:21:35:47 +0800] "GET /pages.php?childhood/g1?pid=1738 HTTP/1.1" 200 151683 "-" "Mozilla/5.0 AppleWebKit/537.36 (KHTML, like Gecko; compatible; GPTBot/1.3; +https://openai.com/gptbot)"
66.249.74.169 - - [24/Dec/2025:21:35:48 +0800] "GET /?products/10828818 HTTP/1.1" 200 184123 "-" "Mozilla/5.0 (Linux; Android 6.0.1; Nexus 5X Build/MMB29P) AppleWebKit/537.36 (KHTML, like Gecko) Chrome/141.0.7390.122 Mobile Safari/537.36 (compatible; GoogleOther)"
74.7.241.30 - - [24/Dec/2025:21:35:48 +0800] "GET /pages.php?crisis/f1?pid=1728 HTTP/1.1" 200 151728 "-" "Mozilla/5.0 AppleWebKit/537.36 (KHTML, like Gecko; compatible; GPTBot/1.3; +https://openai.com/gptbot)"
66.249.74.169 - - [24/Dec/2025:21:35:49 +0800] "GET /?products/22741629 HTTP/1.1" 200 149391 "-" "Mozilla/5.0 (compatible; Googlebot/2.1; +http://www.google.com/bot.html)"
57.141.6.27 - - [24/Dec/2025:21:35:50 +0800] "GET /?products/6254030 HTTP/1.1" 200 - "-" "meta-externalagent/1.1 (+https://developers.facebook.com/docs/sharing/webmasters/crawler)"
74.7.241.30 - - [24/Dec/2025:21:35:49 +0800] "GET /pages.php?fantastic/c1?pid=1730 HTTP/1.1" 200 152886 "-" "Mozilla/5.0 AppleWebKit/537.36 (KHTML, like Gecko; compatible; GPTBot/1.3; +https://openai.com/gptbot)"
66.249.74.169 - - [24/Dec/2025:21:35:51 +0800] "GET /?products/10240663 HTTP/1.1" 200 146492 "-" "Mozilla/5.0 (Linux; Android 6.0.1; Nexus 5X Build/MMB29P) AppleWebKit/537.36 (KHTML, like Gecko) Chrome/141.0.7390.122 Mobile Safari/537.36 (compatible; GoogleOther)"
74.7.241.30 - - [24/Dec/2025:21:35:50 +0800] "GET /pages.php?self/d85?pid=2872 HTTP/1.1" 200 148103 "-" "Mozilla/5.0 AppleWebKit/537.36 (KHTML, like Gecko; compatible; GPTBot/1.3; +https://openai.com/gptbot)"
74.7.241.30 - - [24/Dec/2025:21:35:51 +0800] "GET /pages.php?veteran/p1?pid=1680 HTTP/1.1" 200 152250 "-" "Mozilla/5.0 AppleWebKit/537.36 (KHTML, like Gecko; compatible; GPTBot/1.3; +https://openai.com/gptbot)"
74.7.241.30 - - [24/Dec/2025:21:35:52 +0800] "GET /pages.php?monitor/o1?pid=1664 HTTP/1.1" 200 152473 "-" "Mozilla/5.0 AppleWebKit/537.36 (KHTML, like Gecko; compatible; GPTBot/1.3; +https://openai.com/gptbot)"
66.249.74.169 - - [24/Dec/2025:21:35:54 +0800] "GET /evidence249?kg=14946 HTTP/1.1" 200 153536 "-" "Mozilla/5.0 (compatible; Googlebot/2.1; +http://www.google.com/bot.html)"
74.7.241.30 - - [24/Dec/2025:21:35:53 +0800] "GET /pages.php?deposit/t11?pid=28356 HTTP/1.1" 200 144933 "-" "Mozilla/5.0 AppleWebKit/537.36 (KHTML, like Gecko; compatible; GPTBot/1.3; +https://openai.com/gptbot)"
74.7.241.30 - - [24/Dec/2025:21:35:54 +0800] "GET /pages.php?screening/o1?pid=1664 HTTP/1.1" 200 151988 "-" "Mozilla/5.0 AppleWebKit/537.36 (KHTML, like Gecko; compatible; GPTBot/1.3; +https://openai.com/gptbot)"
74.7.241.30 - - [24/Dec/2025:21:35:55 +0800] "GET /pages.php?calculate/t1?pid=1726 HTTP/1.1" 200 151778 "-" "Mozilla/5.0 AppleWebKit/537.36 (KHTML, like Gecko; compatible; GPTBot/1.3; +https://openai.com/gptbot)"
74.7.241.30 - - [24/Dec/2025:21:35:56 +0800] "GET /pages.php?tile/d94?pid=7467 HTTP/1.1" 200 148640 "-" "Mozilla/5.0 AppleWebKit/537.36 (KHTML, like Gecko; compatible; GPTBot/1.3; +https://openai.com/gptbot)"
74.7.241.30 - - [24/Dec/2025:21:35:57 +0800] "GET /pages.php?carrier/r272?pid=9541 HTTP/1.1" 200 155200 "-" "Mozilla/5.0 AppleWebKit/537.36 (KHTML, like Gecko; compatible; GPTBot/1.3; +https://openai.com/gptbot)"
57.141.6.28 - - [24/Dec/2025:21:35:58 +0800] "GET /?products/19113074 HTTP/1.1" 200 - "-" "meta-externalagent/1.1 (+https://developers.facebook.com/docs/sharing/webmasters/crawler)"
74.7.241.30 - - [24/Dec/2025:21:35:58 +0800] "GET /pages.php?express/l85?pid=22914 HTTP/1.1" 200 142214 "-" "Mozilla/5.0 AppleWebKit/537.36 (KHTML, like Gecko; compatible; GPTBot/1.3; +https://openai.com/gptbot)"
74.7.241.30 - - [24/Dec/2025:21:35:59 +0800] "GET /pages.php?sexual/g1?pid=1738 HTTP/1.1" 200 151946 "-" "Mozilla/5.0 AppleWebKit/537.36 (KHTML, like Gecko; compatible; GPTBot/1.3; +https://openai.com/gptbot)"
57.141.6.15 - - [24/Dec/2025:21:36:00 +0800] "GET /?products/27204496 HTTP/1.1" 200 - "-" "meta-externalagent/1.1 (+https://developers.facebook.com/docs/sharing/webmasters/crawler)"
74.7.241.30 - - [24/Dec/2025:21:36:00 +0800] "GET /pages.php?wheelchair/t1?pid=1818 HTTP/1.1" 200 153087 "-" "Mozilla/5.0 AppleWebKit/537.36 (KHTML, like Gecko; compatible; GPTBot/1.3; +https://openai.com/gptbot)"
74.7.241.30 - - [24/Dec/2025:21:36:01 +0800] "GET /pages.php?terms/f256?pid=44355 HTTP/1.1" 200 148714 "-" "Mozilla/5.0 AppleWebKit/537.36 (KHTML, like Gecko; compatible; GPTBot/1.3; +https://openai.com/gptbot)"
74.7.241.30 - - [24/Dec/2025:21:36:01 +0800] "GET /pages.php?demographic/g1?pid=1738 HTTP/1.1" 200 152230 "-" "Mozilla/5.0 AppleWebKit/537.36 (KHTML, like Gecko; compatible; GPTBot/1.3; +https://openai.com/gptbot)"
74.7.241.30 - - [24/Dec/2025:21:36:02 +0800] "GET /pages.php?screening/o1?pid=1664 HTTP/1.1" 200 152539 "-" "Mozilla/5.0 AppleWebKit/537.36 (KHTML, like Gecko; compatible; GPTBot/1.3; +https://openai.com/gptbot)"
74.7.241.30 - - [24/Dec/2025:21:36:03 +0800] "GET /pages.php?ceiling/p243?pid=1438 HTTP/1.1" 200 156860 "-" "Mozilla/5.0 AppleWebKit/537.36 (KHTML, like Gecko; compatible; GPTBot/1.3; +https://openai.com/gptbot)"
74.7.241.30 - - [24/Dec/2025:21:36:04 +0800] "GET /pages.php?specific/v1?pid=28070 HTTP/1.1" 200 141546 "-" "Mozilla/5.0 AppleWebKit/537.36 (KHTML, like Gecko; compatible; GPTBot/1.3; +https://openai.com/gptbot)"
74.7.241.30 - - [24/Dec/2025:21:36:05 +0800] "GET /pages.php?net/d94?pid=7467 HTTP/1.1" 200 148579 "-" "Mozilla/5.0 AppleWebKit/537.36 (KHTML, like Gecko; compatible; GPTBot/1.3; +https://openai.com/gptbot)"
74.7.241.30 - - [24/Dec/2025:21:36:06 +0800] "GET /pages.php?oven/z77?pid=2192 HTTP/1.1" 200 147918 "-" "Mozilla/5.0 AppleWebKit/537.36 (KHTML, like Gecko; compatible; GPTBot/1.3; +https://openai.com/gptbot)"
74.7.241.30 - - [24/Dec/2025:21:36:07 +0800] "GET /pages.php?relieve/l1?pid=1820 HTTP/1.1" 200 151415 "-" "Mozilla/5.0 AppleWebKit/537.36 (KHTML, like Gecko; compatible; GPTBot/1.3; +https://openai.com/gptbot)"
74.7.241.30 - - [24/Dec/2025:21:36:07 +0800] "GET /pages.php?satisfy/n1?pid=1496 HTTP/1.1" 200 151795 "-" "Mozilla/5.0 AppleWebKit/537.36 (KHTML, like Gecko; compatible; GPTBot/1.3; +https://openai.com/gptbot)"
74.7.241.30 - - [24/Dec/2025:21:36:09 +0800] "GET /pages.php?country/z98?pid=30741 HTTP/1.1" 200 157511 "-" "Mozilla/5.0 AppleWebKit/537.36 (KHTML, like Gecko; compatible; GPTBot/1.3; +https://openai.com/gptbot)"
74.7.241.30 - - [24/Dec/2025:21:36:09 +0800] "GET /pages.php?closest/t1?pid=1818 HTTP/1.1" 200 152231 "-" "Mozilla/5.0 AppleWebKit/537.36 (KHTML, like Gecko; compatible; GPTBot/1.3; +https://openai.com/gptbot)"
74.7.241.30 - - [24/Dec/2025:21:36:10 +0800] "GET /pages.php?channel=110e08&from=https://minyakwangi.bf1.my/cart.cgi?offering/g1?pid=1738&y=2908815002796 HTTP/1.1" 200 151849 "-" "Mozilla/5.0 AppleWebKit/537.36 (KHTML, like Gecko; compatible; GPTBot/1.3; +https://openai.com/gptbot)"
57.141.6.33 - - [24/Dec/2025:21:36:11 +0800] "GET /?products/28713329 HTTP/1.1" 200 - "-" "meta-externalagent/1.1 (+https://developers.facebook.com/docs/sharing/webmasters/crawler)"
74.7.241.30 - - [24/Dec/2025:21:36:11 +0800] "GET /pages.php?shrink/z1?pid=1662 HTTP/1.1" 200 152580 "-" "Mozilla/5.0 AppleWebKit/537.36 (KHTML, like Gecko; compatible; GPTBot/1.3; +https://openai.com/gptbot)"
74.7.241.30 - - [24/Dec/2025:21:36:12 +0800] "GET /pages.php?stimulus/s70?pid=44047 HTTP/1.1" 200 149387 "-" "Mozilla/5.0 AppleWebKit/537.36 (KHTML, like Gecko; compatible; GPTBot/1.3; +https://openai.com/gptbot)"
74.7.241.30 - - [24/Dec/2025:21:36:12 +0800] "GET /pages.php?n_627hmbr1078 HTTP/1.1" 200 149841 "-" "Mozilla/5.0 AppleWebKit/537.36 (KHTML, like Gecko; compatible; GPTBot/1.3; +https://openai.com/gptbot)"
66.249.74.161 - - [24/Dec/2025:21:36:13 +0800] "GET /?products/30601441 HTTP/1.1" 200 177621 "-" "Mozilla/5.0 (compatible; Googlebot/2.1; +http://www.google.com/bot.html)"
74.7.241.30 - - [24/Dec/2025:21:36:13 +0800] "GET /pages.php?headache/o34?pid=4993 HTTP/1.1" 200 144676 "-" "Mozilla/5.0 AppleWebKit/537.36 (KHTML, like Gecko; compatible; GPTBot/1.3; +https://openai.com/gptbot)"
74.7.241.30 - - [24/Dec/2025:21:36:14 +0800] "GET /pages.php?airport/l1?pid=1820 HTTP/1.1" 200 152174 "-" "Mozilla/5.0 AppleWebKit/537.36 (KHTML, like Gecko; compatible; GPTBot/1.3; +https://openai.com/gptbot)"
74.7.241.30 - - [24/Dec/2025:21:36:15 +0800] "GET /pages.php?sector/g1?pid=1738 HTTP/1.1" 200 152049 "-" "Mozilla/5.0 AppleWebKit/537.36 (KHTML, like Gecko; compatible; GPTBot/1.3; +https://openai.com/gptbot)"
57.141.6.13 - - [24/Dec/2025:21:36:16 +0800] "GET /?products/24447596 HTTP/1.1" 200 - "-" "meta-externalagent/1.1 (+https://developers.facebook.com/docs/sharing/webmasters/crawler)"
74.7.241.30 - - [24/Dec/2025:21:36:16 +0800] "GET /pages.php?check/l1?pid=1820 HTTP/1.1" 200 152331 "-" "Mozilla/5.0 AppleWebKit/537.36 (KHTML, like Gecko; compatible; GPTBot/1.3; +https://openai.com/gptbot)"
74.7.241.30 - - [24/Dec/2025:21:36:17 +0800] "GET /pages.php?descend/n114?pid=6013 HTTP/1.1" 200 142388 "-" "Mozilla/5.0 AppleWebKit/537.36 (KHTML, like Gecko; compatible; GPTBot/1.3; +https://openai.com/gptbot)"
74.7.241.30 - - [24/Dec/2025:21:36:17 +0800] "GET /pages.php?privilege/s142?pid=8839 HTTP/1.1" 200 141856 "-" "Mozilla/5.0 AppleWebKit/537.36 (KHTML, like Gecko; compatible; GPTBot/1.3; +https://openai.com/gptbot)"
74.7.241.30 - - [24/Dec/2025:21:36:18 +0800] "GET /pages.php?table/n1?pid=1496 HTTP/1.1" 200 151970 "-" "Mozilla/5.0 AppleWebKit/537.36 (KHTML, like Gecko; compatible; GPTBot/1.3; +https://openai.com/gptbot)"
74.7.241.30 - - [24/Dec/2025:21:36:19 +0800] "GET /pages.php?orange/z1?pid=1498 HTTP/1.1" 200 156510 "-" "Mozilla/5.0 AppleWebKit/537.36 (KHTML, like Gecko; compatible; GPTBot/1.3; +https://openai.com/gptbot)"
74.7.241.30 - - [24/Dec/2025:21:36:21 +0800] "GET /pages.php?behind/n1?pid=1496 HTTP/1.1" 200 152310 "-" "Mozilla/5.0 AppleWebKit/537.36 (KHTML, like Gecko; compatible; GPTBot/1.3; +https://openai.com/gptbot)"
74.7.241.30 - - [24/Dec/2025:21:36:22 +0800] "GET /pages.php?again/z1?pid=1662 HTTP/1.1" 200 152687 "-" "Mozilla/5.0 AppleWebKit/537.36 (KHTML, like Gecko; compatible; GPTBot/1.3; +https://openai.com/gptbot)"
74.7.241.30 - - [24/Dec/2025:21:36:23 +0800] "GET /pages.php?curiosity/o34?pid=4993 HTTP/1.1" 200 145337 "-" "Mozilla/5.0 AppleWebKit/537.36 (KHTML, like Gecko; compatible; GPTBot/1.3; +https://openai.com/gptbot)"
74.7.241.30 - - [24/Dec/2025:21:36:24 +0800] "GET /pages.php?yours/o1?pid=1664 HTTP/1.1" 200 152239 "-" "Mozilla/5.0 AppleWebKit/537.36 (KHTML, like Gecko; compatible; GPTBot/1.3; +https://openai.com/gptbot)"
74.7.241.30 - - [24/Dec/2025:21:36:25 +0800] "GET /pages.php?analyst/l1?pid=1820 HTTP/1.1" 200 151952 "-" "Mozilla/5.0 AppleWebKit/537.36 (KHTML, like Gecko; compatible; GPTBot/1.3; +https://openai.com/gptbot)"
74.7.241.30 - - [24/Dec/2025:21:36:25 +0800] "GET /pages.php?useful/z1?pid=1662 HTTP/1.1" 200 153046 "-" "Mozilla/5.0 AppleWebKit/537.36 (KHTML, like Gecko; compatible; GPTBot/1.3; +https://openai.com/gptbot)"
74.7.241.30 - - [24/Dec/2025:21:36:26 +0800] "GET /pages.php?persuade/p11?pid=2408 HTTP/1.1" 200 145041 "-" "Mozilla/5.0 AppleWebKit/537.36 (KHTML, like Gecko; compatible; GPTBot/1.3; +https://openai.com/gptbot)"
74.7.241.30 - - [24/Dec/2025:21:36:27 +0800] "GET /pages.php?seven/o1?pid=1664 HTTP/1.1" 200 152605 "-" "Mozilla/5.0 AppleWebKit/537.36 (KHTML, like Gecko; compatible; GPTBot/1.3; +https://openai.com/gptbot)"
74.7.241.30 - - [24/Dec/2025:21:36:28 +0800] "GET /pages.php?fewer/p1?pid=1680 HTTP/1.1" 200 151767 "-" "Mozilla/5.0 AppleWebKit/537.36 (KHTML, like Gecko; compatible; GPTBot/1.3; +https://openai.com/gptbot)"
74.7.241.30 - - [24/Dec/2025:21:36:28 +0800] "GET /pages.php?treat/u18?pid=8665 HTTP/1.1" 200 148685 "-" "Mozilla/5.0 AppleWebKit/537.36 (KHTML, like Gecko; compatible; GPTBot/1.3; +https://openai.com/gptbot)"
74.7.241.30 - - [24/Dec/2025:21:36:29 +0800] "GET /pages.php?driver/n1?pid=1496 HTTP/1.1" 200 151671 "-" "Mozilla/5.0 AppleWebKit/537.36 (KHTML, like Gecko; compatible; GPTBot/1.3; +https://openai.com/gptbot)"
74.7.241.30 - - [24/Dec/2025:21:36:30 +0800] "GET /pages.php?desire/p1?pid=1680 HTTP/1.1" 200 151753 "-" "Mozilla/5.0 AppleWebKit/537.36 (KHTML, like Gecko; compatible; GPTBot/1.3; +https://openai.com/gptbot)"
66.249.74.169 - - [24/Dec/2025:21:36:31 +0800] "GET /?m=431633824 HTTP/1.1" 200 159019 "-" "Mozilla/5.0 (Linux; Android 6.0.1; Nexus 5X Build/MMB29P) AppleWebKit/537.36 (KHTML, like Gecko) Chrome/141.0.7390.122 Mobile Safari/537.36 (compatible; Googlebot/2.1; +http://www.google.com/bot.html)"
74.7.241.30 - - [24/Dec/2025:21:36:31 +0800] "GET /pages.php?preference/y1?pid=1822 HTTP/1.1" 200 151973 "-" "Mozilla/5.0 AppleWebKit/537.36 (KHTML, like Gecko; compatible; GPTBot/1.3; +https://openai.com/gptbot)"
74.7.241.30 - - [24/Dec/2025:21:36:32 +0800] "GET /pages.php?impose/o1?pid=1664 HTTP/1.1" 200 151881 "-" "Mozilla/5.0 AppleWebKit/537.36 (KHTML, like Gecko; compatible; GPTBot/1.3; +https://openai.com/gptbot)"
74.7.241.30 - - [24/Dec/2025:21:36:33 +0800] "GET /pages.php?happiness/l1?pid=1820 HTTP/1.1" 200 152723 "-" "Mozilla/5.0 AppleWebKit/537.36 (KHTML, like Gecko; compatible; GPTBot/1.3; +https://openai.com/gptbot)"
74.7.241.30 - - [24/Dec/2025:21:36:34 +0800] "GET /pages.php?trigger/g1?pid=1738 HTTP/1.1" 200 151180 "-" "Mozilla/5.0 AppleWebKit/537.36 (KHTML, like Gecko; compatible; GPTBot/1.3; +https://openai.com/gptbot)"
74.7.241.30 - - [24/Dec/2025:21:36:35 +0800] "GET /pages.php?driving/z1?pid=1498 HTTP/1.1" 200 156017 "-" "Mozilla/5.0 AppleWebKit/537.36 (KHTML, like Gecko; compatible; GPTBot/1.3; +https://openai.com/gptbot)"
74.7.241.30 - - [24/Dec/2025:21:36:36 +0800] "GET /pages.php?vacuum/p1?pid=1680 HTTP/1.1" 200 151799 "-" "Mozilla/5.0 AppleWebKit/537.36 (KHTML, like Gecko; compatible; GPTBot/1.3; +https://openai.com/gptbot)"
66.249.74.169 - - [24/Dec/2025:21:36:36 +0800] "GET /?products/25041263 HTTP/1.1" 200 182072 "-" "Mozilla/5.0 (Linux; Android 6.0.1; Nexus 5X Build/MMB29P) AppleWebKit/537.36 (KHTML, like Gecko) Chrome/141.0.7390.122 Mobile Safari/537.36 (compatible; Googlebot/2.1; +http://www.google.com/bot.html)"
74.7.241.30 - - [24/Dec/2025:21:36:37 +0800] "GET /pages.php?hesitate/w120?pid=9113 HTTP/1.1" 200 146092 "-" "Mozilla/5.0 AppleWebKit/537.36 (KHTML, like Gecko; compatible; GPTBot/1.3; +https://openai.com/gptbot)"
74.7.241.30 - - [24/Dec/2025:21:36:38 +0800] "GET /pages.php?shut/u18?pid=8665 HTTP/1.1" 200 148632 "-" "Mozilla/5.0 AppleWebKit/537.36 (KHTML, like Gecko; compatible; GPTBot/1.3; +https://openai.com/gptbot)"
74.7.241.30 - - [24/Dec/2025:21:36:39 +0800] "GET /pages.php?physician/p58?pid=43011 HTTP/1.1" 200 141420 "-" "Mozilla/5.0 AppleWebKit/537.36 (KHTML, like Gecko; compatible; GPTBot/1.3; +https://openai.com/gptbot)"
74.7.241.30 - - [24/Dec/2025:21:36:40 +0800] "GET /pages.php?employment/u18?pid=8665 HTTP/1.1" 200 148273 "-" "Mozilla/5.0 AppleWebKit/537.36 (KHTML, like Gecko; compatible; GPTBot/1.3; +https://openai.com/gptbot)"
74.7.241.30 - - [24/Dec/2025:21:36:42 +0800] "GET /pages.php?signal/o1?pid=1664 HTTP/1.1" 200 152372 "-" "Mozilla/5.0 AppleWebKit/537.36 (KHTML, like Gecko; compatible; GPTBot/1.3; +https://openai.com/gptbot)"
74.7.241.30 - - [24/Dec/2025:21:36:43 +0800] "GET /pages.php?couple/t1?pid=1818 HTTP/1.1" 200 152253 "-" "Mozilla/5.0 AppleWebKit/537.36 (KHTML, like Gecko; compatible; GPTBot/1.3; +https://openai.com/gptbot)"
74.7.241.30 - - [24/Dec/2025:21:36:45 +0800] "GET /pages.php?bicycle/t1?pid=1818 HTTP/1.1" 200 151461 "-" "Mozilla/5.0 AppleWebKit/537.36 (KHTML, like Gecko; compatible; GPTBot/1.3; +https://openai.com/gptbot)"
74.7.241.30 - - [24/Dec/2025:21:36:46 +0800] "GET /pages.php?shorts/z1?pid=1662 HTTP/1.1" 200 152197 "-" "Mozilla/5.0 AppleWebKit/537.36 (KHTML, like Gecko; compatible; GPTBot/1.3; +https://openai.com/gptbot)"
66.249.74.169 - - [24/Dec/2025:21:36:47 +0800] "GET /?products/30800630 HTTP/1.1" 200 150662 "-" "Mozilla/5.0 (compatible; Googlebot/2.1; +http://www.google.com/bot.html)"
74.7.241.30 - - [24/Dec/2025:21:36:47 +0800] "GET /pages.php?instead/n1?pid=1496 HTTP/1.1" 200 151524 "-" "Mozilla/5.0 AppleWebKit/537.36 (KHTML, like Gecko; compatible; GPTBot/1.3; +https://openai.com/gptbot)"
74.7.241.30 - - [24/Dec/2025:21:36:48 +0800] "GET /pages.php?prime/o1?pid=1664 HTTP/1.1" 200 151701 "-" "Mozilla/5.0 AppleWebKit/537.36 (KHTML, like Gecko; compatible; GPTBot/1.3; +https://openai.com/gptbot)"
74.7.241.30 - - [24/Dec/2025:21:36:49 +0800] "GET /pages.php?wheelchair/p1?pid=1680 HTTP/1.1" 200 152682 "-" "Mozilla/5.0 AppleWebKit/537.36 (KHTML, like Gecko; compatible; GPTBot/1.3; +https://openai.com/gptbot)"
74.7.241.30 - - [24/Dec/2025:21:36:50 +0800] "GET /pages.php?impossible/s83?pid=1162 HTTP/1.1" 200 145417 "-" "Mozilla/5.0 AppleWebKit/537.36 (KHTML, like Gecko; compatible; GPTBot/1.3; +https://openai.com/gptbot)"
74.7.241.30 - - [24/Dec/2025:21:36:52 +0800] "GET /pages.php?occur/z1?pid=1662 HTTP/1.1" 200 152731 "-" "Mozilla/5.0 AppleWebKit/537.36 (KHTML, like Gecko; compatible; GPTBot/1.3; +https://openai.com/gptbot)"
74.7.241.30 - - [24/Dec/2025:21:36:53 +0800] "GET /pages.php?rush/u18?pid=8665 HTTP/1.1" 200 149063 "-" "Mozilla/5.0 AppleWebKit/537.36 (KHTML, like Gecko; compatible; GPTBot/1.3; +https://openai.com/gptbot)"
74.7.241.30 - - [24/Dec/2025:21:36:53 +0800] "GET /pages.php?equal/t1?pid=1818 HTTP/1.1" 200 151478 "-" "Mozilla/5.0 AppleWebKit/537.36 (KHTML, like Gecko; compatible; GPTBot/1.3; +https://openai.com/gptbot)"
74.7.241.30 - - [24/Dec/2025:21:36:54 +0800] "GET /pages.php?symbol/t1?pid=1818 HTTP/1.1" 200 152219 "-" "Mozilla/5.0 AppleWebKit/537.36 (KHTML, like Gecko; compatible; GPTBot/1.3; +https://openai.com/gptbot)"
74.7.241.30 - - [24/Dec/2025:21:36:57 +0800] "GET /pages.php?lecture/p272?pid=2313 HTTP/1.1" 200 152620 "-" "Mozilla/5.0 AppleWebKit/537.36 (KHTML, like Gecko; compatible; GPTBot/1.3; +https://openai.com/gptbot)"
66.249.74.169 - - [24/Dec/2025:21:36:59 +0800] "GET /?products/14405707 HTTP/1.1" 200 156407 "-" "Mozilla/5.0 (compatible; Googlebot/2.1; +http://www.google.com/bot.html)"
74.7.241.30 - - [24/Dec/2025:21:36:59 +0800] "GET /pages.php?element/t1?pid=1818 HTTP/1.1" 200 151721 "-" "Mozilla/5.0 AppleWebKit/537.36 (KHTML, like Gecko; compatible; GPTBot/1.3; +https://openai.com/gptbot)"
74.7.241.30 - - [24/Dec/2025:21:37:00 +0800] "GET /pages.php?simply/c1?pid=1730 HTTP/1.1" 200 151750 "-" "Mozilla/5.0 AppleWebKit/537.36 (KHTML, like Gecko; compatible; GPTBot/1.3; +https://openai.com/gptbot)"
74.7.241.30 - - [24/Dec/2025:21:37:01 +0800] "GET /pages.php?admission/n1?pid=1496 HTTP/1.1" 200 152207 "-" "Mozilla/5.0 AppleWebKit/537.36 (KHTML, like Gecko; compatible; GPTBot/1.3; +https://openai.com/gptbot)"
74.7.241.30 - - [24/Dec/2025:21:37:03 +0800] "GET /pages.php?diverse/g1?pid=1738 HTTP/1.1" 200 151505 "-" "Mozilla/5.0 AppleWebKit/537.36 (KHTML, like Gecko; compatible; GPTBot/1.3; +https://openai.com/gptbot)"
74.7.241.30 - - [24/Dec/2025:21:37:04 +0800] "GET /pages.php?diary/o1?pid=1664 HTTP/1.1" 200 152840 "-" "Mozilla/5.0 AppleWebKit/537.36 (KHTML, like Gecko; compatible; GPTBot/1.3; +https://openai.com/gptbot)"
74.7.241.30 - - [24/Dec/2025:21:37:05 +0800] "GET /pages.php?thanks/f1?pid=1728 HTTP/1.1" 200 152530 "-" "Mozilla/5.0 AppleWebKit/537.36 (KHTML, like Gecko; compatible; GPTBot/1.3; +https://openai.com/gptbot)"
74.7.241.30 - - [24/Dec/2025:21:37:06 +0800] "GET /pages.php?maintenance/o148?pid=4219 HTTP/1.1" 200 142065 "-" "Mozilla/5.0 AppleWebKit/537.36 (KHTML, like Gecko; compatible; GPTBot/1.3; +https://openai.com/gptbot)"
74.7.241.30 - - [24/Dec/2025:21:37:07 +0800] "GET /pages.php?inquiry/u220?pid=46033 HTTP/1.1" 200 154570 "-" "Mozilla/5.0 AppleWebKit/537.36 (KHTML, like Gecko; compatible; GPTBot/1.3; +https://openai.com/gptbot)"
74.7.241.30 - - [24/Dec/2025:21:37:08 +0800] "GET /pages.php?pocket/c1?pid=1730 HTTP/1.1" 200 152203 "-" "Mozilla/5.0 AppleWebKit/537.36 (KHTML, like Gecko; compatible; GPTBot/1.3; +https://openai.com/gptbot)"
74.7.241.30 - - [24/Dec/2025:21:37:09 +0800] "GET /pages.php?storegka00270mya5n8rnep HTTP/1.1" 200 150588 "-" "Mozilla/5.0 AppleWebKit/537.36 (KHTML, like Gecko; compatible; GPTBot/1.3; +https://openai.com/gptbot)"
74.7.241.30 - - [24/Dec/2025:21:37:10 +0800] "GET /pages.php?ball/l28?pid=2341 HTTP/1.1" 200 150393 "-" "Mozilla/5.0 AppleWebKit/537.36 (KHTML, like Gecko; compatible; GPTBot/1.3; +https://openai.com/gptbot)"
74.7.241.30 - - [24/Dec/2025:21:37:11 +0800] "GET /pages.php?father/z1?pid=1662 HTTP/1.1" 200 152968 "-" "Mozilla/5.0 AppleWebKit/537.36 (KHTML, like Gecko; compatible; GPTBot/1.3; +https://openai.com/gptbot)"
74.7.241.30 - - [24/Dec/2025:21:37:12 +0800] "GET /pages.php?item/u4/2764/ HTTP/1.1" 200 142247 "-" "Mozilla/5.0 AppleWebKit/537.36 (KHTML, like Gecko; compatible; GPTBot/1.3; +https://openai.com/gptbot)"
74.7.241.30 - - [24/Dec/2025:21:37:13 +0800] "GET /pages.php?driver/t1?pid=1726 HTTP/1.1" 200 151956 "-" "Mozilla/5.0 AppleWebKit/537.36 (KHTML, like Gecko; compatible; GPTBot/1.3; +https://openai.com/gptbot)"
74.7.241.30 - - [24/Dec/2025:21:37:14 +0800] "GET /pages.php?exclusive/y1?pid=1822 HTTP/1.1" 200 151920 "-" "Mozilla/5.0 AppleWebKit/537.36 (KHTML, like Gecko; compatible; GPTBot/1.3; +https://openai.com/gptbot)"
74.7.241.30 - - [24/Dec/2025:21:37:15 +0800] "GET /pages.php?choose/c1?pid=1730 HTTP/1.1" 200 152432 "-" "Mozilla/5.0 AppleWebKit/537.36 (KHTML, like Gecko; compatible; GPTBot/1.3; +https://openai.com/gptbot)"
74.7.241.30 - - [24/Dec/2025:21:37:16 +0800] "GET /pages.php?producer/p168?pid=1817 HTTP/1.1" 200 143637 "-" "Mozilla/5.0 AppleWebKit/537.36 (KHTML, like Gecko; compatible; GPTBot/1.3; +https://openai.com/gptbot)"
66.249.74.160 - - [24/Dec/2025:21:37:17 +0800] "GET /?products/20376629 HTTP/1.1" 200 152034 "-" "Mozilla/5.0 (Linux; Android 6.0.1; Nexus 5X Build/MMB29P) AppleWebKit/537.36 (KHTML, like Gecko) Chrome/141.0.7390.122 Mobile Safari/537.36 (compatible; GoogleOther)"
66.249.74.169 - - [24/Dec/2025:21:37:17 +0800] "GET /?products/18728407 HTTP/1.1" 200 162958 "-" "Mozilla/5.0 (Linux; Android 6.0.1; Nexus 5X Build/MMB29P) AppleWebKit/537.36 (KHTML, like Gecko) Chrome/141.0.7390.122 Mobile Safari/537.36 (compatible; GoogleOther)"
74.7.241.30 - - [24/Dec/2025:21:37:17 +0800] "GET /pages.php?conscious/g1?pid=1738 HTTP/1.1" 200 151487 "-" "Mozilla/5.0 AppleWebKit/537.36 (KHTML, like Gecko; compatible; GPTBot/1.3; +https://openai.com/gptbot)"
66.249.74.169 - - [24/Dec/2025:21:37:18 +0800] "GET /?products/17776096 HTTP/1.1" 200 142208 "-" "Mozilla/5.0 (Linux; Android 6.0.1; Nexus 5X Build/MMB29P) AppleWebKit/537.36 (KHTML, like Gecko) Chrome/141.0.7390.122 Mobile Safari/537.36 (compatible; GoogleOther)"
74.7.241.30 - - [24/Dec/2025:21:37:18 +0800] "GET /pages.php?surprising/z1?pid=1498 HTTP/1.1" 200 156175 "-" "Mozilla/5.0 AppleWebKit/537.36 (KHTML, like Gecko; compatible; GPTBot/1.3; +https://openai.com/gptbot)"
74.7.241.30 - - [24/Dec/2025:21:37:19 +0800] "GET /pages.php?identity/a17?pid=49214 HTTP/1.1" 200 157906 "-" "Mozilla/5.0 AppleWebKit/537.36 (KHTML, like Gecko; compatible; GPTBot/1.3; +https://openai.com/gptbot)"
74.7.241.30 - - [24/Dec/2025:21:37:20 +0800] "GET /pages.php?marketing/t1?pid=1818 HTTP/1.1" 200 151852 "-" "Mozilla/5.0 AppleWebKit/537.36 (KHTML, like Gecko; compatible; GPTBot/1.3; +https://openai.com/gptbot)"
74.7.241.30 - - [24/Dec/2025:21:37:21 +0800] "GET /pages.php?pregnancy/f63?pid=3340 HTTP/1.1" 200 148883 "-" "Mozilla/5.0 AppleWebKit/537.36 (KHTML, like Gecko; compatible; GPTBot/1.3; +https://openai.com/gptbot)"
74.7.241.30 - - [24/Dec/2025:21:37:22 +0800] "GET /pages.php?hear/l8?pid=21719 HTTP/1.1" 200 161981 "-" "Mozilla/5.0 AppleWebKit/537.36 (KHTML, like Gecko; compatible; GPTBot/1.3; +https://openai.com/gptbot)"
74.7.241.30 - - [24/Dec/2025:21:37:22 +0800] "GET /pages.php?inmate/o1?pid=1664 HTTP/1.1" 200 151794 "-" "Mozilla/5.0 AppleWebKit/537.36 (KHTML, like Gecko; compatible; GPTBot/1.3; +https://openai.com/gptbot)"
