66.249.74.160 - - [24/Dec/2025:21:44:06 +0800] "GET /?products/22673263 HTTP/1.1" 200 155005 "-" "Mozilla/5.0 (Linux; Android 6.0.1; Nexus 5X Build/MMB29P) AppleWebKit/537.36 (KHTML, like Gecko) Chrome/141.0.7390.122 Mobile Safari/537.36 (compatible; GoogleOther)"
66.249.74.161 - - [24/Dec/2025:21:44:07 +0800] "GET /?products/6275829 HTTP/1.1" 200 154474 "-" "Mozilla/5.0 (Linux; Android 6.0.1; Nexus 5X Build/MMB29P) AppleWebKit/537.36 (KHTML, like Gecko) Chrome/141.0.7390.122 Mobile Safari/537.36 (compatible; GoogleOther)"
74.7.241.30 - - [24/Dec/2025:21:44:06 +0800] "GET /pages.php?item/u299/25925/ HTTP/1.1" 200 180473 "-" "Mozilla/5.0 AppleWebKit/537.36 (KHTML, like Gecko; compatible; GPTBot/1.3; +https://openai.com/gptbot)"
66.249.74.160 - - [24/Dec/2025:21:44:07 +0800] "GET /?products/4970230 HTTP/1.1" 200 156482 "-" "Mozilla/5.0 (Linux; Android 6.0.1; Nexus 5X Build/MMB29P) AppleWebKit/537.36 (KHTML, like Gecko) Chrome/141.0.7390.122 Mobile Safari/537.36 (compatible; GoogleOther)"
66.249.74.161 - - [24/Dec/2025:21:44:07 +0800] "GET /?products/21676018 HTTP/1.1" 200 152288 "-" "Mozilla/5.0 (Linux; Android 6.0.1; Nexus 5X Build/MMB29P) AppleWebKit/537.36 (KHTML, like Gecko) Chrome/141.0.7390.122 Mobile Safari/537.36 (compatible; GoogleOther)"
74.7.241.30 - - [24/Dec/2025:21:44:07 +0800] "GET /pages.php?illegal/e174?pid=2857 HTTP/1.1" 200 140832 "-" "Mozilla/5.0 AppleWebKit/537.36 (KHTML, like Gecko; compatible; GPTBot/1.3; +https://openai.com/gptbot)"
66.249.74.169 - - [24/Dec/2025:21:44:09 +0800] "GET /?products/7558429 HTTP/1.1" 200 163983 "-" "Mozilla/5.0 (Linux; Android 6.0.1; Nexus 5X Build/MMB29P) AppleWebKit/537.36 (KHTML, like Gecko) Chrome/141.0.7390.122 Mobile Safari/537.36 (compatible; Googlebot/2.1; +http://www.google.com/bot.html)"
66.249.74.169 - - [24/Dec/2025:21:44:09 +0800] "GET /?products/19890407 HTTP/1.1" 200 167734 "-" "Mozilla/5.0 (compatible; Googlebot/2.1; +http://www.google.com/bot.html)"
74.7.241.30 - - [24/Dec/2025:21:44:09 +0800] "GET /pages.php?ghost/f1?pid=1728 HTTP/1.1" 200 151995 "-" "Mozilla/5.0 AppleWebKit/537.36 (KHTML, like Gecko; compatible; GPTBot/1.3; +https://openai.com/gptbot)"
74.7.241.30 - - [24/Dec/2025:21:44:10 +0800] "GET /pages.php?president/t43?pid=394 HTTP/1.1" 200 152689 "-" "Mozilla/5.0 AppleWebKit/537.36 (KHTML, like Gecko; compatible; GPTBot/1.3; +https://openai.com/gptbot)"
74.7.241.30 - - [24/Dec/2025:21:44:11 +0800] "GET /pages.php?integrated/t1?pid=1818 HTTP/1.1" 200 152401 "-" "Mozilla/5.0 AppleWebKit/537.36 (KHTML, like Gecko; compatible; GPTBot/1.3; +https://openai.com/gptbot)"
74.7.241.30 - - [24/Dec/2025:21:44:12 +0800] "GET /pages.php?perceived/z1?pid=1498 HTTP/1.1" 200 156283 "-" "Mozilla/5.0 AppleWebKit/537.36 (KHTML, like Gecko; compatible; GPTBot/1.3; +https://openai.com/gptbot)"
74.7.241.30 - - [24/Dec/2025:21:44:13 +0800] "GET /pages.php?fatigue/o1?pid=1664 HTTP/1.1" 200 152494 "-" "Mozilla/5.0 AppleWebKit/537.36 (KHTML, like Gecko; compatible; GPTBot/1.3; +https://openai.com/gptbot)"
74.7.241.30 - - [24/Dec/2025:21:44:14 +0800] "GET /pages.php?scandal/y1?pid=1822 HTTP/1.1" 200 152412 "-" "Mozilla/5.0 AppleWebKit/537.36 (KHTML, like Gecko; compatible; GPTBot/1.3; +https://openai.com/gptbot)"
66.249.74.169 - - [24/Dec/2025:21:44:15 +0800] "GET /?products/23033707 HTTP/1.1" 200 149337 "-" "Mozilla/5.0 (compatible; Googlebot/2.1; +http://www.google.com/bot.html)"
74.7.241.30 - - [24/Dec/2025:21:44:15 +0800] "GET /pages.php?brave/p1?pid=1680 HTTP/1.1" 200 152375 "-" "Mozilla/5.0 AppleWebKit/537.36 (KHTML, like Gecko; compatible; GPTBot/1.3; +https://openai.com/gptbot)"
74.7.241.30 - - [24/Dec/2025:21:44:16 +0800] "GET /pages.php?group/z1?pid=1662 HTTP/1.1" 200 152070 "-" "Mozilla/5.0 AppleWebKit/537.36 (KHTML, like Gecko; compatible; GPTBot/1.3; +https://openai.com/gptbot)"
74.7.241.30 - - [24/Dec/2025:21:44:17 +0800] "GET /pages.php?colorful/g19?pid=34198 HTTP/1.1" 200 145340 "-" "Mozilla/5.0 AppleWebKit/537.36 (KHTML, like Gecko; compatible; GPTBot/1.3; +https://openai.com/gptbot)"
74.7.241.30 - - [24/Dec/2025:21:44:18 +0800] "GET /pages.php?sound/l1?pid=1820 HTTP/1.1" 200 152664 "-" "Mozilla/5.0 AppleWebKit/537.36 (KHTML, like Gecko; compatible; GPTBot/1.3; +https://openai.com/gptbot)"
74.7.241.30 - - [24/Dec/2025:21:44:20 +0800] "GET /pages.php?wealthy/y1?pid=1822 HTTP/1.1" 200 152304 "-" "Mozilla/5.0 AppleWebKit/537.36 (KHTML, like Gecko; compatible; GPTBot/1.3; +https://openai.com/gptbot)"
74.7.241.30 - - [24/Dec/2025:21:44:21 +0800] "GET /pages.php?array/t1?pid=1726 HTTP/1.1" 200 152037 "-" "Mozilla/5.0 AppleWebKit/537.36 (KHTML, like Gecko; compatible; GPTBot/1.3; +https://openai.com/gptbot)"
74.7.241.30 - - [24/Dec/2025:21:44:22 +0800] "GET /pages.php?wake/i7?pid=32468 HTTP/1.1" 200 143489 "-" "Mozilla/5.0 AppleWebKit/537.36 (KHTML, like Gecko; compatible; GPTBot/1.3; +https://openai.com/gptbot)"
74.7.241.30 - - [24/Dec/2025:21:44:23 +0800] "GET /pages.php?liquid/t1?pid=1726 HTTP/1.1" 200 151634 "-" "Mozilla/5.0 AppleWebKit/537.36 (KHTML, like Gecko; compatible; GPTBot/1.3; +https://openai.com/gptbot)"
74.7.241.30 - - [24/Dec/2025:21:44:24 +0800] "GET /pages.php?paper/l1?pid=1820 HTTP/1.1" 200 151782 "-" "Mozilla/5.0 AppleWebKit/537.36 (KHTML, like Gecko; compatible; GPTBot/1.3; +https://openai.com/gptbot)"
66.249.74.169 - - [24/Dec/2025:21:44:25 +0800] "GET /?products/6406429 HTTP/1.1" 200 151050 "-" "Mozilla/5.0 (Linux; Android 6.0.1; Nexus 5X Build/MMB29P) AppleWebKit/537.36 (KHTML, like Gecko) Chrome/141.0.7390.122 Mobile Safari/537.36 (compatible; Googlebot/2.1; +http://www.google.com/bot.html)"
74.7.241.30 - - [24/Dec/2025:21:44:25 +0800] "GET /pages.php?until/l1?pid=1820 HTTP/1.1" 200 151771 "-" "Mozilla/5.0 AppleWebKit/537.36 (KHTML, like Gecko; compatible; GPTBot/1.3; +https://openai.com/gptbot)"
66.249.74.169 - - [24/Dec/2025:21:44:25 +0800] "GET /?m=56446724 HTTP/1.1" 200 191208 "-" "Mozilla/5.0 (Linux; Android 6.0.1; Nexus 5X Build/MMB29P) AppleWebKit/537.36 (KHTML, like Gecko) Chrome/141.0.7390.122 Mobile Safari/537.36 (compatible; Googlebot/2.1; +http://www.google.com/bot.html)"
74.7.241.30 - - [24/Dec/2025:21:44:26 +0800] "GET /pages.php?cliff/p1?pid=1680 HTTP/1.1" 200 151857 "-" "Mozilla/5.0 AppleWebKit/537.36 (KHTML, like Gecko; compatible; GPTBot/1.3; +https://openai.com/gptbot)"
74.7.241.30 - - [24/Dec/2025:21:44:27 +0800] "GET /pages.php?chain/o1?pid=1664 HTTP/1.1" 200 152389 "-" "Mozilla/5.0 AppleWebKit/537.36 (KHTML, like Gecko; compatible; GPTBot/1.3; +https://openai.com/gptbot)"
74.7.241.30 - - [24/Dec/2025:21:44:27 +0800] "GET /pages.php?planet/f1?pid=1728 HTTP/1.1" 200 151908 "-" "Mozilla/5.0 AppleWebKit/537.36 (KHTML, like Gecko; compatible; GPTBot/1.3; +https://openai.com/gptbot)"
74.7.241.30 - - [24/Dec/2025:21:44:28 +0800] "GET /pages.php?patent/g19?pid=34198 HTTP/1.1" 200 145713 "-" "Mozilla/5.0 AppleWebKit/537.36 (KHTML, like Gecko; compatible; GPTBot/1.3; +https://openai.com/gptbot)"
74.7.241.30 - - [24/Dec/2025:21:44:29 +0800] "GET /pages.php?soften/z1?pid=1662 HTTP/1.1" 200 152251 "-" "Mozilla/5.0 AppleWebKit/537.36 (KHTML, like Gecko; compatible; GPTBot/1.3; +https://openai.com/gptbot)"
74.7.241.30 - - [24/Dec/2025:21:44:30 +0800] "GET /pages.php?except/y1?pid=1822 HTTP/1.1" 200 151866 "-" "Mozilla/5.0 AppleWebKit/537.36 (KHTML, like Gecko; compatible; GPTBot/1.3; +https://openai.com/gptbot)"
74.7.241.30 - - [24/Dec/2025:21:44:31 +0800] "GET /pages.php?liquid/t1?pid=1726 HTTP/1.1" 200 151998 "-" "Mozilla/5.0 AppleWebKit/537.36 (KHTML, like Gecko; compatible; GPTBot/1.3; +https://openai.com/gptbot)"
74.7.241.30 - - [24/Dec/2025:21:44:32 +0800] "GET /pages.php?next/i278?pid=9585 HTTP/1.1" 200 155456 "-" "Mozilla/5.0 AppleWebKit/537.36 (KHTML, like Gecko; compatible; GPTBot/1.3; +https://openai.com/gptbot)"
74.7.241.30 - - [24/Dec/2025:21:44:33 +0800] "GET /pages.php?flying/l1?pid=1820 HTTP/1.1" 200 152150 "-" "Mozilla/5.0 AppleWebKit/537.36 (KHTML, like Gecko; compatible; GPTBot/1.3; +https://openai.com/gptbot)"
74.7.241.30 - - [24/Dec/2025:21:44:34 +0800] "GET /pages.php?click/l1?pid=1820 HTTP/1.1" 200 152494 "-" "Mozilla/5.0 AppleWebKit/537.36 (KHTML, like Gecko; compatible; GPTBot/1.3; +https://openai.com/gptbot)"
74.7.241.30 - - [24/Dec/2025:21:44:35 +0800] "GET /pages.php?possess/h47?pid=35018 HTTP/1.1" 200 157810 "-" "Mozilla/5.0 AppleWebKit/537.36 (KHTML, like Gecko; compatible; GPTBot/1.3; +https://openai.com/gptbot)"
74.7.241.30 - - [24/Dec/2025:21:44:36 +0800] "GET /pages.php?gradually/t1?pid=1818 HTTP/1.1" 200 152160 "-" "Mozilla/5.0 AppleWebKit/537.36 (KHTML, like Gecko; compatible; GPTBot/1.3; +https://openai.com/gptbot)"
66.249.74.160 - - [24/Dec/2025:21:44:36 +0800] "GET /?products/10635274 HTTP/1.1" 200 153712 "-" "Mozilla/5.0 (compatible; Googlebot/2.1; +http://www.google.com/bot.html)"
74.7.241.30 - - [24/Dec/2025:21:44:36 +0800] "GET /pages.php?expected/j20?pid=9727 HTTP/1.1" 200 152136 "-" "Mozilla/5.0 AppleWebKit/537.36 (KHTML, like Gecko; compatible; GPTBot/1.3; +https://openai.com/gptbot)"
74.7.241.30 - - [24/Dec/2025:21:44:37 +0800] "GET /pages.php?defensive/s10?pid=19013 HTTP/1.1" 200 145322 "-" "Mozilla/5.0 AppleWebKit/537.36 (KHTML, like Gecko; compatible; GPTBot/1.3; +https://openai.com/gptbot)"
74.7.241.30 - - [24/Dec/2025:21:44:38 +0800] "GET /pages.php?work/a65?pid=4050 HTTP/1.1" 200 141886 "-" "Mozilla/5.0 AppleWebKit/537.36 (KHTML, like Gecko; compatible; GPTBot/1.3; +https://openai.com/gptbot)"
74.7.241.30 - - [24/Dec/2025:21:44:39 +0800] "GET /pages.php?inside/g1?pid=1738 HTTP/1.1" 200 151477 "-" "Mozilla/5.0 AppleWebKit/537.36 (KHTML, like Gecko; compatible; GPTBot/1.3; +https://openai.com/gptbot)"
66.249.74.160 - - [24/Dec/2025:21:44:40 +0800] "GET /?products/25643607 HTTP/1.1" 200 163904 "-" "Mozilla/5.0 (Linux; Android 6.0.1; Nexus 5X Build/MMB29P) AppleWebKit/537.36 (KHTML, like Gecko) Chrome/141.0.7390.122 Mobile Safari/537.36 (compatible; GoogleOther)"
74.7.241.30 - - [24/Dec/2025:21:44:39 +0800] "GET /pages.php?coffee/f1?pid=1728 HTTP/1.1" 200 152104 "-" "Mozilla/5.0 AppleWebKit/537.36 (KHTML, like Gecko; compatible; GPTBot/1.3; +https://openai.com/gptbot)"
66.249.74.169 - - [24/Dec/2025:21:44:40 +0800] "GET /?products/13898641 HTTP/1.1" 200 155368 "-" "Mozilla/5.0 (Linux; Android 6.0.1; Nexus 5X Build/MMB29P) AppleWebKit/537.36 (KHTML, like Gecko) Chrome/141.0.7390.122 Mobile Safari/537.36 (compatible; GoogleOther)"
74.7.241.30 - - [24/Dec/2025:21:44:40 +0800] "GET /pages.php?deem/i7?pid=32468 HTTP/1.1" 200 143432 "-" "Mozilla/5.0 AppleWebKit/537.36 (KHTML, like Gecko; compatible; GPTBot/1.3; +https://openai.com/gptbot)"
74.7.241.30 - - [24/Dec/2025:21:44:41 +0800] "GET /pages.php?deeply/n1?pid=1496 HTTP/1.1" 200 152204 "-" "Mozilla/5.0 AppleWebKit/537.36 (KHTML, like Gecko; compatible; GPTBot/1.3; +https://openai.com/gptbot)"
74.7.241.30 - - [24/Dec/2025:21:44:42 +0800] "GET /pages.php?hallway/f1?pid=1728 HTTP/1.1" 200 152047 "-" "Mozilla/5.0 AppleWebKit/537.36 (KHTML, like Gecko; compatible; GPTBot/1.3; +https://openai.com/gptbot)"
74.7.241.30 - - [24/Dec/2025:21:44:43 +0800] "GET /pages.php?promote/o1?pid=1664 HTTP/1.1" 200 151862 "-" "Mozilla/5.0 AppleWebKit/537.36 (KHTML, like Gecko; compatible; GPTBot/1.3; +https://openai.com/gptbot)"
57.141.6.6 - - [24/Dec/2025:21:44:43 +0800] "GET /?products/28862663 HTTP/1.1" 200 - "-" "meta-externalagent/1.1 (+https://developers.facebook.com/docs/sharing/webmasters/crawler)"
74.7.241.30 - - [24/Dec/2025:21:44:43 +0800] "GET /pages.php?leader/t1?pid=1818 HTTP/1.1" 200 151967 "-" "Mozilla/5.0 AppleWebKit/537.36 (KHTML, like Gecko; compatible; GPTBot/1.3; +https://openai.com/gptbot)"
74.7.241.30 - - [24/Dec/2025:21:44:44 +0800] "GET /pages.php?glimpse/l1?pid=1820 HTTP/1.1" 200 152933 "-" "Mozilla/5.0 AppleWebKit/537.36 (KHTML, like Gecko; compatible; GPTBot/1.3; +https://openai.com/gptbot)"
74.7.241.30 - - [24/Dec/2025:21:44:45 +0800] "GET /pages.php?deficit/o1?pid=1664 HTTP/1.1" 200 151799 "-" "Mozilla/5.0 AppleWebKit/537.36 (KHTML, like Gecko; compatible; GPTBot/1.3; +https://openai.com/gptbot)"
74.7.241.30 - - [24/Dec/2025:21:44:46 +0800] "GET /pages.php?n_627hpxn418 HTTP/1.1" 200 152481 "-" "Mozilla/5.0 AppleWebKit/537.36 (KHTML, like Gecko; compatible; GPTBot/1.3; +https://openai.com/gptbot)"
74.7.241.30 - - [24/Dec/2025:21:44:47 +0800] "GET /pages.php?isolate/y1?pid=1822 HTTP/1.1" 200 151685 "-" "Mozilla/5.0 AppleWebKit/537.36 (KHTML, like Gecko; compatible; GPTBot/1.3; +https://openai.com/gptbot)"
74.7.241.30 - - [24/Dec/2025:21:44:48 +0800] "GET /pages.php?general/f1?pid=1728 HTTP/1.1" 200 151638 "-" "Mozilla/5.0 AppleWebKit/537.36 (KHTML, like Gecko; compatible; GPTBot/1.3; +https://openai.com/gptbot)"
74.7.241.30 - - [24/Dec/2025:21:44:49 +0800] "GET /pages.php?philosophy/i7?pid=32468 HTTP/1.1" 200 143303 "-" "Mozilla/5.0 AppleWebKit/537.36 (KHTML, like Gecko; compatible; GPTBot/1.3; +https://openai.com/gptbot)"
74.7.241.30 - - [24/Dec/2025:21:44:50 +0800] "GET /pages.php?belief/n1?pid=1496 HTTP/1.1" 200 151901 "-" "Mozilla/5.0 AppleWebKit/537.36 (KHTML, like Gecko; compatible; GPTBot/1.3; +https://openai.com/gptbot)"
66.249.74.169 - - [24/Dec/2025:21:44:51 +0800] "GET /?products/6970618 HTTP/1.1" 200 207186 "-" "Mozilla/5.0 (Linux; Android 6.0.1; Nexus 5X Build/MMB29P) AppleWebKit/537.36 (KHTML, like Gecko) Chrome/141.0.7390.122 Mobile Safari/537.36 (compatible; GoogleOther)"
74.7.241.30 - - [24/Dec/2025:21:44:51 +0800] "GET /pages.php?channel=110e08&from=https://minyakwangi.bf1.my/cart.cgi?withdraw/i7?pid=32468&y=2908815002796 HTTP/1.1" 200 142726 "-" "Mozilla/5.0 AppleWebKit/537.36 (KHTML, like Gecko; compatible; GPTBot/1.3; +https://openai.com/gptbot)"
66.249.74.169 - - [24/Dec/2025:21:44:52 +0800] "GET /?products/20708085 HTTP/1.1" 200 143401 "-" "Mozilla/5.0 (Linux; Android 6.0.1; Nexus 5X Build/MMB29P) AppleWebKit/537.36 (KHTML, like Gecko) Chrome/141.0.7390.122 Mobile Safari/537.36 (compatible; Googlebot/2.1; +http://www.google.com/bot.html)"
74.7.241.30 - - [24/Dec/2025:21:44:52 +0800] "GET /pages.php?actually/k46?pid=28181 HTTP/1.1" 200 144568 "-" "Mozilla/5.0 AppleWebKit/537.36 (KHTML, like Gecko; compatible; GPTBot/1.3; +https://openai.com/gptbot)"
74.7.241.30 - - [24/Dec/2025:21:44:53 +0800] "GET /pages.php?running/c1?pid=1730 HTTP/1.1" 200 151634 "-" "Mozilla/5.0 AppleWebKit/537.36 (KHTML, like Gecko; compatible; GPTBot/1.3; +https://openai.com/gptbot)"
74.7.241.30 - - [24/Dec/2025:21:44:54 +0800] "GET /pages.php?awareness/t1?pid=1726 HTTP/1.1" 200 152506 "-" "Mozilla/5.0 AppleWebKit/537.36 (KHTML, like Gecko; compatible; GPTBot/1.3; +https://openai.com/gptbot)"
66.249.74.160 - - [24/Dec/2025:21:44:55 +0800] "GET /?products/16708641 HTTP/1.1" 200 159134 "-" "Mozilla/5.0 (Linux; Android 6.0.1; Nexus 5X Build/MMB29P) AppleWebKit/537.36 (KHTML, like Gecko) Chrome/141.0.7390.122 Mobile Safari/537.36 (compatible; GoogleOther)"
74.7.241.30 - - [24/Dec/2025:21:44:55 +0800] "GET /pages.php?restore/f1?pid=1728 HTTP/1.1" 200 152116 "-" "Mozilla/5.0 AppleWebKit/537.36 (KHTML, like Gecko; compatible; GPTBot/1.3; +https://openai.com/gptbot)"
74.7.241.30 - - [24/Dec/2025:21:44:56 +0800] "GET /pages.php?fiber/p1?pid=1680 HTTP/1.1" 200 151974 "-" "Mozilla/5.0 AppleWebKit/537.36 (KHTML, like Gecko; compatible; GPTBot/1.3; +https://openai.com/gptbot)"
74.7.241.30 - - [24/Dec/2025:21:44:57 +0800] "GET /pages.php?blade/z1?pid=1662 HTTP/1.1" 200 152803 "-" "Mozilla/5.0 AppleWebKit/537.36 (KHTML, like Gecko; compatible; GPTBot/1.3; +https://openai.com/gptbot)"
74.7.241.30 - - [24/Dec/2025:21:44:57 +0800] "GET /pages.php?change/t1?pid=1726 HTTP/1.1" 200 151581 "-" "Mozilla/5.0 AppleWebKit/537.36 (KHTML, like Gecko; compatible; GPTBot/1.3; +https://openai.com/gptbot)"
66.249.74.169 - - [24/Dec/2025:21:44:58 +0800] "GET /?products/19533007 HTTP/1.1" 200 146797 "-" "Mozilla/5.0 (Linux; Android 6.0.1; Nexus 5X Build/MMB29P) AppleWebKit/537.36 (KHTML, like Gecko) Chrome/141.0.7390.122 Mobile Safari/537.36 (compatible; Googlebot/2.1; +http://www.google.com/bot.html)"
74.7.241.30 - - [24/Dec/2025:21:44:58 +0800] "GET /pages.php?asleep/t1?pid=1726 HTTP/1.1" 200 152458 "-" "Mozilla/5.0 AppleWebKit/537.36 (KHTML, like Gecko; compatible; GPTBot/1.3; +https://openai.com/gptbot)"
74.7.241.30 - - [24/Dec/2025:21:44:59 +0800] "GET /pages.php?sleep/t1?pid=1726 HTTP/1.1" 200 152172 "-" "Mozilla/5.0 AppleWebKit/537.36 (KHTML, like Gecko; compatible; GPTBot/1.3; +https://openai.com/gptbot)"
74.7.241.30 - - [24/Dec/2025:21:45:00 +0800] "GET /pages.php?rather/n1?pid=1496 HTTP/1.1" 200 152174 "-" "Mozilla/5.0 AppleWebKit/537.36 (KHTML, like Gecko; compatible; GPTBot/1.3; +https://openai.com/gptbot)"
74.7.241.30 - - [24/Dec/2025:21:45:00 +0800] "GET /pages.php?necessary/g1?pid=1738 HTTP/1.1" 200 151143 "-" "Mozilla/5.0 AppleWebKit/537.36 (KHTML, like Gecko; compatible; GPTBot/1.3; +https://openai.com/gptbot)"
74.7.241.30 - - [24/Dec/2025:21:45:01 +0800] "GET /pages.php?dynamics/p3?pid=10730 HTTP/1.1" 200 145245 "-" "Mozilla/5.0 AppleWebKit/537.36 (KHTML, like Gecko; compatible; GPTBot/1.3; +https://openai.com/gptbot)"
74.7.241.30 - - [24/Dec/2025:21:45:01 +0800] "GET /pages.php?trash/t1?pid=1726 HTTP/1.1" 200 152148 "-" "Mozilla/5.0 AppleWebKit/537.36 (KHTML, like Gecko; compatible; GPTBot/1.3; +https://openai.com/gptbot)"
74.7.241.30 - - [24/Dec/2025:21:45:02 +0800] "GET /pages.php?worth/t1?pid=1726 HTTP/1.1" 200 152098 "-" "Mozilla/5.0 AppleWebKit/537.36 (KHTML, like Gecko; compatible; GPTBot/1.3; +https://openai.com/gptbot)"
74.7.241.30 - - [24/Dec/2025:21:45:03 +0800] "GET /pages.php?conflict/h90?pid=35919 HTTP/1.1" 200 152606 "-" "Mozilla/5.0 AppleWebKit/537.36 (KHTML, like Gecko; compatible; GPTBot/1.3; +https://openai.com/gptbot)"
74.7.241.30 - - [24/Dec/2025:21:45:04 +0800] "GET /pages.php?viewer/n1?pid=1496 HTTP/1.1" 200 152306 "-" "Mozilla/5.0 AppleWebKit/537.36 (KHTML, like Gecko; compatible; GPTBot/1.3; +https://openai.com/gptbot)"
74.7.241.30 - - [24/Dec/2025:21:45:05 +0800] "GET /pages.php?invest/g1?pid=1738 HTTP/1.1" 200 151854 "-" "Mozilla/5.0 AppleWebKit/537.36 (KHTML, like Gecko; compatible; GPTBot/1.3; +https://openai.com/gptbot)"
74.7.241.30 - - [24/Dec/2025:21:45:06 +0800] "GET /pages.php?danger/l1?pid=1820 HTTP/1.1" 200 152101 "-" "Mozilla/5.0 AppleWebKit/537.36 (KHTML, like Gecko; compatible; GPTBot/1.3; +https://openai.com/gptbot)"
74.7.241.30 - - [24/Dec/2025:21:45:06 +0800] "GET /pages.php?privilege/c156?pid=5131 HTTP/1.1" 200 157016 "-" "Mozilla/5.0 AppleWebKit/537.36 (KHTML, like Gecko; compatible; GPTBot/1.3; +https://openai.com/gptbot)"
74.7.241.30 - - [24/Dec/2025:21:45:07 +0800] "GET /pages.php?require/o1?pid=1664 HTTP/1.1" 200 151704 "-" "Mozilla/5.0 AppleWebKit/537.36 (KHTML, like Gecko; compatible; GPTBot/1.3; +https://openai.com/gptbot)"
74.7.241.30 - - [24/Dec/2025:21:45:08 +0800] "GET /pages.php?suite/n1?pid=1496 HTTP/1.1" 200 151589 "-" "Mozilla/5.0 AppleWebKit/537.36 (KHTML, like Gecko; compatible; GPTBot/1.3; +https://openai.com/gptbot)"
74.7.241.30 - - [24/Dec/2025:21:45:09 +0800] "GET /pages.php?south/p3?pid=10730 HTTP/1.1" 200 144882 "-" "Mozilla/5.0 AppleWebKit/537.36 (KHTML, like Gecko; compatible; GPTBot/1.3; +https://openai.com/gptbot)"
74.7.241.30 - - [24/Dec/2025:21:45:10 +0800] "GET /pages.php?item/u276/20706/ HTTP/1.1" 200 149970 "-" "Mozilla/5.0 AppleWebKit/537.36 (KHTML, like Gecko; compatible; GPTBot/1.3; +https://openai.com/gptbot)"
74.7.241.30 - - [24/Dec/2025:21:45:10 +0800] "GET /pages.php?admire/p1?pid=1680 HTTP/1.1" 200 152144 "-" "Mozilla/5.0 AppleWebKit/537.36 (KHTML, like Gecko; compatible; GPTBot/1.3; +https://openai.com/gptbot)"
74.7.241.30 - - [24/Dec/2025:21:45:11 +0800] "GET /pages.php?precious/k54?pid=12047 HTTP/1.1" 200 143322 "-" "Mozilla/5.0 AppleWebKit/537.36 (KHTML, like Gecko; compatible; GPTBot/1.3; +https://openai.com/gptbot)"
74.7.241.30 - - [24/Dec/2025:21:45:12 +0800] "GET /pages.php?pleased/g4?pid=48225 HTTP/1.1" 200 156793 "-" "Mozilla/5.0 AppleWebKit/537.36 (KHTML, like Gecko; compatible; GPTBot/1.3; +https://openai.com/gptbot)"
74.7.241.30 - - [24/Dec/2025:21:45:13 +0800] "GET /pages.php?8575063 HTTP/1.1" 200 152466 "-" "Mozilla/5.0 AppleWebKit/537.36 (KHTML, like Gecko; compatible; GPTBot/1.3; +https://openai.com/gptbot)"
74.7.241.30 - - [24/Dec/2025:21:45:13 +0800] "GET /pages.php?landscape/c9?pid=18952 HTTP/1.1" 200 153432 "-" "Mozilla/5.0 AppleWebKit/537.36 (KHTML, like Gecko; compatible; GPTBot/1.3; +https://openai.com/gptbot)"
74.7.241.30 - - [24/Dec/2025:21:45:14 +0800] "GET /pages.php?beside/l1?pid=1820 HTTP/1.1" 200 152209 "-" "Mozilla/5.0 AppleWebKit/537.36 (KHTML, like Gecko; compatible; GPTBot/1.3; +https://openai.com/gptbot)"
74.7.241.30 - - [24/Dec/2025:21:45:15 +0800] "GET /pages.php?emphasis/r65?pid=10516 HTTP/1.1" 200 145518 "-" "Mozilla/5.0 AppleWebKit/537.36 (KHTML, like Gecko; compatible; GPTBot/1.3; +https://openai.com/gptbot)"
74.7.241.30 - - [24/Dec/2025:21:45:16 +0800] "GET /pages.php?neither/c156?pid=5131 HTTP/1.1" 200 157178 "-" "Mozilla/5.0 AppleWebKit/537.36 (KHTML, like Gecko; compatible; GPTBot/1.3; +https://openai.com/gptbot)"
74.7.241.30 - - [24/Dec/2025:21:45:17 +0800] "GET /pages.php?successful/p3?pid=10730 HTTP/1.1" 200 144586 "-" "Mozilla/5.0 AppleWebKit/537.36 (KHTML, like Gecko; compatible; GPTBot/1.3; +https://openai.com/gptbot)"
74.7.241.30 - - [24/Dec/2025:21:45:18 +0800] "GET /pages.php?place/k6?pid=38493 HTTP/1.1" 200 142546 "-" "Mozilla/5.0 AppleWebKit/537.36 (KHTML, like Gecko; compatible; GPTBot/1.3; +https://openai.com/gptbot)"
74.7.241.30 - - [24/Dec/2025:21:45:18 +0800] "GET /pages.php?program/p1?pid=1680 HTTP/1.1" 200 151691 "-" "Mozilla/5.0 AppleWebKit/537.36 (KHTML, like Gecko; compatible; GPTBot/1.3; +https://openai.com/gptbot)"
74.7.241.30 - - [24/Dec/2025:21:45:19 +0800] "GET /pages.php?guard/g1?pid=1738 HTTP/1.1" 200 152177 "-" "Mozilla/5.0 AppleWebKit/537.36 (KHTML, like Gecko; compatible; GPTBot/1.3; +https://openai.com/gptbot)"
74.7.241.30 - - [24/Dec/2025:21:45:21 +0800] "GET /pages.php?fixed/g4?pid=48225 HTTP/1.1" 200 156376 "-" "Mozilla/5.0 AppleWebKit/537.36 (KHTML, like Gecko; compatible; GPTBot/1.3; +https://openai.com/gptbot)"
74.7.241.30 - - [24/Dec/2025:21:45:22 +0800] "GET /pages.php?limit/l1?pid=1820 HTTP/1.1" 200 152206 "-" "Mozilla/5.0 AppleWebKit/537.36 (KHTML, like Gecko; compatible; GPTBot/1.3; +https://openai.com/gptbot)"
74.7.241.30 - - [24/Dec/2025:21:45:23 +0800] "GET /pages.php?rider/m25?pid=820 HTTP/1.1" 200 152398 "-" "Mozilla/5.0 AppleWebKit/537.36 (KHTML, like Gecko; compatible; GPTBot/1.3; +https://openai.com/gptbot)"
74.7.241.30 - - [24/Dec/2025:21:45:24 +0800] "GET /pages.php?invent/o1?pid=1664 HTTP/1.1" 200 152354 "-" "Mozilla/5.0 AppleWebKit/537.36 (KHTML, like Gecko; compatible; GPTBot/1.3; +https://openai.com/gptbot)"
74.7.241.30 - - [24/Dec/2025:21:45:25 +0800] "GET /pages.php?depending/q83?pid=25492 HTTP/1.1" 200 163820 "-" "Mozilla/5.0 AppleWebKit/537.36 (KHTML, like Gecko; compatible; GPTBot/1.3; +https://openai.com/gptbot)"
74.7.241.30 - - [24/Dec/2025:21:45:27 +0800] "GET /pages.php?rural/z1?pid=1662 HTTP/1.1" 200 152581 "-" "Mozilla/5.0 AppleWebKit/537.36 (KHTML, like Gecko; compatible; GPTBot/1.3; +https://openai.com/gptbot)"
66.249.74.161 - - [24/Dec/2025:21:45:28 +0800] "GET /?products/19718018 HTTP/1.1" 200 162005 "-" "Mozilla/5.0 (compatible; Googlebot/2.1; +http://www.google.com/bot.html)"
74.7.241.30 - - [24/Dec/2025:21:45:28 +0800] "GET /pages.php?show/z270?pid=5501 HTTP/1.1" 200 142060 "-" "Mozilla/5.0 AppleWebKit/537.36 (KHTML, like Gecko; compatible; GPTBot/1.3; +https://openai.com/gptbot)"
74.7.241.30 - - [24/Dec/2025:21:45:29 +0800] "GET /pages.php?agreement/k6?pid=38493 HTTP/1.1" 200 142545 "-" "Mozilla/5.0 AppleWebKit/537.36 (KHTML, like Gecko; compatible; GPTBot/1.3; +https://openai.com/gptbot)"
74.7.241.30 - - [24/Dec/2025:21:45:30 +0800] "GET /pages.php?react/z1?pid=1662 HTTP/1.1" 200 152322 "-" "Mozilla/5.0 AppleWebKit/537.36 (KHTML, like Gecko; compatible; GPTBot/1.3; +https://openai.com/gptbot)"
74.7.241.30 - - [24/Dec/2025:21:45:31 +0800] "GET /pages.php?disorder/m292?pid=4329 HTTP/1.1" 200 152414 "-" "Mozilla/5.0 AppleWebKit/537.36 (KHTML, like Gecko; compatible; GPTBot/1.3; +https://openai.com/gptbot)"
74.7.241.30 - - [24/Dec/2025:21:45:32 +0800] "GET /pages.php?imply/g4?pid=48225 HTTP/1.1" 200 156353 "-" "Mozilla/5.0 AppleWebKit/537.36 (KHTML, like Gecko; compatible; GPTBot/1.3; +https://openai.com/gptbot)"
74.7.241.30 - - [24/Dec/2025:21:45:34 +0800] "GET /pages.php?mayor/z1?pid=1662 HTTP/1.1" 200 153258 "-" "Mozilla/5.0 AppleWebKit/537.36 (KHTML, like Gecko; compatible; GPTBot/1.3; +https://openai.com/gptbot)"
74.7.241.30 - - [24/Dec/2025:21:45:35 +0800] "GET /pages.php?above/y1?pid=1822 HTTP/1.1" 200 152710 "-" "Mozilla/5.0 AppleWebKit/537.36 (KHTML, like Gecko; compatible; GPTBot/1.3; +https://openai.com/gptbot)"
74.7.241.30 - - [24/Dec/2025:21:45:37 +0800] "GET /pages.php?section/o1?pid=1664 HTTP/1.1" 200 151979 "-" "Mozilla/5.0 AppleWebKit/537.36 (KHTML, like Gecko; compatible; GPTBot/1.3; +https://openai.com/gptbot)"
74.7.241.30 - - [24/Dec/2025:21:45:38 +0800] "GET /pages.php?leave/z1?pid=1498 HTTP/1.1" 200 156183 "-" "Mozilla/5.0 AppleWebKit/537.36 (KHTML, like Gecko; compatible; GPTBot/1.3; +https://openai.com/gptbot)"
74.7.241.30 - - [24/Dec/2025:21:45:39 +0800] "GET /pages.php?eight/z1?pid=1662 HTTP/1.1" 200 152692 "-" "Mozilla/5.0 AppleWebKit/537.36 (KHTML, like Gecko; compatible; GPTBot/1.3; +https://openai.com/gptbot)"
74.7.241.30 - - [24/Dec/2025:21:45:40 +0800] "GET /pages.php?weird/z1?pid=1498 HTTP/1.1" 200 155839 "-" "Mozilla/5.0 AppleWebKit/537.36 (KHTML, like Gecko; compatible; GPTBot/1.3; +https://openai.com/gptbot)"
66.249.74.160 - - [24/Dec/2025:21:45:41 +0800] "GET /?products/1627152 HTTP/1.1" 200 151244 "-" "Mozilla/5.0 (compatible; Googlebot/2.1; +http://www.google.com/bot.html)"
66.249.74.160 - - [24/Dec/2025:21:45:41 +0800] "GET /?products/10665485 HTTP/1.1" 200 162018 "-" "Mozilla/5.0 (Linux; Android 6.0.1; Nexus 5X Build/MMB29P) AppleWebKit/537.36 (KHTML, like Gecko) Chrome/141.0.7390.122 Mobile Safari/537.36 (compatible; GoogleOther)"
74.7.241.30 - - [24/Dec/2025:21:45:41 +0800] "GET /pages.php?boost/g1?pid=1738 HTTP/1.1" 200 151498 "-" "Mozilla/5.0 AppleWebKit/537.36 (KHTML, like Gecko; compatible; GPTBot/1.3; +https://openai.com/gptbot)"
74.7.241.30 - - [24/Dec/2025:21:45:42 +0800] "GET /pages.php?beard/p1?pid=1680 HTTP/1.1" 200 151672 "-" "Mozilla/5.0 AppleWebKit/537.36 (KHTML, like Gecko; compatible; GPTBot/1.3; +https://openai.com/gptbot)"
74.7.241.30 - - [24/Dec/2025:21:45:43 +0800] "GET /pages.php?celebrity/t1?pid=1818 HTTP/1.1" 200 152002 "-" "Mozilla/5.0 AppleWebKit/537.36 (KHTML, like Gecko; compatible; GPTBot/1.3; +https://openai.com/gptbot)"
74.7.241.30 - - [24/Dec/2025:21:45:44 +0800] "GET /pages.php?level/o1?pid=1664 HTTP/1.1" 200 152308 "-" "Mozilla/5.0 AppleWebKit/537.36 (KHTML, like Gecko; compatible; GPTBot/1.3; +https://openai.com/gptbot)"
74.7.241.30 - - [24/Dec/2025:21:45:45 +0800] "GET /pages.php?high/g4?pid=48225 HTTP/1.1" 200 157010 "-" "Mozilla/5.0 AppleWebKit/537.36 (KHTML, like Gecko; compatible; GPTBot/1.3; +https://openai.com/gptbot)"
74.7.241.30 - - [24/Dec/2025:21:45:46 +0800] "GET /pages.php?observe/z1?pid=1662 HTTP/1.1" 200 153012 "-" "Mozilla/5.0 AppleWebKit/537.36 (KHTML, like Gecko; compatible; GPTBot/1.3; +https://openai.com/gptbot)"
66.249.74.169 - - [24/Dec/2025:21:45:48 +0800] "GET /?products/15926341 HTTP/1.1" 200 155223 "-" "Mozilla/5.0 (Linux; Android 6.0.1; Nexus 5X Build/MMB29P) AppleWebKit/537.36 (KHTML, like Gecko) Chrome/141.0.7390.122 Mobile Safari/537.36 (compatible; Googlebot/2.1; +http://www.google.com/bot.html)"
74.7.241.30 - - [24/Dec/2025:21:45:47 +0800] "GET /pages.php?engine/t1?pid=1818 HTTP/1.1" 200 152451 "-" "Mozilla/5.0 AppleWebKit/537.36 (KHTML, like Gecko; compatible; GPTBot/1.3; +https://openai.com/gptbot)"
74.7.241.30 - - [24/Dec/2025:21:45:49 +0800] "GET /pages.php?extension/z1?pid=1662 HTTP/1.1" 200 152250 "-" "Mozilla/5.0 AppleWebKit/537.36 (KHTML, like Gecko; compatible; GPTBot/1.3; +https://openai.com/gptbot)"
74.7.241.30 - - [24/Dec/2025:21:45:51 +0800] "GET /pages.php?mineral/y1?pid=1822 HTTP/1.1" 200 152255 "-" "Mozilla/5.0 AppleWebKit/537.36 (KHTML, like Gecko; compatible; GPTBot/1.3; +https://openai.com/gptbot)"
74.7.241.30 - - [24/Dec/2025:21:45:52 +0800] "GET /pages.php?planet/z1?pid=1498 HTTP/1.1" 200 155833 "-" "Mozilla/5.0 AppleWebKit/537.36 (KHTML, like Gecko; compatible; GPTBot/1.3; +https://openai.com/gptbot)"
74.7.241.30 - - [24/Dec/2025:21:45:53 +0800] "GET /pages.php?garage/p1?pid=1680 HTTP/1.1" 200 152159 "-" "Mozilla/5.0 AppleWebKit/537.36 (KHTML, like Gecko; compatible; GPTBot/1.3; +https://openai.com/gptbot)"
74.7.241.30 - - [24/Dec/2025:21:45:55 +0800] "GET /pages.php?setting/p1?pid=1680 HTTP/1.1" 200 151993 "-" "Mozilla/5.0 AppleWebKit/537.36 (KHTML, like Gecko; compatible; GPTBot/1.3; +https://openai.com/gptbot)"
74.7.241.30 - - [24/Dec/2025:21:45:56 +0800] "GET /pages.php?concern/n1?pid=1496 HTTP/1.1" 200 152098 "-" "Mozilla/5.0 AppleWebKit/537.36 (KHTML, like Gecko; compatible; GPTBot/1.3; +https://openai.com/gptbot)"
74.7.241.30 - - [24/Dec/2025:21:45:57 +0800] "GET /pages.php?swear/t1?pid=1818 HTTP/1.1" 200 151960 "-" "Mozilla/5.0 AppleWebKit/537.36 (KHTML, like Gecko; compatible; GPTBot/1.3; +https://openai.com/gptbot)"
74.7.241.30 - - [24/Dec/2025:21:45:58 +0800] "GET /pages.php?intimate/g4?pid=48225 HTTP/1.1" 200 156061 "-" "Mozilla/5.0 AppleWebKit/537.36 (KHTML, like Gecko; compatible; GPTBot/1.3; +https://openai.com/gptbot)"
74.7.241.30 - - [24/Dec/2025:21:45:59 +0800] "GET /pages.php?accept/t1?pid=1818 HTTP/1.1" 200 152025 "-" "Mozilla/5.0 AppleWebKit/537.36 (KHTML, like Gecko; compatible; GPTBot/1.3; +https://openai.com/gptbot)"
74.7.241.30 - - [24/Dec/2025:21:46:00 +0800] "GET /pages.php?story/d163?pid=23498 HTTP/1.1" 200 141588 "-" "Mozilla/5.0 AppleWebKit/537.36 (KHTML, like Gecko; compatible; GPTBot/1.3; +https://openai.com/gptbot)"
74.7.241.30 - - [24/Dec/2025:21:46:00 +0800] "GET /pages.php?second/c1?pid=1730 HTTP/1.1" 200 152666 "-" "Mozilla/5.0 AppleWebKit/537.36 (KHTML, like Gecko; compatible; GPTBot/1.3; +https://openai.com/gptbot)"
40.77.167.56 - - [24/Dec/2025:21:46:01 +0800] "GET /?m=202497924 HTTP/1.1" 200 150978 "-" "Mozilla/5.0 AppleWebKit/537.36 (KHTML, like Gecko; compatible; bingbot/2.0; +http://www.bing.com/bingbot.htm) Chrome/116.0.1938.76 Safari/537.36"
74.7.241.30 - - [24/Dec/2025:21:46:01 +0800] "GET /pages.php?impressive/y1?pid=1822 HTTP/1.1" 200 152761 "-" "Mozilla/5.0 AppleWebKit/537.36 (KHTML, like Gecko; compatible; GPTBot/1.3; +https://openai.com/gptbot)"
74.7.241.30 - - [24/Dec/2025:21:46:02 +0800] "GET /pages.php?dozen/t1?pid=1726 HTTP/1.1" 200 152323 "-" "Mozilla/5.0 AppleWebKit/537.36 (KHTML, like Gecko; compatible; GPTBot/1.3; +https://openai.com/gptbot)"
74.7.241.30 - - [24/Dec/2025:21:46:03 +0800] "GET /pages.php?exotic/t1?pid=1726 HTTP/1.1" 200 151770 "-" "Mozilla/5.0 AppleWebKit/537.36 (KHTML, like Gecko; compatible; GPTBot/1.3; +https://openai.com/gptbot)"
74.7.241.30 - - [24/Dec/2025:21:46:04 +0800] "GET /pages.php?debate/l1?pid=1820 HTTP/1.1" 200 152001 "-" "Mozilla/5.0 AppleWebKit/537.36 (KHTML, like Gecko; compatible; GPTBot/1.3; +https://openai.com/gptbot)"
74.7.241.30 - - [24/Dec/2025:21:46:05 +0800] "GET /pages.php?itself/g1?pid=1738 HTTP/1.1" 200 151225 "-" "Mozilla/5.0 AppleWebKit/537.36 (KHTML, like Gecko; compatible; GPTBot/1.3; +https://openai.com/gptbot)"
74.7.241.30 - - [24/Dec/2025:21:46:06 +0800] "GET /pages.php?source/z1?pid=1662 HTTP/1.1" 200 152514 "-" "Mozilla/5.0 AppleWebKit/537.36 (KHTML, like Gecko; compatible; GPTBot/1.3; +https://openai.com/gptbot)"
74.7.241.30 - - [24/Dec/2025:21:46:07 +0800] "GET /pages.php?receiver/r197?pid=4770 HTTP/1.1" 200 141360 "-" "Mozilla/5.0 AppleWebKit/537.36 (KHTML, like Gecko; compatible; GPTBot/1.3; +https://openai.com/gptbot)"
74.7.241.30 - - [24/Dec/2025:21:46:07 +0800] "GET /pages.php?absence/a119?pid=32424 HTTP/1.1" 200 154560 "-" "Mozilla/5.0 AppleWebKit/537.36 (KHTML, like Gecko; compatible; GPTBot/1.3; +https://openai.com/gptbot)"
74.7.241.30 - - [24/Dec/2025:21:46:08 +0800] "GET /pages.php?twenty/t1?pid=1818 HTTP/1.1" 200 152580 "-" "Mozilla/5.0 AppleWebKit/537.36 (KHTML, like Gecko; compatible; GPTBot/1.3; +https://openai.com/gptbot)"
74.7.241.30 - - [24/Dec/2025:21:46:09 +0800] "GET /pages.php?excessive/n1?pid=1496 HTTP/1.1" 200 152498 "-" "Mozilla/5.0 AppleWebKit/537.36 (KHTML, like Gecko; compatible; GPTBot/1.3; +https://openai.com/gptbot)"
74.7.241.30 - - [24/Dec/2025:21:46:10 +0800] "GET /pages.php?like/g4?pid=48225 HTTP/1.1" 200 156294 "-" "Mozilla/5.0 AppleWebKit/537.36 (KHTML, like Gecko; compatible; GPTBot/1.3; +https://openai.com/gptbot)"
74.7.241.30 - - [24/Dec/2025:21:46:11 +0800] "GET /pages.php?ceiling/t1?pid=1818 HTTP/1.1" 200 151897 "-" "Mozilla/5.0 AppleWebKit/537.36 (KHTML, like Gecko; compatible; GPTBot/1.3; +https://openai.com/gptbot)"
74.7.241.30 - - [24/Dec/2025:21:46:12 +0800] "GET /pages.php?item/u139/10779/ HTTP/1.1" 200 147044 "-" "Mozilla/5.0 AppleWebKit/537.36 (KHTML, like Gecko; compatible; GPTBot/1.3; +https://openai.com/gptbot)"
74.7.241.30 - - [24/Dec/2025:21:46:13 +0800] "GET /pages.php?singer/l1?pid=1820 HTTP/1.1" 200 152341 "-" "Mozilla/5.0 AppleWebKit/537.36 (KHTML, like Gecko; compatible; GPTBot/1.3; +https://openai.com/gptbot)"
74.7.241.30 - - [24/Dec/2025:21:46:14 +0800] "GET /pages.php?failure/l1?pid=1820 HTTP/1.1" 200 152567 "-" "Mozilla/5.0 AppleWebKit/537.36 (KHTML, like Gecko; compatible; GPTBot/1.3; +https://openai.com/gptbot)"
74.7.241.30 - - [24/Dec/2025:21:46:14 +0800] "GET /pages.php?patent/z1?pid=1662 HTTP/1.1" 200 152716 "-" "Mozilla/5.0 AppleWebKit/537.36 (KHTML, like Gecko; compatible; GPTBot/1.3; +https://openai.com/gptbot)"
74.7.241.30 - - [24/Dec/2025:21:46:15 +0800] "GET /pages.php?Christianity/e92?pid=42781 HTTP/1.1" 200 143278 "-" "Mozilla/5.0 AppleWebKit/537.36 (KHTML, like Gecko; compatible; GPTBot/1.3; +https://openai.com/gptbot)"
74.7.241.30 - - [24/Dec/2025:21:46:16 +0800] "GET /pages.php?puzzle/g1?pid=1738 HTTP/1.1" 200 151889 "-" "Mozilla/5.0 AppleWebKit/537.36 (KHTML, like Gecko; compatible; GPTBot/1.3; +https://openai.com/gptbot)"
74.7.241.30 - - [24/Dec/2025:21:46:17 +0800] "GET /pages.php?opinion/g57?pid=36010 HTTP/1.1" 200 147762 "-" "Mozilla/5.0 AppleWebKit/537.36 (KHTML, like Gecko; compatible; GPTBot/1.3; +https://openai.com/gptbot)"
74.7.241.30 - - [24/Dec/2025:21:46:18 +0800] "GET /pages.php?item/u75/753/ HTTP/1.1" 200 157758 "-" "Mozilla/5.0 AppleWebKit/537.36 (KHTML, like Gecko; compatible; GPTBot/1.3; +https://openai.com/gptbot)"
66.249.74.160 - - [24/Dec/2025:21:46:21 +0800] "GET /?products/20541974 HTTP/1.1" 200 162235 "-" "Mozilla/5.0 (compatible; Googlebot/2.1; +http://www.google.com/bot.html)"
74.7.241.30 - - [24/Dec/2025:21:46:21 +0800] "GET /pages.php?literally/g4?pid=48225 HTTP/1.1" 200 156888 "-" "Mozilla/5.0 AppleWebKit/537.36 (KHTML, like Gecko; compatible; GPTBot/1.3; +https://openai.com/gptbot)"
66.249.74.161 - - [24/Dec/2025:21:46:23 +0800] "GET /?products/19948018 HTTP/1.1" 200 164654 "-" "Mozilla/5.0 (Linux; Android 6.0.1; Nexus 5X Build/MMB29P) AppleWebKit/537.36 (KHTML, like Gecko) Chrome/141.0.7390.122 Mobile Safari/537.36 (compatible; GoogleOther)"
66.249.74.160 - - [24/Dec/2025:21:46:23 +0800] "GET /?products/24524618 HTTP/1.1" 200 154929 "-" "Mozilla/5.0 (Linux; Android 6.0.1; Nexus 5X Build/MMB29P) AppleWebKit/537.36 (KHTML, like Gecko) Chrome/141.0.7390.122 Mobile Safari/537.36 (compatible; GoogleOther)"
74.7.241.30 - - [24/Dec/2025:21:46:22 +0800] "GET /pages.php?painter/r197?pid=4770 HTTP/1.1" 200 142030 "-" "Mozilla/5.0 AppleWebKit/537.36 (KHTML, like Gecko; compatible; GPTBot/1.3; +https://openai.com/gptbot)"
66.249.74.169 - - [24/Dec/2025:21:46:23 +0800] "GET /?products/19877485 HTTP/1.1" 200 152426 "-" "Mozilla/5.0 (Linux; Android 6.0.1; Nexus 5X Build/MMB29P) AppleWebKit/537.36 (KHTML, like Gecko) Chrome/141.0.7390.122 Mobile Safari/537.36 (compatible; GoogleOther)"
74.7.241.30 - - [24/Dec/2025:21:46:23 +0800] "GET /pages.php?diagnose/g220?pid=2645 HTTP/1.1" 200 146365 "-" "Mozilla/5.0 AppleWebKit/537.36 (KHTML, like Gecko; compatible; GPTBot/1.3; +https://openai.com/gptbot)"
74.7.241.30 - - [24/Dec/2025:21:46:24 +0800] "GET /pages.php?proceed/u110?pid=1683 HTTP/1.1" 200 142016 "-" "Mozilla/5.0 AppleWebKit/537.36 (KHTML, like Gecko; compatible; GPTBot/1.3; +https://openai.com/gptbot)"
74.7.241.30 - - [24/Dec/2025:21:46:25 +0800] "GET /pages.php?database/y227?pid=380 HTTP/1.1" 200 155208 "-" "Mozilla/5.0 AppleWebKit/537.36 (KHTML, like Gecko; compatible; GPTBot/1.3; +https://openai.com/gptbot)"
74.7.241.30 - - [24/Dec/2025:21:46:26 +0800] "GET /pages.php?flight/z1?pid=1662 HTTP/1.1" 200 152980 "-" "Mozilla/5.0 AppleWebKit/537.36 (KHTML, like Gecko; compatible; GPTBot/1.3; +https://openai.com/gptbot)"
74.7.241.30 - - [24/Dec/2025:21:46:27 +0800] "GET /pages.php?budget/z1?pid=1662 HTTP/1.1" 200 152988 "-" "Mozilla/5.0 AppleWebKit/537.36 (KHTML, like Gecko; compatible; GPTBot/1.3; +https://openai.com/gptbot)"
74.7.241.30 - - [24/Dec/2025:21:46:28 +0800] "GET /pages.php?yellow/g1?pid=1738 HTTP/1.1" 200 151371 "-" "Mozilla/5.0 AppleWebKit/537.36 (KHTML, like Gecko; compatible; GPTBot/1.3; +https://openai.com/gptbot)"
74.7.241.30 - - [24/Dec/2025:21:46:29 +0800] "GET /pages.php?please/t1?pid=1818 HTTP/1.1" 200 152066 "-" "Mozilla/5.0 AppleWebKit/537.36 (KHTML, like Gecko; compatible; GPTBot/1.3; +https://openai.com/gptbot)"
74.7.241.30 - - [24/Dec/2025:21:46:30 +0800] "GET /pages.php?sensation/t67?pid=3582 HTTP/1.1" 200 140676 "-" "Mozilla/5.0 AppleWebKit/537.36 (KHTML, like Gecko; compatible; GPTBot/1.3; +https://openai.com/gptbot)"
74.7.241.30 - - [24/Dec/2025:21:46:30 +0800] "GET /pages.php?limited/t1?pid=1818 HTTP/1.1" 200 152291 "-" "Mozilla/5.0 AppleWebKit/537.36 (KHTML, like Gecko; compatible; GPTBot/1.3; +https://openai.com/gptbot)"
74.7.241.30 - - [24/Dec/2025:21:46:31 +0800] "GET /pages.php?launch/r197?pid=4770 HTTP/1.1" 200 141501 "-" "Mozilla/5.0 AppleWebKit/537.36 (KHTML, like Gecko; compatible; GPTBot/1.3; +https://openai.com/gptbot)"
74.7.241.30 - - [24/Dec/2025:21:46:33 +0800] "GET /pages.php?6600987 HTTP/1.1" 200 141007 "-" "Mozilla/5.0 AppleWebKit/537.36 (KHTML, like Gecko; compatible; GPTBot/1.3; +https://openai.com/gptbot)"
74.7.241.30 - - [24/Dec/2025:21:46:34 +0800] "GET /pages.php?stiff/y1?pid=1822 HTTP/1.1" 200 152159 "-" "Mozilla/5.0 AppleWebKit/537.36 (KHTML, like Gecko; compatible; GPTBot/1.3; +https://openai.com/gptbot)"
74.7.241.30 - - [24/Dec/2025:21:46:35 +0800] "GET /pages.php?common/o277?pid=29406 HTTP/1.1" 200 168995 "-" "Mozilla/5.0 AppleWebKit/537.36 (KHTML, like Gecko; compatible; GPTBot/1.3; +https://openai.com/gptbot)"
74.7.241.30 - - [24/Dec/2025:21:46:36 +0800] "GET /pages.php?thank/h227?pid=250 HTTP/1.1" 200 155767 "-" "Mozilla/5.0 AppleWebKit/537.36 (KHTML, like Gecko; compatible; GPTBot/1.3; +https://openai.com/gptbot)"
74.7.241.30 - - [24/Dec/2025:21:46:36 +0800] "GET /pages.php?merely/p1?pid=1680 HTTP/1.1" 200 151681 "-" "Mozilla/5.0 AppleWebKit/537.36 (KHTML, like Gecko; compatible; GPTBot/1.3; +https://openai.com/gptbot)"
74.7.241.30 - - [24/Dec/2025:21:46:37 +0800] "GET /pages.php?generous/j72?pid=27717 HTTP/1.1" 200 143753 "-" "Mozilla/5.0 AppleWebKit/537.36 (KHTML, like Gecko; compatible; GPTBot/1.3; +https://openai.com/gptbot)"
74.7.241.30 - - [24/Dec/2025:21:46:38 +0800] "GET /pages.php?teammate/w43?pid=22002 HTTP/1.1" 200 153437 "-" "Mozilla/5.0 AppleWebKit/537.36 (KHTML, like Gecko; compatible; GPTBot/1.3; +https://openai.com/gptbot)"
74.7.241.30 - - [24/Dec/2025:21:46:39 +0800] "GET /pages.php?ball/x227?pid=254 HTTP/1.1" 200 155019 "-" "Mozilla/5.0 AppleWebKit/537.36 (KHTML, like Gecko; compatible; GPTBot/1.3; +https://openai.com/gptbot)"
74.7.241.30 - - [24/Dec/2025:21:46:40 +0800] "GET /pages.php?moment/t1?pid=1818 HTTP/1.1" 200 152109 "-" "Mozilla/5.0 AppleWebKit/537.36 (KHTML, like Gecko; compatible; GPTBot/1.3; +https://openai.com/gptbot)"
74.7.241.30 - - [24/Dec/2025:21:46:41 +0800] "GET /pages.php?deficit/t1?pid=1818 HTTP/1.1" 200 152347 "-" "Mozilla/5.0 AppleWebKit/537.36 (KHTML, like Gecko; compatible; GPTBot/1.3; +https://openai.com/gptbot)"
74.7.241.30 - - [24/Dec/2025:21:46:42 +0800] "GET /pages.php?triumph/g1?pid=1738 HTTP/1.1" 200 151484 "-" "Mozilla/5.0 AppleWebKit/537.36 (KHTML, like Gecko; compatible; GPTBot/1.3; +https://openai.com/gptbot)"
74.7.241.30 - - [24/Dec/2025:21:46:43 +0800] "GET /pages.php?phrase/z1?pid=1662 HTTP/1.1" 200 152124 "-" "Mozilla/5.0 AppleWebKit/537.36 (KHTML, like Gecko; compatible; GPTBot/1.3; +https://openai.com/gptbot)"
74.7.241.30 - - [24/Dec/2025:21:46:44 +0800] "GET /pages.php?upper/l1?pid=1820 HTTP/1.1" 200 151856 "-" "Mozilla/5.0 AppleWebKit/537.36 (KHTML, like Gecko; compatible; GPTBot/1.3; +https://openai.com/gptbot)"
74.7.241.30 - - [24/Dec/2025:21:46:44 +0800] "GET /pages.php?cell/b227?pid=866 HTTP/1.1" 200 155952 "-" "Mozilla/5.0 AppleWebKit/537.36 (KHTML, like Gecko; compatible; GPTBot/1.3; +https://openai.com/gptbot)"
74.7.241.30 - - [24/Dec/2025:21:46:46 +0800] "GET /pages.php?read/x81?pid=28600 HTTP/1.1" 200 143593 "-" "Mozilla/5.0 AppleWebKit/537.36 (KHTML, like Gecko; compatible; GPTBot/1.3; +https://openai.com/gptbot)"
74.7.241.30 - - [24/Dec/2025:21:46:47 +0800] "GET /pages.php?bother/g1?pid=1738 HTTP/1.1" 200 151685 "-" "Mozilla/5.0 AppleWebKit/537.36 (KHTML, like Gecko; compatible; GPTBot/1.3; +https://openai.com/gptbot)"
74.7.241.30 - - [24/Dec/2025:21:46:48 +0800] "GET /pages.php?extent/p1?pid=1680 HTTP/1.1" 200 152065 "-" "Mozilla/5.0 AppleWebKit/537.36 (KHTML, like Gecko; compatible; GPTBot/1.3; +https://openai.com/gptbot)"
74.7.241.30 - - [24/Dec/2025:21:46:49 +0800] "GET /pages.php?precise/s175?pid=6518 HTTP/1.1" 200 153114 "-" "Mozilla/5.0 AppleWebKit/537.36 (KHTML, like Gecko; compatible; GPTBot/1.3; +https://openai.com/gptbot)"
74.7.241.30 - - [24/Dec/2025:21:46:51 +0800] "GET /pages.php?donate/p1?pid=1680 HTTP/1.1" 200 152104 "-" "Mozilla/5.0 AppleWebKit/537.36 (KHTML, like Gecko; compatible; GPTBot/1.3; +https://openai.com/gptbot)"
74.7.241.30 - - [24/Dec/2025:21:46:52 +0800] "GET /pages.php?legislature/t1?pid=1818 HTTP/1.1" 200 152759 "-" "Mozilla/5.0 AppleWebKit/537.36 (KHTML, like Gecko; compatible; GPTBot/1.3; +https://openai.com/gptbot)"
74.7.241.30 - - [24/Dec/2025:21:46:54 +0800] "GET /pages.php?reveal/g1?pid=1738 HTTP/1.1" 200 151732 "-" "Mozilla/5.0 AppleWebKit/537.36 (KHTML, like Gecko; compatible; GPTBot/1.3; +https://openai.com/gptbot)"
74.7.241.30 - - [24/Dec/2025:21:46:55 +0800] "GET /pages.php?excitement/n257?pid=52 HTTP/1.1" 200 156005 "-" "Mozilla/5.0 AppleWebKit/537.36 (KHTML, like Gecko; compatible; GPTBot/1.3; +https://openai.com/gptbot)"
66.249.74.169 - - [24/Dec/2025:21:46:56 +0800] "GET /?products/10365385 HTTP/1.1" 200 155304 "-" "Mozilla/5.0 (Linux; Android 6.0.1; Nexus 5X Build/MMB29P) AppleWebKit/537.36 (KHTML, like Gecko) Chrome/141.0.7390.122 Mobile Safari/537.36 (compatible; GoogleOther)"
66.249.74.169 - - [24/Dec/2025:21:46:56 +0800] "GET /?products/16309929 HTTP/1.1" 200 147980 "-" "Mozilla/5.0 (Linux; Android 6.0.1; Nexus 5X Build/MMB29P) AppleWebKit/537.36 (KHTML, like Gecko) Chrome/141.0.7390.122 Mobile Safari/537.36 (compatible; Googlebot/2.1; +http://www.google.com/bot.html)"
66.249.74.169 - - [24/Dec/2025:21:46:56 +0800] "GET /?products/19499585 HTTP/1.1" 200 170091 "-" "Mozilla/5.0 (Linux; Android 6.0.1; Nexus 5X Build/MMB29P) AppleWebKit/537.36 (KHTML, like Gecko) Chrome/141.0.7390.122 Mobile Safari/537.36 (compatible; GoogleOther)"
66.249.74.169 - - [24/Dec/2025:21:46:57 +0800] "GET /?products/27396441 HTTP/1.1" 200 149055 "-" "Mozilla/5.0 (Linux; Android 6.0.1; Nexus 5X Build/MMB29P) AppleWebKit/537.36 (KHTML, like Gecko) Chrome/141.0.7390.122 Mobile Safari/537.36 (compatible; GoogleOther)"
74.7.241.30 - - [24/Dec/2025:21:46:56 +0800] "GET /pages.php?headline/s39?pid=10176 HTTP/1.1" 200 142542 "-" "Mozilla/5.0 AppleWebKit/537.36 (KHTML, like Gecko; compatible; GPTBot/1.3; +https://openai.com/gptbot)"
74.7.241.30 - - [24/Dec/2025:21:46:57 +0800] "GET /pages.php?emphasis/z47?pid=33514 HTTP/1.1" 200 144113 "-" "Mozilla/5.0 AppleWebKit/537.36 (KHTML, like Gecko; compatible; GPTBot/1.3; +https://openai.com/gptbot)"
74.7.241.30 - - [24/Dec/2025:21:46:58 +0800] "GET /pages.php?retreat/y42?pid=24715 HTTP/1.1" 200 140697 "-" "Mozilla/5.0 AppleWebKit/537.36 (KHTML, like Gecko; compatible; GPTBot/1.3; +https://openai.com/gptbot)"
74.7.241.30 - - [24/Dec/2025:21:47:00 +0800] "GET /pages.php?immediate/p1?pid=1680 HTTP/1.1" 200 151752 "-" "Mozilla/5.0 AppleWebKit/537.36 (KHTML, like Gecko; compatible; GPTBot/1.3; +https://openai.com/gptbot)"
74.7.241.30 - - [24/Dec/2025:21:47:00 +0800] "GET /pages.php?widespread/z1?pid=1662 HTTP/1.1" 200 153608 "-" "Mozilla/5.0 AppleWebKit/537.36 (KHTML, like Gecko; compatible; GPTBot/1.3; +https://openai.com/gptbot)"
74.7.241.30 - - [24/Dec/2025:21:47:01 +0800] "GET /pages.php?9159913 HTTP/1.1" 200 159469 "-" "Mozilla/5.0 AppleWebKit/537.36 (KHTML, like Gecko; compatible; GPTBot/1.3; +https://openai.com/gptbot)"
74.7.241.30 - - [24/Dec/2025:21:47:02 +0800] "GET /pages.php?visible/y238?pid=24573 HTTP/1.1" 200 169649 "-" "Mozilla/5.0 AppleWebKit/537.36 (KHTML, like Gecko; compatible; GPTBot/1.3; +https://openai.com/gptbot)"
74.7.241.30 - - [24/Dec/2025:21:47:03 +0800] "GET /pages.php?motive/z1?pid=1662 HTTP/1.1" 200 152476 "-" "Mozilla/5.0 AppleWebKit/537.36 (KHTML, like Gecko; compatible; GPTBot/1.3; +https://openai.com/gptbot)"
57.141.6.27 - - [24/Dec/2025:21:47:03 +0800] "GET /?products/4792663 HTTP/1.1" 200 - "-" "meta-externalagent/1.1 (+https://developers.facebook.com/docs/sharing/webmasters/crawler)"
74.7.241.30 - - [24/Dec/2025:21:47:04 +0800] "GET /pages.php?progressive/g1?pid=1738 HTTP/1.1" 200 152017 "-" "Mozilla/5.0 AppleWebKit/537.36 (KHTML, like Gecko; compatible; GPTBot/1.3; +https://openai.com/gptbot)"
74.7.241.30 - - [24/Dec/2025:21:47:04 +0800] "GET /pages.php?dump/u38?pid=9285 HTTP/1.1" 200 143465 "-" "Mozilla/5.0 AppleWebKit/537.36 (KHTML, like Gecko; compatible; GPTBot/1.3; +https://openai.com/gptbot)"
74.7.241.30 - - [24/Dec/2025:21:47:06 +0800] "GET /pages.php?list/a154?pid=45779 HTTP/1.1" 200 153210 "-" "Mozilla/5.0 AppleWebKit/537.36 (KHTML, like Gecko; compatible; GPTBot/1.3; +https://openai.com/gptbot)"
74.7.241.30 - - [24/Dec/2025:21:47:07 +0800] "GET /pages.php?build/a57?pid=8244 HTTP/1.1" 200 147848 "-" "Mozilla/5.0 AppleWebKit/537.36 (KHTML, like Gecko; compatible; GPTBot/1.3; +https://openai.com/gptbot)"
66.249.74.169 - - [24/Dec/2025:21:47:08 +0800] "GET /?products/28807029 HTTP/1.1" 200 160449 "-" "Mozilla/5.0 (Linux; Android 6.0.1; Nexus 5X Build/MMB29P) AppleWebKit/537.36 (KHTML, like Gecko) Chrome/141.0.7390.122 Mobile Safari/537.36 (compatible; GoogleOther)"
74.7.241.30 - - [24/Dec/2025:21:47:08 +0800] "GET /pages.php?4748105 HTTP/1.1" 200 150567 "-" "Mozilla/5.0 AppleWebKit/537.36 (KHTML, like Gecko; compatible; GPTBot/1.3; +https://openai.com/gptbot)"
74.7.241.30 - - [24/Dec/2025:21:47:09 +0800] "GET /pages.php?duck/k14?pid=8741 HTTP/1.1" 200 141606 "-" "Mozilla/5.0 AppleWebKit/537.36 (KHTML, like Gecko; compatible; GPTBot/1.3; +https://openai.com/gptbot)"
74.7.241.30 - - [24/Dec/2025:21:47:10 +0800] "GET /pages.php?electronic/g281?pid=28600 HTTP/1.1" 200 155633 "-" "Mozilla/5.0 AppleWebKit/537.36 (KHTML, like Gecko; compatible; GPTBot/1.3; +https://openai.com/gptbot)"
74.7.241.30 - - [24/Dec/2025:21:47:10 +0800] "GET /pages.php?associated/z1?pid=1498 HTTP/1.1" 200 155854 "-" "Mozilla/5.0 AppleWebKit/537.36 (KHTML, like Gecko; compatible; GPTBot/1.3; +https://openai.com/gptbot)"
74.7.241.30 - - [24/Dec/2025:21:47:11 +0800] "GET /pages.php?represent/c80?pid=16077 HTTP/1.1" 200 148411 "-" "Mozilla/5.0 AppleWebKit/537.36 (KHTML, like Gecko; compatible; GPTBot/1.3; +https://openai.com/gptbot)"
66.249.74.161 - - [24/Dec/2025:21:47:12 +0800] "GET /?products/28288174 HTTP/1.1" 200 155779 "-" "Mozilla/5.0 (Linux; Android 6.0.1; Nexus 5X Build/MMB29P) AppleWebKit/537.36 (KHTML, like Gecko) Chrome/141.0.7390.122 Mobile Safari/537.36 (compatible; GoogleOther)"
74.7.241.30 - - [24/Dec/2025:21:47:12 +0800] "GET /pages.php?relax/z227?pid=612 HTTP/1.1" 200 156596 "-" "Mozilla/5.0 AppleWebKit/537.36 (KHTML, like Gecko; compatible; GPTBot/1.3; +https://openai.com/gptbot)"
74.7.241.30 - - [24/Dec/2025:21:47:12 +0800] "GET /pages.php?persist/z1?pid=1498 HTTP/1.1" 200 156864 "-" "Mozilla/5.0 AppleWebKit/537.36 (KHTML, like Gecko; compatible; GPTBot/1.3; +https://openai.com/gptbot)"
74.7.241.30 - - [24/Dec/2025:21:47:13 +0800] "GET /pages.php?refugee/t1?pid=1726 HTTP/1.1" 200 151660 "-" "Mozilla/5.0 AppleWebKit/537.36 (KHTML, like Gecko; compatible; GPTBot/1.3; +https://openai.com/gptbot)"
74.7.241.30 - - [24/Dec/2025:21:47:13 +0800] "GET /pages.php?reserve/o1?pid=1664 HTTP/1.1" 200 152597 "-" "Mozilla/5.0 AppleWebKit/537.36 (KHTML, like Gecko; compatible; GPTBot/1.3; +https://openai.com/gptbot)"
74.7.241.30 - - [24/Dec/2025:21:47:15 +0800] "GET /pages.php?killing/k89?pid=27724 HTTP/1.1" 200 141492 "-" "Mozilla/5.0 AppleWebKit/537.36 (KHTML, like Gecko; compatible; GPTBot/1.3; +https://openai.com/gptbot)"
74.7.241.30 - - [24/Dec/2025:21:47:16 +0800] "GET /pages.php?item/u15/925/ HTTP/1.1" 200 151007 "-" "Mozilla/5.0 AppleWebKit/537.36 (KHTML, like Gecko; compatible; GPTBot/1.3; +https://openai.com/gptbot)"
74.7.241.30 - - [24/Dec/2025:21:47:17 +0800] "GET /pages.php?sneak/k14?pid=8741 HTTP/1.1" 200 142072 "-" "Mozilla/5.0 AppleWebKit/537.36 (KHTML, like Gecko; compatible; GPTBot/1.3; +https://openai.com/gptbot)"
74.7.241.30 - - [24/Dec/2025:21:47:18 +0800] "GET /pages.php?seminar/z1?pid=1662 HTTP/1.1" 200 153096 "-" "Mozilla/5.0 AppleWebKit/537.36 (KHTML, like Gecko; compatible; GPTBot/1.3; +https://openai.com/gptbot)"
