74.7.241.30 - - [24/Dec/2025:21:40:43 +0800] "GET /pages.php?overall/o1?pid=1664 HTTP/1.1" 200 151884 "-" "Mozilla/5.0 AppleWebKit/537.36 (KHTML, like Gecko; compatible; GPTBot/1.3; +https://openai.com/gptbot)"
74.7.241.30 - - [24/Dec/2025:21:40:44 +0800] "GET /pages.php?patch/t1?pid=1726 HTTP/1.1" 200 152225 "-" "Mozilla/5.0 AppleWebKit/537.36 (KHTML, like Gecko; compatible; GPTBot/1.3; +https://openai.com/gptbot)"
74.7.241.30 - - [24/Dec/2025:21:40:45 +0800] "GET /pages.php?criminal/t114?pid=7005 HTTP/1.1" 200 145455 "-" "Mozilla/5.0 AppleWebKit/537.36 (KHTML, like Gecko; compatible; GPTBot/1.3; +https://openai.com/gptbot)"
74.7.241.30 - - [24/Dec/2025:21:40:46 +0800] "GET /pages.php?prevention/o1?pid=1664 HTTP/1.1" 200 152334 "-" "Mozilla/5.0 AppleWebKit/537.36 (KHTML, like Gecko; compatible; GPTBot/1.3; +https://openai.com/gptbot)"
74.7.241.30 - - [24/Dec/2025:21:40:47 +0800] "GET /pages.php?also/a84?pid=3165 HTTP/1.1" 200 141233 "-" "Mozilla/5.0 AppleWebKit/537.36 (KHTML, like Gecko; compatible; GPTBot/1.3; +https://openai.com/gptbot)"
74.7.241.30 - - [24/Dec/2025:21:40:48 +0800] "GET /pages.php?terms/d79?pid=35986 HTTP/1.1" 200 144133 "-" "Mozilla/5.0 AppleWebKit/537.36 (KHTML, like Gecko; compatible; GPTBot/1.3; +https://openai.com/gptbot)"
74.7.241.30 - - [24/Dec/2025:21:40:50 +0800] "GET /pages.php?greatly/z1?pid=1662 HTTP/1.1" 200 152726 "-" "Mozilla/5.0 AppleWebKit/537.36 (KHTML, like Gecko; compatible; GPTBot/1.3; +https://openai.com/gptbot)"
74.7.241.30 - - [24/Dec/2025:21:40:51 +0800] "GET /pages.php?youngster/w298?pid=529 HTTP/1.1" 200 142408 "-" "Mozilla/5.0 AppleWebKit/537.36 (KHTML, like Gecko; compatible; GPTBot/1.3; +https://openai.com/gptbot)"
57.141.6.27 - - [24/Dec/2025:21:40:52 +0800] "GET /?products/5089896 HTTP/1.1" 200 - "-" "meta-externalagent/1.1 (+https://developers.facebook.com/docs/sharing/webmasters/crawler)"
74.7.241.30 - - [24/Dec/2025:21:40:52 +0800] "GET /pages.php?resume/p1?pid=1680 HTTP/1.1" 200 152062 "-" "Mozilla/5.0 AppleWebKit/537.36 (KHTML, like Gecko; compatible; GPTBot/1.3; +https://openai.com/gptbot)"
74.7.241.30 - - [24/Dec/2025:21:40:53 +0800] "GET /pages.php?seller/t1?pid=1818 HTTP/1.1" 200 152269 "-" "Mozilla/5.0 AppleWebKit/537.36 (KHTML, like Gecko; compatible; GPTBot/1.3; +https://openai.com/gptbot)"
74.7.241.30 - - [24/Dec/2025:21:40:54 +0800] "GET /pages.php?necessity/g1?pid=1738 HTTP/1.1" 200 151721 "-" "Mozilla/5.0 AppleWebKit/537.36 (KHTML, like Gecko; compatible; GPTBot/1.3; +https://openai.com/gptbot)"
74.7.241.30 - - [24/Dec/2025:21:40:55 +0800] "GET /pages.php?frequently/y1?pid=49258 HTTP/1.1" 200 170104 "-" "Mozilla/5.0 AppleWebKit/537.36 (KHTML, like Gecko; compatible; GPTBot/1.3; +https://openai.com/gptbot)"
74.7.241.30 - - [24/Dec/2025:21:40:56 +0800] "GET /pages.php?rough/t1?pid=1818 HTTP/1.1" 200 152254 "-" "Mozilla/5.0 AppleWebKit/537.36 (KHTML, like Gecko; compatible; GPTBot/1.3; +https://openai.com/gptbot)"
74.7.241.30 - - [24/Dec/2025:21:40:57 +0800] "GET /pages.php?genre/f1?pid=1728 HTTP/1.1" 200 151966 "-" "Mozilla/5.0 AppleWebKit/537.36 (KHTML, like Gecko; compatible; GPTBot/1.3; +https://openai.com/gptbot)"
74.7.241.30 - - [24/Dec/2025:21:40:58 +0800] "GET /pages.php?lend/a84?pid=3165 HTTP/1.1" 200 141634 "-" "Mozilla/5.0 AppleWebKit/537.36 (KHTML, like Gecko; compatible; GPTBot/1.3; +https://openai.com/gptbot)"
74.7.241.30 - - [24/Dec/2025:21:40:59 +0800] "GET /pages.php?3346347 HTTP/1.1" 200 149842 "-" "Mozilla/5.0 AppleWebKit/537.36 (KHTML, like Gecko; compatible; GPTBot/1.3; +https://openai.com/gptbot)"
74.7.241.30 - - [24/Dec/2025:21:41:00 +0800] "GET /pages.php?scope/t1?pid=1726 HTTP/1.1" 200 151710 "-" "Mozilla/5.0 AppleWebKit/537.36 (KHTML, like Gecko; compatible; GPTBot/1.3; +https://openai.com/gptbot)"
74.7.241.30 - - [24/Dec/2025:21:41:01 +0800] "GET /pages.php?bill/w298?pid=529 HTTP/1.1" 200 142484 "-" "Mozilla/5.0 AppleWebKit/537.36 (KHTML, like Gecko; compatible; GPTBot/1.3; +https://openai.com/gptbot)"
74.7.241.30 - - [24/Dec/2025:21:41:02 +0800] "GET /pages.php?endure/p1?pid=1680 HTTP/1.1" 200 151229 "-" "Mozilla/5.0 AppleWebKit/537.36 (KHTML, like Gecko; compatible; GPTBot/1.3; +https://openai.com/gptbot)"
74.7.241.30 - - [24/Dec/2025:21:41:02 +0800] "GET /pages.php?automatic/t1?pid=1818 HTTP/1.1" 200 152284 "-" "Mozilla/5.0 AppleWebKit/537.36 (KHTML, like Gecko; compatible; GPTBot/1.3; +https://openai.com/gptbot)"
74.7.241.30 - - [24/Dec/2025:21:41:03 +0800] "GET /pages.php?audience/u4?pid=48909 HTTP/1.1" 200 145974 "-" "Mozilla/5.0 AppleWebKit/537.36 (KHTML, like Gecko; compatible; GPTBot/1.3; +https://openai.com/gptbot)"
74.7.241.30 - - [24/Dec/2025:21:41:04 +0800] "GET /pages.php?frequency/y1?pid=49258 HTTP/1.1" 200 170363 "-" "Mozilla/5.0 AppleWebKit/537.36 (KHTML, like Gecko; compatible; GPTBot/1.3; +https://openai.com/gptbot)"
74.7.241.30 - - [24/Dec/2025:21:41:06 +0800] "GET /pages.php?partly/p1?pid=1680 HTTP/1.1" 200 151498 "-" "Mozilla/5.0 AppleWebKit/537.36 (KHTML, like Gecko; compatible; GPTBot/1.3; +https://openai.com/gptbot)"
74.7.241.30 - - [24/Dec/2025:21:41:07 +0800] "GET /pages.php?golden/c1?pid=1730 HTTP/1.1" 200 152033 "-" "Mozilla/5.0 AppleWebKit/537.36 (KHTML, like Gecko; compatible; GPTBot/1.3; +https://openai.com/gptbot)"
74.7.241.30 - - [24/Dec/2025:21:41:08 +0800] "GET /pages.php?performer/g32?pid=25425 HTTP/1.1" 200 142209 "-" "Mozilla/5.0 AppleWebKit/537.36 (KHTML, like Gecko; compatible; GPTBot/1.3; +https://openai.com/gptbot)"
74.7.241.30 - - [24/Dec/2025:21:41:09 +0800] "GET /pages.php?hormone/o1?pid=1664 HTTP/1.1" 200 152030 "-" "Mozilla/5.0 AppleWebKit/537.36 (KHTML, like Gecko; compatible; GPTBot/1.3; +https://openai.com/gptbot)"
74.7.241.30 - - [24/Dec/2025:21:41:10 +0800] "GET /pages.php?instructor/x1?pid=7730 HTTP/1.1" 200 156747 "-" "Mozilla/5.0 AppleWebKit/537.36 (KHTML, like Gecko; compatible; GPTBot/1.3; +https://openai.com/gptbot)"
74.7.241.30 - - [24/Dec/2025:21:41:11 +0800] "GET /pages.php?persist/e84?pid=12599 HTTP/1.1" 200 147413 "-" "Mozilla/5.0 AppleWebKit/537.36 (KHTML, like Gecko; compatible; GPTBot/1.3; +https://openai.com/gptbot)"
74.7.241.30 - - [24/Dec/2025:21:41:12 +0800] "GET /pages.php?precisely/e28?pid=9957 HTTP/1.1" 200 148471 "-" "Mozilla/5.0 AppleWebKit/537.36 (KHTML, like Gecko; compatible; GPTBot/1.3; +https://openai.com/gptbot)"
74.7.241.30 - - [24/Dec/2025:21:41:13 +0800] "GET /pages.php?item/u44/27684/ HTTP/1.1" 200 154552 "-" "Mozilla/5.0 AppleWebKit/537.36 (KHTML, like Gecko; compatible; GPTBot/1.3; +https://openai.com/gptbot)"
74.7.241.30 - - [24/Dec/2025:21:41:14 +0800] "GET /pages.php?seemingly/n1?pid=1496 HTTP/1.1" 200 152144 "-" "Mozilla/5.0 AppleWebKit/537.36 (KHTML, like Gecko; compatible; GPTBot/1.3; +https://openai.com/gptbot)"
74.7.241.30 - - [24/Dec/2025:21:41:15 +0800] "GET /pages.php?happily/z245?pid=4904 HTTP/1.1" 200 147973 "-" "Mozilla/5.0 AppleWebKit/537.36 (KHTML, like Gecko; compatible; GPTBot/1.3; +https://openai.com/gptbot)"
74.7.241.30 - - [24/Dec/2025:21:41:16 +0800] "GET /pages.php?ambitious/t1?pid=1818 HTTP/1.1" 200 152066 "-" "Mozilla/5.0 AppleWebKit/537.36 (KHTML, like Gecko; compatible; GPTBot/1.3; +https://openai.com/gptbot)"
74.7.241.30 - - [24/Dec/2025:21:41:18 +0800] "GET /pages.php?prime/u4?pid=48909 HTTP/1.1" 200 145559 "-" "Mozilla/5.0 AppleWebKit/537.36 (KHTML, like Gecko; compatible; GPTBot/1.3; +https://openai.com/gptbot)"
74.7.241.30 - - [24/Dec/2025:21:41:19 +0800] "GET /pages.php?railroad/p92?pid=11281 HTTP/1.1" 200 143352 "-" "Mozilla/5.0 AppleWebKit/537.36 (KHTML, like Gecko; compatible; GPTBot/1.3; +https://openai.com/gptbot)"
74.7.241.30 - - [24/Dec/2025:21:41:20 +0800] "GET /pages.php?ratio/w298?pid=529 HTTP/1.1" 200 142134 "-" "Mozilla/5.0 AppleWebKit/537.36 (KHTML, like Gecko; compatible; GPTBot/1.3; +https://openai.com/gptbot)"
74.7.241.30 - - [24/Dec/2025:21:41:21 +0800] "GET /pages.php?alliance/s62?pid=33111 HTTP/1.1" 200 152713 "-" "Mozilla/5.0 AppleWebKit/537.36 (KHTML, like Gecko; compatible; GPTBot/1.3; +https://openai.com/gptbot)"
74.7.241.30 - - [24/Dec/2025:21:41:22 +0800] "GET /pages.php?survive/i1?pid=7832 HTTP/1.1" 200 154617 "-" "Mozilla/5.0 AppleWebKit/537.36 (KHTML, like Gecko; compatible; GPTBot/1.3; +https://openai.com/gptbot)"
74.7.241.30 - - [24/Dec/2025:21:41:23 +0800] "GET /pages.php?trial/o1?pid=1664 HTTP/1.1" 200 152030 "-" "Mozilla/5.0 AppleWebKit/537.36 (KHTML, like Gecko; compatible; GPTBot/1.3; +https://openai.com/gptbot)"
74.7.241.30 - - [24/Dec/2025:21:41:24 +0800] "GET /pages.php?shake/g1?pid=1738 HTTP/1.1" 200 151351 "-" "Mozilla/5.0 AppleWebKit/537.36 (KHTML, like Gecko; compatible; GPTBot/1.3; +https://openai.com/gptbot)"
74.7.241.30 - - [24/Dec/2025:21:41:26 +0800] "GET /pages.php?focus/p1?pid=1680 HTTP/1.1" 200 151940 "-" "Mozilla/5.0 AppleWebKit/537.36 (KHTML, like Gecko; compatible; GPTBot/1.3; +https://openai.com/gptbot)"
74.7.241.30 - - [24/Dec/2025:21:41:26 +0800] "GET /pages.php?columnist/z245?pid=4904 HTTP/1.1" 200 147451 "-" "Mozilla/5.0 AppleWebKit/537.36 (KHTML, like Gecko; compatible; GPTBot/1.3; +https://openai.com/gptbot)"
74.7.241.30 - - [24/Dec/2025:21:41:27 +0800] "GET /pages.php?ready/c1?pid=1730 HTTP/1.1" 200 152074 "-" "Mozilla/5.0 AppleWebKit/537.36 (KHTML, like Gecko; compatible; GPTBot/1.3; +https://openai.com/gptbot)"
74.7.241.30 - - [24/Dec/2025:21:41:28 +0800] "GET /pages.php?principle/u4?pid=48909 HTTP/1.1" 200 145343 "-" "Mozilla/5.0 AppleWebKit/537.36 (KHTML, like Gecko; compatible; GPTBot/1.3; +https://openai.com/gptbot)"
74.7.241.30 - - [24/Dec/2025:21:41:28 +0800] "GET /pages.php?naked/o1?pid=1664 HTTP/1.1" 200 151946 "-" "Mozilla/5.0 AppleWebKit/537.36 (KHTML, like Gecko; compatible; GPTBot/1.3; +https://openai.com/gptbot)"
74.7.241.30 - - [24/Dec/2025:21:41:29 +0800] "GET /pages.php?iron/w298?pid=529 HTTP/1.1" 200 142517 "-" "Mozilla/5.0 AppleWebKit/537.36 (KHTML, like Gecko; compatible; GPTBot/1.3; +https://openai.com/gptbot)"
74.7.241.30 - - [24/Dec/2025:21:41:30 +0800] "GET /pages.php?first/p1?pid=1680 HTTP/1.1" 200 151039 "-" "Mozilla/5.0 AppleWebKit/537.36 (KHTML, like Gecko; compatible; GPTBot/1.3; +https://openai.com/gptbot)"
66.249.74.161 - - [24/Dec/2025:21:41:30 +0800] "GET /?m=110492124 HTTP/1.1" 200 169536 "-" "Mozilla/5.0 (compatible; Googlebot/2.1; +http://www.google.com/bot.html)"
74.7.241.30 - - [24/Dec/2025:21:41:31 +0800] "GET /pages.php?per/y300?pid=23055 HTTP/1.1" 200 141205 "-" "Mozilla/5.0 AppleWebKit/537.36 (KHTML, like Gecko; compatible; GPTBot/1.3; +https://openai.com/gptbot)"
74.7.241.30 - - [24/Dec/2025:21:41:31 +0800] "GET /pages.php?jungle/p1?pid=1680 HTTP/1.1" 200 151807 "-" "Mozilla/5.0 AppleWebKit/537.36 (KHTML, like Gecko; compatible; GPTBot/1.3; +https://openai.com/gptbot)"
74.7.241.30 - - [24/Dec/2025:21:41:32 +0800] "GET /pages.php?church/i1?pid=7832 HTTP/1.1" 200 154765 "-" "Mozilla/5.0 AppleWebKit/537.36 (KHTML, like Gecko; compatible; GPTBot/1.3; +https://openai.com/gptbot)"
74.7.241.30 - - [24/Dec/2025:21:41:32 +0800] "GET /pages.php?attack/i1?pid=7952 HTTP/1.1" 200 156936 "-" "Mozilla/5.0 AppleWebKit/537.36 (KHTML, like Gecko; compatible; GPTBot/1.3; +https://openai.com/gptbot)"
74.7.241.30 - - [24/Dec/2025:21:41:33 +0800] "GET /pages.php?save/q69?pid=7474 HTTP/1.1" 200 159666 "-" "Mozilla/5.0 AppleWebKit/537.36 (KHTML, like Gecko; compatible; GPTBot/1.3; +https://openai.com/gptbot)"
74.7.241.30 - - [24/Dec/2025:21:41:34 +0800] "GET /pages.php?scratch/c1?pid=1730 HTTP/1.1" 200 152472 "-" "Mozilla/5.0 AppleWebKit/537.36 (KHTML, like Gecko; compatible; GPTBot/1.3; +https://openai.com/gptbot)"
57.141.6.10 - - [24/Dec/2025:21:41:35 +0800] "GET /?products/4141952 HTTP/1.1" 200 - "-" "meta-externalagent/1.1 (+https://developers.facebook.com/docs/sharing/webmasters/crawler)"
74.7.241.30 - - [24/Dec/2025:21:41:35 +0800] "GET /pages.php?indigenous/u4?pid=48909 HTTP/1.1" 200 146999 "-" "Mozilla/5.0 AppleWebKit/537.36 (KHTML, like Gecko; compatible; GPTBot/1.3; +https://openai.com/gptbot)"
74.7.241.30 - - [24/Dec/2025:21:41:35 +0800] "GET /pages.php?premium/o1?pid=1664 HTTP/1.1" 200 151782 "-" "Mozilla/5.0 AppleWebKit/537.36 (KHTML, like Gecko; compatible; GPTBot/1.3; +https://openai.com/gptbot)"
74.7.241.30 - - [24/Dec/2025:21:41:36 +0800] "GET /pages.php?acceptable/w298?pid=529 HTTP/1.1" 200 142501 "-" "Mozilla/5.0 AppleWebKit/537.36 (KHTML, like Gecko; compatible; GPTBot/1.3; +https://openai.com/gptbot)"
74.7.241.30 - - [24/Dec/2025:21:41:37 +0800] "GET /pages.php?inspire/t1?pid=1726 HTTP/1.1" 200 151955 "-" "Mozilla/5.0 AppleWebKit/537.36 (KHTML, like Gecko; compatible; GPTBot/1.3; +https://openai.com/gptbot)"
74.7.241.30 - - [24/Dec/2025:21:41:39 +0800] "GET /pages.php?4450517 HTTP/1.1" 200 144125 "-" "Mozilla/5.0 AppleWebKit/537.36 (KHTML, like Gecko; compatible; GPTBot/1.3; +https://openai.com/gptbot)"
74.7.241.30 - - [24/Dec/2025:21:41:39 +0800] "GET /pages.php?crush/p50?pid=7555 HTTP/1.1" 200 143144 "-" "Mozilla/5.0 AppleWebKit/537.36 (KHTML, like Gecko; compatible; GPTBot/1.3; +https://openai.com/gptbot)"
66.249.74.160 - - [24/Dec/2025:21:41:41 +0800] "GET /?products/8492630 HTTP/1.1" 200 166290 "-" "Mozilla/5.0 (Linux; Android 6.0.1; Nexus 5X Build/MMB29P) AppleWebKit/537.36 (KHTML, like Gecko) Chrome/141.0.7390.122 Mobile Safari/537.36 (compatible; Googlebot/2.1; +http://www.google.com/bot.html)"
74.7.241.30 - - [24/Dec/2025:21:41:41 +0800] "GET /pages.php?teacher/p1?pid=1680 HTTP/1.1" 200 151871 "-" "Mozilla/5.0 AppleWebKit/537.36 (KHTML, like Gecko; compatible; GPTBot/1.3; +https://openai.com/gptbot)"
74.7.241.30 - - [24/Dec/2025:21:41:42 +0800] "GET /pages.php?federal/o1?pid=7732 HTTP/1.1" 200 157740 "-" "Mozilla/5.0 AppleWebKit/537.36 (KHTML, like Gecko; compatible; GPTBot/1.3; +https://openai.com/gptbot)"
66.249.74.169 - - [24/Dec/2025:21:41:43 +0800] "GET /?products/3054718 HTTP/1.1" 200 160132 "-" "Mozilla/5.0 (Linux; Android 6.0.1; Nexus 5X Build/MMB29P) AppleWebKit/537.36 (KHTML, like Gecko) Chrome/141.0.7390.122 Mobile Safari/537.36 (compatible; Googlebot/2.1; +http://www.google.com/bot.html)"
74.7.241.30 - - [24/Dec/2025:21:41:43 +0800] "GET /pages.php?address/g1?pid=1738 HTTP/1.1" 200 151538 "-" "Mozilla/5.0 AppleWebKit/537.36 (KHTML, like Gecko; compatible; GPTBot/1.3; +https://openai.com/gptbot)"
74.7.241.30 - - [24/Dec/2025:21:41:44 +0800] "GET /pages.php?cooking/z1?pid=1662 HTTP/1.1" 200 153379 "-" "Mozilla/5.0 AppleWebKit/537.36 (KHTML, like Gecko; compatible; GPTBot/1.3; +https://openai.com/gptbot)"
74.7.241.30 - - [24/Dec/2025:21:41:45 +0800] "GET /pages.php?partial/f1?pid=1728 HTTP/1.1" 200 151948 "-" "Mozilla/5.0 AppleWebKit/537.36 (KHTML, like Gecko; compatible; GPTBot/1.3; +https://openai.com/gptbot)"
74.7.241.30 - - [24/Dec/2025:21:41:46 +0800] "GET /pages.php?suggestion/o1?pid=1664 HTTP/1.1" 200 152240 "-" "Mozilla/5.0 AppleWebKit/537.36 (KHTML, like Gecko; compatible; GPTBot/1.3; +https://openai.com/gptbot)"
74.7.241.30 - - [24/Dec/2025:21:41:47 +0800] "GET /pages.php?booth/d1?pid=7950 HTTP/1.1" 200 163175 "-" "Mozilla/5.0 AppleWebKit/537.36 (KHTML, like Gecko; compatible; GPTBot/1.3; +https://openai.com/gptbot)"
74.7.241.30 - - [24/Dec/2025:21:41:48 +0800] "GET /pages.php?knife/p1?pid=1680 HTTP/1.1" 200 151629 "-" "Mozilla/5.0 AppleWebKit/537.36 (KHTML, like Gecko; compatible; GPTBot/1.3; +https://openai.com/gptbot)"
74.7.241.30 - - [24/Dec/2025:21:41:49 +0800] "GET /pages.php?nominee/p30?pid=757 HTTP/1.1" 200 144116 "-" "Mozilla/5.0 AppleWebKit/537.36 (KHTML, like Gecko; compatible; GPTBot/1.3; +https://openai.com/gptbot)"
66.249.74.169 - - [24/Dec/2025:21:41:50 +0800] "GET /?products/9111241 HTTP/1.1" 200 188288 "-" "Mozilla/5.0 (Linux; Android 6.0.1; Nexus 5X Build/MMB29P) AppleWebKit/537.36 (KHTML, like Gecko) Chrome/141.0.7390.122 Mobile Safari/537.36 (compatible; GoogleOther)"
66.249.74.169 - - [24/Dec/2025:21:41:50 +0800] "GET /?products/14615607 HTTP/1.1" 200 163406 "-" "Mozilla/5.0 (Linux; Android 6.0.1; Nexus 5X Build/MMB29P) AppleWebKit/537.36 (KHTML, like Gecko) Chrome/141.0.7390.122 Mobile Safari/537.36 (compatible; GoogleOther)"
74.7.241.30 - - [24/Dec/2025:21:41:50 +0800] "GET /pages.php?minor/g1?pid=1738 HTTP/1.1" 200 151421 "-" "Mozilla/5.0 AppleWebKit/537.36 (KHTML, like Gecko; compatible; GPTBot/1.3; +https://openai.com/gptbot)"
74.7.241.30 - - [24/Dec/2025:21:41:51 +0800] "GET /pages.php?intention/o1?pid=1664 HTTP/1.1" 200 152734 "-" "Mozilla/5.0 AppleWebKit/537.36 (KHTML, like Gecko; compatible; GPTBot/1.3; +https://openai.com/gptbot)"
74.7.241.30 - - [24/Dec/2025:21:41:52 +0800] "GET /pages.php?excessive/q1?pid=7770 HTTP/1.1" 200 153991 "-" "Mozilla/5.0 AppleWebKit/537.36 (KHTML, like Gecko; compatible; GPTBot/1.3; +https://openai.com/gptbot)"
74.7.241.30 - - [24/Dec/2025:21:41:53 +0800] "GET /pages.php?secure/t1?pid=1818 HTTP/1.1" 200 152458 "-" "Mozilla/5.0 AppleWebKit/537.36 (KHTML, like Gecko; compatible; GPTBot/1.3; +https://openai.com/gptbot)"
74.7.241.30 - - [24/Dec/2025:21:41:54 +0800] "GET /pages.php?genius/g1?pid=1738 HTTP/1.1" 200 151169 "-" "Mozilla/5.0 AppleWebKit/537.36 (KHTML, like Gecko; compatible; GPTBot/1.3; +https://openai.com/gptbot)"
57.141.6.20 - - [24/Dec/2025:21:41:55 +0800] "GET /?products/11149029 HTTP/1.1" 200 - "-" "meta-externalagent/1.1 (+https://developers.facebook.com/docs/sharing/webmasters/crawler)"
74.7.241.30 - - [24/Dec/2025:21:41:55 +0800] "GET /pages.php?residence/g1?pid=1738 HTTP/1.1" 200 151373 "-" "Mozilla/5.0 AppleWebKit/537.36 (KHTML, like Gecko; compatible; GPTBot/1.3; +https://openai.com/gptbot)"
74.7.241.30 - - [24/Dec/2025:21:41:55 +0800] "GET /pages.php?patch/c49?pid=1152 HTTP/1.1" 200 144547 "-" "Mozilla/5.0 AppleWebKit/537.36 (KHTML, like Gecko; compatible; GPTBot/1.3; +https://openai.com/gptbot)"
74.7.241.30 - - [24/Dec/2025:21:41:56 +0800] "GET /pages.php?fifteen/l1?pid=1820 HTTP/1.1" 200 152164 "-" "Mozilla/5.0 AppleWebKit/537.36 (KHTML, like Gecko; compatible; GPTBot/1.3; +https://openai.com/gptbot)"
74.7.241.30 - - [24/Dec/2025:21:41:57 +0800] "GET /pages.php?sleeve/p1?pid=1680 HTTP/1.1" 200 152187 "-" "Mozilla/5.0 AppleWebKit/537.36 (KHTML, like Gecko; compatible; GPTBot/1.3; +https://openai.com/gptbot)"
74.7.241.30 - - [24/Dec/2025:21:41:58 +0800] "GET /pages.php?necessity/p30?pid=757 HTTP/1.1" 200 144215 "-" "Mozilla/5.0 AppleWebKit/537.36 (KHTML, like Gecko; compatible; GPTBot/1.3; +https://openai.com/gptbot)"
66.249.74.169 - - [24/Dec/2025:21:41:59 +0800] "GET /?products/11264318 HTTP/1.1" 200 154882 "-" "Mozilla/5.0 (Linux; Android 6.0.1; Nexus 5X Build/MMB29P) AppleWebKit/537.36 (KHTML, like Gecko) Chrome/141.0.7390.122 Mobile Safari/537.36 (compatible; GoogleOther)"
74.7.241.30 - - [24/Dec/2025:21:41:59 +0800] "GET /pages.php?storm/o1?pid=1664 HTTP/1.1" 200 152722 "-" "Mozilla/5.0 AppleWebKit/537.36 (KHTML, like Gecko; compatible; GPTBot/1.3; +https://openai.com/gptbot)"
74.7.241.30 - - [24/Dec/2025:21:42:00 +0800] "GET /pages.php?radar/i1?pid=7952 HTTP/1.1" 200 156313 "-" "Mozilla/5.0 AppleWebKit/537.36 (KHTML, like Gecko; compatible; GPTBot/1.3; +https://openai.com/gptbot)"
74.7.241.30 - - [24/Dec/2025:21:42:01 +0800] "GET /pages.php?invade/q1?pid=7770 HTTP/1.1" 200 154655 "-" "Mozilla/5.0 AppleWebKit/537.36 (KHTML, like Gecko; compatible; GPTBot/1.3; +https://openai.com/gptbot)"
74.7.241.30 - - [24/Dec/2025:21:42:02 +0800] "GET /pages.php?eleven/n1?pid=1496 HTTP/1.1" 200 152398 "-" "Mozilla/5.0 AppleWebKit/537.36 (KHTML, like Gecko; compatible; GPTBot/1.3; +https://openai.com/gptbot)"
74.7.241.30 - - [24/Dec/2025:21:42:04 +0800] "GET /pages.php?milk/i10?pid=9513 HTTP/1.1" 200 161744 "-" "Mozilla/5.0 AppleWebKit/537.36 (KHTML, like Gecko; compatible; GPTBot/1.3; +https://openai.com/gptbot)"
74.7.241.30 - - [24/Dec/2025:21:42:05 +0800] "GET /pages.php?others/o1?pid=1664 HTTP/1.1" 200 152450 "-" "Mozilla/5.0 AppleWebKit/537.36 (KHTML, like Gecko; compatible; GPTBot/1.3; +https://openai.com/gptbot)"
74.7.241.30 - - [24/Dec/2025:21:42:06 +0800] "GET /pages.php?architect/c49?pid=1152 HTTP/1.1" 200 144350 "-" "Mozilla/5.0 AppleWebKit/537.36 (KHTML, like Gecko; compatible; GPTBot/1.3; +https://openai.com/gptbot)"
74.7.241.30 - - [24/Dec/2025:21:42:07 +0800] "GET /pages.php?missile/g1?pid=1738 HTTP/1.1" 200 151997 "-" "Mozilla/5.0 AppleWebKit/537.36 (KHTML, like Gecko; compatible; GPTBot/1.3; +https://openai.com/gptbot)"
74.7.241.30 - - [24/Dec/2025:21:42:09 +0800] "GET /pages.php?dirty/g1?pid=1738 HTTP/1.1" 200 152201 "-" "Mozilla/5.0 AppleWebKit/537.36 (KHTML, like Gecko; compatible; GPTBot/1.3; +https://openai.com/gptbot)"
74.7.241.30 - - [24/Dec/2025:21:42:10 +0800] "GET /pages.php?doctor/p30?pid=757 HTTP/1.1" 200 144508 "-" "Mozilla/5.0 AppleWebKit/537.36 (KHTML, like Gecko; compatible; GPTBot/1.3; +https://openai.com/gptbot)"
57.141.6.32 - - [24/Dec/2025:21:42:11 +0800] "GET /?products/3068729 HTTP/1.1" 200 - "-" "meta-externalagent/1.1 (+https://developers.facebook.com/docs/sharing/webmasters/crawler)"
74.7.241.30 - - [24/Dec/2025:21:42:11 +0800] "GET /pages.php?adult/c1?pid=1730 HTTP/1.1" 200 152452 "-" "Mozilla/5.0 AppleWebKit/537.36 (KHTML, like Gecko; compatible; GPTBot/1.3; +https://openai.com/gptbot)"
74.7.241.30 - - [24/Dec/2025:21:42:12 +0800] "GET /pages.php?textbook/n80?pid=26549 HTTP/1.1" 200 147869 "-" "Mozilla/5.0 AppleWebKit/537.36 (KHTML, like Gecko; compatible; GPTBot/1.3; +https://openai.com/gptbot)"
74.7.241.30 - - [24/Dec/2025:21:42:13 +0800] "GET /pages.php?invite/i1?pid=7952 HTTP/1.1" 200 155749 "-" "Mozilla/5.0 AppleWebKit/537.36 (KHTML, like Gecko; compatible; GPTBot/1.3; +https://openai.com/gptbot)"
74.7.241.30 - - [24/Dec/2025:21:42:14 +0800] "GET /pages.php?cream/n1?pid=1496 HTTP/1.1" 200 152564 "-" "Mozilla/5.0 AppleWebKit/537.36 (KHTML, like Gecko; compatible; GPTBot/1.3; +https://openai.com/gptbot)"
74.7.241.30 - - [24/Dec/2025:21:42:15 +0800] "GET /pages.php?asset/i10?pid=9513 HTTP/1.1" 200 161427 "-" "Mozilla/5.0 AppleWebKit/537.36 (KHTML, like Gecko; compatible; GPTBot/1.3; +https://openai.com/gptbot)"
74.7.241.30 - - [24/Dec/2025:21:42:16 +0800] "GET /pages.php?assignment/z1?pid=1662 HTTP/1.1" 200 152496 "-" "Mozilla/5.0 AppleWebKit/537.36 (KHTML, like Gecko; compatible; GPTBot/1.3; +https://openai.com/gptbot)"
74.7.241.30 - - [24/Dec/2025:21:42:17 +0800] "GET /pages.php?construct/b76?pid=25249 HTTP/1.1" 200 141948 "-" "Mozilla/5.0 AppleWebKit/537.36 (KHTML, like Gecko; compatible; GPTBot/1.3; +https://openai.com/gptbot)"
74.7.241.30 - - [24/Dec/2025:21:42:18 +0800] "GET /pages.php?utility/o1?pid=1664 HTTP/1.1" 200 152061 "-" "Mozilla/5.0 AppleWebKit/537.36 (KHTML, like Gecko; compatible; GPTBot/1.3; +https://openai.com/gptbot)"
74.7.241.30 - - [24/Dec/2025:21:42:19 +0800] "GET /pages.php?tower/g1?pid=1738 HTTP/1.1" 200 151402 "-" "Mozilla/5.0 AppleWebKit/537.36 (KHTML, like Gecko; compatible; GPTBot/1.3; +https://openai.com/gptbot)"
74.7.241.30 - - [24/Dec/2025:21:42:20 +0800] "GET /pages.php?spirit/p30?pid=757 HTTP/1.1" 200 144830 "-" "Mozilla/5.0 AppleWebKit/537.36 (KHTML, like Gecko; compatible; GPTBot/1.3; +https://openai.com/gptbot)"
74.7.241.30 - - [24/Dec/2025:21:42:21 +0800] "GET /pages.php?therapy/n1?pid=1496 HTTP/1.1" 200 151790 "-" "Mozilla/5.0 AppleWebKit/537.36 (KHTML, like Gecko; compatible; GPTBot/1.3; +https://openai.com/gptbot)"
57.141.6.29 - - [24/Dec/2025:21:42:22 +0800] "GET /?products/26710585 HTTP/1.1" 200 - "-" "meta-externalagent/1.1 (+https://developers.facebook.com/docs/sharing/webmasters/crawler)"
74.7.241.30 - - [24/Dec/2025:21:42:22 +0800] "GET /pages.php?aside/c1?pid=1730 HTTP/1.1" 200 151657 "-" "Mozilla/5.0 AppleWebKit/537.36 (KHTML, like Gecko; compatible; GPTBot/1.3; +https://openai.com/gptbot)"
66.249.74.161 - - [24/Dec/2025:21:42:23 +0800] "GET /?products/18924674 HTTP/1.1" 200 148539 "-" "Mozilla/5.0 (Linux; Android 6.0.1; Nexus 5X Build/MMB29P) AppleWebKit/537.36 (KHTML, like Gecko) Chrome/141.0.7390.122 Mobile Safari/537.36 (compatible; GoogleOther)"
66.249.74.160 - - [24/Dec/2025:21:42:24 +0800] "GET /?products/8993374 HTTP/1.1" 200 149978 "-" "Mozilla/5.0 (Linux; Android 6.0.1; Nexus 5X Build/MMB29P) AppleWebKit/537.36 (KHTML, like Gecko) Chrome/141.0.7390.122 Mobile Safari/537.36 (compatible; GoogleOther)"
74.7.241.30 - - [24/Dec/2025:21:42:23 +0800] "GET /pages.php?bitter/i1?pid=7952 HTTP/1.1" 200 156696 "-" "Mozilla/5.0 AppleWebKit/537.36 (KHTML, like Gecko; compatible; GPTBot/1.3; +https://openai.com/gptbot)"
66.249.74.161 - - [24/Dec/2025:21:42:24 +0800] "GET /?products/1246607 HTTP/1.1" 200 150617 "-" "Mozilla/5.0 (Linux; Android 6.0.1; Nexus 5X Build/MMB29P) AppleWebKit/537.36 (KHTML, like Gecko) Chrome/141.0.7390.122 Mobile Safari/537.36 (compatible; GoogleOther)"
74.7.241.30 - - [24/Dec/2025:21:42:24 +0800] "GET /pages.php?suspicion/n1?pid=1496 HTTP/1.1" 200 152402 "-" "Mozilla/5.0 AppleWebKit/537.36 (KHTML, like Gecko; compatible; GPTBot/1.3; +https://openai.com/gptbot)"
74.7.241.30 - - [24/Dec/2025:21:42:25 +0800] "GET /pages.php?inspire/n1?pid=1496 HTTP/1.1" 200 151408 "-" "Mozilla/5.0 AppleWebKit/537.36 (KHTML, like Gecko; compatible; GPTBot/1.3; +https://openai.com/gptbot)"
74.7.241.30 - - [24/Dec/2025:21:42:26 +0800] "GET /pages.php?river/z1?pid=1662 HTTP/1.1" 200 152649 "-" "Mozilla/5.0 AppleWebKit/537.36 (KHTML, like Gecko; compatible; GPTBot/1.3; +https://openai.com/gptbot)"
74.7.241.30 - - [24/Dec/2025:21:42:27 +0800] "GET /pages.php?8561132 HTTP/1.1" 200 156213 "-" "Mozilla/5.0 AppleWebKit/537.36 (KHTML, like Gecko; compatible; GPTBot/1.3; +https://openai.com/gptbot)"
74.7.241.30 - - [24/Dec/2025:21:42:28 +0800] "GET /pages.php?gray/w65?pid=5236 HTTP/1.1" 200 141846 "-" "Mozilla/5.0 AppleWebKit/537.36 (KHTML, like Gecko; compatible; GPTBot/1.3; +https://openai.com/gptbot)"
74.7.241.30 - - [24/Dec/2025:21:42:29 +0800] "GET /pages.php?hunt/s23?pid=5384 HTTP/1.1" 200 145147 "-" "Mozilla/5.0 AppleWebKit/537.36 (KHTML, like Gecko; compatible; GPTBot/1.3; +https://openai.com/gptbot)"
74.7.241.30 - - [24/Dec/2025:21:42:30 +0800] "GET /pages.php?super/z1?pid=1498 HTTP/1.1" 200 156655 "-" "Mozilla/5.0 AppleWebKit/537.36 (KHTML, like Gecko; compatible; GPTBot/1.3; +https://openai.com/gptbot)"
74.7.241.30 - - [24/Dec/2025:21:42:30 +0800] "GET /pages.php?romance/o1?pid=1664 HTTP/1.1" 200 151974 "-" "Mozilla/5.0 AppleWebKit/537.36 (KHTML, like Gecko; compatible; GPTBot/1.3; +https://openai.com/gptbot)"
66.249.74.160 - - [24/Dec/2025:21:42:31 +0800] "GET /?products/30186396 HTTP/1.1" 200 155588 "-" "Mozilla/5.0 (Linux; Android 6.0.1; Nexus 5X Build/MMB29P) AppleWebKit/537.36 (KHTML, like Gecko) Chrome/141.0.7390.122 Mobile Safari/537.36 (compatible; Googlebot/2.1; +http://www.google.com/bot.html)"
74.7.241.30 - - [24/Dec/2025:21:42:31 +0800] "GET /pages.php?border/c1?pid=1730 HTTP/1.1" 200 151392 "-" "Mozilla/5.0 AppleWebKit/537.36 (KHTML, like Gecko; compatible; GPTBot/1.3; +https://openai.com/gptbot)"
74.7.241.30 - - [24/Dec/2025:21:42:32 +0800] "GET /pages.php?elsewhere/i1?pid=7952 HTTP/1.1" 200 156211 "-" "Mozilla/5.0 AppleWebKit/537.36 (KHTML, like Gecko; compatible; GPTBot/1.3; +https://openai.com/gptbot)"
57.141.6.32 - - [24/Dec/2025:21:42:33 +0800] "GET /?products/19895018 HTTP/1.1" 200 - "-" "meta-externalagent/1.1 (+https://developers.facebook.com/docs/sharing/webmasters/crawler)"
74.7.241.30 - - [24/Dec/2025:21:42:32 +0800] "GET /pages.php?differ/l1?pid=1820 HTTP/1.1" 200 151817 "-" "Mozilla/5.0 AppleWebKit/537.36 (KHTML, like Gecko; compatible; GPTBot/1.3; +https://openai.com/gptbot)"
74.7.241.30 - - [24/Dec/2025:21:42:33 +0800] "GET /pages.php?almost/t1?pid=1818 HTTP/1.1" 200 151573 "-" "Mozilla/5.0 AppleWebKit/537.36 (KHTML, like Gecko; compatible; GPTBot/1.3; +https://openai.com/gptbot)"
74.7.241.30 - - [24/Dec/2025:21:42:34 +0800] "GET /pages.php?critical/x211?pid=5630 HTTP/1.1" 200 149927 "-" "Mozilla/5.0 AppleWebKit/537.36 (KHTML, like Gecko; compatible; GPTBot/1.3; +https://openai.com/gptbot)"
66.249.74.169 - - [24/Dec/2025:21:42:35 +0800] "GET /?products/1095329 HTTP/1.1" 200 179373 "-" "Mozilla/5.0 (Linux; Android 6.0.1; Nexus 5X Build/MMB29P) AppleWebKit/537.36 (KHTML, like Gecko) Chrome/141.0.7390.122 Mobile Safari/537.36 (compatible; GoogleOther)"
74.7.241.30 - - [24/Dec/2025:21:42:35 +0800] "GET /pages.php?alcohol/n1?pid=1496 HTTP/1.1" 200 151562 "-" "Mozilla/5.0 AppleWebKit/537.36 (KHTML, like Gecko; compatible; GPTBot/1.3; +https://openai.com/gptbot)"
74.7.241.30 - - [24/Dec/2025:21:42:36 +0800] "GET /pages.php?along/w65?pid=5236 HTTP/1.1" 200 141919 "-" "Mozilla/5.0 AppleWebKit/537.36 (KHTML, like Gecko; compatible; GPTBot/1.3; +https://openai.com/gptbot)"
74.7.241.30 - - [24/Dec/2025:21:42:37 +0800] "GET /pages.php?surgery/l1?pid=1820 HTTP/1.1" 200 152347 "-" "Mozilla/5.0 AppleWebKit/537.36 (KHTML, like Gecko; compatible; GPTBot/1.3; +https://openai.com/gptbot)"
74.7.241.30 - - [24/Dec/2025:21:42:38 +0800] "GET /pages.php?faith/z1?pid=1662 HTTP/1.1" 200 152332 "-" "Mozilla/5.0 AppleWebKit/537.36 (KHTML, like Gecko; compatible; GPTBot/1.3; +https://openai.com/gptbot)"
66.249.74.169 - - [24/Dec/2025:21:42:39 +0800] "GET /?products/3650229 HTTP/1.1" 200 163220 "-" "Mozilla/5.0 (Linux; Android 6.0.1; Nexus 5X Build/MMB29P) AppleWebKit/537.36 (KHTML, like Gecko) Chrome/141.0.7390.122 Mobile Safari/537.36 (compatible; GoogleOther)"
74.7.241.30 - - [24/Dec/2025:21:42:39 +0800] "GET /pages.php?hello/n1?pid=1496 HTTP/1.1" 200 152053 "-" "Mozilla/5.0 AppleWebKit/537.36 (KHTML, like Gecko; compatible; GPTBot/1.3; +https://openai.com/gptbot)"
74.7.241.30 - - [24/Dec/2025:21:42:40 +0800] "GET /pages.php?middle/p1?pid=1680 HTTP/1.1" 200 151770 "-" "Mozilla/5.0 AppleWebKit/537.36 (KHTML, like Gecko; compatible; GPTBot/1.3; +https://openai.com/gptbot)"
74.7.241.30 - - [24/Dec/2025:21:42:41 +0800] "GET /pages.php?entity/i1?pid=7952 HTTP/1.1" 200 155654 "-" "Mozilla/5.0 AppleWebKit/537.36 (KHTML, like Gecko; compatible; GPTBot/1.3; +https://openai.com/gptbot)"
74.7.241.30 - - [24/Dec/2025:21:42:42 +0800] "GET /pages.php?enhance/e106?pid=9879 HTTP/1.1" 200 143231 "-" "Mozilla/5.0 AppleWebKit/537.36 (KHTML, like Gecko; compatible; GPTBot/1.3; +https://openai.com/gptbot)"
74.7.241.30 - - [24/Dec/2025:21:42:43 +0800] "GET /pages.php?read/x27?pid=12046 HTTP/1.1" 200 144209 "-" "Mozilla/5.0 AppleWebKit/537.36 (KHTML, like Gecko; compatible; GPTBot/1.3; +https://openai.com/gptbot)"
74.7.241.30 - - [24/Dec/2025:21:42:44 +0800] "GET /pages.php?dimension/g1?pid=1738 HTTP/1.1" 200 151910 "-" "Mozilla/5.0 AppleWebKit/537.36 (KHTML, like Gecko; compatible; GPTBot/1.3; +https://openai.com/gptbot)"
74.7.241.30 - - [24/Dec/2025:21:42:45 +0800] "GET /pages.php?pregnancy/c1?pid=1730 HTTP/1.1" 200 151989 "-" "Mozilla/5.0 AppleWebKit/537.36 (KHTML, like Gecko; compatible; GPTBot/1.3; +https://openai.com/gptbot)"
74.7.241.30 - - [24/Dec/2025:21:42:47 +0800] "GET /pages.php?hence/n1?pid=1496 HTTP/1.1" 200 151706 "-" "Mozilla/5.0 AppleWebKit/537.36 (KHTML, like Gecko; compatible; GPTBot/1.3; +https://openai.com/gptbot)"
74.7.241.30 - - [24/Dec/2025:21:42:48 +0800] "GET /pages.php?thigh/c1?pid=1730 HTTP/1.1" 200 151851 "-" "Mozilla/5.0 AppleWebKit/537.36 (KHTML, like Gecko; compatible; GPTBot/1.3; +https://openai.com/gptbot)"
74.7.241.30 - - [24/Dec/2025:21:42:48 +0800] "GET /pages.php?patient/q268?pid=6331 HTTP/1.1" 200 143774 "-" "Mozilla/5.0 AppleWebKit/537.36 (KHTML, like Gecko; compatible; GPTBot/1.3; +https://openai.com/gptbot)"
74.7.241.30 - - [24/Dec/2025:21:42:49 +0800] "GET /pages.php?twelve/l1?pid=1820 HTTP/1.1" 200 152453 "-" "Mozilla/5.0 AppleWebKit/537.36 (KHTML, like Gecko; compatible; GPTBot/1.3; +https://openai.com/gptbot)"
74.7.241.30 - - [24/Dec/2025:21:42:50 +0800] "GET /pages.php?nature/t1?pid=1818 HTTP/1.1" 200 152092 "-" "Mozilla/5.0 AppleWebKit/537.36 (KHTML, like Gecko; compatible; GPTBot/1.3; +https://openai.com/gptbot)"
74.7.241.30 - - [24/Dec/2025:21:42:51 +0800] "GET /pages.php?terribly/w12?pid=15267 HTTP/1.1" 200 152467 "-" "Mozilla/5.0 AppleWebKit/537.36 (KHTML, like Gecko; compatible; GPTBot/1.3; +https://openai.com/gptbot)"
74.7.241.30 - - [24/Dec/2025:21:42:52 +0800] "GET /pages.php?clear/z1?pid=1498 HTTP/1.1" 200 156593 "-" "Mozilla/5.0 AppleWebKit/537.36 (KHTML, like Gecko; compatible; GPTBot/1.3; +https://openai.com/gptbot)"
74.7.241.30 - - [24/Dec/2025:21:42:53 +0800] "GET /pages.php?laser/g1?pid=1738 HTTP/1.1" 200 151598 "-" "Mozilla/5.0 AppleWebKit/537.36 (KHTML, like Gecko; compatible; GPTBot/1.3; +https://openai.com/gptbot)"
74.7.241.30 - - [24/Dec/2025:21:42:54 +0800] "GET /pages.php?apparently/g1?pid=1738 HTTP/1.1" 200 151625 "-" "Mozilla/5.0 AppleWebKit/537.36 (KHTML, like Gecko; compatible; GPTBot/1.3; +https://openai.com/gptbot)"
74.7.241.30 - - [24/Dec/2025:21:42:55 +0800] "GET /pages.php?thought/c1?pid=1730 HTTP/1.1" 200 151913 "-" "Mozilla/5.0 AppleWebKit/537.36 (KHTML, like Gecko; compatible; GPTBot/1.3; +https://openai.com/gptbot)"
74.7.241.30 - - [24/Dec/2025:21:42:55 +0800] "GET /pages.php?nasty/n1?pid=1496 HTTP/1.1" 200 152119 "-" "Mozilla/5.0 AppleWebKit/537.36 (KHTML, like Gecko; compatible; GPTBot/1.3; +https://openai.com/gptbot)"
74.7.241.30 - - [24/Dec/2025:21:42:56 +0800] "GET /pages.php?swing/c1?pid=1730 HTTP/1.1" 200 152502 "-" "Mozilla/5.0 AppleWebKit/537.36 (KHTML, like Gecko; compatible; GPTBot/1.3; +https://openai.com/gptbot)"
74.7.241.30 - - [24/Dec/2025:21:42:57 +0800] "GET /pages.php?enjoy/t1?pid=1818 HTTP/1.1" 200 151799 "-" "Mozilla/5.0 AppleWebKit/537.36 (KHTML, like Gecko; compatible; GPTBot/1.3; +https://openai.com/gptbot)"
74.7.241.30 - - [24/Dec/2025:21:42:58 +0800] "GET /pages.php?channel=110e08&from=https://minyakwangi.bf1.my/cart.cgi?sheet/k225?pid=27288&y=2908815002796 HTTP/1.1" 200 141916 "-" "Mozilla/5.0 AppleWebKit/537.36 (KHTML, like Gecko; compatible; GPTBot/1.3; +https://openai.com/gptbot)"
57.141.6.2 - - [24/Dec/2025:21:42:59 +0800] "GET /?products/2991852 HTTP/1.1" 200 - "-" "meta-externalagent/1.1 (+https://developers.facebook.com/docs/sharing/webmasters/crawler)"
74.7.241.30 - - [24/Dec/2025:21:42:59 +0800] "GET /pages.php?mental/t1?pid=1818 HTTP/1.1" 200 151892 "-" "Mozilla/5.0 AppleWebKit/537.36 (KHTML, like Gecko; compatible; GPTBot/1.3; +https://openai.com/gptbot)"
74.7.241.30 - - [24/Dec/2025:21:43:00 +0800] "GET /pages.php?confident/t1?pid=1818 HTTP/1.1" 200 151598 "-" "Mozilla/5.0 AppleWebKit/537.36 (KHTML, like Gecko; compatible; GPTBot/1.3; +https://openai.com/gptbot)"
74.7.241.30 - - [24/Dec/2025:21:43:01 +0800] "GET /pages.php?additional/t1?pid=1818 HTTP/1.1" 200 151769 "-" "Mozilla/5.0 AppleWebKit/537.36 (KHTML, like Gecko; compatible; GPTBot/1.3; +https://openai.com/gptbot)"
74.7.241.30 - - [24/Dec/2025:21:43:02 +0800] "GET /pages.php?naked/t1?pid=1726 HTTP/1.1" 200 152199 "-" "Mozilla/5.0 AppleWebKit/537.36 (KHTML, like Gecko; compatible; GPTBot/1.3; +https://openai.com/gptbot)"
74.7.241.30 - - [24/Dec/2025:21:43:03 +0800] "GET /pages.php?monument/o4?pid=44655 HTTP/1.1" 200 146780 "-" "Mozilla/5.0 AppleWebKit/537.36 (KHTML, like Gecko; compatible; GPTBot/1.3; +https://openai.com/gptbot)"
74.7.241.30 - - [24/Dec/2025:21:43:04 +0800] "GET /pages.php?emotion/p1?pid=1680 HTTP/1.1" 200 151701 "-" "Mozilla/5.0 AppleWebKit/537.36 (KHTML, like Gecko; compatible; GPTBot/1.3; +https://openai.com/gptbot)"
57.141.6.16 - - [24/Dec/2025:21:43:05 +0800] "GET /?products/25574874 HTTP/1.1" 200 - "-" "meta-externalagent/1.1 (+https://developers.facebook.com/docs/sharing/webmasters/crawler)"
74.7.241.30 - - [24/Dec/2025:21:43:05 +0800] "GET /pages.php?rifle/t1?pid=1818 HTTP/1.1" 200 153162 "-" "Mozilla/5.0 AppleWebKit/537.36 (KHTML, like Gecko; compatible; GPTBot/1.3; +https://openai.com/gptbot)"
66.249.74.161 - - [24/Dec/2025:21:43:06 +0800] "GET /?products/5248929 HTTP/1.1" 200 160728 "-" "Mozilla/5.0 (Linux; Android 6.0.1; Nexus 5X Build/MMB29P) AppleWebKit/537.36 (KHTML, like Gecko) Chrome/141.0.7390.122 Mobile Safari/537.36 (compatible; Googlebot/2.1; +http://www.google.com/bot.html)"
74.7.241.30 - - [24/Dec/2025:21:43:06 +0800] "GET /pages.php?coalition/z93?pid=5780 HTTP/1.1" 200 143399 "-" "Mozilla/5.0 AppleWebKit/537.36 (KHTML, like Gecko; compatible; GPTBot/1.3; +https://openai.com/gptbot)"
74.7.241.30 - - [24/Dec/2025:21:43:07 +0800] "GET /pages.php?dough/z1?pid=1662 HTTP/1.1" 200 153136 "-" "Mozilla/5.0 AppleWebKit/537.36 (KHTML, like Gecko; compatible; GPTBot/1.3; +https://openai.com/gptbot)"
74.7.241.30 - - [24/Dec/2025:21:43:08 +0800] "GET /pages.php?scary/o1?pid=1664 HTTP/1.1" 200 151776 "-" "Mozilla/5.0 AppleWebKit/537.36 (KHTML, like Gecko; compatible; GPTBot/1.3; +https://openai.com/gptbot)"
74.7.241.30 - - [24/Dec/2025:21:43:09 +0800] "GET /pages.php?doubt/a46?pid=553 HTTP/1.1" 200 152154 "-" "Mozilla/5.0 AppleWebKit/537.36 (KHTML, like Gecko; compatible; GPTBot/1.3; +https://openai.com/gptbot)"
74.7.241.30 - - [24/Dec/2025:21:43:10 +0800] "GET /pages.php?study/y1?pid=1822 HTTP/1.1" 200 152844 "-" "Mozilla/5.0 AppleWebKit/537.36 (KHTML, like Gecko; compatible; GPTBot/1.3; +https://openai.com/gptbot)"
74.7.241.30 - - [24/Dec/2025:21:43:11 +0800] "GET /pages.php?together/o1?pid=1664 HTTP/1.1" 200 152051 "-" "Mozilla/5.0 AppleWebKit/537.36 (KHTML, like Gecko; compatible; GPTBot/1.3; +https://openai.com/gptbot)"
74.7.241.30 - - [24/Dec/2025:21:43:13 +0800] "GET /pages.php?tight/z1?pid=1662 HTTP/1.1" 200 152196 "-" "Mozilla/5.0 AppleWebKit/537.36 (KHTML, like Gecko; compatible; GPTBot/1.3; +https://openai.com/gptbot)"
74.7.241.30 - - [24/Dec/2025:21:43:14 +0800] "GET /pages.php?minister/r215?pid=5152 HTTP/1.1" 200 166955 "-" "Mozilla/5.0 AppleWebKit/537.36 (KHTML, like Gecko; compatible; GPTBot/1.3; +https://openai.com/gptbot)"
74.7.241.30 - - [24/Dec/2025:21:43:15 +0800] "GET /pages.php?general/z1?pid=1498 HTTP/1.1" 200 156552 "-" "Mozilla/5.0 AppleWebKit/537.36 (KHTML, like Gecko; compatible; GPTBot/1.3; +https://openai.com/gptbot)"
74.7.241.30 - - [24/Dec/2025:21:43:16 +0800] "GET /pages.php?sleep/c1?pid=1730 HTTP/1.1" 200 152268 "-" "Mozilla/5.0 AppleWebKit/537.36 (KHTML, like Gecko; compatible; GPTBot/1.3; +https://openai.com/gptbot)"
66.249.74.169 - - [24/Dec/2025:21:43:17 +0800] "GET /?m=474682424 HTTP/1.1" 200 204481 "-" "Mozilla/5.0 (Linux; Android 6.0.1; Nexus 5X Build/MMB29P) AppleWebKit/537.36 (KHTML, like Gecko) Chrome/141.0.7390.122 Mobile Safari/537.36 (compatible; Googlebot/2.1; +http://www.google.com/bot.html)"
74.7.241.30 - - [24/Dec/2025:21:43:17 +0800] "GET /pages.php?standard/r92?pid=39005 HTTP/1.1" 200 155182 "-" "Mozilla/5.0 AppleWebKit/537.36 (KHTML, like Gecko; compatible; GPTBot/1.3; +https://openai.com/gptbot)"
74.7.241.30 - - [24/Dec/2025:21:43:18 +0800] "GET /pages.php?collector/z93?pid=5780 HTTP/1.1" 200 143972 "-" "Mozilla/5.0 AppleWebKit/537.36 (KHTML, like Gecko; compatible; GPTBot/1.3; +https://openai.com/gptbot)"
74.7.241.30 - - [24/Dec/2025:21:43:20 +0800] "GET /pages.php?liability/y1?pid=1822 HTTP/1.1" 200 152301 "-" "Mozilla/5.0 AppleWebKit/537.36 (KHTML, like Gecko; compatible; GPTBot/1.3; +https://openai.com/gptbot)"
66.249.74.169 - - [24/Dec/2025:21:43:21 +0800] "GET /?products/25821518 HTTP/1.1" 200 161515 "-" "Mozilla/5.0 (Linux; Android 6.0.1; Nexus 5X Build/MMB29P) AppleWebKit/537.36 (KHTML, like Gecko) Chrome/141.0.7390.122 Mobile Safari/537.36 (compatible; Googlebot/2.1; +http://www.google.com/bot.html)"
74.7.241.30 - - [24/Dec/2025:21:43:21 +0800] "GET /pages.php?tough/t1?pid=1818 HTTP/1.1" 200 151768 "-" "Mozilla/5.0 AppleWebKit/537.36 (KHTML, like Gecko; compatible; GPTBot/1.3; +https://openai.com/gptbot)"
57.141.6.4 - - [24/Dec/2025:21:43:23 +0800] "GET /?products/23781474 HTTP/1.1" 200 - "-" "meta-externalagent/1.1 (+https://developers.facebook.com/docs/sharing/webmasters/crawler)"
74.7.241.30 - - [24/Dec/2025:21:43:22 +0800] "GET /pages.php?beard/y25?pid=580 HTTP/1.1" 200 151009 "-" "Mozilla/5.0 AppleWebKit/537.36 (KHTML, like Gecko; compatible; GPTBot/1.3; +https://openai.com/gptbot)"
74.7.241.30 - - [24/Dec/2025:21:43:23 +0800] "GET /pages.php?thirty/t1?pid=1818 HTTP/1.1" 200 152073 "-" "Mozilla/5.0 AppleWebKit/537.36 (KHTML, like Gecko; compatible; GPTBot/1.3; +https://openai.com/gptbot)"
74.7.241.30 - - [24/Dec/2025:21:43:24 +0800] "GET /pages.php?disagree/b22?pid=5685 HTTP/1.1" 200 163567 "-" "Mozilla/5.0 AppleWebKit/537.36 (KHTML, like Gecko; compatible; GPTBot/1.3; +https://openai.com/gptbot)"
74.7.241.30 - - [24/Dec/2025:21:43:25 +0800] "GET /pages.php?carrier/l1?pid=1820 HTTP/1.1" 200 152027 "-" "Mozilla/5.0 AppleWebKit/537.36 (KHTML, like Gecko; compatible; GPTBot/1.3; +https://openai.com/gptbot)"
74.7.241.30 - - [24/Dec/2025:21:43:26 +0800] "GET /pages.php?pepper/o1?pid=1664 HTTP/1.1" 200 151885 "-" "Mozilla/5.0 AppleWebKit/537.36 (KHTML, like Gecko; compatible; GPTBot/1.3; +https://openai.com/gptbot)"
74.7.241.30 - - [24/Dec/2025:21:43:27 +0800] "GET /pages.php?illegal/c1?pid=1730 HTTP/1.1" 200 152384 "-" "Mozilla/5.0 AppleWebKit/537.36 (KHTML, like Gecko; compatible; GPTBot/1.3; +https://openai.com/gptbot)"
74.7.241.30 - - [24/Dec/2025:21:43:28 +0800] "GET /pages.php?danger/k44?pid=941 HTTP/1.1" 200 143516 "-" "Mozilla/5.0 AppleWebKit/537.36 (KHTML, like Gecko; compatible; GPTBot/1.3; +https://openai.com/gptbot)"
74.7.241.30 - - [24/Dec/2025:21:43:29 +0800] "GET /pages.php?item/u275/85/ HTTP/1.1" 200 151223 "-" "Mozilla/5.0 AppleWebKit/537.36 (KHTML, like Gecko; compatible; GPTBot/1.3; +https://openai.com/gptbot)"
57.141.6.33 - - [24/Dec/2025:21:43:31 +0800] "GET /?products/7101063 HTTP/1.1" 200 - "-" "meta-externalagent/1.1 (+https://developers.facebook.com/docs/sharing/webmasters/crawler)"
66.249.74.169 - - [24/Dec/2025:21:43:31 +0800] "GET /?products/15187130 HTTP/1.1" 200 142305 "-" "Mozilla/5.0 (compatible; Googlebot/2.1; +http://www.google.com/bot.html)"
74.7.241.30 - - [24/Dec/2025:21:43:30 +0800] "GET /pages.php?suite/l1?pid=1820 HTTP/1.1" 200 151896 "-" "Mozilla/5.0 AppleWebKit/537.36 (KHTML, like Gecko; compatible; GPTBot/1.3; +https://openai.com/gptbot)"
74.7.241.30 - - [24/Dec/2025:21:43:32 +0800] "GET /pages.php?supporter/t1?pid=1726 HTTP/1.1" 200 152090 "-" "Mozilla/5.0 AppleWebKit/537.36 (KHTML, like Gecko; compatible; GPTBot/1.3; +https://openai.com/gptbot)"
74.7.241.30 - - [24/Dec/2025:21:43:33 +0800] "GET /pages.php?lobby/z1?pid=1662 HTTP/1.1" 200 152619 "-" "Mozilla/5.0 AppleWebKit/537.36 (KHTML, like Gecko; compatible; GPTBot/1.3; +https://openai.com/gptbot)"
74.7.241.30 - - [24/Dec/2025:21:43:34 +0800] "GET /pages.php?reveal/t1?pid=1818 HTTP/1.1" 200 152439 "-" "Mozilla/5.0 AppleWebKit/537.36 (KHTML, like Gecko; compatible; GPTBot/1.3; +https://openai.com/gptbot)"
74.7.241.30 - - [24/Dec/2025:21:43:35 +0800] "GET /pages.php?rebel/p1?pid=1680 HTTP/1.1" 200 151490 "-" "Mozilla/5.0 AppleWebKit/537.36 (KHTML, like Gecko; compatible; GPTBot/1.3; +https://openai.com/gptbot)"
74.7.241.30 - - [24/Dec/2025:21:43:36 +0800] "GET /pages.php?trend/f1?pid=1728 HTTP/1.1" 200 151986 "-" "Mozilla/5.0 AppleWebKit/537.36 (KHTML, like Gecko; compatible; GPTBot/1.3; +https://openai.com/gptbot)"
74.7.241.30 - - [24/Dec/2025:21:43:37 +0800] "GET /pages.php?jewelry/p1?pid=1680 HTTP/1.1" 200 151787 "-" "Mozilla/5.0 AppleWebKit/537.36 (KHTML, like Gecko; compatible; GPTBot/1.3; +https://openai.com/gptbot)"
74.7.241.30 - - [24/Dec/2025:21:43:38 +0800] "GET /pages.php?thread/b56?pid=24573 HTTP/1.1" 200 148548 "-" "Mozilla/5.0 AppleWebKit/537.36 (KHTML, like Gecko; compatible; GPTBot/1.3; +https://openai.com/gptbot)"
74.7.241.30 - - [24/Dec/2025:21:43:39 +0800] "GET /pages.php?forum/l205?pid=37642 HTTP/1.1" 200 149352 "-" "Mozilla/5.0 AppleWebKit/537.36 (KHTML, like Gecko; compatible; GPTBot/1.3; +https://openai.com/gptbot)"
74.7.241.30 - - [24/Dec/2025:21:43:41 +0800] "GET /pages.php?opposition/l1?pid=1820 HTTP/1.1" 200 152305 "-" "Mozilla/5.0 AppleWebKit/537.36 (KHTML, like Gecko; compatible; GPTBot/1.3; +https://openai.com/gptbot)"
74.7.241.30 - - [24/Dec/2025:21:43:42 +0800] "GET /pages.php?voting/o1?pid=1664 HTTP/1.1" 200 151776 "-" "Mozilla/5.0 AppleWebKit/537.36 (KHTML, like Gecko; compatible; GPTBot/1.3; +https://openai.com/gptbot)"
74.7.241.30 - - [24/Dec/2025:21:43:44 +0800] "GET /pages.php?gathering/y1?pid=1822 HTTP/1.1" 200 152310 "-" "Mozilla/5.0 AppleWebKit/537.36 (KHTML, like Gecko; compatible; GPTBot/1.3; +https://openai.com/gptbot)"
74.7.241.30 - - [24/Dec/2025:21:43:45 +0800] "GET /pages.php?blame/o1?pid=1664 HTTP/1.1" 200 152182 "-" "Mozilla/5.0 AppleWebKit/537.36 (KHTML, like Gecko; compatible; GPTBot/1.3; +https://openai.com/gptbot)"
74.7.241.30 - - [24/Dec/2025:21:43:46 +0800] "GET /pages.php?debris/l2?pid=8751 HTTP/1.1" 200 147566 "-" "Mozilla/5.0 AppleWebKit/537.36 (KHTML, like Gecko; compatible; GPTBot/1.3; +https://openai.com/gptbot)"
74.7.241.30 - - [24/Dec/2025:21:43:47 +0800] "GET /pages.php?display/p1?pid=1680 HTTP/1.1" 200 152062 "-" "Mozilla/5.0 AppleWebKit/537.36 (KHTML, like Gecko; compatible; GPTBot/1.3; +https://openai.com/gptbot)"
74.7.241.30 - - [24/Dec/2025:21:43:48 +0800] "GET /pages.php?avoid/y1?pid=1822 HTTP/1.1" 200 152636 "-" "Mozilla/5.0 AppleWebKit/537.36 (KHTML, like Gecko; compatible; GPTBot/1.3; +https://openai.com/gptbot)"
74.7.241.30 - - [24/Dec/2025:21:43:50 +0800] "GET /pages.php?permanent/b241?pid=822 HTTP/1.1" 200 150984 "-" "Mozilla/5.0 AppleWebKit/537.36 (KHTML, like Gecko; compatible; GPTBot/1.3; +https://openai.com/gptbot)"
74.7.241.30 - - [24/Dec/2025:21:43:50 +0800] "GET /pages.php?youngster/b56?pid=24573 HTTP/1.1" 200 149019 "-" "Mozilla/5.0 AppleWebKit/537.36 (KHTML, like Gecko; compatible; GPTBot/1.3; +https://openai.com/gptbot)"
74.7.241.30 - - [24/Dec/2025:21:43:51 +0800] "GET /pages.php?ring/w68?pid=4575 HTTP/1.1" 200 141889 "-" "Mozilla/5.0 AppleWebKit/537.36 (KHTML, like Gecko; compatible; GPTBot/1.3; +https://openai.com/gptbot)"
74.7.241.30 - - [24/Dec/2025:21:43:52 +0800] "GET /pages.php?reach/l1?pid=1820 HTTP/1.1" 200 152080 "-" "Mozilla/5.0 AppleWebKit/537.36 (KHTML, like Gecko; compatible; GPTBot/1.3; +https://openai.com/gptbot)"
74.7.241.30 - - [24/Dec/2025:21:43:53 +0800] "GET /pages.php?stone/c1?pid=1730 HTTP/1.1" 200 152325 "-" "Mozilla/5.0 AppleWebKit/537.36 (KHTML, like Gecko; compatible; GPTBot/1.3; +https://openai.com/gptbot)"
74.7.241.30 - - [24/Dec/2025:21:43:54 +0800] "GET /pages.php?significant/c1?pid=1730 HTTP/1.1" 200 151693 "-" "Mozilla/5.0 AppleWebKit/537.36 (KHTML, like Gecko; compatible; GPTBot/1.3; +https://openai.com/gptbot)"
74.7.241.30 - - [24/Dec/2025:21:43:54 +0800] "GET /pages.php?specialize/y1?pid=1822 HTTP/1.1" 200 153084 "-" "Mozilla/5.0 AppleWebKit/537.36 (KHTML, like Gecko; compatible; GPTBot/1.3; +https://openai.com/gptbot)"
74.7.241.30 - - [24/Dec/2025:21:43:55 +0800] "GET /pages.php?threat/l2?pid=8751 HTTP/1.1" 200 147047 "-" "Mozilla/5.0 AppleWebKit/537.36 (KHTML, like Gecko; compatible; GPTBot/1.3; +https://openai.com/gptbot)"
74.7.241.30 - - [24/Dec/2025:21:43:56 +0800] "GET /pages.php?method/p1?pid=1680 HTTP/1.1" 200 151727 "-" "Mozilla/5.0 AppleWebKit/537.36 (KHTML, like Gecko; compatible; GPTBot/1.3; +https://openai.com/gptbot)"
74.7.241.30 - - [24/Dec/2025:21:43:57 +0800] "GET /pages.php?rope/d7?pid=36230 HTTP/1.1" 200 144258 "-" "Mozilla/5.0 AppleWebKit/537.36 (KHTML, like Gecko; compatible; GPTBot/1.3; +https://openai.com/gptbot)"
74.7.241.30 - - [24/Dec/2025:21:43:57 +0800] "GET /pages.php?weakness/b241?pid=822 HTTP/1.1" 200 151387 "-" "Mozilla/5.0 AppleWebKit/537.36 (KHTML, like Gecko; compatible; GPTBot/1.3; +https://openai.com/gptbot)"
66.249.74.169 - - [24/Dec/2025:21:43:59 +0800] "GET /?m=216023824 HTTP/1.1" 200 153661 "-" "Mozilla/5.0 (compatible; Googlebot/2.1; +http://www.google.com/bot.html)"
74.7.241.30 - - [24/Dec/2025:21:43:58 +0800] "GET /pages.php?conclude/q228?pid=1809 HTTP/1.1" 200 144822 "-" "Mozilla/5.0 AppleWebKit/537.36 (KHTML, like Gecko; compatible; GPTBot/1.3; +https://openai.com/gptbot)"
74.7.241.30 - - [24/Dec/2025:21:43:59 +0800] "GET /pages.php?cooperate/w68?pid=4575 HTTP/1.1" 200 142313 "-" "Mozilla/5.0 AppleWebKit/537.36 (KHTML, like Gecko; compatible; GPTBot/1.3; +https://openai.com/gptbot)"
66.249.74.169 - - [24/Dec/2025:21:44:00 +0800] "GET /?products/13314296 HTTP/1.1" 200 155823 "-" "Mozilla/5.0 (Linux; Android 6.0.1; Nexus 5X Build/MMB29P) AppleWebKit/537.36 (KHTML, like Gecko) Chrome/141.0.7390.122 Mobile Safari/537.36 (compatible; Googlebot/2.1; +http://www.google.com/bot.html)"
74.7.241.30 - - [24/Dec/2025:21:44:00 +0800] "GET /pages.php?lecture/t1?pid=1818 HTTP/1.1" 200 151931 "-" "Mozilla/5.0 AppleWebKit/537.36 (KHTML, like Gecko; compatible; GPTBot/1.3; +https://openai.com/gptbot)"
74.7.241.30 - - [24/Dec/2025:21:44:01 +0800] "GET /pages.php?manner/g1?pid=1738 HTTP/1.1" 200 152164 "-" "Mozilla/5.0 AppleWebKit/537.36 (KHTML, like Gecko; compatible; GPTBot/1.3; +https://openai.com/gptbot)"
74.7.241.30 - - [24/Dec/2025:21:44:01 +0800] "GET /pages.php?component/t1?pid=1726 HTTP/1.1" 200 152065 "-" "Mozilla/5.0 AppleWebKit/537.36 (KHTML, like Gecko; compatible; GPTBot/1.3; +https://openai.com/gptbot)"
74.7.241.30 - - [24/Dec/2025:21:44:02 +0800] "GET /pages.php?definition/y1?pid=1822 HTTP/1.1" 200 152385 "-" "Mozilla/5.0 AppleWebKit/537.36 (KHTML, like Gecko; compatible; GPTBot/1.3; +https://openai.com/gptbot)"
74.7.241.30 - - [24/Dec/2025:21:44:03 +0800] "GET /pages.php?mechanical/c1?pid=1730 HTTP/1.1" 200 152055 "-" "Mozilla/5.0 AppleWebKit/537.36 (KHTML, like Gecko; compatible; GPTBot/1.3; +https://openai.com/gptbot)"
74.7.241.30 - - [24/Dec/2025:21:44:04 +0800] "GET /pages.php?pure/z3?pid=22772 HTTP/1.1" 200 150203 "-" "Mozilla/5.0 AppleWebKit/537.36 (KHTML, like Gecko; compatible; GPTBot/1.3; +https://openai.com/gptbot)"
74.7.241.30 - - [24/Dec/2025:21:44:04 +0800] "GET /pages.php?9280941 HTTP/1.1" 200 143312 "-" "Mozilla/5.0 AppleWebKit/537.36 (KHTML, like Gecko; compatible; GPTBot/1.3; +https://openai.com/gptbot)"
74.7.241.30 - - [24/Dec/2025:21:44:06 +0800] "GET /pages.php?example/p1?pid=1680 HTTP/1.1" 200 151416 "-" "Mozilla/5.0 AppleWebKit/537.36 (KHTML, like Gecko; compatible; GPTBot/1.3; +https://openai.com/gptbot)"
