74.7.241.30 - - [24/Dec/2025:21:59:18 +0800] "GET /pages.php?feeling/g1?pid=1738 HTTP/1.1" 200 151593 "-" "Mozilla/5.0 AppleWebKit/537.36 (KHTML, like Gecko; compatible; GPTBot/1.3; +https://openai.com/gptbot)"
74.7.241.30 - - [24/Dec/2025:21:59:18 +0800] "GET /pages.php?expensive/z1?pid=1662 HTTP/1.1" 200 152143 "-" "Mozilla/5.0 AppleWebKit/537.36 (KHTML, like Gecko; compatible; GPTBot/1.3; +https://openai.com/gptbot)"
74.7.241.30 - - [24/Dec/2025:21:59:19 +0800] "GET /pages.php?innovation/y1?pid=1822 HTTP/1.1" 200 152005 "-" "Mozilla/5.0 AppleWebKit/537.36 (KHTML, like Gecko; compatible; GPTBot/1.3; +https://openai.com/gptbot)"
74.7.241.30 - - [24/Dec/2025:21:59:20 +0800] "GET /pages.php?unless/f1?pid=1728 HTTP/1.1" 200 151541 "-" "Mozilla/5.0 AppleWebKit/537.36 (KHTML, like Gecko; compatible; GPTBot/1.3; +https://openai.com/gptbot)"
74.7.241.30 - - [24/Dec/2025:21:59:21 +0800] "GET /pages.php?talent/t1?pid=1726 HTTP/1.1" 200 151668 "-" "Mozilla/5.0 AppleWebKit/537.36 (KHTML, like Gecko; compatible; GPTBot/1.3; +https://openai.com/gptbot)"
74.7.241.30 - - [24/Dec/2025:21:59:22 +0800] "GET /pages.php?provided/e92?pid=28257 HTTP/1.1" 200 153251 "-" "Mozilla/5.0 AppleWebKit/537.36 (KHTML, like Gecko; compatible; GPTBot/1.3; +https://openai.com/gptbot)"
74.7.241.30 - - [24/Dec/2025:21:59:24 +0800] "GET /pages.php?exploit/f41?pid=41224 HTTP/1.1" 200 142695 "-" "Mozilla/5.0 AppleWebKit/537.36 (KHTML, like Gecko; compatible; GPTBot/1.3; +https://openai.com/gptbot)"
66.249.74.169 - - [24/Dec/2025:21:59:26 +0800] "GET /?products/4814907 HTTP/1.1" 200 148581 "-" "Mozilla/5.0 (Linux; Android 6.0.1; Nexus 5X Build/MMB29P) AppleWebKit/537.36 (KHTML, like Gecko) Chrome/141.0.7390.122 Mobile Safari/537.36 (compatible; Googlebot/2.1; +http://www.google.com/bot.html)"
74.7.241.30 - - [24/Dec/2025:21:59:25 +0800] "GET /pages.php?stress/t1?pid=1726 HTTP/1.1" 200 151770 "-" "Mozilla/5.0 AppleWebKit/537.36 (KHTML, like Gecko; compatible; GPTBot/1.3; +https://openai.com/gptbot)"
66.249.74.169 - - [24/Dec/2025:21:59:27 +0800] "GET /?products/25057185 HTTP/1.1" 200 156550 "-" "Mozilla/5.0 (Linux; Android 6.0.1; Nexus 5X Build/MMB29P) AppleWebKit/537.36 (KHTML, like Gecko) Chrome/141.0.7390.122 Mobile Safari/537.36 (compatible; GoogleOther)"
74.7.241.30 - - [24/Dec/2025:21:59:26 +0800] "GET /pages.php?function/j87?pid=35564 HTTP/1.1" 200 154817 "-" "Mozilla/5.0 AppleWebKit/537.36 (KHTML, like Gecko; compatible; GPTBot/1.3; +https://openai.com/gptbot)"
66.249.74.169 - - [24/Dec/2025:21:59:28 +0800] "GET /?products/24944407 HTTP/1.1" 200 162220 "-" "Mozilla/5.0 (Linux; Android 6.0.1; Nexus 5X Build/MMB29P) AppleWebKit/537.36 (KHTML, like Gecko) Chrome/141.0.7390.122 Mobile Safari/537.36 (compatible; GoogleOther)"
74.7.241.30 - - [24/Dec/2025:21:59:27 +0800] "GET /pages.php?expertise/f1?pid=1728 HTTP/1.1" 200 152257 "-" "Mozilla/5.0 AppleWebKit/537.36 (KHTML, like Gecko; compatible; GPTBot/1.3; +https://openai.com/gptbot)"
74.7.241.30 - - [24/Dec/2025:21:59:28 +0800] "GET /pages.php?garage/c1?pid=1730 HTTP/1.1" 200 151335 "-" "Mozilla/5.0 AppleWebKit/537.36 (KHTML, like Gecko; compatible; GPTBot/1.3; +https://openai.com/gptbot)"
74.7.241.30 - - [24/Dec/2025:21:59:30 +0800] "GET /pages.php?independent/z1?pid=1498 HTTP/1.1" 200 156587 "-" "Mozilla/5.0 AppleWebKit/537.36 (KHTML, like Gecko; compatible; GPTBot/1.3; +https://openai.com/gptbot)"
74.7.241.30 - - [24/Dec/2025:21:59:30 +0800] "GET /pages.php?accelerate/y45?pid=48610 HTTP/1.1" 200 142246 "-" "Mozilla/5.0 AppleWebKit/537.36 (KHTML, like Gecko; compatible; GPTBot/1.3; +https://openai.com/gptbot)"
74.7.241.30 - - [24/Dec/2025:21:59:31 +0800] "GET /pages.php?exploit/y1?pid=1822 HTTP/1.1" 200 152608 "-" "Mozilla/5.0 AppleWebKit/537.36 (KHTML, like Gecko; compatible; GPTBot/1.3; +https://openai.com/gptbot)"
74.7.241.30 - - [24/Dec/2025:21:59:33 +0800] "GET /pages.php?recruit/g1?pid=1738 HTTP/1.1" 200 151634 "-" "Mozilla/5.0 AppleWebKit/537.36 (KHTML, like Gecko; compatible; GPTBot/1.3; +https://openai.com/gptbot)"
74.7.241.30 - - [24/Dec/2025:21:59:34 +0800] "GET /pages.php?himself/c1?pid=1730 HTTP/1.1" 200 152584 "-" "Mozilla/5.0 AppleWebKit/537.36 (KHTML, like Gecko; compatible; GPTBot/1.3; +https://openai.com/gptbot)"
74.7.241.30 - - [24/Dec/2025:21:59:36 +0800] "GET /pages.php?mushroom/f41?pid=41224 HTTP/1.1" 200 142389 "-" "Mozilla/5.0 AppleWebKit/537.36 (KHTML, like Gecko; compatible; GPTBot/1.3; +https://openai.com/gptbot)"
57.141.6.8 - - [24/Dec/2025:21:59:37 +0800] "GET /?products/1116196 HTTP/1.1" 200 - "-" "meta-externalagent/1.1 (+https://developers.facebook.com/docs/sharing/webmasters/crawler)"
74.7.241.30 - - [24/Dec/2025:21:59:37 +0800] "GET /pages.php?religious/o1?pid=1664 HTTP/1.1" 200 151906 "-" "Mozilla/5.0 AppleWebKit/537.36 (KHTML, like Gecko; compatible; GPTBot/1.3; +https://openai.com/gptbot)"
74.7.241.30 - - [24/Dec/2025:21:59:38 +0800] "GET /pages.php?classic/t1?pid=1818 HTTP/1.1" 200 151955 "-" "Mozilla/5.0 AppleWebKit/537.36 (KHTML, like Gecko; compatible; GPTBot/1.3; +https://openai.com/gptbot)"
66.249.74.169 - - [24/Dec/2025:21:59:39 +0800] "GET /?products/9784363 HTTP/1.1" 200 142444 "-" "Mozilla/5.0 (Linux; Android 6.0.1; Nexus 5X Build/MMB29P) AppleWebKit/537.36 (KHTML, like Gecko) Chrome/141.0.7390.122 Mobile Safari/537.36 (compatible; GoogleOther)"
74.7.241.30 - - [24/Dec/2025:21:59:39 +0800] "GET /pages.php?read/w28?pid=20725 HTTP/1.1" 200 146797 "-" "Mozilla/5.0 AppleWebKit/537.36 (KHTML, like Gecko; compatible; GPTBot/1.3; +https://openai.com/gptbot)"
74.7.241.30 - - [24/Dec/2025:21:59:39 +0800] "GET /pages.php?proceed/c1?pid=1730 HTTP/1.1" 200 152081 "-" "Mozilla/5.0 AppleWebKit/537.36 (KHTML, like Gecko; compatible; GPTBot/1.3; +https://openai.com/gptbot)"
74.7.241.30 - - [24/Dec/2025:21:59:41 +0800] "GET /pages.php?shift/g1?pid=1738 HTTP/1.1" 200 151723 "-" "Mozilla/5.0 AppleWebKit/537.36 (KHTML, like Gecko; compatible; GPTBot/1.3; +https://openai.com/gptbot)"
66.249.74.169 - - [24/Dec/2025:21:59:42 +0800] "GET /?products/9498007 HTTP/1.1" 200 168090 "-" "Mozilla/5.0 (Linux; Android 6.0.1; Nexus 5X Build/MMB29P) AppleWebKit/537.36 (KHTML, like Gecko) Chrome/141.0.7390.122 Mobile Safari/537.36 (compatible; GoogleOther)"
74.7.241.30 - - [24/Dec/2025:21:59:42 +0800] "GET /pages.php?steal/f1?pid=1728 HTTP/1.1" 200 152424 "-" "Mozilla/5.0 AppleWebKit/537.36 (KHTML, like Gecko; compatible; GPTBot/1.3; +https://openai.com/gptbot)"
74.7.241.30 - - [24/Dec/2025:21:59:43 +0800] "GET /pages.php?discussion/t1?pid=1818 HTTP/1.1" 200 151911 "-" "Mozilla/5.0 AppleWebKit/537.36 (KHTML, like Gecko; compatible; GPTBot/1.3; +https://openai.com/gptbot)"
74.7.241.30 - - [24/Dec/2025:21:59:44 +0800] "GET /pages.php?assist/g1?pid=1738 HTTP/1.1" 200 152079 "-" "Mozilla/5.0 AppleWebKit/537.36 (KHTML, like Gecko; compatible; GPTBot/1.3; +https://openai.com/gptbot)"
74.7.241.30 - - [24/Dec/2025:21:59:44 +0800] "GET /pages.php?kneel/y1?pid=1822 HTTP/1.1" 200 152068 "-" "Mozilla/5.0 AppleWebKit/537.36 (KHTML, like Gecko; compatible; GPTBot/1.3; +https://openai.com/gptbot)"
74.7.241.30 - - [24/Dec/2025:21:59:45 +0800] "GET /pages.php?alarm/f1?pid=1728 HTTP/1.1" 200 151492 "-" "Mozilla/5.0 AppleWebKit/537.36 (KHTML, like Gecko; compatible; GPTBot/1.3; +https://openai.com/gptbot)"
66.249.74.169 - - [24/Dec/2025:21:59:46 +0800] "GET /?products/15370996 HTTP/1.1" 200 152179 "-" "Mozilla/5.0 (Linux; Android 6.0.1; Nexus 5X Build/MMB29P) AppleWebKit/537.36 (KHTML, like Gecko) Chrome/141.0.7390.122 Mobile Safari/537.36 (compatible; GoogleOther)"
66.249.74.169 - - [24/Dec/2025:21:59:46 +0800] "GET /?products/18118663 HTTP/1.1" 200 143755 "-" "Mozilla/5.0 (Linux; Android 6.0.1; Nexus 5X Build/MMB29P) AppleWebKit/537.36 (KHTML, like Gecko) Chrome/141.0.7390.122 Mobile Safari/537.36 (compatible; GoogleOther)"
74.7.241.30 - - [24/Dec/2025:21:59:46 +0800] "GET /pages.php?chest/f31?pid=2120 HTTP/1.1" 200 143148 "-" "Mozilla/5.0 AppleWebKit/537.36 (KHTML, like Gecko; compatible; GPTBot/1.3; +https://openai.com/gptbot)"
66.249.74.169 - - [24/Dec/2025:21:59:47 +0800] "GET /?products/22151374 HTTP/1.1" 200 146736 "-" "Mozilla/5.0 (Linux; Android 6.0.1; Nexus 5X Build/MMB29P) AppleWebKit/537.36 (KHTML, like Gecko) Chrome/141.0.7390.122 Mobile Safari/537.36 (compatible; GoogleOther)"
74.7.241.30 - - [24/Dec/2025:21:59:47 +0800] "GET /pages.php?practical/c1?pid=1730 HTTP/1.1" 200 152296 "-" "Mozilla/5.0 AppleWebKit/537.36 (KHTML, like Gecko; compatible; GPTBot/1.3; +https://openai.com/gptbot)"
74.7.241.30 - - [24/Dec/2025:21:59:48 +0800] "GET /pages.php?knee/o99?pid=8352 HTTP/1.1" 200 143174 "-" "Mozilla/5.0 AppleWebKit/537.36 (KHTML, like Gecko; compatible; GPTBot/1.3; +https://openai.com/gptbot)"
74.7.241.30 - - [24/Dec/2025:21:59:49 +0800] "GET /pages.php?tragic/t1?pid=1726 HTTP/1.1" 200 151926 "-" "Mozilla/5.0 AppleWebKit/537.36 (KHTML, like Gecko; compatible; GPTBot/1.3; +https://openai.com/gptbot)"
57.141.6.33 - - [24/Dec/2025:21:59:50 +0800] "GET /?products/14020752 HTTP/1.1" 200 - "-" "meta-externalagent/1.1 (+https://developers.facebook.com/docs/sharing/webmasters/crawler)"
74.7.241.30 - - [24/Dec/2025:21:59:50 +0800] "GET /pages.php?fluid/c1?pid=1730 HTTP/1.1" 200 152091 "-" "Mozilla/5.0 AppleWebKit/537.36 (KHTML, like Gecko; compatible; GPTBot/1.3; +https://openai.com/gptbot)"
74.7.241.30 - - [24/Dec/2025:21:59:51 +0800] "GET /pages.php?deadly/t1?pid=1726 HTTP/1.1" 200 151656 "-" "Mozilla/5.0 AppleWebKit/537.36 (KHTML, like Gecko; compatible; GPTBot/1.3; +https://openai.com/gptbot)"
74.7.241.30 - - [24/Dec/2025:21:59:51 +0800] "GET /pages.php?bishop/f1?pid=1728 HTTP/1.1" 200 151051 "-" "Mozilla/5.0 AppleWebKit/537.36 (KHTML, like Gecko; compatible; GPTBot/1.3; +https://openai.com/gptbot)"
74.7.241.30 - - [24/Dec/2025:21:59:52 +0800] "GET /pages.php?stimulate/t1?pid=1818 HTTP/1.1" 200 151609 "-" "Mozilla/5.0 AppleWebKit/537.36 (KHTML, like Gecko; compatible; GPTBot/1.3; +https://openai.com/gptbot)"
74.7.241.30 - - [24/Dec/2025:21:59:54 +0800] "GET /pages.php?index/y1?pid=1822 HTTP/1.1" 200 152088 "-" "Mozilla/5.0 AppleWebKit/537.36 (KHTML, like Gecko; compatible; GPTBot/1.3; +https://openai.com/gptbot)"
74.7.241.30 - - [24/Dec/2025:21:59:55 +0800] "GET /pages.php?question/u117?pid=5778 HTTP/1.1" 200 143835 "-" "Mozilla/5.0 AppleWebKit/537.36 (KHTML, like Gecko; compatible; GPTBot/1.3; +https://openai.com/gptbot)"
74.7.241.30 - - [24/Dec/2025:21:59:55 +0800] "GET /pages.php?college/n21?pid=44252 HTTP/1.1" 200 149995 "-" "Mozilla/5.0 AppleWebKit/537.36 (KHTML, like Gecko; compatible; GPTBot/1.3; +https://openai.com/gptbot)"
74.7.241.30 - - [24/Dec/2025:21:59:56 +0800] "GET /pages.php?experienced/c1?pid=1730 HTTP/1.1" 200 151995 "-" "Mozilla/5.0 AppleWebKit/537.36 (KHTML, like Gecko; compatible; GPTBot/1.3; +https://openai.com/gptbot)"
74.7.241.30 - - [24/Dec/2025:21:59:57 +0800] "GET /pages.php?spiritual/n37?pid=36630 HTTP/1.1" 200 146048 "-" "Mozilla/5.0 AppleWebKit/537.36 (KHTML, like Gecko; compatible; GPTBot/1.3; +https://openai.com/gptbot)"
74.7.241.30 - - [24/Dec/2025:21:59:58 +0800] "GET /pages.php?used/e2?pid=35073 HTTP/1.1" 200 152975 "-" "Mozilla/5.0 AppleWebKit/537.36 (KHTML, like Gecko; compatible; GPTBot/1.3; +https://openai.com/gptbot)"
74.7.241.30 - - [24/Dec/2025:21:59:59 +0800] "GET /pages.php?excited/c1?pid=1730 HTTP/1.1" 200 152074 "-" "Mozilla/5.0 AppleWebKit/537.36 (KHTML, like Gecko; compatible; GPTBot/1.3; +https://openai.com/gptbot)"
74.7.241.30 - - [24/Dec/2025:22:00:00 +0800] "GET /pages.php?photograph/t1?pid=1726 HTTP/1.1" 200 151930 "-" "Mozilla/5.0 AppleWebKit/537.36 (KHTML, like Gecko; compatible; GPTBot/1.3; +https://openai.com/gptbot)"
74.7.241.30 - - [24/Dec/2025:22:00:00 +0800] "GET /pages.php?meeting/y1?pid=1822 HTTP/1.1" 200 151526 "-" "Mozilla/5.0 AppleWebKit/537.36 (KHTML, like Gecko; compatible; GPTBot/1.3; +https://openai.com/gptbot)"
74.7.241.30 - - [24/Dec/2025:22:00:02 +0800] "GET /pages.php?per/l295?pid=27208 HTTP/1.1" 200 150745 "-" "Mozilla/5.0 AppleWebKit/537.36 (KHTML, like Gecko; compatible; GPTBot/1.3; +https://openai.com/gptbot)"
66.249.74.169 - - [24/Dec/2025:22:00:03 +0800] "GET /?products/8242563 HTTP/1.1" 200 159131 "-" "Mozilla/5.0 (Linux; Android 6.0.1; Nexus 5X Build/MMB29P) AppleWebKit/537.36 (KHTML, like Gecko) Chrome/141.0.7390.122 Mobile Safari/537.36 (compatible; Googlebot/2.1; +http://www.google.com/bot.html)"
74.7.241.30 - - [24/Dec/2025:22:00:03 +0800] "GET /pages.php?distinction/t1?pid=1818 HTTP/1.1" 200 151717 "-" "Mozilla/5.0 AppleWebKit/537.36 (KHTML, like Gecko; compatible; GPTBot/1.3; +https://openai.com/gptbot)"
74.7.241.30 - - [24/Dec/2025:22:00:04 +0800] "GET /pages.php?incentive/p1?pid=1680 HTTP/1.1" 200 152037 "-" "Mozilla/5.0 AppleWebKit/537.36 (KHTML, like Gecko; compatible; GPTBot/1.3; +https://openai.com/gptbot)"
74.7.241.30 - - [24/Dec/2025:22:00:05 +0800] "GET /pages.php?9178024 HTTP/1.1" 200 158232 "-" "Mozilla/5.0 AppleWebKit/537.36 (KHTML, like Gecko; compatible; GPTBot/1.3; +https://openai.com/gptbot)"
74.7.241.30 - - [24/Dec/2025:22:00:05 +0800] "GET /pages.php?admission/p1?pid=1680 HTTP/1.1" 200 152306 "-" "Mozilla/5.0 AppleWebKit/537.36 (KHTML, like Gecko; compatible; GPTBot/1.3; +https://openai.com/gptbot)"
74.7.241.30 - - [24/Dec/2025:22:00:06 +0800] "GET /pages.php?salad/x294?pid=19299 HTTP/1.1" 200 142881 "-" "Mozilla/5.0 AppleWebKit/537.36 (KHTML, like Gecko; compatible; GPTBot/1.3; +https://openai.com/gptbot)"
74.7.241.30 - - [24/Dec/2025:22:00:07 +0800] "GET /pages.php?cart/c15?pid=14020 HTTP/1.1" 200 151445 "-" "Mozilla/5.0 AppleWebKit/537.36 (KHTML, like Gecko; compatible; GPTBot/1.3; +https://openai.com/gptbot)"
74.7.241.30 - - [24/Dec/2025:22:00:08 +0800] "GET /pages.php?trail/z1?pid=1498 HTTP/1.1" 200 156388 "-" "Mozilla/5.0 AppleWebKit/537.36 (KHTML, like Gecko; compatible; GPTBot/1.3; +https://openai.com/gptbot)"
74.7.241.30 - - [24/Dec/2025:22:00:09 +0800] "GET /pages.php?phenomenon/t1?pid=1726 HTTP/1.1" 200 152019 "-" "Mozilla/5.0 AppleWebKit/537.36 (KHTML, like Gecko; compatible; GPTBot/1.3; +https://openai.com/gptbot)"
74.7.241.30 - - [24/Dec/2025:22:00:10 +0800] "GET /pages.php?dimension/f1?pid=1728 HTTP/1.1" 200 152132 "-" "Mozilla/5.0 AppleWebKit/537.36 (KHTML, like Gecko; compatible; GPTBot/1.3; +https://openai.com/gptbot)"
74.7.241.30 - - [24/Dec/2025:22:00:10 +0800] "GET /pages.php?criticism/y1?pid=1822 HTTP/1.1" 200 152172 "-" "Mozilla/5.0 AppleWebKit/537.36 (KHTML, like Gecko; compatible; GPTBot/1.3; +https://openai.com/gptbot)"
74.7.241.30 - - [24/Dec/2025:22:00:11 +0800] "GET /pages.php?principle/z3?pid=17880 HTTP/1.1" 200 141354 "-" "Mozilla/5.0 AppleWebKit/537.36 (KHTML, like Gecko; compatible; GPTBot/1.3; +https://openai.com/gptbot)"
74.7.241.30 - - [24/Dec/2025:22:00:12 +0800] "GET /pages.php?cope/u92?pid=3241 HTTP/1.1" 200 153598 "-" "Mozilla/5.0 AppleWebKit/537.36 (KHTML, like Gecko; compatible; GPTBot/1.3; +https://openai.com/gptbot)"
74.7.241.30 - - [24/Dec/2025:22:00:13 +0800] "GET /pages.php?stiff/i13?pid=9500 HTTP/1.1" 200 145643 "-" "Mozilla/5.0 AppleWebKit/537.36 (KHTML, like Gecko; compatible; GPTBot/1.3; +https://openai.com/gptbot)"
74.7.241.30 - - [24/Dec/2025:22:00:14 +0800] "GET /pages.php?temple/t1?pid=1818 HTTP/1.1" 200 151826 "-" "Mozilla/5.0 AppleWebKit/537.36 (KHTML, like Gecko; compatible; GPTBot/1.3; +https://openai.com/gptbot)"
74.7.241.30 - - [24/Dec/2025:22:00:15 +0800] "GET /pages.php?phenomenon/f1?pid=1728 HTTP/1.1" 200 151139 "-" "Mozilla/5.0 AppleWebKit/537.36 (KHTML, like Gecko; compatible; GPTBot/1.3; +https://openai.com/gptbot)"
74.7.241.30 - - [24/Dec/2025:22:00:15 +0800] "GET /pages.php?dancing/l1?pid=1820 HTTP/1.1" 200 151826 "-" "Mozilla/5.0 AppleWebKit/537.36 (KHTML, like Gecko; compatible; GPTBot/1.3; +https://openai.com/gptbot)"
74.7.241.30 - - [24/Dec/2025:22:00:16 +0800] "GET /pages.php?exotic/t1?pid=1818 HTTP/1.1" 200 151620 "-" "Mozilla/5.0 AppleWebKit/537.36 (KHTML, like Gecko; compatible; GPTBot/1.3; +https://openai.com/gptbot)"
74.7.241.30 - - [24/Dec/2025:22:00:17 +0800] "GET /pages.php?their/o1?pid=1664 HTTP/1.1" 200 152411 "-" "Mozilla/5.0 AppleWebKit/537.36 (KHTML, like Gecko; compatible; GPTBot/1.3; +https://openai.com/gptbot)"
74.7.241.30 - - [24/Dec/2025:22:00:18 +0800] "GET /pages.php?bright/l1?pid=1820 HTTP/1.1" 200 152080 "-" "Mozilla/5.0 AppleWebKit/537.36 (KHTML, like Gecko; compatible; GPTBot/1.3; +https://openai.com/gptbot)"
74.7.241.30 - - [24/Dec/2025:22:00:19 +0800] "GET /pages.php?carpet/g1?pid=1738 HTTP/1.1" 200 151780 "-" "Mozilla/5.0 AppleWebKit/537.36 (KHTML, like Gecko; compatible; GPTBot/1.3; +https://openai.com/gptbot)"
74.7.241.30 - - [24/Dec/2025:22:00:20 +0800] "GET /pages.php?line/n21?pid=3166 HTTP/1.1" 200 145149 "-" "Mozilla/5.0 AppleWebKit/537.36 (KHTML, like Gecko; compatible; GPTBot/1.3; +https://openai.com/gptbot)"
66.249.74.169 - - [24/Dec/2025:22:00:20 +0800] "GET /?products/26575807 HTTP/1.1" 200 153066 "-" "Mozilla/5.0 (Linux; Android 6.0.1; Nexus 5X Build/MMB29P) AppleWebKit/537.36 (KHTML, like Gecko) Chrome/141.0.7390.122 Mobile Safari/537.36 (compatible; Googlebot/2.1; +http://www.google.com/bot.html)"
74.7.241.30 - - [24/Dec/2025:22:00:20 +0800] "GET /pages.php?cooperate/u92?pid=3241 HTTP/1.1" 200 154061 "-" "Mozilla/5.0 AppleWebKit/537.36 (KHTML, like Gecko; compatible; GPTBot/1.3; +https://openai.com/gptbot)"
74.7.241.30 - - [24/Dec/2025:22:00:21 +0800] "GET /pages.php?silk/i13?pid=9500 HTTP/1.1" 200 145610 "-" "Mozilla/5.0 AppleWebKit/537.36 (KHTML, like Gecko; compatible; GPTBot/1.3; +https://openai.com/gptbot)"
74.7.241.30 - - [24/Dec/2025:22:00:22 +0800] "GET /pages.php?American/w32?pid=17869 HTTP/1.1" 200 141814 "-" "Mozilla/5.0 AppleWebKit/537.36 (KHTML, like Gecko; compatible; GPTBot/1.3; +https://openai.com/gptbot)"
74.7.241.30 - - [24/Dec/2025:22:00:23 +0800] "GET /pages.php?confession/t1?pid=1818 HTTP/1.1" 200 151949 "-" "Mozilla/5.0 AppleWebKit/537.36 (KHTML, like Gecko; compatible; GPTBot/1.3; +https://openai.com/gptbot)"
74.7.241.30 - - [24/Dec/2025:22:00:23 +0800] "GET /pages.php?intend/o1?pid=1664 HTTP/1.1" 200 151919 "-" "Mozilla/5.0 AppleWebKit/537.36 (KHTML, like Gecko; compatible; GPTBot/1.3; +https://openai.com/gptbot)"
74.7.241.30 - - [24/Dec/2025:22:00:24 +0800] "GET /pages.php?flying/f1?pid=1728 HTTP/1.1" 200 151995 "-" "Mozilla/5.0 AppleWebKit/537.36 (KHTML, like Gecko; compatible; GPTBot/1.3; +https://openai.com/gptbot)"
74.7.241.30 - - [24/Dec/2025:22:00:25 +0800] "GET /pages.php?tolerate/u40?pid=13235 HTTP/1.1" 200 154433 "-" "Mozilla/5.0 AppleWebKit/537.36 (KHTML, like Gecko; compatible; GPTBot/1.3; +https://openai.com/gptbot)"
74.7.241.30 - - [24/Dec/2025:22:00:26 +0800] "GET /pages.php?beginning/f1?pid=1728 HTTP/1.1" 200 151582 "-" "Mozilla/5.0 AppleWebKit/537.36 (KHTML, like Gecko; compatible; GPTBot/1.3; +https://openai.com/gptbot)"
74.7.241.30 - - [24/Dec/2025:22:00:27 +0800] "GET /pages.php?ruling/g1?pid=1738 HTTP/1.1" 200 151712 "-" "Mozilla/5.0 AppleWebKit/537.36 (KHTML, like Gecko; compatible; GPTBot/1.3; +https://openai.com/gptbot)"
74.7.241.30 - - [24/Dec/2025:22:00:28 +0800] "GET /pages.php?purpose/u26?pid=21491 HTTP/1.1" 200 145849 "-" "Mozilla/5.0 AppleWebKit/537.36 (KHTML, like Gecko; compatible; GPTBot/1.3; +https://openai.com/gptbot)"
74.7.241.30 - - [24/Dec/2025:22:00:29 +0800] "GET /pages.php?vegetable/l1?pid=1820 HTTP/1.1" 200 151691 "-" "Mozilla/5.0 AppleWebKit/537.36 (KHTML, like Gecko; compatible; GPTBot/1.3; +https://openai.com/gptbot)"
74.7.241.30 - - [24/Dec/2025:22:00:30 +0800] "GET /pages.php?neat/c75?pid=15294 HTTP/1.1" 200 144660 "-" "Mozilla/5.0 AppleWebKit/537.36 (KHTML, like Gecko; compatible; GPTBot/1.3; +https://openai.com/gptbot)"
74.7.241.30 - - [24/Dec/2025:22:00:31 +0800] "GET /pages.php?nine/a12?pid=7685 HTTP/1.1" 200 144303 "-" "Mozilla/5.0 AppleWebKit/537.36 (KHTML, like Gecko; compatible; GPTBot/1.3; +https://openai.com/gptbot)"
74.7.241.30 - - [24/Dec/2025:22:00:32 +0800] "GET /pages.php?hate/w86?pid=6495 HTTP/1.1" 200 142465 "-" "Mozilla/5.0 AppleWebKit/537.36 (KHTML, like Gecko; compatible; GPTBot/1.3; +https://openai.com/gptbot)"
57.141.6.4 - - [24/Dec/2025:22:00:33 +0800] "GET /?products/9112230 HTTP/1.1" 200 - "-" "meta-externalagent/1.1 (+https://developers.facebook.com/docs/sharing/webmasters/crawler)"
74.7.241.30 - - [24/Dec/2025:22:00:33 +0800] "GET /pages.php?boil/n21?pid=3166 HTTP/1.1" 200 145762 "-" "Mozilla/5.0 AppleWebKit/537.36 (KHTML, like Gecko; compatible; GPTBot/1.3; +https://openai.com/gptbot)"
74.7.241.30 - - [24/Dec/2025:22:00:34 +0800] "GET /pages.php?apology/f1?pid=1728 HTTP/1.1" 200 152071 "-" "Mozilla/5.0 AppleWebKit/537.36 (KHTML, like Gecko; compatible; GPTBot/1.3; +https://openai.com/gptbot)"
74.7.241.30 - - [24/Dec/2025:22:00:34 +0800] "GET /pages.php?elderly/f1?pid=1728 HTTP/1.1" 200 152081 "-" "Mozilla/5.0 AppleWebKit/537.36 (KHTML, like Gecko; compatible; GPTBot/1.3; +https://openai.com/gptbot)"
74.7.241.30 - - [24/Dec/2025:22:00:35 +0800] "GET /pages.php?service/n88?pid=32803 HTTP/1.1" 200 149450 "-" "Mozilla/5.0 AppleWebKit/537.36 (KHTML, like Gecko; compatible; GPTBot/1.3; +https://openai.com/gptbot)"
74.7.241.30 - - [24/Dec/2025:22:00:36 +0800] "GET /pages.php?hardly/g1?pid=1738 HTTP/1.1" 200 152192 "-" "Mozilla/5.0 AppleWebKit/537.36 (KHTML, like Gecko; compatible; GPTBot/1.3; +https://openai.com/gptbot)"
74.7.241.30 - - [24/Dec/2025:22:00:37 +0800] "GET /pages.php?premium/t1?pid=1726 HTTP/1.1" 200 152127 "-" "Mozilla/5.0 AppleWebKit/537.36 (KHTML, like Gecko; compatible; GPTBot/1.3; +https://openai.com/gptbot)"
74.7.241.30 - - [24/Dec/2025:22:00:38 +0800] "GET /pages.php?extreme/m32?pid=39423 HTTP/1.1" 200 142547 "-" "Mozilla/5.0 AppleWebKit/537.36 (KHTML, like Gecko; compatible; GPTBot/1.3; +https://openai.com/gptbot)"
74.7.241.30 - - [24/Dec/2025:22:00:38 +0800] "GET /pages.php?artist/t1?pid=1818 HTTP/1.1" 200 152297 "-" "Mozilla/5.0 AppleWebKit/537.36 (KHTML, like Gecko; compatible; GPTBot/1.3; +https://openai.com/gptbot)"
74.7.241.30 - - [24/Dec/2025:22:00:39 +0800] "GET /pages.php?other/f1?pid=1728 HTTP/1.1" 200 152178 "-" "Mozilla/5.0 AppleWebKit/537.36 (KHTML, like Gecko; compatible; GPTBot/1.3; +https://openai.com/gptbot)"
74.7.241.30 - - [24/Dec/2025:22:00:40 +0800] "GET /pages.php?judge/c1?pid=1730 HTTP/1.1" 200 152113 "-" "Mozilla/5.0 AppleWebKit/537.36 (KHTML, like Gecko; compatible; GPTBot/1.3; +https://openai.com/gptbot)"
74.7.241.30 - - [24/Dec/2025:22:00:41 +0800] "GET /pages.php?fold/f20?pid=39063 HTTP/1.1" 200 142509 "-" "Mozilla/5.0 AppleWebKit/537.36 (KHTML, like Gecko; compatible; GPTBot/1.3; +https://openai.com/gptbot)"
74.7.241.30 - - [24/Dec/2025:22:00:42 +0800] "GET /pages.php?impact/f1?pid=1728 HTTP/1.1" 200 151543 "-" "Mozilla/5.0 AppleWebKit/537.36 (KHTML, like Gecko; compatible; GPTBot/1.3; +https://openai.com/gptbot)"
66.249.74.169 - - [24/Dec/2025:22:00:43 +0800] "GET /?products/18136430 HTTP/1.1" 200 166207 "-" "Mozilla/5.0 (Linux; Android 6.0.1; Nexus 5X Build/MMB29P) AppleWebKit/537.36 (KHTML, like Gecko) Chrome/141.0.7390.122 Mobile Safari/537.36 (compatible; Googlebot/2.1; +http://www.google.com/bot.html)"
74.7.241.30 - - [24/Dec/2025:22:00:43 +0800] "GET /pages.php?boyfriend/l139?pid=2168 HTTP/1.1" 200 155422 "-" "Mozilla/5.0 AppleWebKit/537.36 (KHTML, like Gecko; compatible; GPTBot/1.3; +https://openai.com/gptbot)"
66.249.74.169 - - [24/Dec/2025:22:00:43 +0800] "GET /?products/16263274 HTTP/1.1" 200 170729 "-" "Mozilla/5.0 (Linux; Android 6.0.1; Nexus 5X Build/MMB29P) AppleWebKit/537.36 (KHTML, like Gecko) Chrome/141.0.7390.122 Mobile Safari/537.36 (compatible; GoogleOther)"
66.249.74.169 - - [24/Dec/2025:22:00:43 +0800] "GET /?products/4393596 HTTP/1.1" 200 144335 "-" "Mozilla/5.0 (Linux; Android 6.0.1; Nexus 5X Build/MMB29P) AppleWebKit/537.36 (KHTML, like Gecko) Chrome/141.0.7390.122 Mobile Safari/537.36 (compatible; GoogleOther)"
66.249.74.169 - - [24/Dec/2025:22:00:44 +0800] "GET /?products/21480430 HTTP/1.1" 200 171445 "-" "Mozilla/5.0 (Linux; Android 6.0.1; Nexus 5X Build/MMB29P) AppleWebKit/537.36 (KHTML, like Gecko) Chrome/141.0.7390.122 Mobile Safari/537.36 (compatible; GoogleOther)"
74.7.241.30 - - [24/Dec/2025:22:00:43 +0800] "GET /pages.php?appearance/c1?pid=1730 HTTP/1.1" 200 151657 "-" "Mozilla/5.0 AppleWebKit/537.36 (KHTML, like Gecko; compatible; GPTBot/1.3; +https://openai.com/gptbot)"
74.7.241.30 - - [24/Dec/2025:22:00:44 +0800] "GET /pages.php?decade/t1?pid=1818 HTTP/1.1" 200 151728 "-" "Mozilla/5.0 AppleWebKit/537.36 (KHTML, like Gecko; compatible; GPTBot/1.3; +https://openai.com/gptbot)"
74.7.241.30 - - [24/Dec/2025:22:00:45 +0800] "GET /pages.php?debut/n21?pid=3166 HTTP/1.1" 200 145170 "-" "Mozilla/5.0 AppleWebKit/537.36 (KHTML, like Gecko; compatible; GPTBot/1.3; +https://openai.com/gptbot)"
74.7.241.30 - - [24/Dec/2025:22:00:46 +0800] "GET /pages.php?establish/m32?pid=39423 HTTP/1.1" 200 142224 "-" "Mozilla/5.0 AppleWebKit/537.36 (KHTML, like Gecko; compatible; GPTBot/1.3; +https://openai.com/gptbot)"
66.249.74.169 - - [24/Dec/2025:22:00:47 +0800] "GET /?products/30031552 HTTP/1.1" 200 161190 "-" "Mozilla/5.0 (Linux; Android 6.0.1; Nexus 5X Build/MMB29P) AppleWebKit/537.36 (KHTML, like Gecko) Chrome/141.0.7390.122 Mobile Safari/537.36 (compatible; Googlebot/2.1; +http://www.google.com/bot.html)"
74.7.241.30 - - [24/Dec/2025:22:00:47 +0800] "GET /pages.php?medal/v90?pid=4069 HTTP/1.1" 200 150206 "-" "Mozilla/5.0 AppleWebKit/537.36 (KHTML, like Gecko; compatible; GPTBot/1.3; +https://openai.com/gptbot)"
74.7.241.30 - - [24/Dec/2025:22:00:48 +0800] "GET /pages.php?read/l1?pid=1820 HTTP/1.1" 200 151874 "-" "Mozilla/5.0 AppleWebKit/537.36 (KHTML, like Gecko; compatible; GPTBot/1.3; +https://openai.com/gptbot)"
66.249.74.169 - - [24/Dec/2025:22:00:48 +0800] "GET /?products/10346885 HTTP/1.1" 200 168687 "-" "Mozilla/5.0 (Linux; Android 6.0.1; Nexus 5X Build/MMB29P) AppleWebKit/537.36 (KHTML, like Gecko) Chrome/141.0.7390.122 Mobile Safari/537.36 (compatible; GoogleOther)"
66.249.74.169 - - [24/Dec/2025:22:00:49 +0800] "GET /?products/25907063 HTTP/1.1" 200 155670 "-" "Mozilla/5.0 (Linux; Android 6.0.1; Nexus 5X Build/MMB29P) AppleWebKit/537.36 (KHTML, like Gecko) Chrome/141.0.7390.122 Mobile Safari/537.36 (compatible; GoogleOther)"
74.7.241.30 - - [24/Dec/2025:22:00:48 +0800] "GET /pages.php?existence/t1?pid=1726 HTTP/1.1" 200 151538 "-" "Mozilla/5.0 AppleWebKit/537.36 (KHTML, like Gecko; compatible; GPTBot/1.3; +https://openai.com/gptbot)"
66.249.74.169 - - [24/Dec/2025:22:00:49 +0800] "GET /?products/7171585 HTTP/1.1" 200 146127 "-" "Mozilla/5.0 (Linux; Android 6.0.1; Nexus 5X Build/MMB29P) AppleWebKit/537.36 (KHTML, like Gecko) Chrome/141.0.7390.122 Mobile Safari/537.36 (compatible; GoogleOther)"
74.7.241.30 - - [24/Dec/2025:22:00:49 +0800] "GET /pages.php?punishment/y1?pid=1822 HTTP/1.1" 200 151892 "-" "Mozilla/5.0 AppleWebKit/537.36 (KHTML, like Gecko; compatible; GPTBot/1.3; +https://openai.com/gptbot)"
74.7.241.30 - - [24/Dec/2025:22:00:50 +0800] "GET /pages.php?include/t1?pid=1818 HTTP/1.1" 200 151797 "-" "Mozilla/5.0 AppleWebKit/537.36 (KHTML, like Gecko; compatible; GPTBot/1.3; +https://openai.com/gptbot)"
74.7.241.30 - - [24/Dec/2025:22:00:51 +0800] "GET /pages.php?grain/l94?pid=7719 HTTP/1.1" 200 149295 "-" "Mozilla/5.0 AppleWebKit/537.36 (KHTML, like Gecko; compatible; GPTBot/1.3; +https://openai.com/gptbot)"
74.7.241.30 - - [24/Dec/2025:22:00:51 +0800] "GET /pages.php?outdoor/g1?pid=1738 HTTP/1.1" 200 150999 "-" "Mozilla/5.0 AppleWebKit/537.36 (KHTML, like Gecko; compatible; GPTBot/1.3; +https://openai.com/gptbot)"
74.7.241.30 - - [24/Dec/2025:22:00:52 +0800] "GET /pages.php?barrel/t1?pid=1818 HTTP/1.1" 200 152136 "-" "Mozilla/5.0 AppleWebKit/537.36 (KHTML, like Gecko; compatible; GPTBot/1.3; +https://openai.com/gptbot)"
74.7.241.30 - - [24/Dec/2025:22:00:53 +0800] "GET /pages.php?oppose/f1?pid=1728 HTTP/1.1" 200 152209 "-" "Mozilla/5.0 AppleWebKit/537.36 (KHTML, like Gecko; compatible; GPTBot/1.3; +https://openai.com/gptbot)"
74.7.241.30 - - [24/Dec/2025:22:00:53 +0800] "GET /pages.php?provide/t1?pid=1726 HTTP/1.1" 200 152503 "-" "Mozilla/5.0 AppleWebKit/537.36 (KHTML, like Gecko; compatible; GPTBot/1.3; +https://openai.com/gptbot)"
74.7.241.30 - - [24/Dec/2025:22:00:54 +0800] "GET /pages.php?crime/l1?pid=1820 HTTP/1.1" 200 152312 "-" "Mozilla/5.0 AppleWebKit/537.36 (KHTML, like Gecko; compatible; GPTBot/1.3; +https://openai.com/gptbot)"
216.73.216.21 - - [24/Dec/2025:22:00:55 +0800] "GET /pages.php HTTP/1.1" 200 142854 "-" "Mozilla/5.0 AppleWebKit/537.36 (KHTML, like Gecko; compatible; ClaudeBot/1.0; +claudebot@anthropic.com)"
74.7.241.30 - - [24/Dec/2025:22:00:55 +0800] "GET /pages.php?hence/p1?pid=1680 HTTP/1.1" 200 151940 "-" "Mozilla/5.0 AppleWebKit/537.36 (KHTML, like Gecko; compatible; GPTBot/1.3; +https://openai.com/gptbot)"
74.7.241.30 - - [24/Dec/2025:22:00:56 +0800] "GET /pages.php?murder/t1?pid=1726 HTTP/1.1" 200 151337 "-" "Mozilla/5.0 AppleWebKit/537.36 (KHTML, like Gecko; compatible; GPTBot/1.3; +https://openai.com/gptbot)"
74.7.241.30 - - [24/Dec/2025:22:00:56 +0800] "GET /pages.php?killing/t1?pid=1818 HTTP/1.1" 200 152136 "-" "Mozilla/5.0 AppleWebKit/537.36 (KHTML, like Gecko; compatible; GPTBot/1.3; +https://openai.com/gptbot)"
74.7.241.30 - - [24/Dec/2025:22:00:57 +0800] "GET /pages.php?shower/t1?pid=1726 HTTP/1.1" 200 151958 "-" "Mozilla/5.0 AppleWebKit/537.36 (KHTML, like Gecko; compatible; GPTBot/1.3; +https://openai.com/gptbot)"
74.7.241.30 - - [24/Dec/2025:22:00:58 +0800] "GET /pages.php?shore/n9?pid=25200 HTTP/1.1" 200 143972 "-" "Mozilla/5.0 AppleWebKit/537.36 (KHTML, like Gecko; compatible; GPTBot/1.3; +https://openai.com/gptbot)"
74.7.241.30 - - [24/Dec/2025:22:00:59 +0800] "GET /pages.php?candle/g1?pid=1738 HTTP/1.1" 200 152337 "-" "Mozilla/5.0 AppleWebKit/537.36 (KHTML, like Gecko; compatible; GPTBot/1.3; +https://openai.com/gptbot)"
74.7.241.30 - - [24/Dec/2025:22:01:00 +0800] "GET /pages.php?retired/o1?pid=1664 HTTP/1.1" 200 152378 "-" "Mozilla/5.0 AppleWebKit/537.36 (KHTML, like Gecko; compatible; GPTBot/1.3; +https://openai.com/gptbot)"
66.249.74.160 - - [24/Dec/2025:22:01:01 +0800] "GET /?products/16224930 HTTP/1.1" 200 145876 "-" "Mozilla/5.0 (Linux; Android 6.0.1; Nexus 5X Build/MMB29P) AppleWebKit/537.36 (KHTML, like Gecko) Chrome/141.0.7390.122 Mobile Safari/537.36 (compatible; Googlebot/2.1; +http://www.google.com/bot.html)"
74.7.241.30 - - [24/Dec/2025:22:01:01 +0800] "GET /pages.php?detail/t1?pid=1818 HTTP/1.1" 200 152283 "-" "Mozilla/5.0 AppleWebKit/537.36 (KHTML, like Gecko; compatible; GPTBot/1.3; +https://openai.com/gptbot)"
66.249.74.160 - - [24/Dec/2025:22:01:01 +0800] "GET /?m=200473924 HTTP/1.1" 200 144298 "-" "Mozilla/5.0 (Linux; Android 6.0.1; Nexus 5X Build/MMB29P) AppleWebKit/537.36 (KHTML, like Gecko) Chrome/141.0.7390.122 Mobile Safari/537.36 (compatible; Googlebot/2.1; +http://www.google.com/bot.html)"
74.7.241.30 - - [24/Dec/2025:22:01:02 +0800] "GET /pages.php?revenue/p1?pid=1680 HTTP/1.1" 200 151688 "-" "Mozilla/5.0 AppleWebKit/537.36 (KHTML, like Gecko; compatible; GPTBot/1.3; +https://openai.com/gptbot)"
74.7.241.30 - - [24/Dec/2025:22:01:03 +0800] "GET /pages.php?hello/f1?pid=1728 HTTP/1.1" 200 152117 "-" "Mozilla/5.0 AppleWebKit/537.36 (KHTML, like Gecko; compatible; GPTBot/1.3; +https://openai.com/gptbot)"
74.7.241.30 - - [24/Dec/2025:22:01:04 +0800] "GET /pages.php?history/n78?pid=351 HTTP/1.1" 200 165177 "-" "Mozilla/5.0 AppleWebKit/537.36 (KHTML, like Gecko; compatible; GPTBot/1.3; +https://openai.com/gptbot)"
74.7.241.30 - - [24/Dec/2025:22:01:05 +0800] "GET /pages.php?plate/z1?pid=1662 HTTP/1.1" 200 153307 "-" "Mozilla/5.0 AppleWebKit/537.36 (KHTML, like Gecko; compatible; GPTBot/1.3; +https://openai.com/gptbot)"
74.7.241.30 - - [24/Dec/2025:22:01:06 +0800] "GET /pages.php?layer/z1?pid=1662 HTTP/1.1" 200 153209 "-" "Mozilla/5.0 AppleWebKit/537.36 (KHTML, like Gecko; compatible; GPTBot/1.3; +https://openai.com/gptbot)"
74.7.241.30 - - [24/Dec/2025:22:01:07 +0800] "GET /pages.php?orbit/y1?pid=1822 HTTP/1.1" 200 152037 "-" "Mozilla/5.0 AppleWebKit/537.36 (KHTML, like Gecko; compatible; GPTBot/1.3; +https://openai.com/gptbot)"
74.7.241.30 - - [24/Dec/2025:22:01:08 +0800] "GET /pages.php?prior/g1?pid=1738 HTTP/1.1" 200 151729 "-" "Mozilla/5.0 AppleWebKit/537.36 (KHTML, like Gecko; compatible; GPTBot/1.3; +https://openai.com/gptbot)"
74.7.241.30 - - [24/Dec/2025:22:01:09 +0800] "GET /pages.php?strongly/e43?pid=33786 HTTP/1.1" 200 149220 "-" "Mozilla/5.0 AppleWebKit/537.36 (KHTML, like Gecko; compatible; GPTBot/1.3; +https://openai.com/gptbot)"
74.7.241.30 - - [24/Dec/2025:22:01:10 +0800] "GET /pages.php?greatest/k99?pid=31492 HTTP/1.1" 200 143202 "-" "Mozilla/5.0 AppleWebKit/537.36 (KHTML, like Gecko; compatible; GPTBot/1.3; +https://openai.com/gptbot)"
74.7.241.30 - - [24/Dec/2025:22:01:11 +0800] "GET /pages.php?pleasure/e43?pid=33786 HTTP/1.1" 200 148307 "-" "Mozilla/5.0 AppleWebKit/537.36 (KHTML, like Gecko; compatible; GPTBot/1.3; +https://openai.com/gptbot)"
74.7.241.30 - - [24/Dec/2025:22:01:12 +0800] "GET /pages.php?massive/l1?pid=1820 HTTP/1.1" 200 152507 "-" "Mozilla/5.0 AppleWebKit/537.36 (KHTML, like Gecko; compatible; GPTBot/1.3; +https://openai.com/gptbot)"
74.7.241.30 - - [24/Dec/2025:22:01:13 +0800] "GET /pages.php?plant/g1?pid=1738 HTTP/1.1" 200 151374 "-" "Mozilla/5.0 AppleWebKit/537.36 (KHTML, like Gecko; compatible; GPTBot/1.3; +https://openai.com/gptbot)"
74.7.241.30 - - [24/Dec/2025:22:01:14 +0800] "GET /pages.php?return/p1?pid=1680 HTTP/1.1" 200 151345 "-" "Mozilla/5.0 AppleWebKit/537.36 (KHTML, like Gecko; compatible; GPTBot/1.3; +https://openai.com/gptbot)"
74.7.241.30 - - [24/Dec/2025:22:01:15 +0800] "GET /pages.php?expansion/f1?pid=1728 HTTP/1.1" 200 151620 "-" "Mozilla/5.0 AppleWebKit/537.36 (KHTML, like Gecko; compatible; GPTBot/1.3; +https://openai.com/gptbot)"
57.141.6.33 - - [24/Dec/2025:22:01:16 +0800] "GET /?products/12519696 HTTP/1.1" 200 - "-" "meta-externalagent/1.1 (+https://developers.facebook.com/docs/sharing/webmasters/crawler)"
74.7.241.30 - - [24/Dec/2025:22:01:16 +0800] "GET /pages.php?stress/z1?pid=1662 HTTP/1.1" 200 153020 "-" "Mozilla/5.0 AppleWebKit/537.36 (KHTML, like Gecko; compatible; GPTBot/1.3; +https://openai.com/gptbot)"
74.7.241.30 - - [24/Dec/2025:22:01:17 +0800] "GET /pages.php?depressed/j71?pid=43768 HTTP/1.1" 200 141693 "-" "Mozilla/5.0 AppleWebKit/537.36 (KHTML, like Gecko; compatible; GPTBot/1.3; +https://openai.com/gptbot)"
74.7.241.30 - - [24/Dec/2025:22:01:18 +0800] "GET /pages.php?sample/t1?pid=1818 HTTP/1.1" 200 151737 "-" "Mozilla/5.0 AppleWebKit/537.36 (KHTML, like Gecko; compatible; GPTBot/1.3; +https://openai.com/gptbot)"
74.7.241.30 - - [24/Dec/2025:22:01:19 +0800] "GET /pages.php?event/n1?pid=1496 HTTP/1.1" 200 151811 "-" "Mozilla/5.0 AppleWebKit/537.36 (KHTML, like Gecko; compatible; GPTBot/1.3; +https://openai.com/gptbot)"
74.7.241.30 - - [24/Dec/2025:22:01:20 +0800] "GET /pages.php?pleasure/e43?pid=33786 HTTP/1.1" 200 148655 "-" "Mozilla/5.0 AppleWebKit/537.36 (KHTML, like Gecko; compatible; GPTBot/1.3; +https://openai.com/gptbot)"
66.249.74.169 - - [24/Dec/2025:22:01:21 +0800] "GET /?products/1234563 HTTP/1.1" 200 149538 "-" "Mozilla/5.0 (Linux; Android 6.0.1; Nexus 5X Build/MMB29P) AppleWebKit/537.36 (KHTML, like Gecko) Chrome/141.0.7390.122 Mobile Safari/537.36 (compatible; GoogleOther)"
74.7.241.30 - - [24/Dec/2025:22:01:21 +0800] "GET /pages.php?sympathy/p34?pid=36951 HTTP/1.1" 200 154280 "-" "Mozilla/5.0 AppleWebKit/537.36 (KHTML, like Gecko; compatible; GPTBot/1.3; +https://openai.com/gptbot)"
74.7.241.30 - - [24/Dec/2025:22:01:22 +0800] "GET /pages.php?meeting/f136?pid=5661 HTTP/1.1" 200 141439 "-" "Mozilla/5.0 AppleWebKit/537.36 (KHTML, like Gecko; compatible; GPTBot/1.3; +https://openai.com/gptbot)"
66.249.74.169 - - [24/Dec/2025:22:01:23 +0800] "GET /?products/24981541 HTTP/1.1" 200 166622 "-" "Mozilla/5.0 (Linux; Android 6.0.1; Nexus 5X Build/MMB29P) AppleWebKit/537.36 (KHTML, like Gecko) Chrome/141.0.7390.122 Mobile Safari/537.36 (compatible; Googlebot/2.1; +http://www.google.com/bot.html)"
74.7.241.30 - - [24/Dec/2025:22:01:23 +0800] "GET /pages.php?principal/d264?pid=1061 HTTP/1.1" 200 150653 "-" "Mozilla/5.0 AppleWebKit/537.36 (KHTML, like Gecko; compatible; GPTBot/1.3; +https://openai.com/gptbot)"
74.7.241.30 - - [24/Dec/2025:22:01:24 +0800] "GET /pages.php?jacket/p1?pid=1680 HTTP/1.1" 200 152413 "-" "Mozilla/5.0 AppleWebKit/537.36 (KHTML, like Gecko; compatible; GPTBot/1.3; +https://openai.com/gptbot)"
74.7.241.30 - - [24/Dec/2025:22:01:26 +0800] "GET /pages.php?partner/o1?pid=1664 HTTP/1.1" 200 152105 "-" "Mozilla/5.0 AppleWebKit/537.36 (KHTML, like Gecko; compatible; GPTBot/1.3; +https://openai.com/gptbot)"
74.7.241.30 - - [24/Dec/2025:22:01:27 +0800] "GET /pages.php?launch/z1?pid=1498 HTTP/1.1" 200 155885 "-" "Mozilla/5.0 AppleWebKit/537.36 (KHTML, like Gecko; compatible; GPTBot/1.3; +https://openai.com/gptbot)"
74.7.241.30 - - [24/Dec/2025:22:01:28 +0800] "GET /pages.php?typically/g34?pid=13331 HTTP/1.1" 200 143232 "-" "Mozilla/5.0 AppleWebKit/537.36 (KHTML, like Gecko; compatible; GPTBot/1.3; +https://openai.com/gptbot)"
74.7.241.30 - - [24/Dec/2025:22:01:29 +0800] "GET /pages.php?associate/t1?pid=1818 HTTP/1.1" 200 152530 "-" "Mozilla/5.0 AppleWebKit/537.36 (KHTML, like Gecko; compatible; GPTBot/1.3; +https://openai.com/gptbot)"
74.7.241.30 - - [24/Dec/2025:22:01:30 +0800] "GET /pages.php?premise/z1?pid=1498 HTTP/1.1" 200 156824 "-" "Mozilla/5.0 AppleWebKit/537.36 (KHTML, like Gecko; compatible; GPTBot/1.3; +https://openai.com/gptbot)"
74.7.241.30 - - [24/Dec/2025:22:01:31 +0800] "GET /pages.php?spill/g1?pid=1738 HTTP/1.1" 200 151454 "-" "Mozilla/5.0 AppleWebKit/537.36 (KHTML, like Gecko; compatible; GPTBot/1.3; +https://openai.com/gptbot)"
66.249.74.169 - - [24/Dec/2025:22:01:32 +0800] "GET /?products/17700652 HTTP/1.1" 200 145767 "-" "Mozilla/5.0 (Linux; Android 6.0.1; Nexus 5X Build/MMB29P) AppleWebKit/537.36 (KHTML, like Gecko) Chrome/141.0.7390.122 Mobile Safari/537.36 (compatible; Googlebot/2.1; +http://www.google.com/bot.html)"
74.7.241.30 - - [24/Dec/2025:22:01:32 +0800] "GET /pages.php?radar/z1?pid=1498 HTTP/1.1" 200 156853 "-" "Mozilla/5.0 AppleWebKit/537.36 (KHTML, like Gecko; compatible; GPTBot/1.3; +https://openai.com/gptbot)"
66.249.74.169 - - [24/Dec/2025:22:01:33 +0800] "GET /?products/6038974 HTTP/1.1" 200 146862 "-" "Mozilla/5.0 (Linux; Android 6.0.1; Nexus 5X Build/MMB29P) AppleWebKit/537.36 (KHTML, like Gecko) Chrome/141.0.7390.122 Mobile Safari/537.36 (compatible; GoogleOther)"
74.7.241.30 - - [24/Dec/2025:22:01:33 +0800] "GET /pages.php?along/t1?pid=1818 HTTP/1.1" 200 152077 "-" "Mozilla/5.0 AppleWebKit/537.36 (KHTML, like Gecko; compatible; GPTBot/1.3; +https://openai.com/gptbot)"
74.7.241.30 - - [24/Dec/2025:22:01:34 +0800] "GET /pages.php?shark/p1?pid=1680 HTTP/1.1" 200 152046 "-" "Mozilla/5.0 AppleWebKit/537.36 (KHTML, like Gecko; compatible; GPTBot/1.3; +https://openai.com/gptbot)"
74.7.241.30 - - [24/Dec/2025:22:01:35 +0800] "GET /pages.php?yard/l35?pid=9982 HTTP/1.1" 200 173051 "-" "Mozilla/5.0 AppleWebKit/537.36 (KHTML, like Gecko; compatible; GPTBot/1.3; +https://openai.com/gptbot)"
66.249.74.169 - - [24/Dec/2025:22:01:36 +0800] "GET /?products/2726674 HTTP/1.1" 200 187582 "-" "Mozilla/5.0 (Linux; Android 6.0.1; Nexus 5X Build/MMB29P) AppleWebKit/537.36 (KHTML, like Gecko) Chrome/141.0.7390.122 Mobile Safari/537.36 (compatible; GoogleOther)"
74.7.241.30 - - [24/Dec/2025:22:01:36 +0800] "GET /pages.php?whether/c1?pid=1730 HTTP/1.1" 200 151986 "-" "Mozilla/5.0 AppleWebKit/537.36 (KHTML, like Gecko; compatible; GPTBot/1.3; +https://openai.com/gptbot)"
74.7.241.30 - - [24/Dec/2025:22:01:37 +0800] "GET /pages.php?classical/h84?pid=30067 HTTP/1.1" 200 142117 "-" "Mozilla/5.0 AppleWebKit/537.36 (KHTML, like Gecko; compatible; GPTBot/1.3; +https://openai.com/gptbot)"
74.7.241.30 - - [24/Dec/2025:22:01:38 +0800] "GET /pages.php?connect/p1?pid=1680 HTTP/1.1" 200 151570 "-" "Mozilla/5.0 AppleWebKit/537.36 (KHTML, like Gecko; compatible; GPTBot/1.3; +https://openai.com/gptbot)"
74.7.241.30 - - [24/Dec/2025:22:01:39 +0800] "GET /pages.php?biography/z1?pid=1662 HTTP/1.1" 200 152204 "-" "Mozilla/5.0 AppleWebKit/537.36 (KHTML, like Gecko; compatible; GPTBot/1.3; +https://openai.com/gptbot)"
74.7.241.30 - - [24/Dec/2025:22:01:40 +0800] "GET /pages.php?remaining/l1?pid=1820 HTTP/1.1" 200 152467 "-" "Mozilla/5.0 AppleWebKit/537.36 (KHTML, like Gecko; compatible; GPTBot/1.3; +https://openai.com/gptbot)"
74.7.241.30 - - [24/Dec/2025:22:01:41 +0800] "GET /pages.php?noise/g1?pid=1738 HTTP/1.1" 200 152176 "-" "Mozilla/5.0 AppleWebKit/537.36 (KHTML, like Gecko; compatible; GPTBot/1.3; +https://openai.com/gptbot)"
74.7.241.30 - - [24/Dec/2025:22:01:41 +0800] "GET /pages.php?visual/z1?pid=1662 HTTP/1.1" 200 153277 "-" "Mozilla/5.0 AppleWebKit/537.36 (KHTML, like Gecko; compatible; GPTBot/1.3; +https://openai.com/gptbot)"
74.7.241.30 - - [24/Dec/2025:22:01:42 +0800] "GET /pages.php?secular/o1?pid=1664 HTTP/1.1" 200 151907 "-" "Mozilla/5.0 AppleWebKit/537.36 (KHTML, like Gecko; compatible; GPTBot/1.3; +https://openai.com/gptbot)"
74.7.241.30 - - [24/Dec/2025:22:01:43 +0800] "GET /pages.php?sport/p1?pid=1680 HTTP/1.1" 200 151875 "-" "Mozilla/5.0 AppleWebKit/537.36 (KHTML, like Gecko; compatible; GPTBot/1.3; +https://openai.com/gptbot)"
74.7.241.30 - - [24/Dec/2025:22:01:44 +0800] "GET /pages.php?place/p1?pid=1680 HTTP/1.1" 200 151969 "-" "Mozilla/5.0 AppleWebKit/537.36 (KHTML, like Gecko; compatible; GPTBot/1.3; +https://openai.com/gptbot)"
66.249.74.169 - - [24/Dec/2025:22:01:45 +0800] "GET /?products/16925574 HTTP/1.1" 200 146686 "-" "Mozilla/5.0 (Linux; Android 6.0.1; Nexus 5X Build/MMB29P) AppleWebKit/537.36 (KHTML, like Gecko) Chrome/141.0.7390.122 Mobile Safari/537.36 (compatible; Googlebot/2.1; +http://www.google.com/bot.html)"
74.7.241.30 - - [24/Dec/2025:22:01:45 +0800] "GET /pages.php?label/z1?pid=1498 HTTP/1.1" 200 156379 "-" "Mozilla/5.0 AppleWebKit/537.36 (KHTML, like Gecko; compatible; GPTBot/1.3; +https://openai.com/gptbot)"
74.7.241.30 - - [24/Dec/2025:22:01:46 +0800] "GET /pages.php?argue/l1?pid=1820 HTTP/1.1" 200 152462 "-" "Mozilla/5.0 AppleWebKit/537.36 (KHTML, like Gecko; compatible; GPTBot/1.3; +https://openai.com/gptbot)"
74.7.241.30 - - [24/Dec/2025:22:01:47 +0800] "GET /pages.php?capital/c1?pid=1730 HTTP/1.1" 200 151238 "-" "Mozilla/5.0 AppleWebKit/537.36 (KHTML, like Gecko; compatible; GPTBot/1.3; +https://openai.com/gptbot)"
74.7.241.30 - - [24/Dec/2025:22:01:48 +0800] "GET /pages.php?item/u283/23397/ HTTP/1.1" 200 142680 "-" "Mozilla/5.0 AppleWebKit/537.36 (KHTML, like Gecko; compatible; GPTBot/1.3; +https://openai.com/gptbot)"
74.7.241.30 - - [24/Dec/2025:22:01:50 +0800] "GET /pages.php?echo/l12?pid=6713 HTTP/1.1" 200 146235 "-" "Mozilla/5.0 AppleWebKit/537.36 (KHTML, like Gecko; compatible; GPTBot/1.3; +https://openai.com/gptbot)"
74.7.241.30 - - [24/Dec/2025:22:01:51 +0800] "GET /pages.php?contain/c1?pid=1730 HTTP/1.1" 200 152142 "-" "Mozilla/5.0 AppleWebKit/537.36 (KHTML, like Gecko; compatible; GPTBot/1.3; +https://openai.com/gptbot)"
74.7.241.30 - - [24/Dec/2025:22:01:51 +0800] "GET /pages.php?shadow/i107?pid=41074 HTTP/1.1" 200 147206 "-" "Mozilla/5.0 AppleWebKit/537.36 (KHTML, like Gecko; compatible; GPTBot/1.3; +https://openai.com/gptbot)"
74.7.241.30 - - [24/Dec/2025:22:01:52 +0800] "GET /pages.php?prefer/l1?pid=1820 HTTP/1.1" 200 151514 "-" "Mozilla/5.0 AppleWebKit/537.36 (KHTML, like Gecko; compatible; GPTBot/1.3; +https://openai.com/gptbot)"
74.7.241.30 - - [24/Dec/2025:22:01:53 +0800] "GET /pages.php?shopdetail/p1?pid=1680 HTTP/1.1" 200 152001 "-" "Mozilla/5.0 AppleWebKit/537.36 (KHTML, like Gecko; compatible; GPTBot/1.3; +https://openai.com/gptbot)"
57.141.6.4 - - [24/Dec/2025:22:01:53 +0800] "GET /?products/1590163 HTTP/1.1" 200 - "-" "meta-externalagent/1.1 (+https://developers.facebook.com/docs/sharing/webmasters/crawler)"
74.7.241.30 - - [24/Dec/2025:22:01:53 +0800] "GET /pages.php?attendance/h4?pid=9265 HTTP/1.1" 200 158387 "-" "Mozilla/5.0 AppleWebKit/537.36 (KHTML, like Gecko; compatible; GPTBot/1.3; +https://openai.com/gptbot)"
66.249.74.169 - - [24/Dec/2025:22:01:54 +0800] "GET /?products/29738985 HTTP/1.1" 200 146281 "-" "Mozilla/5.0 (Linux; Android 6.0.1; Nexus 5X Build/MMB29P) AppleWebKit/537.36 (KHTML, like Gecko) Chrome/141.0.7390.122 Mobile Safari/537.36 (compatible; Googlebot/2.1; +http://www.google.com/bot.html)"
74.7.241.30 - - [24/Dec/2025:22:01:54 +0800] "GET /pages.php?potato/p1?pid=1680 HTTP/1.1" 200 151690 "-" "Mozilla/5.0 AppleWebKit/537.36 (KHTML, like Gecko; compatible; GPTBot/1.3; +https://openai.com/gptbot)"
74.7.241.30 - - [24/Dec/2025:22:01:55 +0800] "GET /pages.php?female/z1?pid=1498 HTTP/1.1" 200 156248 "-" "Mozilla/5.0 AppleWebKit/537.36 (KHTML, like Gecko; compatible; GPTBot/1.3; +https://openai.com/gptbot)"
74.7.241.30 - - [24/Dec/2025:22:01:56 +0800] "GET /pages.php?item/u243/30415/ HTTP/1.1" 200 143572 "-" "Mozilla/5.0 AppleWebKit/537.36 (KHTML, like Gecko; compatible; GPTBot/1.3; +https://openai.com/gptbot)"
74.7.241.30 - - [24/Dec/2025:22:01:57 +0800] "GET /pages.php?4972687 HTTP/1.1" 200 149832 "-" "Mozilla/5.0 AppleWebKit/537.36 (KHTML, like Gecko; compatible; GPTBot/1.3; +https://openai.com/gptbot)"
74.7.241.30 - - [24/Dec/2025:22:01:58 +0800] "GET /pages.php?advice/f1?pid=1728 HTTP/1.1" 200 151660 "-" "Mozilla/5.0 AppleWebKit/537.36 (KHTML, like Gecko; compatible; GPTBot/1.3; +https://openai.com/gptbot)"
74.7.241.30 - - [24/Dec/2025:22:01:59 +0800] "GET /pages.php?possession/u42?pid=9899 HTTP/1.1" 200 146621 "-" "Mozilla/5.0 AppleWebKit/537.36 (KHTML, like Gecko; compatible; GPTBot/1.3; +https://openai.com/gptbot)"
74.7.241.30 - - [24/Dec/2025:22:02:00 +0800] "GET /pages.php?classical/w178?pid=7357 HTTP/1.1" 200 152503 "-" "Mozilla/5.0 AppleWebKit/537.36 (KHTML, like Gecko; compatible; GPTBot/1.3; +https://openai.com/gptbot)"
74.7.241.30 - - [24/Dec/2025:22:02:01 +0800] "GET /pages.php?grade/l12?pid=6713 HTTP/1.1" 200 146253 "-" "Mozilla/5.0 AppleWebKit/537.36 (KHTML, like Gecko; compatible; GPTBot/1.3; +https://openai.com/gptbot)"
74.7.241.30 - - [24/Dec/2025:22:02:02 +0800] "GET /pages.php?adviser/l1?pid=1820 HTTP/1.1" 200 152078 "-" "Mozilla/5.0 AppleWebKit/537.36 (KHTML, like Gecko; compatible; GPTBot/1.3; +https://openai.com/gptbot)"
74.7.241.30 - - [24/Dec/2025:22:02:03 +0800] "GET /pages.php?disabled/o114?pid=5895 HTTP/1.1" 200 152505 "-" "Mozilla/5.0 AppleWebKit/537.36 (KHTML, like Gecko; compatible; GPTBot/1.3; +https://openai.com/gptbot)"
74.7.241.30 - - [24/Dec/2025:22:02:04 +0800] "GET /pages.php?excuse/p1?pid=1680 HTTP/1.1" 200 152334 "-" "Mozilla/5.0 AppleWebKit/537.36 (KHTML, like Gecko; compatible; GPTBot/1.3; +https://openai.com/gptbot)"
74.7.241.30 - - [24/Dec/2025:22:02:05 +0800] "GET /pages.php?practical/z1?pid=1662 HTTP/1.1" 200 152447 "-" "Mozilla/5.0 AppleWebKit/537.36 (KHTML, like Gecko; compatible; GPTBot/1.3; +https://openai.com/gptbot)"
74.7.241.30 - - [24/Dec/2025:22:02:06 +0800] "GET /pages.php?gathering/z55?pid=12588 HTTP/1.1" 200 152600 "-" "Mozilla/5.0 AppleWebKit/537.36 (KHTML, like Gecko; compatible; GPTBot/1.3; +https://openai.com/gptbot)"
74.7.241.30 - - [24/Dec/2025:22:02:07 +0800] "GET /pages.php?boss/j33?pid=4546 HTTP/1.1" 200 162963 "-" "Mozilla/5.0 AppleWebKit/537.36 (KHTML, like Gecko; compatible; GPTBot/1.3; +https://openai.com/gptbot)"
74.7.241.30 - - [24/Dec/2025:22:02:09 +0800] "GET /pages.php?patience/z1?pid=838 HTTP/1.1" 200 149390 "-" "Mozilla/5.0 AppleWebKit/537.36 (KHTML, like Gecko; compatible; GPTBot/1.3; +https://openai.com/gptbot)"
74.7.241.30 - - [24/Dec/2025:22:02:10 +0800] "GET /pages.php?7007866 HTTP/1.1" 200 142762 "-" "Mozilla/5.0 AppleWebKit/537.36 (KHTML, like Gecko; compatible; GPTBot/1.3; +https://openai.com/gptbot)"
74.7.241.30 - - [24/Dec/2025:22:02:11 +0800] "GET /pages.php?suit/u42?pid=9899 HTTP/1.1" 200 146659 "-" "Mozilla/5.0 AppleWebKit/537.36 (KHTML, like Gecko; compatible; GPTBot/1.3; +https://openai.com/gptbot)"
74.7.241.30 - - [24/Dec/2025:22:02:11 +0800] "GET /pages.php?crowd/y1?pid=1822 HTTP/1.1" 200 152554 "-" "Mozilla/5.0 AppleWebKit/537.36 (KHTML, like Gecko; compatible; GPTBot/1.3; +https://openai.com/gptbot)"
74.7.241.30 - - [24/Dec/2025:22:02:12 +0800] "GET /pages.php?debris/z1?pid=1662 HTTP/1.1" 200 152796 "-" "Mozilla/5.0 AppleWebKit/537.36 (KHTML, like Gecko; compatible; GPTBot/1.3; +https://openai.com/gptbot)"
74.7.241.30 - - [24/Dec/2025:22:02:13 +0800] "GET /pages.php?without/v33?pid=10310 HTTP/1.1" 200 142868 "-" "Mozilla/5.0 AppleWebKit/537.36 (KHTML, like Gecko; compatible; GPTBot/1.3; +https://openai.com/gptbot)"
74.7.241.30 - - [24/Dec/2025:22:02:14 +0800] "GET /pages.php?specialty/y1?pid=1822 HTTP/1.1" 200 152473 "-" "Mozilla/5.0 AppleWebKit/537.36 (KHTML, like Gecko; compatible; GPTBot/1.3; +https://openai.com/gptbot)"
74.7.241.30 - - [24/Dec/2025:22:02:16 +0800] "GET /pages.php?quest/h4?pid=9265 HTTP/1.1" 200 158495 "-" "Mozilla/5.0 AppleWebKit/537.36 (KHTML, like Gecko; compatible; GPTBot/1.3; +https://openai.com/gptbot)"
66.249.74.160 - - [24/Dec/2025:22:02:17 +0800] "GET /?products/23716885 HTTP/1.1" 200 154237 "-" "Mozilla/5.0 (Linux; Android 6.0.1; Nexus 5X Build/MMB29P) AppleWebKit/537.36 (KHTML, like Gecko) Chrome/141.0.7390.122 Mobile Safari/537.36 (compatible; Googlebot/2.1; +http://www.google.com/bot.html)"
74.7.241.30 - - [24/Dec/2025:22:02:17 +0800] "GET /pages.php?achieve/z55?pid=12588 HTTP/1.1" 200 152627 "-" "Mozilla/5.0 AppleWebKit/537.36 (KHTML, like Gecko; compatible; GPTBot/1.3; +https://openai.com/gptbot)"
74.7.241.30 - - [24/Dec/2025:22:02:18 +0800] "GET /pages.php?riot/j33?pid=4546 HTTP/1.1" 200 162757 "-" "Mozilla/5.0 AppleWebKit/537.36 (KHTML, like Gecko; compatible; GPTBot/1.3; +https://openai.com/gptbot)"
74.7.241.30 - - [24/Dec/2025:22:02:19 +0800] "GET /pages.php?input/f1?pid=1728 HTTP/1.1" 200 152035 "-" "Mozilla/5.0 AppleWebKit/537.36 (KHTML, like Gecko; compatible; GPTBot/1.3; +https://openai.com/gptbot)"
