74.7.241.30 - - [24/Dec/2025:21:53:41 +0800] "GET /pages.php?stay/y124?pid=483 HTTP/1.1" 200 142042 "-" "Mozilla/5.0 AppleWebKit/537.36 (KHTML, like Gecko; compatible; GPTBot/1.3; +https://openai.com/gptbot)"
74.7.241.30 - - [24/Dec/2025:21:53:41 +0800] "GET /pages.php?beauty/t1?pid=1726 HTTP/1.1" 200 151441 "-" "Mozilla/5.0 AppleWebKit/537.36 (KHTML, like Gecko; compatible; GPTBot/1.3; +https://openai.com/gptbot)"
66.249.74.169 - - [24/Dec/2025:21:53:42 +0800] "GET /?products/9158829 HTTP/1.1" 200 163716 "-" "Mozilla/5.0 (Linux; Android 6.0.1; Nexus 5X Build/MMB29P) AppleWebKit/537.36 (KHTML, like Gecko) Chrome/141.0.7390.122 Mobile Safari/537.36 (compatible; Googlebot/2.1; +http://www.google.com/bot.html)"
66.249.74.169 - - [24/Dec/2025:21:53:42 +0800] "GET /?products/9158829 HTTP/1.1" 200 163716 "-" "Mozilla/5.0 (compatible; Googlebot/2.1; +http://www.google.com/bot.html)"
74.7.241.30 - - [24/Dec/2025:21:53:42 +0800] "GET /pages.php?leave/c1?pid=1730 HTTP/1.1" 200 151373 "-" "Mozilla/5.0 AppleWebKit/537.36 (KHTML, like Gecko; compatible; GPTBot/1.3; +https://openai.com/gptbot)"
74.7.241.30 - - [24/Dec/2025:21:53:42 +0800] "GET /pages.php?interesting/o2?pid=3011 HTTP/1.1" 200 162097 "-" "Mozilla/5.0 AppleWebKit/537.36 (KHTML, like Gecko; compatible; GPTBot/1.3; +https://openai.com/gptbot)"
66.249.74.160 - - [24/Dec/2025:21:53:43 +0800] "GET /?products/8116885 HTTP/1.1" 200 153231 "-" "Mozilla/5.0 (Linux; Android 6.0.1; Nexus 5X Build/MMB29P) AppleWebKit/537.36 (KHTML, like Gecko) Chrome/141.0.7390.122 Mobile Safari/537.36 (compatible; Googlebot/2.1; +http://www.google.com/bot.html)"
74.7.241.30 - - [24/Dec/2025:21:53:43 +0800] "GET /pages.php?prefer/p1?pid=1680 HTTP/1.1" 200 152113 "-" "Mozilla/5.0 AppleWebKit/537.36 (KHTML, like Gecko; compatible; GPTBot/1.3; +https://openai.com/gptbot)"
74.7.241.30 - - [24/Dec/2025:21:53:44 +0800] "GET /pages.php?integrated/z1?pid=1498 HTTP/1.1" 200 157099 "-" "Mozilla/5.0 AppleWebKit/537.36 (KHTML, like Gecko; compatible; GPTBot/1.3; +https://openai.com/gptbot)"
74.7.241.30 - - [24/Dec/2025:21:53:44 +0800] "GET /pages.php?anticipate/p1?pid=1680 HTTP/1.1" 200 152701 "-" "Mozilla/5.0 AppleWebKit/537.36 (KHTML, like Gecko; compatible; GPTBot/1.3; +https://openai.com/gptbot)"
66.249.74.160 - - [24/Dec/2025:21:53:45 +0800] "GET /?products/19265396 HTTP/1.1" 200 149783 "-" "Mozilla/5.0 (Linux; Android 6.0.1; Nexus 5X Build/MMB29P) AppleWebKit/537.36 (KHTML, like Gecko) Chrome/141.0.7390.122 Mobile Safari/537.36 (compatible; GoogleOther)"
74.7.241.30 - - [24/Dec/2025:21:53:45 +0800] "GET /pages.php?segment/t173?pid=4888 HTTP/1.1" 200 159120 "-" "Mozilla/5.0 AppleWebKit/537.36 (KHTML, like Gecko; compatible; GPTBot/1.3; +https://openai.com/gptbot)"
66.249.74.169 - - [24/Dec/2025:21:53:46 +0800] "GET /?products/4643452 HTTP/1.1" 200 149730 "-" "Mozilla/5.0 (Linux; Android 6.0.1; Nexus 5X Build/MMB29P) AppleWebKit/537.36 (KHTML, like Gecko) Chrome/141.0.7390.122 Mobile Safari/537.36 (compatible; GoogleOther)"
74.7.241.30 - - [24/Dec/2025:21:53:46 +0800] "GET /pages.php?growth/y1?pid=1822 HTTP/1.1" 200 152569 "-" "Mozilla/5.0 AppleWebKit/537.36 (KHTML, like Gecko; compatible; GPTBot/1.3; +https://openai.com/gptbot)"
74.7.241.30 - - [24/Dec/2025:21:53:47 +0800] "GET /pages.php?agreement/o1?pid=1664 HTTP/1.1" 200 152732 "-" "Mozilla/5.0 AppleWebKit/537.36 (KHTML, like Gecko; compatible; GPTBot/1.3; +https://openai.com/gptbot)"
74.7.241.30 - - [24/Dec/2025:21:53:47 +0800] "GET /pages.php?historian/t2?pid=35511 HTTP/1.1" 200 142247 "-" "Mozilla/5.0 AppleWebKit/537.36 (KHTML, like Gecko; compatible; GPTBot/1.3; +https://openai.com/gptbot)"
74.7.241.30 - - [24/Dec/2025:21:53:48 +0800] "GET /pages.php?these/y124?pid=483 HTTP/1.1" 200 142156 "-" "Mozilla/5.0 AppleWebKit/537.36 (KHTML, like Gecko; compatible; GPTBot/1.3; +https://openai.com/gptbot)"
74.7.241.30 - - [24/Dec/2025:21:53:49 +0800] "GET /pages.php?drum/f12?pid=1995 HTTP/1.1" 200 142988 "-" "Mozilla/5.0 AppleWebKit/537.36 (KHTML, like Gecko; compatible; GPTBot/1.3; +https://openai.com/gptbot)"
74.7.241.30 - - [24/Dec/2025:21:53:50 +0800] "GET /pages.php?loud/t4?pid=41647 HTTP/1.1" 200 168243 "-" "Mozilla/5.0 AppleWebKit/537.36 (KHTML, like Gecko; compatible; GPTBot/1.3; +https://openai.com/gptbot)"
74.7.241.30 - - [24/Dec/2025:21:53:51 +0800] "GET /pages.php?mainly/n1?pid=1496 HTTP/1.1" 200 151592 "-" "Mozilla/5.0 AppleWebKit/537.36 (KHTML, like Gecko; compatible; GPTBot/1.3; +https://openai.com/gptbot)"
74.7.241.30 - - [24/Dec/2025:21:53:51 +0800] "GET /pages.php?young/g61?pid=2644 HTTP/1.1" 200 158359 "-" "Mozilla/5.0 AppleWebKit/537.36 (KHTML, like Gecko; compatible; GPTBot/1.3; +https://openai.com/gptbot)"
74.7.241.30 - - [24/Dec/2025:21:53:52 +0800] "GET /pages.php?ability/o1?pid=1664 HTTP/1.1" 200 151786 "-" "Mozilla/5.0 AppleWebKit/537.36 (KHTML, like Gecko; compatible; GPTBot/1.3; +https://openai.com/gptbot)"
74.7.241.30 - - [24/Dec/2025:21:53:53 +0800] "GET /pages.php?pattern/o1?pid=1664 HTTP/1.1" 200 152124 "-" "Mozilla/5.0 AppleWebKit/537.36 (KHTML, like Gecko; compatible; GPTBot/1.3; +https://openai.com/gptbot)"
74.7.241.30 - - [24/Dec/2025:21:53:54 +0800] "GET /pages.php?explore/p1?pid=1680 HTTP/1.1" 200 151726 "-" "Mozilla/5.0 AppleWebKit/537.36 (KHTML, like Gecko; compatible; GPTBot/1.3; +https://openai.com/gptbot)"
74.7.241.30 - - [24/Dec/2025:21:53:55 +0800] "GET /pages.php?massive/y1?pid=1822 HTTP/1.1" 200 152117 "-" "Mozilla/5.0 AppleWebKit/537.36 (KHTML, like Gecko; compatible; GPTBot/1.3; +https://openai.com/gptbot)"
74.7.241.30 - - [24/Dec/2025:21:53:56 +0800] "GET /pages.php?weird/t2?pid=35511 HTTP/1.1" 200 142339 "-" "Mozilla/5.0 AppleWebKit/537.36 (KHTML, like Gecko; compatible; GPTBot/1.3; +https://openai.com/gptbot)"
66.249.74.169 - - [24/Dec/2025:21:53:57 +0800] "GET /?products/30059530 HTTP/1.1" 200 146914 "-" "Mozilla/5.0 (Linux; Android 6.0.1; Nexus 5X Build/MMB29P) AppleWebKit/537.36 (KHTML, like Gecko) Chrome/141.0.7390.122 Mobile Safari/537.36 (compatible; GoogleOther)"
74.7.241.30 - - [24/Dec/2025:21:53:57 +0800] "GET /pages.php?terrorist/y124?pid=483 HTTP/1.1" 200 141660 "-" "Mozilla/5.0 AppleWebKit/537.36 (KHTML, like Gecko; compatible; GPTBot/1.3; +https://openai.com/gptbot)"
74.7.241.30 - - [24/Dec/2025:21:53:58 +0800] "GET /pages.php?assault/c1?pid=1730 HTTP/1.1" 200 151872 "-" "Mozilla/5.0 AppleWebKit/537.36 (KHTML, like Gecko; compatible; GPTBot/1.3; +https://openai.com/gptbot)"
74.7.241.30 - - [24/Dec/2025:21:53:58 +0800] "GET /pages.php?find/t4?pid=41647 HTTP/1.1" 200 168613 "-" "Mozilla/5.0 AppleWebKit/537.36 (KHTML, like Gecko; compatible; GPTBot/1.3; +https://openai.com/gptbot)"
74.7.241.30 - - [24/Dec/2025:21:53:59 +0800] "GET /pages.php?spirit/f1?pid=1728 HTTP/1.1" 200 152216 "-" "Mozilla/5.0 AppleWebKit/537.36 (KHTML, like Gecko; compatible; GPTBot/1.3; +https://openai.com/gptbot)"
74.7.241.30 - - [24/Dec/2025:21:54:00 +0800] "GET /pages.php?fleet/t1?pid=1726 HTTP/1.1" 200 151449 "-" "Mozilla/5.0 AppleWebKit/537.36 (KHTML, like Gecko; compatible; GPTBot/1.3; +https://openai.com/gptbot)"
66.249.74.160 - - [24/Dec/2025:21:54:01 +0800] "GET /?products/28258196 HTTP/1.1" 200 167005 "-" "Mozilla/5.0 (Linux; Android 6.0.1; Nexus 5X Build/MMB29P) AppleWebKit/537.36 (KHTML, like Gecko) Chrome/141.0.7390.122 Mobile Safari/537.36 (compatible; GoogleOther)"
74.7.241.30 - - [24/Dec/2025:21:54:01 +0800] "GET /pages.php?disease/j10?pid=16487 HTTP/1.1" 200 143542 "-" "Mozilla/5.0 AppleWebKit/537.36 (KHTML, like Gecko; compatible; GPTBot/1.3; +https://openai.com/gptbot)"
74.7.241.30 - - [24/Dec/2025:21:54:01 +0800] "GET /pages.php?scare/o1?pid=1664 HTTP/1.1" 200 152226 "-" "Mozilla/5.0 AppleWebKit/537.36 (KHTML, like Gecko; compatible; GPTBot/1.3; +https://openai.com/gptbot)"
74.7.241.30 - - [24/Dec/2025:21:54:02 +0800] "GET /pages.php?money/p1?pid=1680 HTTP/1.1" 200 152670 "-" "Mozilla/5.0 AppleWebKit/537.36 (KHTML, like Gecko; compatible; GPTBot/1.3; +https://openai.com/gptbot)"
74.7.241.30 - - [24/Dec/2025:21:54:03 +0800] "GET /pages.php?identical/t1?pid=1726 HTTP/1.1" 200 151996 "-" "Mozilla/5.0 AppleWebKit/537.36 (KHTML, like Gecko; compatible; GPTBot/1.3; +https://openai.com/gptbot)"
74.7.241.30 - - [24/Dec/2025:21:54:04 +0800] "GET /pages.php?butterfly/j40?pid=10631 HTTP/1.1" 200 145979 "-" "Mozilla/5.0 AppleWebKit/537.36 (KHTML, like Gecko; compatible; GPTBot/1.3; +https://openai.com/gptbot)"
74.7.241.30 - - [24/Dec/2025:21:54:04 +0800] "GET /pages.php?dead/y124?pid=483 HTTP/1.1" 200 141257 "-" "Mozilla/5.0 AppleWebKit/537.36 (KHTML, like Gecko; compatible; GPTBot/1.3; +https://openai.com/gptbot)"
74.7.241.30 - - [24/Dec/2025:21:54:05 +0800] "GET /pages.php?laser/f1?pid=1728 HTTP/1.1" 200 152100 "-" "Mozilla/5.0 AppleWebKit/537.36 (KHTML, like Gecko; compatible; GPTBot/1.3; +https://openai.com/gptbot)"
74.7.241.30 - - [24/Dec/2025:21:54:06 +0800] "GET /pages.php?pause/g1?pid=1738 HTTP/1.1" 200 150717 "-" "Mozilla/5.0 AppleWebKit/537.36 (KHTML, like Gecko; compatible; GPTBot/1.3; +https://openai.com/gptbot)"
74.7.241.30 - - [24/Dec/2025:21:54:07 +0800] "GET /pages.php?parade/y1?pid=1822 HTTP/1.1" 200 152332 "-" "Mozilla/5.0 AppleWebKit/537.36 (KHTML, like Gecko; compatible; GPTBot/1.3; +https://openai.com/gptbot)"
74.7.241.30 - - [24/Dec/2025:21:54:07 +0800] "GET /pages.php?stock/o1?pid=1664 HTTP/1.1" 200 152507 "-" "Mozilla/5.0 AppleWebKit/537.36 (KHTML, like Gecko; compatible; GPTBot/1.3; +https://openai.com/gptbot)"
74.7.241.30 - - [24/Dec/2025:21:54:08 +0800] "GET /pages.php?slope/z1?pid=1662 HTTP/1.1" 200 152482 "-" "Mozilla/5.0 AppleWebKit/537.36 (KHTML, like Gecko; compatible; GPTBot/1.3; +https://openai.com/gptbot)"
74.7.241.30 - - [24/Dec/2025:21:54:09 +0800] "GET /pages.php?atmosphere/z1?pid=1662 HTTP/1.1" 200 152297 "-" "Mozilla/5.0 AppleWebKit/537.36 (KHTML, like Gecko; compatible; GPTBot/1.3; +https://openai.com/gptbot)"
74.7.241.30 - - [24/Dec/2025:21:54:10 +0800] "GET /pages.php?grace/p1?pid=1680 HTTP/1.1" 200 151506 "-" "Mozilla/5.0 AppleWebKit/537.36 (KHTML, like Gecko; compatible; GPTBot/1.3; +https://openai.com/gptbot)"
74.7.241.30 - - [24/Dec/2025:21:54:11 +0800] "GET /pages.php?expertise/t1?pid=1726 HTTP/1.1" 200 151602 "-" "Mozilla/5.0 AppleWebKit/537.36 (KHTML, like Gecko; compatible; GPTBot/1.3; +https://openai.com/gptbot)"
74.7.241.30 - - [24/Dec/2025:21:54:12 +0800] "GET /pages.php?cargo/p1?pid=1680 HTTP/1.1" 200 151805 "-" "Mozilla/5.0 AppleWebKit/537.36 (KHTML, like Gecko; compatible; GPTBot/1.3; +https://openai.com/gptbot)"
74.7.241.30 - - [24/Dec/2025:21:54:12 +0800] "GET /pages.php?disappear/s32?pid=21817 HTTP/1.1" 200 142593 "-" "Mozilla/5.0 AppleWebKit/537.36 (KHTML, like Gecko; compatible; GPTBot/1.3; +https://openai.com/gptbot)"
74.7.241.30 - - [24/Dec/2025:21:54:13 +0800] "GET /pages.php?propose/t1?pid=1726 HTTP/1.1" 200 152431 "-" "Mozilla/5.0 AppleWebKit/537.36 (KHTML, like Gecko; compatible; GPTBot/1.3; +https://openai.com/gptbot)"
74.7.241.30 - - [24/Dec/2025:21:54:14 +0800] "GET /pages.php?rarely/t1?pid=1726 HTTP/1.1" 200 151729 "-" "Mozilla/5.0 AppleWebKit/537.36 (KHTML, like Gecko; compatible; GPTBot/1.3; +https://openai.com/gptbot)"
74.7.241.30 - - [24/Dec/2025:21:54:15 +0800] "GET /pages.php?legend/t1?pid=1726 HTTP/1.1" 200 152285 "-" "Mozilla/5.0 AppleWebKit/537.36 (KHTML, like Gecko; compatible; GPTBot/1.3; +https://openai.com/gptbot)"
74.7.241.30 - - [24/Dec/2025:21:54:16 +0800] "GET /pages.php?dependent/c1?pid=1730 HTTP/1.1" 200 152411 "-" "Mozilla/5.0 AppleWebKit/537.36 (KHTML, like Gecko; compatible; GPTBot/1.3; +https://openai.com/gptbot)"
74.7.241.30 - - [24/Dec/2025:21:54:17 +0800] "GET /pages.php?suicide/c47?pid=39882 HTTP/1.1" 200 154476 "-" "Mozilla/5.0 AppleWebKit/537.36 (KHTML, like Gecko; compatible; GPTBot/1.3; +https://openai.com/gptbot)"
74.7.241.30 - - [24/Dec/2025:21:54:18 +0800] "GET /pages.php?demonstrate/t1?pid=1818 HTTP/1.1" 200 151784 "-" "Mozilla/5.0 AppleWebKit/537.36 (KHTML, like Gecko; compatible; GPTBot/1.3; +https://openai.com/gptbot)"
74.7.241.30 - - [24/Dec/2025:21:54:19 +0800] "GET /pages.php?principal/z1?pid=1498 HTTP/1.1" 200 156770 "-" "Mozilla/5.0 AppleWebKit/537.36 (KHTML, like Gecko; compatible; GPTBot/1.3; +https://openai.com/gptbot)"
74.7.241.30 - - [24/Dec/2025:21:54:20 +0800] "GET /pages.php?appear/f1?pid=1728 HTTP/1.1" 200 152152 "-" "Mozilla/5.0 AppleWebKit/537.36 (KHTML, like Gecko; compatible; GPTBot/1.3; +https://openai.com/gptbot)"
74.7.241.30 - - [24/Dec/2025:21:54:21 +0800] "GET /pages.php?easy/b141?pid=1574 HTTP/1.1" 200 153178 "-" "Mozilla/5.0 AppleWebKit/537.36 (KHTML, like Gecko; compatible; GPTBot/1.3; +https://openai.com/gptbot)"
74.7.241.30 - - [24/Dec/2025:21:54:22 +0800] "GET /pages.php?n_1514ktcs107 HTTP/1.1" 200 159754 "-" "Mozilla/5.0 AppleWebKit/537.36 (KHTML, like Gecko; compatible; GPTBot/1.3; +https://openai.com/gptbot)"
74.7.241.30 - - [24/Dec/2025:21:54:24 +0800] "GET /pages.php?nominee/w256?pid=6529 HTTP/1.1" 200 146935 "-" "Mozilla/5.0 AppleWebKit/537.36 (KHTML, like Gecko; compatible; GPTBot/1.3; +https://openai.com/gptbot)"
74.7.241.30 - - [24/Dec/2025:21:54:25 +0800] "GET /pages.php?communicate/g1?pid=1738 HTTP/1.1" 200 151304 "-" "Mozilla/5.0 AppleWebKit/537.36 (KHTML, like Gecko; compatible; GPTBot/1.3; +https://openai.com/gptbot)"
74.7.241.30 - - [24/Dec/2025:21:54:26 +0800] "GET /pages.php?legend/c1?pid=1730 HTTP/1.1" 200 152343 "-" "Mozilla/5.0 AppleWebKit/537.36 (KHTML, like Gecko; compatible; GPTBot/1.3; +https://openai.com/gptbot)"
66.249.74.160 - - [24/Dec/2025:21:54:27 +0800] "GET /?products/28263052 HTTP/1.1" 200 165347 "-" "Mozilla/5.0 (Linux; Android 6.0.1; Nexus 5X Build/MMB29P) AppleWebKit/537.36 (KHTML, like Gecko) Chrome/141.0.7390.122 Mobile Safari/537.36 (compatible; Googlebot/2.1; +http://www.google.com/bot.html)"
74.7.241.30 - - [24/Dec/2025:21:54:27 +0800] "GET /pages.php?impression/t1?pid=1726 HTTP/1.1" 200 151361 "-" "Mozilla/5.0 AppleWebKit/537.36 (KHTML, like Gecko; compatible; GPTBot/1.3; +https://openai.com/gptbot)"
74.7.241.30 - - [24/Dec/2025:21:54:28 +0800] "GET /pages.php?essay/e16?pid=7825 HTTP/1.1" 200 150137 "-" "Mozilla/5.0 AppleWebKit/537.36 (KHTML, like Gecko; compatible; GPTBot/1.3; +https://openai.com/gptbot)"
74.7.241.30 - - [24/Dec/2025:21:54:29 +0800] "GET /pages.php?narrative/y1?pid=1822 HTTP/1.1" 200 152475 "-" "Mozilla/5.0 AppleWebKit/537.36 (KHTML, like Gecko; compatible; GPTBot/1.3; +https://openai.com/gptbot)"
74.7.241.30 - - [24/Dec/2025:21:54:31 +0800] "GET /pages.php?alter/g32?pid=9703 HTTP/1.1" 200 142788 "-" "Mozilla/5.0 AppleWebKit/537.36 (KHTML, like Gecko; compatible; GPTBot/1.3; +https://openai.com/gptbot)"
74.7.241.30 - - [24/Dec/2025:21:54:32 +0800] "GET /pages.php?pregnancy/x18?pid=1191 HTTP/1.1" 200 143490 "-" "Mozilla/5.0 AppleWebKit/537.36 (KHTML, like Gecko; compatible; GPTBot/1.3; +https://openai.com/gptbot)"
74.7.241.30 - - [24/Dec/2025:21:54:33 +0800] "GET /pages.php?barely/y1?pid=1822 HTTP/1.1" 200 151886 "-" "Mozilla/5.0 AppleWebKit/537.36 (KHTML, like Gecko; compatible; GPTBot/1.3; +https://openai.com/gptbot)"
74.7.241.30 - - [24/Dec/2025:21:54:34 +0800] "GET /pages.php?telescope/b141?pid=1574 HTTP/1.1" 200 152385 "-" "Mozilla/5.0 AppleWebKit/537.36 (KHTML, like Gecko; compatible; GPTBot/1.3; +https://openai.com/gptbot)"
74.7.241.30 - - [24/Dec/2025:21:54:35 +0800] "GET /pages.php?cash/c6?pid=13621 HTTP/1.1" 200 151818 "-" "Mozilla/5.0 AppleWebKit/537.36 (KHTML, like Gecko; compatible; GPTBot/1.3; +https://openai.com/gptbot)"
74.7.241.30 - - [24/Dec/2025:21:54:36 +0800] "GET /pages.php?simply/g1?pid=1738 HTTP/1.1" 200 152352 "-" "Mozilla/5.0 AppleWebKit/537.36 (KHTML, like Gecko; compatible; GPTBot/1.3; +https://openai.com/gptbot)"
74.7.241.30 - - [24/Dec/2025:21:54:37 +0800] "GET /pages.php?conscience/g1?pid=1738 HTTP/1.1" 200 152036 "-" "Mozilla/5.0 AppleWebKit/537.36 (KHTML, like Gecko; compatible; GPTBot/1.3; +https://openai.com/gptbot)"
74.7.241.30 - - [24/Dec/2025:21:54:38 +0800] "GET /pages.php?bubble/t1?pid=1818 HTTP/1.1" 200 151947 "-" "Mozilla/5.0 AppleWebKit/537.36 (KHTML, like Gecko; compatible; GPTBot/1.3; +https://openai.com/gptbot)"
74.7.241.30 - - [24/Dec/2025:21:54:39 +0800] "GET /pages.php?hesitate/b99?pid=21514 HTTP/1.1" 200 143049 "-" "Mozilla/5.0 AppleWebKit/537.36 (KHTML, like Gecko; compatible; GPTBot/1.3; +https://openai.com/gptbot)"
74.7.241.30 - - [24/Dec/2025:21:54:40 +0800] "GET /pages.php?hike/e16?pid=7825 HTTP/1.1" 200 150689 "-" "Mozilla/5.0 AppleWebKit/537.36 (KHTML, like Gecko; compatible; GPTBot/1.3; +https://openai.com/gptbot)"
74.7.241.30 - - [24/Dec/2025:21:54:41 +0800] "GET /pages.php?quantity/x143?pid=4984 HTTP/1.1" 200 144819 "-" "Mozilla/5.0 AppleWebKit/537.36 (KHTML, like Gecko; compatible; GPTBot/1.3; +https://openai.com/gptbot)"
74.7.241.30 - - [24/Dec/2025:21:54:42 +0800] "GET /pages.php?suspicion/x18?pid=1191 HTTP/1.1" 200 143101 "-" "Mozilla/5.0 AppleWebKit/537.36 (KHTML, like Gecko; compatible; GPTBot/1.3; +https://openai.com/gptbot)"
74.7.241.30 - - [24/Dec/2025:21:54:43 +0800] "GET /pages.php?benefit/y1?pid=1822 HTTP/1.1" 200 152111 "-" "Mozilla/5.0 AppleWebKit/537.36 (KHTML, like Gecko; compatible; GPTBot/1.3; +https://openai.com/gptbot)"
74.7.241.30 - - [24/Dec/2025:21:54:44 +0800] "GET /pages.php?monitor/t1?pid=1818 HTTP/1.1" 200 152061 "-" "Mozilla/5.0 AppleWebKit/537.36 (KHTML, like Gecko; compatible; GPTBot/1.3; +https://openai.com/gptbot)"
74.7.241.30 - - [24/Dec/2025:21:54:45 +0800] "GET /pages.php?7931528 HTTP/1.1" 200 159724 "-" "Mozilla/5.0 AppleWebKit/537.36 (KHTML, like Gecko; compatible; GPTBot/1.3; +https://openai.com/gptbot)"
74.7.241.30 - - [24/Dec/2025:21:54:46 +0800] "GET /pages.php?pretty/y1?pid=1822 HTTP/1.1" 200 151508 "-" "Mozilla/5.0 AppleWebKit/537.36 (KHTML, like Gecko; compatible; GPTBot/1.3; +https://openai.com/gptbot)"
74.7.241.30 - - [24/Dec/2025:21:54:47 +0800] "GET /pages.php?efficiency/t1?pid=1818 HTTP/1.1" 200 152321 "-" "Mozilla/5.0 AppleWebKit/537.36 (KHTML, like Gecko; compatible; GPTBot/1.3; +https://openai.com/gptbot)"
74.7.241.30 - - [24/Dec/2025:21:54:49 +0800] "GET /pages.php?theory/t1?pid=1726 HTTP/1.1" 200 152295 "-" "Mozilla/5.0 AppleWebKit/537.36 (KHTML, like Gecko; compatible; GPTBot/1.3; +https://openai.com/gptbot)"
74.7.241.30 - - [24/Dec/2025:21:54:50 +0800] "GET /pages.php?surgeon/t1?pid=1818 HTTP/1.1" 200 152173 "-" "Mozilla/5.0 AppleWebKit/537.36 (KHTML, like Gecko; compatible; GPTBot/1.3; +https://openai.com/gptbot)"
74.7.241.30 - - [24/Dec/2025:21:54:51 +0800] "GET /pages.php?legally/c1?pid=1730 HTTP/1.1" 200 151979 "-" "Mozilla/5.0 AppleWebKit/537.36 (KHTML, like Gecko; compatible; GPTBot/1.3; +https://openai.com/gptbot)"
74.7.241.30 - - [24/Dec/2025:21:54:52 +0800] "GET /pages.php?generate/x143?pid=4984 HTTP/1.1" 200 144763 "-" "Mozilla/5.0 AppleWebKit/537.36 (KHTML, like Gecko; compatible; GPTBot/1.3; +https://openai.com/gptbot)"
74.7.241.30 - - [24/Dec/2025:21:54:53 +0800] "GET /pages.php?under/t1?pid=1818 HTTP/1.1" 200 151893 "-" "Mozilla/5.0 AppleWebKit/537.36 (KHTML, like Gecko; compatible; GPTBot/1.3; +https://openai.com/gptbot)"
74.7.241.30 - - [24/Dec/2025:21:54:54 +0800] "GET /pages.php?charm/c1?pid=1730 HTTP/1.1" 200 151950 "-" "Mozilla/5.0 AppleWebKit/537.36 (KHTML, like Gecko; compatible; GPTBot/1.3; +https://openai.com/gptbot)"
74.7.241.30 - - [24/Dec/2025:21:54:55 +0800] "GET /pages.php?alongside/t1?pid=1818 HTTP/1.1" 200 152217 "-" "Mozilla/5.0 AppleWebKit/537.36 (KHTML, like Gecko; compatible; GPTBot/1.3; +https://openai.com/gptbot)"
74.7.241.30 - - [24/Dec/2025:21:54:56 +0800] "GET /pages.php?faint/y1?pid=1822 HTTP/1.1" 200 152185 "-" "Mozilla/5.0 AppleWebKit/537.36 (KHTML, like Gecko; compatible; GPTBot/1.3; +https://openai.com/gptbot)"
66.249.74.160 - - [24/Dec/2025:21:54:57 +0800] "GET /?products/19913374 HTTP/1.1" 200 161989 "-" "Mozilla/5.0 (compatible; Googlebot/2.1; +http://www.google.com/bot.html)"
74.7.241.30 - - [24/Dec/2025:21:54:57 +0800] "GET /pages.php?cooking/y1?pid=1822 HTTP/1.1" 200 151835 "-" "Mozilla/5.0 AppleWebKit/537.36 (KHTML, like Gecko; compatible; GPTBot/1.3; +https://openai.com/gptbot)"
74.7.241.30 - - [24/Dec/2025:21:54:58 +0800] "GET /pages.php?forest/z1?pid=1662 HTTP/1.1" 200 152218 "-" "Mozilla/5.0 AppleWebKit/537.36 (KHTML, like Gecko; compatible; GPTBot/1.3; +https://openai.com/gptbot)"
74.7.241.30 - - [24/Dec/2025:21:54:59 +0800] "GET /pages.php?mutter/t1?pid=1726 HTTP/1.1" 200 152125 "-" "Mozilla/5.0 AppleWebKit/537.36 (KHTML, like Gecko; compatible; GPTBot/1.3; +https://openai.com/gptbot)"
66.249.74.160 - - [24/Dec/2025:21:54:59 +0800] "GET /?products/18241563 HTTP/1.1" 200 145315 "-" "Mozilla/5.0 (Linux; Android 6.0.1; Nexus 5X Build/MMB29P) AppleWebKit/537.36 (KHTML, like Gecko) Chrome/141.0.7390.122 Mobile Safari/537.36 (compatible; Googlebot/2.1; +http://www.google.com/bot.html)"
74.7.241.30 - - [24/Dec/2025:21:54:59 +0800] "GET /pages.php?item/u266/13542/ HTTP/1.1" 200 142295 "-" "Mozilla/5.0 AppleWebKit/537.36 (KHTML, like Gecko; compatible; GPTBot/1.3; +https://openai.com/gptbot)"
74.7.241.30 - - [24/Dec/2025:21:55:00 +0800] "GET /pages.php?cheer/c6?pid=29297 HTTP/1.1" 200 142812 "-" "Mozilla/5.0 AppleWebKit/537.36 (KHTML, like Gecko; compatible; GPTBot/1.3; +https://openai.com/gptbot)"
66.249.74.169 - - [24/Dec/2025:21:55:01 +0800] "GET /?products/2392730 HTTP/1.1" 200 144464 "-" "Mozilla/5.0 (Linux; Android 6.0.1; Nexus 5X Build/MMB29P) AppleWebKit/537.36 (KHTML, like Gecko) Chrome/141.0.7390.122 Mobile Safari/537.36 (compatible; GoogleOther)"
74.7.241.30 - - [24/Dec/2025:21:55:01 +0800] "GET /pages.php?wagon/l1?pid=1036 HTTP/1.1" 200 154109 "-" "Mozilla/5.0 AppleWebKit/537.36 (KHTML, like Gecko; compatible; GPTBot/1.3; +https://openai.com/gptbot)"
66.249.74.169 - - [24/Dec/2025:21:55:01 +0800] "GET /?products/6965041 HTTP/1.1" 200 154534 "-" "Mozilla/5.0 (Linux; Android 6.0.1; Nexus 5X Build/MMB29P) AppleWebKit/537.36 (KHTML, like Gecko) Chrome/141.0.7390.122 Mobile Safari/537.36 (compatible; GoogleOther)"
66.249.74.169 - - [24/Dec/2025:21:55:02 +0800] "GET /?products/2678029 HTTP/1.1" 200 155309 "-" "Mozilla/5.0 (Linux; Android 6.0.1; Nexus 5X Build/MMB29P) AppleWebKit/537.36 (KHTML, like Gecko) Chrome/141.0.7390.122 Mobile Safari/537.36 (compatible; GoogleOther)"
74.7.241.30 - - [24/Dec/2025:21:55:02 +0800] "GET /pages.php?citizenship/t1?pid=1818 HTTP/1.1" 200 152273 "-" "Mozilla/5.0 AppleWebKit/537.36 (KHTML, like Gecko; compatible; GPTBot/1.3; +https://openai.com/gptbot)"
74.7.241.30 - - [24/Dec/2025:21:55:02 +0800] "GET /pages.php?myself/p1?pid=1680 HTTP/1.1" 200 151922 "-" "Mozilla/5.0 AppleWebKit/537.36 (KHTML, like Gecko; compatible; GPTBot/1.3; +https://openai.com/gptbot)"
66.249.74.169 - - [24/Dec/2025:21:55:03 +0800] "GET /?m=67114724 HTTP/1.1" 200 144569 "-" "Mozilla/5.0 (compatible; Googlebot/2.1; +http://www.google.com/bot.html)"
74.7.241.30 - - [24/Dec/2025:21:55:03 +0800] "GET /pages.php?stance/g1?pid=1738 HTTP/1.1" 200 151182 "-" "Mozilla/5.0 AppleWebKit/537.36 (KHTML, like Gecko; compatible; GPTBot/1.3; +https://openai.com/gptbot)"
74.7.241.30 - - [24/Dec/2025:21:55:04 +0800] "GET /pages.php?assistant/t1?pid=1726 HTTP/1.1" 200 151446 "-" "Mozilla/5.0 AppleWebKit/537.36 (KHTML, like Gecko; compatible; GPTBot/1.3; +https://openai.com/gptbot)"
66.249.74.169 - - [24/Dec/2025:21:55:06 +0800] "GET /?products/1392518 HTTP/1.1" 200 185903 "-" "Mozilla/5.0 (Linux; Android 6.0.1; Nexus 5X Build/MMB29P) AppleWebKit/537.36 (KHTML, like Gecko) Chrome/141.0.7390.122 Mobile Safari/537.36 (compatible; GoogleOther)"
74.7.241.30 - - [24/Dec/2025:21:55:06 +0800] "GET /pages.php?compete/g1?pid=1738 HTTP/1.1" 200 152794 "-" "Mozilla/5.0 AppleWebKit/537.36 (KHTML, like Gecko; compatible; GPTBot/1.3; +https://openai.com/gptbot)"
66.249.74.169 - - [24/Dec/2025:21:55:06 +0800] "GET /?products/19888785 HTTP/1.1" 200 156897 "-" "Mozilla/5.0 (Linux; Android 6.0.1; Nexus 5X Build/MMB29P) AppleWebKit/537.36 (KHTML, like Gecko) Chrome/141.0.7390.122 Mobile Safari/537.36 (compatible; GoogleOther)"
66.249.74.169 - - [24/Dec/2025:21:55:06 +0800] "GET /?products/20346285 HTTP/1.1" 200 151554 "-" "Mozilla/5.0 (Linux; Android 6.0.1; Nexus 5X Build/MMB29P) AppleWebKit/537.36 (KHTML, like Gecko) Chrome/141.0.7390.122 Mobile Safari/537.36 (compatible; GoogleOther)"
74.7.241.30 - - [24/Dec/2025:21:55:06 +0800] "GET /pages.php?central/t1?pid=1818 HTTP/1.1" 200 151606 "-" "Mozilla/5.0 AppleWebKit/537.36 (KHTML, like Gecko; compatible; GPTBot/1.3; +https://openai.com/gptbot)"
74.7.241.30 - - [24/Dec/2025:21:55:07 +0800] "GET /pages.php?digital/k18?pid=38159 HTTP/1.1" 200 149191 "-" "Mozilla/5.0 AppleWebKit/537.36 (KHTML, like Gecko; compatible; GPTBot/1.3; +https://openai.com/gptbot)"
74.7.241.30 - - [24/Dec/2025:21:55:08 +0800] "GET /pages.php?alien/g1?pid=1738 HTTP/1.1" 200 151949 "-" "Mozilla/5.0 AppleWebKit/537.36 (KHTML, like Gecko; compatible; GPTBot/1.3; +https://openai.com/gptbot)"
74.7.241.30 - - [24/Dec/2025:21:55:09 +0800] "GET /pages.php?9750102 HTTP/1.1" 200 142446 "-" "Mozilla/5.0 AppleWebKit/537.36 (KHTML, like Gecko; compatible; GPTBot/1.3; +https://openai.com/gptbot)"
66.249.74.169 - - [24/Dec/2025:21:55:10 +0800] "GET /?products/7031430 HTTP/1.1" 200 148867 "-" "Mozilla/5.0 (Linux; Android 6.0.1; Nexus 5X Build/MMB29P) AppleWebKit/537.36 (KHTML, like Gecko) Chrome/141.0.7390.122 Mobile Safari/537.36 (compatible; GoogleOther)"
74.7.241.30 - - [24/Dec/2025:21:55:10 +0800] "GET /pages.php?regardless/c6?pid=29297 HTTP/1.1" 200 142654 "-" "Mozilla/5.0 AppleWebKit/537.36 (KHTML, like Gecko; compatible; GPTBot/1.3; +https://openai.com/gptbot)"
74.7.241.30 - - [24/Dec/2025:21:55:11 +0800] "GET /pages.php?product/p1?pid=1680 HTTP/1.1" 200 151863 "-" "Mozilla/5.0 AppleWebKit/537.36 (KHTML, like Gecko; compatible; GPTBot/1.3; +https://openai.com/gptbot)"
74.7.241.30 - - [24/Dec/2025:21:55:11 +0800] "GET /pages.php?candle/p1?pid=1680 HTTP/1.1" 200 152002 "-" "Mozilla/5.0 AppleWebKit/537.36 (KHTML, like Gecko; compatible; GPTBot/1.3; +https://openai.com/gptbot)"
74.7.241.30 - - [24/Dec/2025:21:55:12 +0800] "GET /pages.php?change/t1?pid=940 HTTP/1.1" 200 163110 "-" "Mozilla/5.0 AppleWebKit/537.36 (KHTML, like Gecko; compatible; GPTBot/1.3; +https://openai.com/gptbot)"
66.249.74.169 - - [24/Dec/2025:21:55:13 +0800] "GET /?products/21844863 HTTP/1.1" 200 152852 "-" "Mozilla/5.0 (Linux; Android 6.0.1; Nexus 5X Build/MMB29P) AppleWebKit/537.36 (KHTML, like Gecko) Chrome/141.0.7390.122 Mobile Safari/537.36 (compatible; Googlebot/2.1; +http://www.google.com/bot.html)"
74.7.241.30 - - [24/Dec/2025:21:55:13 +0800] "GET /pages.php?sudden/p1?pid=938 HTTP/1.1" 200 163640 "-" "Mozilla/5.0 AppleWebKit/537.36 (KHTML, like Gecko; compatible; GPTBot/1.3; +https://openai.com/gptbot)"
74.7.241.30 - - [24/Dec/2025:21:55:14 +0800] "GET /pages.php?puzzle/z1?pid=1498 HTTP/1.1" 200 156006 "-" "Mozilla/5.0 AppleWebKit/537.36 (KHTML, like Gecko; compatible; GPTBot/1.3; +https://openai.com/gptbot)"
74.7.241.30 - - [24/Dec/2025:21:55:14 +0800] "GET /pages.php?assume/t1?pid=1818 HTTP/1.1" 200 152333 "-" "Mozilla/5.0 AppleWebKit/537.36 (KHTML, like Gecko; compatible; GPTBot/1.3; +https://openai.com/gptbot)"
74.7.241.30 - - [24/Dec/2025:21:55:15 +0800] "GET /pages.php?legislative/n1?pid=1496 HTTP/1.1" 200 151986 "-" "Mozilla/5.0 AppleWebKit/537.36 (KHTML, like Gecko; compatible; GPTBot/1.3; +https://openai.com/gptbot)"
74.7.241.30 - - [24/Dec/2025:21:55:16 +0800] "GET /pages.php?grandchild/v8?pid=48449 HTTP/1.1" 200 157346 "-" "Mozilla/5.0 AppleWebKit/537.36 (KHTML, like Gecko; compatible; GPTBot/1.3; +https://openai.com/gptbot)"
74.7.241.30 - - [24/Dec/2025:21:55:17 +0800] "GET /pages.php?promise/s36?pid=27527 HTTP/1.1" 200 148046 "-" "Mozilla/5.0 AppleWebKit/537.36 (KHTML, like Gecko; compatible; GPTBot/1.3; +https://openai.com/gptbot)"
74.7.241.30 - - [24/Dec/2025:21:55:17 +0800] "GET /pages.php?color/c6?pid=29297 HTTP/1.1" 200 142466 "-" "Mozilla/5.0 AppleWebKit/537.36 (KHTML, like Gecko; compatible; GPTBot/1.3; +https://openai.com/gptbot)"
74.7.241.30 - - [24/Dec/2025:21:55:18 +0800] "GET /pages.php?doctrine/i30?pid=24071 HTTP/1.1" 200 142483 "-" "Mozilla/5.0 AppleWebKit/537.36 (KHTML, like Gecko; compatible; GPTBot/1.3; +https://openai.com/gptbot)"
74.7.241.30 - - [24/Dec/2025:21:55:19 +0800] "GET /pages.php?frustration/c1?pid=1730 HTTP/1.1" 200 152368 "-" "Mozilla/5.0 AppleWebKit/537.36 (KHTML, like Gecko; compatible; GPTBot/1.3; +https://openai.com/gptbot)"
74.7.241.30 - - [24/Dec/2025:21:55:20 +0800] "GET /pages.php?wealth/l1?pid=1026 HTTP/1.1" 200 153453 "-" "Mozilla/5.0 AppleWebKit/537.36 (KHTML, like Gecko; compatible; GPTBot/1.3; +https://openai.com/gptbot)"
74.7.241.30 - - [24/Dec/2025:21:55:21 +0800] "GET /pages.php?breeze/n1?pid=1024 HTTP/1.1" 200 153855 "-" "Mozilla/5.0 AppleWebKit/537.36 (KHTML, like Gecko; compatible; GPTBot/1.3; +https://openai.com/gptbot)"
74.7.241.30 - - [24/Dec/2025:21:55:22 +0800] "GET /pages.php?guitar/c1?pid=1730 HTTP/1.1" 200 151879 "-" "Mozilla/5.0 AppleWebKit/537.36 (KHTML, like Gecko; compatible; GPTBot/1.3; +https://openai.com/gptbot)"
74.7.241.30 - - [24/Dec/2025:21:55:22 +0800] "GET /pages.php?privilege/c1?pid=1730 HTTP/1.1" 200 152069 "-" "Mozilla/5.0 AppleWebKit/537.36 (KHTML, like Gecko; compatible; GPTBot/1.3; +https://openai.com/gptbot)"
74.7.241.30 - - [24/Dec/2025:21:55:24 +0800] "GET /pages.php?political/z1?pid=1022 HTTP/1.1" 200 152886 "-" "Mozilla/5.0 AppleWebKit/537.36 (KHTML, like Gecko; compatible; GPTBot/1.3; +https://openai.com/gptbot)"
66.249.74.169 - - [24/Dec/2025:21:55:26 +0800] "GET /?products/23416730 HTTP/1.1" 200 152183 "-" "Mozilla/5.0 (Linux; Android 6.0.1; Nexus 5X Build/MMB29P) AppleWebKit/537.36 (KHTML, like Gecko) Chrome/141.0.7390.122 Mobile Safari/537.36 (compatible; Googlebot/2.1; +http://www.google.com/bot.html)"
74.7.241.30 - - [24/Dec/2025:21:55:26 +0800] "GET /pages.php?heavy/g1?pid=1738 HTTP/1.1" 200 151807 "-" "Mozilla/5.0 AppleWebKit/537.36 (KHTML, like Gecko; compatible; GPTBot/1.3; +https://openai.com/gptbot)"
74.7.241.30 - - [24/Dec/2025:21:55:27 +0800] "GET /pages.php?knock/c1?pid=1730 HTTP/1.1" 200 151480 "-" "Mozilla/5.0 AppleWebKit/537.36 (KHTML, like Gecko; compatible; GPTBot/1.3; +https://openai.com/gptbot)"
74.7.241.30 - - [24/Dec/2025:21:55:28 +0800] "GET /pages.php?blood/f1?pid=1728 HTTP/1.1" 200 151397 "-" "Mozilla/5.0 AppleWebKit/537.36 (KHTML, like Gecko; compatible; GPTBot/1.3; +https://openai.com/gptbot)"
74.7.241.30 - - [24/Dec/2025:21:55:29 +0800] "GET /pages.php?urban/t1?pid=1818 HTTP/1.1" 200 152097 "-" "Mozilla/5.0 AppleWebKit/537.36 (KHTML, like Gecko; compatible; GPTBot/1.3; +https://openai.com/gptbot)"
74.7.241.30 - - [24/Dec/2025:21:55:30 +0800] "GET /pages.php?civic/f1?pid=1728 HTTP/1.1" 200 151772 "-" "Mozilla/5.0 AppleWebKit/537.36 (KHTML, like Gecko; compatible; GPTBot/1.3; +https://openai.com/gptbot)"
74.7.241.30 - - [24/Dec/2025:21:55:30 +0800] "GET /pages.php?north/p1?pid=1680 HTTP/1.1" 200 151688 "-" "Mozilla/5.0 AppleWebKit/537.36 (KHTML, like Gecko; compatible; GPTBot/1.3; +https://openai.com/gptbot)"
74.7.241.30 - - [24/Dec/2025:21:55:31 +0800] "GET /pages.php?cloth/l1?pid=1820 HTTP/1.1" 200 152226 "-" "Mozilla/5.0 AppleWebKit/537.36 (KHTML, like Gecko; compatible; GPTBot/1.3; +https://openai.com/gptbot)"
74.7.241.30 - - [24/Dec/2025:21:55:32 +0800] "GET /pages.php?immigrant/g1?pid=1738 HTTP/1.1" 200 151418 "-" "Mozilla/5.0 AppleWebKit/537.36 (KHTML, like Gecko; compatible; GPTBot/1.3; +https://openai.com/gptbot)"
74.7.241.30 - - [24/Dec/2025:21:55:34 +0800] "GET /pages.php?edition/z1?pid=1498 HTTP/1.1" 200 156435 "-" "Mozilla/5.0 AppleWebKit/537.36 (KHTML, like Gecko; compatible; GPTBot/1.3; +https://openai.com/gptbot)"
66.249.74.169 - - [24/Dec/2025:21:55:34 +0800] "GET /?products/26993829 HTTP/1.1" 200 169320 "-" "Mozilla/5.0 (Linux; Android 6.0.1; Nexus 5X Build/MMB29P) AppleWebKit/537.36 (KHTML, like Gecko) Chrome/141.0.7390.122 Mobile Safari/537.36 (compatible; Googlebot/2.1; +http://www.google.com/bot.html)"
74.7.241.30 - - [24/Dec/2025:21:55:34 +0800] "GET /pages.php?distant/l1?pid=1026 HTTP/1.1" 200 154806 "-" "Mozilla/5.0 AppleWebKit/537.36 (KHTML, like Gecko; compatible; GPTBot/1.3; +https://openai.com/gptbot)"
74.7.241.30 - - [24/Dec/2025:21:55:35 +0800] "GET /pages.php?concerning/n1?pid=1496 HTTP/1.1" 200 151833 "-" "Mozilla/5.0 AppleWebKit/537.36 (KHTML, like Gecko; compatible; GPTBot/1.3; +https://openai.com/gptbot)"
74.7.241.30 - - [24/Dec/2025:21:55:36 +0800] "GET /pages.php?preference/c1?pid=1730 HTTP/1.1" 200 151378 "-" "Mozilla/5.0 AppleWebKit/537.36 (KHTML, like Gecko; compatible; GPTBot/1.3; +https://openai.com/gptbot)"
74.7.241.30 - - [24/Dec/2025:21:55:37 +0800] "GET /pages.php?adviser/c1?pid=1730 HTTP/1.1" 200 151545 "-" "Mozilla/5.0 AppleWebKit/537.36 (KHTML, like Gecko; compatible; GPTBot/1.3; +https://openai.com/gptbot)"
74.7.241.30 - - [24/Dec/2025:21:55:38 +0800] "GET /pages.php?channel=110e08&from=https://minyakwangi.bf1.my/cart.cgi?boat/p1?pid=1680&y=2908815002796 HTTP/1.1" 200 151844 "-" "Mozilla/5.0 AppleWebKit/537.36 (KHTML, like Gecko; compatible; GPTBot/1.3; +https://openai.com/gptbot)"
74.7.241.30 - - [24/Dec/2025:21:55:39 +0800] "GET /pages.php?harvest/c1?pid=1730 HTTP/1.1" 200 151715 "-" "Mozilla/5.0 AppleWebKit/537.36 (KHTML, like Gecko; compatible; GPTBot/1.3; +https://openai.com/gptbot)"
74.7.241.30 - - [24/Dec/2025:21:55:40 +0800] "GET /pages.php?segment/p1?pid=1680 HTTP/1.1" 200 151918 "-" "Mozilla/5.0 AppleWebKit/537.36 (KHTML, like Gecko; compatible; GPTBot/1.3; +https://openai.com/gptbot)"
66.249.74.160 - - [24/Dec/2025:21:55:41 +0800] "GET /?products/14591141 HTTP/1.1" 200 155809 "-" "Mozilla/5.0 (Linux; Android 6.0.1; Nexus 5X Build/MMB29P) AppleWebKit/537.36 (KHTML, like Gecko) Chrome/141.0.7390.122 Mobile Safari/537.36 (compatible; GoogleOther)"
66.249.74.160 - - [24/Dec/2025:21:55:41 +0800] "GET /?products/4625429 HTTP/1.1" 200 155534 "-" "Mozilla/5.0 (Linux; Android 6.0.1; Nexus 5X Build/MMB29P) AppleWebKit/537.36 (KHTML, like Gecko) Chrome/141.0.7390.122 Mobile Safari/537.36 (compatible; GoogleOther)"
74.7.241.30 - - [24/Dec/2025:21:55:41 +0800] "GET /pages.php?foster/g1?pid=1738 HTTP/1.1" 200 151178 "-" "Mozilla/5.0 AppleWebKit/537.36 (KHTML, like Gecko; compatible; GPTBot/1.3; +https://openai.com/gptbot)"
66.249.74.169 - - [24/Dec/2025:21:55:42 +0800] "GET /?products/10390585 HTTP/1.1" 200 165566 "-" "Mozilla/5.0 (Linux; Android 6.0.1; Nexus 5X Build/MMB29P) AppleWebKit/537.36 (KHTML, like Gecko) Chrome/141.0.7390.122 Mobile Safari/537.36 (compatible; GoogleOther)"
74.7.241.30 - - [24/Dec/2025:21:55:42 +0800] "GET /pages.php?insect/o1?pid=1664 HTTP/1.1" 200 152210 "-" "Mozilla/5.0 AppleWebKit/537.36 (KHTML, like Gecko; compatible; GPTBot/1.3; +https://openai.com/gptbot)"
74.7.241.30 - - [24/Dec/2025:21:55:42 +0800] "GET /pages.php?purpose/w117?pid=6072 HTTP/1.1" 200 153489 "-" "Mozilla/5.0 AppleWebKit/537.36 (KHTML, like Gecko; compatible; GPTBot/1.3; +https://openai.com/gptbot)"
74.7.241.30 - - [24/Dec/2025:21:55:43 +0800] "GET /pages.php?analyst/t1?pid=634 HTTP/1.1" 200 154494 "-" "Mozilla/5.0 AppleWebKit/537.36 (KHTML, like Gecko; compatible; GPTBot/1.3; +https://openai.com/gptbot)"
74.7.241.30 - - [24/Dec/2025:21:55:44 +0800] "GET /pages.php?stare/l1?pid=1820 HTTP/1.1" 200 152521 "-" "Mozilla/5.0 AppleWebKit/537.36 (KHTML, like Gecko; compatible; GPTBot/1.3; +https://openai.com/gptbot)"
74.7.241.30 - - [24/Dec/2025:21:55:45 +0800] "GET /pages.php?execution/t1?pid=1818 HTTP/1.1" 200 151745 "-" "Mozilla/5.0 AppleWebKit/537.36 (KHTML, like Gecko; compatible; GPTBot/1.3; +https://openai.com/gptbot)"
74.7.241.30 - - [24/Dec/2025:21:55:45 +0800] "GET /pages.php?alone/p1?pid=1680 HTTP/1.1" 200 151974 "-" "Mozilla/5.0 AppleWebKit/537.36 (KHTML, like Gecko; compatible; GPTBot/1.3; +https://openai.com/gptbot)"
74.7.241.30 - - [24/Dec/2025:21:55:46 +0800] "GET /pages.php?giant/s1?pid=1038 HTTP/1.1" 200 151917 "-" "Mozilla/5.0 AppleWebKit/537.36 (KHTML, like Gecko; compatible; GPTBot/1.3; +https://openai.com/gptbot)"
74.7.241.30 - - [24/Dec/2025:21:55:47 +0800] "GET /pages.php?punch/g1?pid=1738 HTTP/1.1" 200 151929 "-" "Mozilla/5.0 AppleWebKit/537.36 (KHTML, like Gecko; compatible; GPTBot/1.3; +https://openai.com/gptbot)"
74.7.241.30 - - [24/Dec/2025:21:55:48 +0800] "GET /pages.php?spite/o1?pid=1664 HTTP/1.1" 200 151893 "-" "Mozilla/5.0 AppleWebKit/537.36 (KHTML, like Gecko; compatible; GPTBot/1.3; +https://openai.com/gptbot)"
74.7.241.30 - - [24/Dec/2025:21:55:48 +0800] "GET /pages.php?accent/g1?pid=1738 HTTP/1.1" 200 151869 "-" "Mozilla/5.0 AppleWebKit/537.36 (KHTML, like Gecko; compatible; GPTBot/1.3; +https://openai.com/gptbot)"
74.7.241.30 - - [24/Dec/2025:21:55:49 +0800] "GET /pages.php?processing/t1?pid=1818 HTTP/1.1" 200 152618 "-" "Mozilla/5.0 AppleWebKit/537.36 (KHTML, like Gecko; compatible; GPTBot/1.3; +https://openai.com/gptbot)"
74.7.241.30 - - [24/Dec/2025:21:55:50 +0800] "GET /pages.php?undergo/g1?pid=1738 HTTP/1.1" 200 151782 "-" "Mozilla/5.0 AppleWebKit/537.36 (KHTML, like Gecko; compatible; GPTBot/1.3; +https://openai.com/gptbot)"
74.7.241.30 - - [24/Dec/2025:21:55:50 +0800] "GET /pages.php?including/n1?pid=1024 HTTP/1.1" 200 153033 "-" "Mozilla/5.0 AppleWebKit/537.36 (KHTML, like Gecko; compatible; GPTBot/1.3; +https://openai.com/gptbot)"
66.249.74.169 - - [24/Dec/2025:21:55:51 +0800] "GET /?products/14632785 HTTP/1.1" 200 159179 "-" "Mozilla/5.0 (Linux; Android 6.0.1; Nexus 5X Build/MMB29P) AppleWebKit/537.36 (KHTML, like Gecko) Chrome/141.0.7390.122 Mobile Safari/537.36 (compatible; GoogleOther)"
74.7.241.30 - - [24/Dec/2025:21:55:51 +0800] "GET /pages.php?scene/f175?pid=1774 HTTP/1.1" 200 141844 "-" "Mozilla/5.0 AppleWebKit/537.36 (KHTML, like Gecko; compatible; GPTBot/1.3; +https://openai.com/gptbot)"
74.7.241.30 - - [24/Dec/2025:21:55:52 +0800] "GET /pages.php?hazard/l1?pid=1820 HTTP/1.1" 200 152723 "-" "Mozilla/5.0 AppleWebKit/537.36 (KHTML, like Gecko; compatible; GPTBot/1.3; +https://openai.com/gptbot)"
66.249.74.160 - - [24/Dec/2025:21:55:52 +0800] "GET /?products/21140585 HTTP/1.1" 200 143768 "-" "Mozilla/5.0 (Linux; Android 6.0.1; Nexus 5X Build/MMB29P) AppleWebKit/537.36 (KHTML, like Gecko) Chrome/141.0.7390.122 Mobile Safari/537.36 (compatible; Googlebot/2.1; +http://www.google.com/bot.html)"
74.7.241.30 - - [24/Dec/2025:21:55:53 +0800] "GET /pages.php?incorporate/t1?pid=1818 HTTP/1.1" 200 152246 "-" "Mozilla/5.0 AppleWebKit/537.36 (KHTML, like Gecko; compatible; GPTBot/1.3; +https://openai.com/gptbot)"
74.7.241.30 - - [24/Dec/2025:21:55:54 +0800] "GET /pages.php?related/t1?pid=634 HTTP/1.1" 200 154732 "-" "Mozilla/5.0 AppleWebKit/537.36 (KHTML, like Gecko; compatible; GPTBot/1.3; +https://openai.com/gptbot)"
66.249.74.160 - - [24/Dec/2025:21:55:55 +0800] "GET /?products/12294996 HTTP/1.1" 200 151318 "-" "Mozilla/5.0 (Linux; Android 6.0.1; Nexus 5X Build/MMB29P) AppleWebKit/537.36 (KHTML, like Gecko) Chrome/141.0.7390.122 Mobile Safari/537.36 (compatible; GoogleOther)"
74.7.241.30 - - [24/Dec/2025:21:55:55 +0800] "GET /pages.php?mark/p40?pid=1521 HTTP/1.1" 200 148621 "-" "Mozilla/5.0 AppleWebKit/537.36 (KHTML, like Gecko; compatible; GPTBot/1.3; +https://openai.com/gptbot)"
74.7.241.30 - - [24/Dec/2025:21:55:56 +0800] "GET /pages.php?terror/p1?pid=1680 HTTP/1.1" 200 151733 "-" "Mozilla/5.0 AppleWebKit/537.36 (KHTML, like Gecko; compatible; GPTBot/1.3; +https://openai.com/gptbot)"
74.7.241.30 - - [24/Dec/2025:21:55:57 +0800] "GET /pages.php?living/f1?pid=1728 HTTP/1.1" 200 152001 "-" "Mozilla/5.0 AppleWebKit/537.36 (KHTML, like Gecko; compatible; GPTBot/1.3; +https://openai.com/gptbot)"
66.249.74.160 - - [24/Dec/2025:21:55:58 +0800] "GET /?products/27112618 HTTP/1.1" 200 149059 "-" "Mozilla/5.0 (Linux; Android 6.0.1; Nexus 5X Build/MMB29P) AppleWebKit/537.36 (KHTML, like Gecko) Chrome/141.0.7390.122 Mobile Safari/537.36 (compatible; GoogleOther)"
74.7.241.30 - - [24/Dec/2025:21:55:58 +0800] "GET /pages.php?accompany/y69?pid=22942 HTTP/1.1" 200 143210 "-" "Mozilla/5.0 AppleWebKit/537.36 (KHTML, like Gecko; compatible; GPTBot/1.3; +https://openai.com/gptbot)"
66.249.74.169 - - [24/Dec/2025:21:55:58 +0800] "GET /?products/7265807 HTTP/1.1" 200 219235 "-" "Mozilla/5.0 (Linux; Android 6.0.1; Nexus 5X Build/MMB29P) AppleWebKit/537.36 (KHTML, like Gecko) Chrome/141.0.7390.122 Mobile Safari/537.36 (compatible; GoogleOther)"
66.249.74.160 - - [24/Dec/2025:21:55:59 +0800] "GET /?products/30456285 HTTP/1.1" 200 148045 "-" "Mozilla/5.0 (Linux; Android 6.0.1; Nexus 5X Build/MMB29P) AppleWebKit/537.36 (KHTML, like Gecko) Chrome/141.0.7390.122 Mobile Safari/537.36 (compatible; GoogleOther)"
74.7.241.30 - - [24/Dec/2025:21:55:59 +0800] "GET /pages.php?monthly/t1?pid=1818 HTTP/1.1" 200 152616 "-" "Mozilla/5.0 AppleWebKit/537.36 (KHTML, like Gecko; compatible; GPTBot/1.3; +https://openai.com/gptbot)"
74.7.241.30 - - [24/Dec/2025:21:56:00 +0800] "GET /pages.php?housing/n1?pid=1024 HTTP/1.1" 200 152964 "-" "Mozilla/5.0 AppleWebKit/537.36 (KHTML, like Gecko; compatible; GPTBot/1.3; +https://openai.com/gptbot)"
74.7.241.30 - - [24/Dec/2025:21:56:01 +0800] "GET /pages.php?next/n90?pid=36985 HTTP/1.1" 200 142156 "-" "Mozilla/5.0 AppleWebKit/537.36 (KHTML, like Gecko; compatible; GPTBot/1.3; +https://openai.com/gptbot)"
74.7.241.30 - - [24/Dec/2025:21:56:02 +0800] "GET /pages.php?ingredient/l1?pid=1820 HTTP/1.1" 200 152010 "-" "Mozilla/5.0 AppleWebKit/537.36 (KHTML, like Gecko; compatible; GPTBot/1.3; +https://openai.com/gptbot)"
74.7.241.30 - - [24/Dec/2025:21:56:03 +0800] "GET /pages.php?simply/l1?pid=1820 HTTP/1.1" 200 152111 "-" "Mozilla/5.0 AppleWebKit/537.36 (KHTML, like Gecko; compatible; GPTBot/1.3; +https://openai.com/gptbot)"
74.7.241.30 - - [24/Dec/2025:21:56:04 +0800] "GET /pages.php?merit/o1?pid=1664 HTTP/1.1" 200 152257 "-" "Mozilla/5.0 AppleWebKit/537.36 (KHTML, like Gecko; compatible; GPTBot/1.3; +https://openai.com/gptbot)"
66.249.74.169 - - [24/Dec/2025:21:56:05 +0800] "GET /?m=414958024 HTTP/1.1" 200 152231 "-" "Mozilla/5.0 (Linux; Android 6.0.1; Nexus 5X Build/MMB29P) AppleWebKit/537.36 (KHTML, like Gecko) Chrome/141.0.7390.122 Mobile Safari/537.36 (compatible; Googlebot/2.1; +http://www.google.com/bot.html)"
74.7.241.30 - - [24/Dec/2025:21:56:05 +0800] "GET /pages.php?snow/p40?pid=1521 HTTP/1.1" 200 148865 "-" "Mozilla/5.0 AppleWebKit/537.36 (KHTML, like Gecko; compatible; GPTBot/1.3; +https://openai.com/gptbot)"
74.7.241.30 - - [24/Dec/2025:21:56:06 +0800] "GET /pages.php?assistance/p1?pid=1680 HTTP/1.1" 200 151785 "-" "Mozilla/5.0 AppleWebKit/537.36 (KHTML, like Gecko; compatible; GPTBot/1.3; +https://openai.com/gptbot)"
74.7.241.30 - - [24/Dec/2025:21:56:06 +0800] "GET /pages.php?safely/t1?pid=1726 HTTP/1.1" 200 151967 "-" "Mozilla/5.0 AppleWebKit/537.36 (KHTML, like Gecko; compatible; GPTBot/1.3; +https://openai.com/gptbot)"
74.7.241.30 - - [24/Dec/2025:21:56:07 +0800] "GET /pages.php?news/y69?pid=22942 HTTP/1.1" 200 143208 "-" "Mozilla/5.0 AppleWebKit/537.36 (KHTML, like Gecko; compatible; GPTBot/1.3; +https://openai.com/gptbot)"
74.7.241.30 - - [24/Dec/2025:21:56:08 +0800] "GET /pages.php?across/l1?pid=1820 HTTP/1.1" 200 152004 "-" "Mozilla/5.0 AppleWebKit/537.36 (KHTML, like Gecko; compatible; GPTBot/1.3; +https://openai.com/gptbot)"
74.7.241.30 - - [24/Dec/2025:21:56:09 +0800] "GET /pages.php?bow/y69?pid=22942 HTTP/1.1" 200 143024 "-" "Mozilla/5.0 AppleWebKit/537.36 (KHTML, like Gecko; compatible; GPTBot/1.3; +https://openai.com/gptbot)"
74.7.241.30 - - [24/Dec/2025:21:56:11 +0800] "GET /pages.php?horror/p1?pid=1680 HTTP/1.1" 200 151792 "-" "Mozilla/5.0 AppleWebKit/537.36 (KHTML, like Gecko; compatible; GPTBot/1.3; +https://openai.com/gptbot)"
74.7.241.30 - - [24/Dec/2025:21:56:12 +0800] "GET /pages.php?marker/n1?pid=1024 HTTP/1.1" 200 153078 "-" "Mozilla/5.0 AppleWebKit/537.36 (KHTML, like Gecko; compatible; GPTBot/1.3; +https://openai.com/gptbot)"
66.249.74.169 - - [24/Dec/2025:21:56:12 +0800] "GET /?products/3333752 HTTP/1.1" 200 170046 "-" "Mozilla/5.0 (compatible; Googlebot/2.1; +http://www.google.com/bot.html)"
74.7.241.30 - - [24/Dec/2025:21:56:13 +0800] "GET /pages.php?depart/z1?pid=952 HTTP/1.1" 200 162901 "-" "Mozilla/5.0 AppleWebKit/537.36 (KHTML, like Gecko; compatible; GPTBot/1.3; +https://openai.com/gptbot)"
66.249.74.160 - - [24/Dec/2025:21:56:13 +0800] "GET /odr/order/apiGetCartItems/ HTTP/1.1" 200 148457 "https://minyakwangi.bf1.my/?m=414958024" "Mozilla/5.0 (Linux; Android 6.0.1; Nexus 5X Build/MMB29P) AppleWebKit/537.36 (KHTML, like Gecko) Chrome/141.0.7390.122 Mobile Safari/537.36 (compatible; Googlebot/2.1; +http://www.google.com/bot.html)"
66.249.74.169 - - [24/Dec/2025:21:56:14 +0800] "GET /ctg/apiAllLCate/ HTTP/1.1" 200 149033 "https://minyakwangi.bf1.my/?m=414958024" "Mozilla/5.0 (Linux; Android 6.0.1; Nexus 5X Build/MMB29P) AppleWebKit/537.36 (KHTML, like Gecko) Chrome/141.0.7390.122 Mobile Safari/537.36 (compatible; Googlebot/2.1; +http://www.google.com/bot.html)"
66.249.74.160 - - [24/Dec/2025:21:56:14 +0800] "GET /resource/js/json/megadrop_2015new.json HTTP/1.1" 200 - "https://minyakwangi.bf1.my/?m=414958024" "Mozilla/5.0 (Linux; Android 6.0.1; Nexus 5X Build/MMB29P) AppleWebKit/537.36 (KHTML, like Gecko) Chrome/141.0.7390.122 Mobile Safari/537.36 (compatible; Googlebot/2.1; +http://www.google.com/bot.html)"
74.7.241.30 - - [24/Dec/2025:21:56:14 +0800] "GET /pages.php?nearby/y1?pid=1822 HTTP/1.1" 200 151742 "-" "Mozilla/5.0 AppleWebKit/537.36 (KHTML, like Gecko; compatible; GPTBot/1.3; +https://openai.com/gptbot)"
74.7.241.30 - - [24/Dec/2025:21:56:15 +0800] "GET /pages.php?athletic/y49?pid=20736 HTTP/1.1" 200 146108 "-" "Mozilla/5.0 AppleWebKit/537.36 (KHTML, like Gecko; compatible; GPTBot/1.3; +https://openai.com/gptbot)"
74.7.241.30 - - [24/Dec/2025:21:56:15 +0800] "GET /pages.php?adult/z1?pid=1662 HTTP/1.1" 200 152496 "-" "Mozilla/5.0 AppleWebKit/537.36 (KHTML, like Gecko; compatible; GPTBot/1.3; +https://openai.com/gptbot)"
74.7.241.30 - - [24/Dec/2025:21:56:16 +0800] "GET /pages.php?eighth/p1?pid=1680 HTTP/1.1" 200 152479 "-" "Mozilla/5.0 AppleWebKit/537.36 (KHTML, like Gecko; compatible; GPTBot/1.3; +https://openai.com/gptbot)"
74.7.241.30 - - [24/Dec/2025:21:56:18 +0800] "GET /pages.php?bitter/l1?pid=1820 HTTP/1.1" 200 152007 "-" "Mozilla/5.0 AppleWebKit/537.36 (KHTML, like Gecko; compatible; GPTBot/1.3; +https://openai.com/gptbot)"
74.7.241.30 - - [24/Dec/2025:21:56:18 +0800] "GET /pages.php?likewise/g83?pid=36966 HTTP/1.1" 200 151245 "-" "Mozilla/5.0 AppleWebKit/537.36 (KHTML, like Gecko; compatible; GPTBot/1.3; +https://openai.com/gptbot)"
74.7.241.30 - - [24/Dec/2025:21:56:19 +0800] "GET /pages.php?family/l1?pid=1820 HTTP/1.1" 200 152708 "-" "Mozilla/5.0 AppleWebKit/537.36 (KHTML, like Gecko; compatible; GPTBot/1.3; +https://openai.com/gptbot)"
74.7.241.30 - - [24/Dec/2025:21:56:20 +0800] "GET /pages.php?legal/p1?pid=1680 HTTP/1.1" 200 151885 "-" "Mozilla/5.0 AppleWebKit/537.36 (KHTML, like Gecko; compatible; GPTBot/1.3; +https://openai.com/gptbot)"
74.7.241.30 - - [24/Dec/2025:21:56:21 +0800] "GET /pages.php?attribute/t1?pid=1726 HTTP/1.1" 200 151323 "-" "Mozilla/5.0 AppleWebKit/537.36 (KHTML, like Gecko; compatible; GPTBot/1.3; +https://openai.com/gptbot)"
74.7.241.30 - - [24/Dec/2025:21:56:22 +0800] "GET /pages.php?invest/d1?pid=346 HTTP/1.1" 200 161799 "-" "Mozilla/5.0 AppleWebKit/537.36 (KHTML, like Gecko; compatible; GPTBot/1.3; +https://openai.com/gptbot)"
74.7.241.30 - - [24/Dec/2025:21:56:23 +0800] "GET /pages.php?string/z1?pid=952 HTTP/1.1" 200 162405 "-" "Mozilla/5.0 AppleWebKit/537.36 (KHTML, like Gecko; compatible; GPTBot/1.3; +https://openai.com/gptbot)"
74.7.241.30 - - [24/Dec/2025:21:56:24 +0800] "GET /pages.php?medicine/d73?pid=35582 HTTP/1.1" 200 145108 "-" "Mozilla/5.0 AppleWebKit/537.36 (KHTML, like Gecko; compatible; GPTBot/1.3; +https://openai.com/gptbot)"
74.7.241.30 - - [24/Dec/2025:21:56:25 +0800] "GET /pages.php?provision/m149?pid=2444 HTTP/1.1" 200 142408 "-" "Mozilla/5.0 AppleWebKit/537.36 (KHTML, like Gecko; compatible; GPTBot/1.3; +https://openai.com/gptbot)"
74.7.241.30 - - [24/Dec/2025:21:56:26 +0800] "GET /pages.php?strategy/y1?pid=606 HTTP/1.1" 200 158834 "-" "Mozilla/5.0 AppleWebKit/537.36 (KHTML, like Gecko; compatible; GPTBot/1.3; +https://openai.com/gptbot)"
74.7.241.30 - - [24/Dec/2025:21:56:27 +0800] "GET /pages.php?news/l1?pid=1820 HTTP/1.1" 200 152045 "-" "Mozilla/5.0 AppleWebKit/537.36 (KHTML, like Gecko; compatible; GPTBot/1.3; +https://openai.com/gptbot)"
74.7.241.30 - - [24/Dec/2025:21:56:29 +0800] "GET /pages.php?desire/t1?pid=1818 HTTP/1.1" 200 152361 "-" "Mozilla/5.0 AppleWebKit/537.36 (KHTML, like Gecko; compatible; GPTBot/1.3; +https://openai.com/gptbot)"
74.7.241.30 - - [24/Dec/2025:21:56:29 +0800] "GET /pages.php?desperate/g83?pid=36966 HTTP/1.1" 200 150982 "-" "Mozilla/5.0 AppleWebKit/537.36 (KHTML, like Gecko; compatible; GPTBot/1.3; +https://openai.com/gptbot)"
74.7.241.30 - - [24/Dec/2025:21:56:31 +0800] "GET /pages.php?large/l1?pid=1820 HTTP/1.1" 200 151583 "-" "Mozilla/5.0 AppleWebKit/537.36 (KHTML, like Gecko; compatible; GPTBot/1.3; +https://openai.com/gptbot)"
74.7.241.30 - - [24/Dec/2025:21:56:32 +0800] "GET /pages.php?earnings/g159?pid=302 HTTP/1.1" 200 151315 "-" "Mozilla/5.0 AppleWebKit/537.36 (KHTML, like Gecko; compatible; GPTBot/1.3; +https://openai.com/gptbot)"
74.7.241.30 - - [24/Dec/2025:21:56:32 +0800] "GET /pages.php?recover/d1?pid=346 HTTP/1.1" 200 161187 "-" "Mozilla/5.0 AppleWebKit/537.36 (KHTML, like Gecko; compatible; GPTBot/1.3; +https://openai.com/gptbot)"
74.7.241.30 - - [24/Dec/2025:21:56:33 +0800] "GET /pages.php?formula/u1?pid=616 HTTP/1.1" 200 161270 "-" "Mozilla/5.0 AppleWebKit/537.36 (KHTML, like Gecko; compatible; GPTBot/1.3; +https://openai.com/gptbot)"
74.7.241.30 - - [24/Dec/2025:21:56:34 +0800] "GET /pages.php?short/p1?pid=1680 HTTP/1.1" 200 152032 "-" "Mozilla/5.0 AppleWebKit/537.36 (KHTML, like Gecko; compatible; GPTBot/1.3; +https://openai.com/gptbot)"
74.7.241.30 - - [24/Dec/2025:21:56:35 +0800] "GET /pages.php?sound/t1?pid=1726 HTTP/1.1" 200 151719 "-" "Mozilla/5.0 AppleWebKit/537.36 (KHTML, like Gecko; compatible; GPTBot/1.3; +https://openai.com/gptbot)"
