74.7.241.30 - - [24/Dec/2025:21:31:19 +0800] "GET /pages.php?tissue/y1?pid=1822 HTTP/1.1" 200 152421 "-" "Mozilla/5.0 AppleWebKit/537.36 (KHTML, like Gecko; compatible; GPTBot/1.3; +https://openai.com/gptbot)"
74.7.241.30 - - [24/Dec/2025:21:31:20 +0800] "GET /pages.php?that/f9?pid=18930 HTTP/1.1" 200 142168 "-" "Mozilla/5.0 AppleWebKit/537.36 (KHTML, like Gecko; compatible; GPTBot/1.3; +https://openai.com/gptbot)"
74.7.241.30 - - [24/Dec/2025:21:31:20 +0800] "GET /pages.php?directly/j82?pid=25203 HTTP/1.1" 200 161151 "-" "Mozilla/5.0 AppleWebKit/537.36 (KHTML, like Gecko; compatible; GPTBot/1.3; +https://openai.com/gptbot)"
74.7.241.30 - - [24/Dec/2025:21:31:21 +0800] "GET /pages.php?departure/t1?pid=1818 HTTP/1.1" 200 152617 "-" "Mozilla/5.0 AppleWebKit/537.36 (KHTML, like Gecko; compatible; GPTBot/1.3; +https://openai.com/gptbot)"
74.7.241.30 - - [24/Dec/2025:21:31:21 +0800] "GET /pages.php?speculate/g1?pid=1738 HTTP/1.1" 200 151214 "-" "Mozilla/5.0 AppleWebKit/537.36 (KHTML, like Gecko; compatible; GPTBot/1.3; +https://openai.com/gptbot)"
74.7.241.30 - - [24/Dec/2025:21:31:22 +0800] "GET /pages.php?mood/z3?pid=41104 HTTP/1.1" 200 144999 "-" "Mozilla/5.0 AppleWebKit/537.36 (KHTML, like Gecko; compatible; GPTBot/1.3; +https://openai.com/gptbot)"
74.7.241.30 - - [24/Dec/2025:21:31:22 +0800] "GET /pages.php?year/s178?pid=261 HTTP/1.1" 200 141906 "-" "Mozilla/5.0 AppleWebKit/537.36 (KHTML, like Gecko; compatible; GPTBot/1.3; +https://openai.com/gptbot)"
74.7.241.30 - - [24/Dec/2025:21:31:23 +0800] "GET /pages.php?pistol/z1?pid=1662 HTTP/1.1" 200 152432 "-" "Mozilla/5.0 AppleWebKit/537.36 (KHTML, like Gecko; compatible; GPTBot/1.3; +https://openai.com/gptbot)"
74.7.241.30 - - [24/Dec/2025:21:31:23 +0800] "GET /pages.php?invention/p2?pid=44985 HTTP/1.1" 200 145569 "-" "Mozilla/5.0 AppleWebKit/537.36 (KHTML, like Gecko; compatible; GPTBot/1.3; +https://openai.com/gptbot)"
74.7.241.30 - - [24/Dec/2025:21:31:24 +0800] "GET /pages.php?delicate/p194?pid=2391 HTTP/1.1" 200 152084 "-" "Mozilla/5.0 AppleWebKit/537.36 (KHTML, like Gecko; compatible; GPTBot/1.3; +https://openai.com/gptbot)"
74.7.241.30 - - [24/Dec/2025:21:31:25 +0800] "GET /pages.php?item/u57/15737/ HTTP/1.1" 200 157779 "-" "Mozilla/5.0 AppleWebKit/537.36 (KHTML, like Gecko; compatible; GPTBot/1.3; +https://openai.com/gptbot)"
74.7.241.30 - - [24/Dec/2025:21:31:25 +0800] "GET /pages.php?endure/y1?pid=1822 HTTP/1.1" 200 151944 "-" "Mozilla/5.0 AppleWebKit/537.36 (KHTML, like Gecko; compatible; GPTBot/1.3; +https://openai.com/gptbot)"
74.7.241.30 - - [24/Dec/2025:21:31:26 +0800] "GET /pages.php?ratio/a269?pid=568 HTTP/1.1" 200 156860 "-" "Mozilla/5.0 AppleWebKit/537.36 (KHTML, like Gecko; compatible; GPTBot/1.3; +https://openai.com/gptbot)"
74.7.241.30 - - [24/Dec/2025:21:31:26 +0800] "GET /pages.php?chest/f9?pid=18930 HTTP/1.1" 200 142135 "-" "Mozilla/5.0 AppleWebKit/537.36 (KHTML, like Gecko; compatible; GPTBot/1.3; +https://openai.com/gptbot)"
74.7.241.30 - - [24/Dec/2025:21:31:27 +0800] "GET /pages.php?sweater/c1?pid=1730 HTTP/1.1" 200 152033 "-" "Mozilla/5.0 AppleWebKit/537.36 (KHTML, like Gecko; compatible; GPTBot/1.3; +https://openai.com/gptbot)"
66.249.74.160 - - [24/Dec/2025:21:31:27 +0800] "GET /?m=301196124 HTTP/1.1" 200 161323 "-" "Mozilla/5.0 (Linux; Android 6.0.1; Nexus 5X Build/MMB29P) AppleWebKit/537.36 (KHTML, like Gecko) Chrome/141.0.7390.122 Mobile Safari/537.36 (compatible; Googlebot/2.1; +http://www.google.com/bot.html)"
66.249.74.160 - - [24/Dec/2025:21:31:27 +0800] "GET /?products/13312241 HTTP/1.1" 200 164149 "-" "Mozilla/5.0 (Linux; Android 6.0.1; Nexus 5X Build/MMB29P) AppleWebKit/537.36 (KHTML, like Gecko) Chrome/141.0.7390.122 Mobile Safari/537.36 (compatible; Googlebot/2.1; +http://www.google.com/bot.html)"
74.7.241.30 - - [24/Dec/2025:21:31:27 +0800] "GET /pages.php?portion/z1?pid=1662 HTTP/1.1" 200 152613 "-" "Mozilla/5.0 AppleWebKit/537.36 (KHTML, like Gecko; compatible; GPTBot/1.3; +https://openai.com/gptbot)"
74.7.241.30 - - [24/Dec/2025:21:31:28 +0800] "GET /pages.php?tooth/s178?pid=261 HTTP/1.1" 200 142112 "-" "Mozilla/5.0 AppleWebKit/537.36 (KHTML, like Gecko; compatible; GPTBot/1.3; +https://openai.com/gptbot)"
74.7.241.30 - - [24/Dec/2025:21:31:28 +0800] "GET /pages.php?severe/z1?pid=1662 HTTP/1.1" 200 152738 "-" "Mozilla/5.0 AppleWebKit/537.36 (KHTML, like Gecko; compatible; GPTBot/1.3; +https://openai.com/gptbot)"
74.7.241.30 - - [24/Dec/2025:21:31:29 +0800] "GET /pages.php?peasant/l12?pid=29953 HTTP/1.1" 200 143790 "-" "Mozilla/5.0 AppleWebKit/537.36 (KHTML, like Gecko; compatible; GPTBot/1.3; +https://openai.com/gptbot)"
74.7.241.30 - - [24/Dec/2025:21:31:29 +0800] "GET /pages.php?premium/p194?pid=2391 HTTP/1.1" 200 152122 "-" "Mozilla/5.0 AppleWebKit/537.36 (KHTML, like Gecko; compatible; GPTBot/1.3; +https://openai.com/gptbot)"
74.7.241.30 - - [24/Dec/2025:21:31:30 +0800] "GET /pages.php?pillow/t1?pid=1726 HTTP/1.1" 200 151593 "-" "Mozilla/5.0 AppleWebKit/537.36 (KHTML, like Gecko; compatible; GPTBot/1.3; +https://openai.com/gptbot)"
74.7.241.30 - - [24/Dec/2025:21:31:30 +0800] "GET /pages.php?painter/o1?pid=1664 HTTP/1.1" 200 152445 "-" "Mozilla/5.0 AppleWebKit/537.36 (KHTML, like Gecko; compatible; GPTBot/1.3; +https://openai.com/gptbot)"
74.7.241.30 - - [24/Dec/2025:21:31:31 +0800] "GET /pages.php?revenue/g1?pid=1738 HTTP/1.1" 200 151527 "-" "Mozilla/5.0 AppleWebKit/537.36 (KHTML, like Gecko; compatible; GPTBot/1.3; +https://openai.com/gptbot)"
74.7.241.30 - - [24/Dec/2025:21:31:31 +0800] "GET /pages.php?request/g1?pid=1738 HTTP/1.1" 200 151585 "-" "Mozilla/5.0 AppleWebKit/537.36 (KHTML, like Gecko; compatible; GPTBot/1.3; +https://openai.com/gptbot)"
74.7.241.30 - - [24/Dec/2025:21:31:32 +0800] "GET /pages.php?elegant/p1?pid=1680 HTTP/1.1" 200 151581 "-" "Mozilla/5.0 AppleWebKit/537.36 (KHTML, like Gecko; compatible; GPTBot/1.3; +https://openai.com/gptbot)"
74.7.241.30 - - [24/Dec/2025:21:31:32 +0800] "GET /pages.php?silence/t1?pid=1726 HTTP/1.1" 200 151670 "-" "Mozilla/5.0 AppleWebKit/537.36 (KHTML, like Gecko; compatible; GPTBot/1.3; +https://openai.com/gptbot)"
74.7.241.30 - - [24/Dec/2025:21:31:33 +0800] "GET /pages.php?member/h3?pid=6800 HTTP/1.1" 200 141729 "-" "Mozilla/5.0 AppleWebKit/537.36 (KHTML, like Gecko; compatible; GPTBot/1.3; +https://openai.com/gptbot)"
74.7.241.30 - - [24/Dec/2025:21:31:33 +0800] "GET /pages.php?gentleman/s178?pid=261 HTTP/1.1" 200 142041 "-" "Mozilla/5.0 AppleWebKit/537.36 (KHTML, like Gecko; compatible; GPTBot/1.3; +https://openai.com/gptbot)"
74.7.241.30 - - [24/Dec/2025:21:31:34 +0800] "GET /pages.php?dynamic/c1?pid=1730 HTTP/1.1" 200 152174 "-" "Mozilla/5.0 AppleWebKit/537.36 (KHTML, like Gecko; compatible; GPTBot/1.3; +https://openai.com/gptbot)"
74.7.241.30 - - [24/Dec/2025:21:31:34 +0800] "GET /pages.php?because/z1?pid=1498 HTTP/1.1" 200 156939 "-" "Mozilla/5.0 AppleWebKit/537.36 (KHTML, like Gecko; compatible; GPTBot/1.3; +https://openai.com/gptbot)"
74.7.241.30 - - [24/Dec/2025:21:31:35 +0800] "GET /pages.php?retail/y1?pid=1822 HTTP/1.1" 200 152342 "-" "Mozilla/5.0 AppleWebKit/537.36 (KHTML, like Gecko; compatible; GPTBot/1.3; +https://openai.com/gptbot)"
74.7.241.30 - - [24/Dec/2025:21:31:36 +0800] "GET /pages.php?household/t1?pid=1818 HTTP/1.1" 200 152300 "-" "Mozilla/5.0 AppleWebKit/537.36 (KHTML, like Gecko; compatible; GPTBot/1.3; +https://openai.com/gptbot)"
74.7.241.30 - - [24/Dec/2025:21:31:36 +0800] "GET /pages.php?cooperate/p3?pid=23302 HTTP/1.1" 200 144041 "-" "Mozilla/5.0 AppleWebKit/537.36 (KHTML, like Gecko; compatible; GPTBot/1.3; +https://openai.com/gptbot)"
74.7.241.30 - - [24/Dec/2025:21:31:37 +0800] "GET /pages.php?statistical/t1?pid=1726 HTTP/1.1" 200 151350 "-" "Mozilla/5.0 AppleWebKit/537.36 (KHTML, like Gecko; compatible; GPTBot/1.3; +https://openai.com/gptbot)"
74.7.241.30 - - [24/Dec/2025:21:31:37 +0800] "GET /pages.php?earthquake/p1?pid=1680 HTTP/1.1" 200 151406 "-" "Mozilla/5.0 AppleWebKit/537.36 (KHTML, like Gecko; compatible; GPTBot/1.3; +https://openai.com/gptbot)"
74.7.241.30 - - [24/Dec/2025:21:31:38 +0800] "GET /pages.php?distinguish/p1?pid=1680 HTTP/1.1" 200 151764 "-" "Mozilla/5.0 AppleWebKit/537.36 (KHTML, like Gecko; compatible; GPTBot/1.3; +https://openai.com/gptbot)"
74.7.241.30 - - [24/Dec/2025:21:31:38 +0800] "GET /pages.php?cheek/g40?pid=7169 HTTP/1.1" 200 148719 "-" "Mozilla/5.0 AppleWebKit/537.36 (KHTML, like Gecko; compatible; GPTBot/1.3; +https://openai.com/gptbot)"
74.7.241.30 - - [24/Dec/2025:21:31:39 +0800] "GET /pages.php?habitat/y1?pid=1822 HTTP/1.1" 200 151708 "-" "Mozilla/5.0 AppleWebKit/537.36 (KHTML, like Gecko; compatible; GPTBot/1.3; +https://openai.com/gptbot)"
74.7.241.30 - - [24/Dec/2025:21:31:39 +0800] "GET /pages.php?swallow/t1?pid=1818 HTTP/1.1" 200 152178 "-" "Mozilla/5.0 AppleWebKit/537.36 (KHTML, like Gecko; compatible; GPTBot/1.3; +https://openai.com/gptbot)"
74.7.241.30 - - [24/Dec/2025:21:31:40 +0800] "GET /pages.php?presence/g55?pid=28656 HTTP/1.1" 200 156003 "-" "Mozilla/5.0 AppleWebKit/537.36 (KHTML, like Gecko; compatible; GPTBot/1.3; +https://openai.com/gptbot)"
74.7.241.30 - - [24/Dec/2025:21:31:40 +0800] "GET /pages.php?asleep/y1?pid=1822 HTTP/1.1" 200 152168 "-" "Mozilla/5.0 AppleWebKit/537.36 (KHTML, like Gecko; compatible; GPTBot/1.3; +https://openai.com/gptbot)"
74.7.241.30 - - [24/Dec/2025:21:31:41 +0800] "GET /pages.php?exhaust/o1?pid=1664 HTTP/1.1" 200 152262 "-" "Mozilla/5.0 AppleWebKit/537.36 (KHTML, like Gecko; compatible; GPTBot/1.3; +https://openai.com/gptbot)"
74.7.241.30 - - [24/Dec/2025:21:31:41 +0800] "GET /pages.php?6294253 HTTP/1.1" 200 142915 "-" "Mozilla/5.0 AppleWebKit/537.36 (KHTML, like Gecko; compatible; GPTBot/1.3; +https://openai.com/gptbot)"
74.7.241.30 - - [24/Dec/2025:21:31:42 +0800] "GET /pages.php?tunnel/t1?pid=1726 HTTP/1.1" 200 151433 "-" "Mozilla/5.0 AppleWebKit/537.36 (KHTML, like Gecko; compatible; GPTBot/1.3; +https://openai.com/gptbot)"
57.141.6.27 - - [24/Dec/2025:21:31:42 +0800] "GET /?products/25321429 HTTP/1.1" 200 - "-" "meta-externalagent/1.1 (+https://developers.facebook.com/docs/sharing/webmasters/crawler)"
74.7.241.30 - - [24/Dec/2025:21:31:42 +0800] "GET /pages.php?optimistic/f1?pid=1728 HTTP/1.1" 200 152506 "-" "Mozilla/5.0 AppleWebKit/537.36 (KHTML, like Gecko; compatible; GPTBot/1.3; +https://openai.com/gptbot)"
74.7.241.30 - - [24/Dec/2025:21:31:43 +0800] "GET /pages.php?request/p1?pid=1680 HTTP/1.1" 200 152095 "-" "Mozilla/5.0 AppleWebKit/537.36 (KHTML, like Gecko; compatible; GPTBot/1.3; +https://openai.com/gptbot)"
74.7.241.30 - - [24/Dec/2025:21:31:43 +0800] "GET /pages.php?include/l1?pid=1820 HTTP/1.1" 200 151484 "-" "Mozilla/5.0 AppleWebKit/537.36 (KHTML, like Gecko; compatible; GPTBot/1.3; +https://openai.com/gptbot)"
74.7.241.30 - - [24/Dec/2025:21:31:44 +0800] "GET /pages.php?achieve/o1?pid=1664 HTTP/1.1" 200 152652 "-" "Mozilla/5.0 AppleWebKit/537.36 (KHTML, like Gecko; compatible; GPTBot/1.3; +https://openai.com/gptbot)"
74.7.241.30 - - [24/Dec/2025:21:31:45 +0800] "GET /pages.php?seven/z5?pid=26024 HTTP/1.1" 200 157170 "-" "Mozilla/5.0 AppleWebKit/537.36 (KHTML, like Gecko; compatible; GPTBot/1.3; +https://openai.com/gptbot)"
74.7.241.30 - - [24/Dec/2025:21:31:45 +0800] "GET /pages.php?refugee/g1?pid=1738 HTTP/1.1" 200 151478 "-" "Mozilla/5.0 AppleWebKit/537.36 (KHTML, like Gecko; compatible; GPTBot/1.3; +https://openai.com/gptbot)"
74.7.241.30 - - [24/Dec/2025:21:31:46 +0800] "GET /pages.php?ongoing/f1?pid=1728 HTTP/1.1" 200 152338 "-" "Mozilla/5.0 AppleWebKit/537.36 (KHTML, like Gecko; compatible; GPTBot/1.3; +https://openai.com/gptbot)"
74.7.241.30 - - [24/Dec/2025:21:31:46 +0800] "GET /pages.php?wonderful/f18?pid=12365 HTTP/1.1" 200 148512 "-" "Mozilla/5.0 AppleWebKit/537.36 (KHTML, like Gecko; compatible; GPTBot/1.3; +https://openai.com/gptbot)"
74.7.241.30 - - [24/Dec/2025:21:31:47 +0800] "GET /pages.php?energy/t1?pid=1818 HTTP/1.1" 200 152249 "-" "Mozilla/5.0 AppleWebKit/537.36 (KHTML, like Gecko; compatible; GPTBot/1.3; +https://openai.com/gptbot)"
74.7.241.30 - - [24/Dec/2025:21:31:47 +0800] "GET /pages.php?herself/f1?pid=1728 HTTP/1.1" 200 151901 "-" "Mozilla/5.0 AppleWebKit/537.36 (KHTML, like Gecko; compatible; GPTBot/1.3; +https://openai.com/gptbot)"
74.7.241.30 - - [24/Dec/2025:21:31:48 +0800] "GET /pages.php?eat/u44?pid=36647 HTTP/1.1" 200 153729 "-" "Mozilla/5.0 AppleWebKit/537.36 (KHTML, like Gecko; compatible; GPTBot/1.3; +https://openai.com/gptbot)"
74.7.241.30 - - [24/Dec/2025:21:31:48 +0800] "GET /pages.php?review/g1?pid=1738 HTTP/1.1" 200 151526 "-" "Mozilla/5.0 AppleWebKit/537.36 (KHTML, like Gecko; compatible; GPTBot/1.3; +https://openai.com/gptbot)"
74.7.241.30 - - [24/Dec/2025:21:31:49 +0800] "GET /pages.php?detail/g233?pid=4434 HTTP/1.1" 200 151381 "-" "Mozilla/5.0 AppleWebKit/537.36 (KHTML, like Gecko; compatible; GPTBot/1.3; +https://openai.com/gptbot)"
74.7.241.30 - - [24/Dec/2025:21:31:49 +0800] "GET /pages.php?either/z1?pid=1498 HTTP/1.1" 200 157087 "-" "Mozilla/5.0 AppleWebKit/537.36 (KHTML, like Gecko; compatible; GPTBot/1.3; +https://openai.com/gptbot)"
74.7.241.30 - - [24/Dec/2025:21:31:50 +0800] "GET /pages.php?component/r45?pid=24592 HTTP/1.1" 200 144460 "-" "Mozilla/5.0 AppleWebKit/537.36 (KHTML, like Gecko; compatible; GPTBot/1.3; +https://openai.com/gptbot)"
74.7.241.30 - - [24/Dec/2025:21:31:50 +0800] "GET /pages.php?extension/p1?pid=1680 HTTP/1.1" 200 151959 "-" "Mozilla/5.0 AppleWebKit/537.36 (KHTML, like Gecko; compatible; GPTBot/1.3; +https://openai.com/gptbot)"
57.141.6.33 - - [24/Dec/2025:21:31:51 +0800] "GET /?products/29651207 HTTP/1.1" 200 - "-" "meta-externalagent/1.1 (+https://developers.facebook.com/docs/sharing/webmasters/crawler)"
74.7.241.30 - - [24/Dec/2025:21:31:51 +0800] "GET /pages.php?composition/c1?pid=1730 HTTP/1.1" 200 152174 "-" "Mozilla/5.0 AppleWebKit/537.36 (KHTML, like Gecko; compatible; GPTBot/1.3; +https://openai.com/gptbot)"
74.7.241.30 - - [24/Dec/2025:21:31:51 +0800] "GET /pages.php?through/t1?pid=1726 HTTP/1.1" 200 152148 "-" "Mozilla/5.0 AppleWebKit/537.36 (KHTML, like Gecko; compatible; GPTBot/1.3; +https://openai.com/gptbot)"
57.141.6.19 - - [24/Dec/2025:21:31:52 +0800] "GET /?products/1399041 HTTP/1.1" 200 - "-" "meta-externalagent/1.1 (+https://developers.facebook.com/docs/sharing/webmasters/crawler)"
66.249.74.169 - - [24/Dec/2025:21:31:52 +0800] "GET /?m=32016824 HTTP/1.1" 200 165467 "-" "Mozilla/5.0 (compatible; Googlebot/2.1; +http://www.google.com/bot.html)"
74.7.241.30 - - [24/Dec/2025:21:31:52 +0800] "GET /pages.php?weather/f1?pid=1728 HTTP/1.1" 200 151246 "-" "Mozilla/5.0 AppleWebKit/537.36 (KHTML, like Gecko; compatible; GPTBot/1.3; +https://openai.com/gptbot)"
74.7.241.30 - - [24/Dec/2025:21:31:52 +0800] "GET /pages.php?clearly/t1?pid=1818 HTTP/1.1" 200 152092 "-" "Mozilla/5.0 AppleWebKit/537.36 (KHTML, like Gecko; compatible; GPTBot/1.3; +https://openai.com/gptbot)"
74.7.241.30 - - [24/Dec/2025:21:31:53 +0800] "GET /pages.php?attract/n1?pid=1496 HTTP/1.1" 200 152174 "-" "Mozilla/5.0 AppleWebKit/537.36 (KHTML, like Gecko; compatible; GPTBot/1.3; +https://openai.com/gptbot)"
74.7.241.30 - - [24/Dec/2025:21:31:53 +0800] "GET /pages.php?trainer/t1?pid=1818 HTTP/1.1" 200 152359 "-" "Mozilla/5.0 AppleWebKit/537.36 (KHTML, like Gecko; compatible; GPTBot/1.3; +https://openai.com/gptbot)"
74.7.241.30 - - [24/Dec/2025:21:31:54 +0800] "GET /pages.php?revolution/z1?pid=1662 HTTP/1.1" 200 152415 "-" "Mozilla/5.0 AppleWebKit/537.36 (KHTML, like Gecko; compatible; GPTBot/1.3; +https://openai.com/gptbot)"
74.7.241.30 - - [24/Dec/2025:21:31:55 +0800] "GET /pages.php?regulation/z1?pid=1498 HTTP/1.1" 200 157119 "-" "Mozilla/5.0 AppleWebKit/537.36 (KHTML, like Gecko; compatible; GPTBot/1.3; +https://openai.com/gptbot)"
74.7.241.30 - - [24/Dec/2025:21:31:55 +0800] "GET /pages.php?owner/y1?pid=1822 HTTP/1.1" 200 152009 "-" "Mozilla/5.0 AppleWebKit/537.36 (KHTML, like Gecko; compatible; GPTBot/1.3; +https://openai.com/gptbot)"
74.7.241.30 - - [24/Dec/2025:21:31:56 +0800] "GET /pages.php?summit/z103?pid=28606 HTTP/1.1" 200 151452 "-" "Mozilla/5.0 AppleWebKit/537.36 (KHTML, like Gecko; compatible; GPTBot/1.3; +https://openai.com/gptbot)"
74.7.241.30 - - [24/Dec/2025:21:31:56 +0800] "GET /pages.php?arrest/p1?pid=1680 HTTP/1.1" 200 151956 "-" "Mozilla/5.0 AppleWebKit/537.36 (KHTML, like Gecko; compatible; GPTBot/1.3; +https://openai.com/gptbot)"
74.7.241.30 - - [24/Dec/2025:21:31:57 +0800] "GET /pages.php?product/e186?pid=24949 HTTP/1.1" 200 144481 "-" "Mozilla/5.0 AppleWebKit/537.36 (KHTML, like Gecko; compatible; GPTBot/1.3; +https://openai.com/gptbot)"
74.7.241.30 - - [24/Dec/2025:21:31:57 +0800] "GET /pages.php?poster/c1?pid=1730 HTTP/1.1" 200 151495 "-" "Mozilla/5.0 AppleWebKit/537.36 (KHTML, like Gecko; compatible; GPTBot/1.3; +https://openai.com/gptbot)"
74.7.241.30 - - [24/Dec/2025:21:31:58 +0800] "GET /pages.php?speech/o1?pid=1664 HTTP/1.1" 200 151871 "-" "Mozilla/5.0 AppleWebKit/537.36 (KHTML, like Gecko; compatible; GPTBot/1.3; +https://openai.com/gptbot)"
66.249.74.169 - - [24/Dec/2025:21:31:58 +0800] "GET /?products/28090929 HTTP/1.1" 200 157001 "-" "Mozilla/5.0 (Linux; Android 6.0.1; Nexus 5X Build/MMB29P) AppleWebKit/537.36 (KHTML, like Gecko) Chrome/141.0.7390.122 Mobile Safari/537.36 (compatible; GoogleOther)"
74.7.241.30 - - [24/Dec/2025:21:31:58 +0800] "GET /pages.php?impose/n1?pid=1496 HTTP/1.1" 200 152071 "-" "Mozilla/5.0 AppleWebKit/537.36 (KHTML, like Gecko; compatible; GPTBot/1.3; +https://openai.com/gptbot)"
57.141.6.27 - - [24/Dec/2025:21:31:59 +0800] "GET /?products/4106330 HTTP/1.1" 200 - "-" "meta-externalagent/1.1 (+https://developers.facebook.com/docs/sharing/webmasters/crawler)"
74.7.241.30 - - [24/Dec/2025:21:31:59 +0800] "GET /pages.php?worldwide/z1?pid=1662 HTTP/1.1" 200 152405 "-" "Mozilla/5.0 AppleWebKit/537.36 (KHTML, like Gecko; compatible; GPTBot/1.3; +https://openai.com/gptbot)"
74.7.241.30 - - [24/Dec/2025:21:32:00 +0800] "GET /pages.php?strategic/t1?pid=1818 HTTP/1.1" 200 152075 "-" "Mozilla/5.0 AppleWebKit/537.36 (KHTML, like Gecko; compatible; GPTBot/1.3; +https://openai.com/gptbot)"
74.7.241.30 - - [24/Dec/2025:21:32:00 +0800] "GET /pages.php?scream/p1?pid=1680 HTTP/1.1" 200 151966 "-" "Mozilla/5.0 AppleWebKit/537.36 (KHTML, like Gecko; compatible; GPTBot/1.3; +https://openai.com/gptbot)"
74.7.241.30 - - [24/Dec/2025:21:32:01 +0800] "GET /pages.php?hallway/c1?pid=1730 HTTP/1.1" 200 152701 "-" "Mozilla/5.0 AppleWebKit/537.36 (KHTML, like Gecko; compatible; GPTBot/1.3; +https://openai.com/gptbot)"
74.7.241.30 - - [24/Dec/2025:21:32:01 +0800] "GET /pages.php?clearly/z1?pid=1662 HTTP/1.1" 200 153057 "-" "Mozilla/5.0 AppleWebKit/537.36 (KHTML, like Gecko; compatible; GPTBot/1.3; +https://openai.com/gptbot)"
74.7.241.30 - - [24/Dec/2025:21:32:02 +0800] "GET /pages.php?entire/c1?pid=1730 HTTP/1.1" 200 151926 "-" "Mozilla/5.0 AppleWebKit/537.36 (KHTML, like Gecko; compatible; GPTBot/1.3; +https://openai.com/gptbot)"
74.7.241.30 - - [24/Dec/2025:21:32:02 +0800] "GET /pages.php?friend/g1?pid=1738 HTTP/1.1" 200 151151 "-" "Mozilla/5.0 AppleWebKit/537.36 (KHTML, like Gecko; compatible; GPTBot/1.3; +https://openai.com/gptbot)"
74.7.241.30 - - [24/Dec/2025:21:32:03 +0800] "GET /pages.php?principal/p1?pid=1680 HTTP/1.1" 200 152467 "-" "Mozilla/5.0 AppleWebKit/537.36 (KHTML, like Gecko; compatible; GPTBot/1.3; +https://openai.com/gptbot)"
74.7.241.30 - - [24/Dec/2025:21:32:05 +0800] "GET /pages.php?terrorist/i28?pid=29699 HTTP/1.1" 200 145444 "-" "Mozilla/5.0 AppleWebKit/537.36 (KHTML, like Gecko; compatible; GPTBot/1.3; +https://openai.com/gptbot)"
74.7.241.30 - - [24/Dec/2025:21:32:06 +0800] "GET /pages.php?process/z1?pid=1662 HTTP/1.1" 200 153394 "-" "Mozilla/5.0 AppleWebKit/537.36 (KHTML, like Gecko; compatible; GPTBot/1.3; +https://openai.com/gptbot)"
74.7.241.30 - - [24/Dec/2025:21:32:06 +0800] "GET /pages.php?donate/s87?pid=952 HTTP/1.1" 200 144020 "-" "Mozilla/5.0 AppleWebKit/537.36 (KHTML, like Gecko; compatible; GPTBot/1.3; +https://openai.com/gptbot)"
74.7.241.30 - - [24/Dec/2025:21:32:07 +0800] "GET /pages.php?ethics/t1?pid=1726 HTTP/1.1" 200 151731 "-" "Mozilla/5.0 AppleWebKit/537.36 (KHTML, like Gecko; compatible; GPTBot/1.3; +https://openai.com/gptbot)"
74.7.241.30 - - [24/Dec/2025:21:32:08 +0800] "GET /pages.php?finding/o1?pid=1664 HTTP/1.1" 200 152584 "-" "Mozilla/5.0 AppleWebKit/537.36 (KHTML, like Gecko; compatible; GPTBot/1.3; +https://openai.com/gptbot)"
74.7.241.30 - - [24/Dec/2025:21:32:09 +0800] "GET /pages.php?disappear/s10?pid=34919 HTTP/1.1" 200 152721 "-" "Mozilla/5.0 AppleWebKit/537.36 (KHTML, like Gecko; compatible; GPTBot/1.3; +https://openai.com/gptbot)"
74.7.241.30 - - [24/Dec/2025:21:32:09 +0800] "GET /pages.php?these/c1?pid=1730 HTTP/1.1" 200 151976 "-" "Mozilla/5.0 AppleWebKit/537.36 (KHTML, like Gecko; compatible; GPTBot/1.3; +https://openai.com/gptbot)"
74.7.241.30 - - [24/Dec/2025:21:32:11 +0800] "GET /pages.php?there/z1?pid=1662 HTTP/1.1" 200 152496 "-" "Mozilla/5.0 AppleWebKit/537.36 (KHTML, like Gecko; compatible; GPTBot/1.3; +https://openai.com/gptbot)"
74.7.241.30 - - [24/Dec/2025:21:32:11 +0800] "GET /pages.php?favor/z1?pid=1662 HTTP/1.1" 200 152484 "-" "Mozilla/5.0 AppleWebKit/537.36 (KHTML, like Gecko; compatible; GPTBot/1.3; +https://openai.com/gptbot)"
74.7.241.30 - - [24/Dec/2025:21:32:12 +0800] "GET /pages.php?bench/o1?pid=1664 HTTP/1.1" 200 151714 "-" "Mozilla/5.0 AppleWebKit/537.36 (KHTML, like Gecko; compatible; GPTBot/1.3; +https://openai.com/gptbot)"
74.7.241.30 - - [24/Dec/2025:21:32:13 +0800] "GET /pages.php?expansion/i28?pid=29699 HTTP/1.1" 200 145471 "-" "Mozilla/5.0 AppleWebKit/537.36 (KHTML, like Gecko; compatible; GPTBot/1.3; +https://openai.com/gptbot)"
74.7.241.30 - - [24/Dec/2025:21:32:14 +0800] "GET /pages.php?wisdom/z1?pid=1498 HTTP/1.1" 200 156864 "-" "Mozilla/5.0 AppleWebKit/537.36 (KHTML, like Gecko; compatible; GPTBot/1.3; +https://openai.com/gptbot)"
74.7.241.30 - - [24/Dec/2025:21:32:15 +0800] "GET /pages.php?unable/n1?pid=1496 HTTP/1.1" 200 151811 "-" "Mozilla/5.0 AppleWebKit/537.36 (KHTML, like Gecko; compatible; GPTBot/1.3; +https://openai.com/gptbot)"
74.7.241.30 - - [24/Dec/2025:21:32:15 +0800] "GET /pages.php?unique/c1?pid=1730 HTTP/1.1" 200 152102 "-" "Mozilla/5.0 AppleWebKit/537.36 (KHTML, like Gecko; compatible; GPTBot/1.3; +https://openai.com/gptbot)"
74.7.241.30 - - [24/Dec/2025:21:32:16 +0800] "GET /pages.php?naturally/h3?pid=39108 HTTP/1.1" 200 144651 "-" "Mozilla/5.0 AppleWebKit/537.36 (KHTML, like Gecko; compatible; GPTBot/1.3; +https://openai.com/gptbot)"
74.7.241.30 - - [24/Dec/2025:21:32:17 +0800] "GET /pages.php?prohibit/h28?pid=41787 HTTP/1.1" 200 178541 "-" "Mozilla/5.0 AppleWebKit/537.36 (KHTML, like Gecko; compatible; GPTBot/1.3; +https://openai.com/gptbot)"
74.7.241.30 - - [24/Dec/2025:21:32:18 +0800] "GET /pages.php?businessman/n1?pid=1496 HTTP/1.1" 200 152448 "-" "Mozilla/5.0 AppleWebKit/537.36 (KHTML, like Gecko; compatible; GPTBot/1.3; +https://openai.com/gptbot)"
74.7.241.30 - - [24/Dec/2025:21:32:19 +0800] "GET /pages.php?insight/f1?pid=1728 HTTP/1.1" 200 152024 "-" "Mozilla/5.0 AppleWebKit/537.36 (KHTML, like Gecko; compatible; GPTBot/1.3; +https://openai.com/gptbot)"
74.7.241.30 - - [24/Dec/2025:21:32:20 +0800] "GET /pages.php?typically/t1?pid=1726 HTTP/1.1" 200 152157 "-" "Mozilla/5.0 AppleWebKit/537.36 (KHTML, like Gecko; compatible; GPTBot/1.3; +https://openai.com/gptbot)"
74.7.241.30 - - [24/Dec/2025:21:32:22 +0800] "GET /pages.php?mild/x91?pid=2136 HTTP/1.1" 200 152404 "-" "Mozilla/5.0 AppleWebKit/537.36 (KHTML, like Gecko; compatible; GPTBot/1.3; +https://openai.com/gptbot)"
74.7.241.30 - - [24/Dec/2025:21:32:23 +0800] "GET /pages.php?enormous/j241?pid=7002 HTTP/1.1" 200 144809 "-" "Mozilla/5.0 AppleWebKit/537.36 (KHTML, like Gecko; compatible; GPTBot/1.3; +https://openai.com/gptbot)"
74.7.241.30 - - [24/Dec/2025:21:32:23 +0800] "GET /pages.php?morning/t1?pid=1818 HTTP/1.1" 200 152093 "-" "Mozilla/5.0 AppleWebKit/537.36 (KHTML, like Gecko; compatible; GPTBot/1.3; +https://openai.com/gptbot)"
74.7.241.30 - - [24/Dec/2025:21:32:24 +0800] "GET /pages.php?desperately/n1?pid=1496 HTTP/1.1" 200 152074 "-" "Mozilla/5.0 AppleWebKit/537.36 (KHTML, like Gecko; compatible; GPTBot/1.3; +https://openai.com/gptbot)"
74.7.241.30 - - [24/Dec/2025:21:32:25 +0800] "GET /pages.php?environment/p255?pid=27136 HTTP/1.1" 200 149290 "-" "Mozilla/5.0 AppleWebKit/537.36 (KHTML, like Gecko; compatible; GPTBot/1.3; +https://openai.com/gptbot)"
74.7.241.30 - - [24/Dec/2025:21:32:26 +0800] "GET /pages.php?appeal/c1?pid=1730 HTTP/1.1" 200 151945 "-" "Mozilla/5.0 AppleWebKit/537.36 (KHTML, like Gecko; compatible; GPTBot/1.3; +https://openai.com/gptbot)"
57.141.6.27 - - [24/Dec/2025:21:32:26 +0800] "GET /?products/6857674 HTTP/1.1" 200 - "-" "meta-externalagent/1.1 (+https://developers.facebook.com/docs/sharing/webmasters/crawler)"
74.7.241.30 - - [24/Dec/2025:21:32:27 +0800] "GET /pages.php?Italian/w290?pid=11889 HTTP/1.1" 200 146582 "-" "Mozilla/5.0 AppleWebKit/537.36 (KHTML, like Gecko; compatible; GPTBot/1.3; +https://openai.com/gptbot)"
74.7.241.30 - - [24/Dec/2025:21:32:27 +0800] "GET /pages.php?example/h28?pid=41787 HTTP/1.1" 200 178253 "-" "Mozilla/5.0 AppleWebKit/537.36 (KHTML, like Gecko; compatible; GPTBot/1.3; +https://openai.com/gptbot)"
74.7.241.30 - - [24/Dec/2025:21:32:28 +0800] "GET /pages.php?pollution/h3?pid=39108 HTTP/1.1" 200 144271 "-" "Mozilla/5.0 AppleWebKit/537.36 (KHTML, like Gecko; compatible; GPTBot/1.3; +https://openai.com/gptbot)"
74.7.241.30 - - [24/Dec/2025:21:32:30 +0800] "GET /pages.php?harassment/t1?pid=1726 HTTP/1.1" 200 151826 "-" "Mozilla/5.0 AppleWebKit/537.36 (KHTML, like Gecko; compatible; GPTBot/1.3; +https://openai.com/gptbot)"
74.7.241.30 - - [24/Dec/2025:21:32:31 +0800] "GET /pages.php?hunt/g8?pid=41747 HTTP/1.1" 200 145602 "-" "Mozilla/5.0 AppleWebKit/537.36 (KHTML, like Gecko; compatible; GPTBot/1.3; +https://openai.com/gptbot)"
74.7.241.30 - - [24/Dec/2025:21:32:32 +0800] "GET /pages.php?against/o1?pid=1664 HTTP/1.1" 200 153388 "-" "Mozilla/5.0 AppleWebKit/537.36 (KHTML, like Gecko; compatible; GPTBot/1.3; +https://openai.com/gptbot)"
74.7.241.30 - - [24/Dec/2025:21:32:33 +0800] "GET /pages.php?dismiss/n1?pid=1496 HTTP/1.1" 200 151379 "-" "Mozilla/5.0 AppleWebKit/537.36 (KHTML, like Gecko; compatible; GPTBot/1.3; +https://openai.com/gptbot)"
74.7.241.30 - - [24/Dec/2025:21:32:35 +0800] "GET /pages.php?compare/o1?pid=1664 HTTP/1.1" 200 152205 "-" "Mozilla/5.0 AppleWebKit/537.36 (KHTML, like Gecko; compatible; GPTBot/1.3; +https://openai.com/gptbot)"
74.7.241.30 - - [24/Dec/2025:21:32:36 +0800] "GET /pages.php?respect/f1?pid=1728 HTTP/1.1" 200 151251 "-" "Mozilla/5.0 AppleWebKit/537.36 (KHTML, like Gecko; compatible; GPTBot/1.3; +https://openai.com/gptbot)"
74.7.241.30 - - [24/Dec/2025:21:32:37 +0800] "GET /pages.php?recover/p1?pid=1680 HTTP/1.1" 200 152060 "-" "Mozilla/5.0 AppleWebKit/537.36 (KHTML, like Gecko; compatible; GPTBot/1.3; +https://openai.com/gptbot)"
74.7.241.30 - - [24/Dec/2025:21:32:38 +0800] "GET /pages.php?mouth/t1?pid=1726 HTTP/1.1" 200 151401 "-" "Mozilla/5.0 AppleWebKit/537.36 (KHTML, like Gecko; compatible; GPTBot/1.3; +https://openai.com/gptbot)"
74.7.241.30 - - [24/Dec/2025:21:32:39 +0800] "GET /pages.php?above/z1?pid=1662 HTTP/1.1" 200 152486 "-" "Mozilla/5.0 AppleWebKit/537.36 (KHTML, like Gecko; compatible; GPTBot/1.3; +https://openai.com/gptbot)"
74.7.241.30 - - [24/Dec/2025:21:32:40 +0800] "GET /pages.php?among/n1?pid=1496 HTTP/1.1" 200 152178 "-" "Mozilla/5.0 AppleWebKit/537.36 (KHTML, like Gecko; compatible; GPTBot/1.3; +https://openai.com/gptbot)"
57.141.6.27 - - [24/Dec/2025:21:32:41 +0800] "GET /?products/3824518 HTTP/1.1" 200 - "-" "meta-externalagent/1.1 (+https://developers.facebook.com/docs/sharing/webmasters/crawler)"
74.7.241.30 - - [24/Dec/2025:21:32:41 +0800] "GET /pages.php?sample/c1?pid=1730 HTTP/1.1" 200 151978 "-" "Mozilla/5.0 AppleWebKit/537.36 (KHTML, like Gecko; compatible; GPTBot/1.3; +https://openai.com/gptbot)"
74.7.241.30 - - [24/Dec/2025:21:32:42 +0800] "GET /pages.php?model/t1?pid=1726 HTTP/1.1" 200 152571 "-" "Mozilla/5.0 AppleWebKit/537.36 (KHTML, like Gecko; compatible; GPTBot/1.3; +https://openai.com/gptbot)"
74.7.241.30 - - [24/Dec/2025:21:32:43 +0800] "GET /pages.php?motive/o1?pid=1664 HTTP/1.1" 200 151860 "-" "Mozilla/5.0 AppleWebKit/537.36 (KHTML, like Gecko; compatible; GPTBot/1.3; +https://openai.com/gptbot)"
66.249.74.160 - - [24/Dec/2025:21:32:44 +0800] "GET /?products/24331418 HTTP/1.1" 200 153636 "-" "Mozilla/5.0 (Linux; Android 6.0.1; Nexus 5X Build/MMB29P) AppleWebKit/537.36 (KHTML, like Gecko) Chrome/141.0.7390.122 Mobile Safari/537.36 (compatible; GoogleOther)"
66.249.74.169 - - [24/Dec/2025:21:32:45 +0800] "GET /?m=454996524 HTTP/1.1" 200 159992 "-" "Mozilla/5.0 (compatible; Googlebot/2.1; +http://www.google.com/bot.html)"
66.249.74.169 - - [24/Dec/2025:21:32:45 +0800] "GET /?products/940252 HTTP/1.1" 200 150916 "-" "Mozilla/5.0 (Linux; Android 6.0.1; Nexus 5X Build/MMB29P) AppleWebKit/537.36 (KHTML, like Gecko) Chrome/141.0.7390.122 Mobile Safari/537.36 (compatible; GoogleOther)"
66.249.74.160 - - [24/Dec/2025:21:32:45 +0800] "GET /?m=202653924 HTTP/1.1" 200 155979 "-" "Mozilla/5.0 (Linux; Android 6.0.1; Nexus 5X Build/MMB29P) AppleWebKit/537.36 (KHTML, like Gecko) Chrome/141.0.7390.122 Mobile Safari/537.36 (compatible; Googlebot/2.1; +http://www.google.com/bot.html)"
74.7.241.30 - - [24/Dec/2025:21:32:44 +0800] "GET /pages.php?strategic/t1?pid=1726 HTTP/1.1" 200 152086 "-" "Mozilla/5.0 AppleWebKit/537.36 (KHTML, like Gecko; compatible; GPTBot/1.3; +https://openai.com/gptbot)"
66.249.74.160 - - [24/Dec/2025:21:32:45 +0800] "GET /?products/27792052 HTTP/1.1" 200 161668 "-" "Mozilla/5.0 (Linux; Android 6.0.1; Nexus 5X Build/MMB29P) AppleWebKit/537.36 (KHTML, like Gecko) Chrome/141.0.7390.122 Mobile Safari/537.36 (compatible; GoogleOther)"
74.7.241.30 - - [24/Dec/2025:21:32:45 +0800] "GET /pages.php?competition/o1?pid=1664 HTTP/1.1" 200 151915 "-" "Mozilla/5.0 AppleWebKit/537.36 (KHTML, like Gecko; compatible; GPTBot/1.3; +https://openai.com/gptbot)"
74.7.241.30 - - [24/Dec/2025:21:32:47 +0800] "GET /pages.php?flee/p296?pid=353 HTTP/1.1" 200 141842 "-" "Mozilla/5.0 AppleWebKit/537.36 (KHTML, like Gecko; compatible; GPTBot/1.3; +https://openai.com/gptbot)"
74.7.241.30 - - [24/Dec/2025:21:32:48 +0800] "GET /pages.php?isolation/t1?pid=1726 HTTP/1.1" 200 151894 "-" "Mozilla/5.0 AppleWebKit/537.36 (KHTML, like Gecko; compatible; GPTBot/1.3; +https://openai.com/gptbot)"
74.7.241.30 - - [24/Dec/2025:21:32:49 +0800] "GET /pages.php?perception/g1?pid=1738 HTTP/1.1" 200 151423 "-" "Mozilla/5.0 AppleWebKit/537.36 (KHTML, like Gecko; compatible; GPTBot/1.3; +https://openai.com/gptbot)"
74.7.241.30 - - [24/Dec/2025:21:32:50 +0800] "GET /pages.php?whose/t1?pid=1726 HTTP/1.1" 200 151795 "-" "Mozilla/5.0 AppleWebKit/537.36 (KHTML, like Gecko; compatible; GPTBot/1.3; +https://openai.com/gptbot)"
74.7.241.30 - - [24/Dec/2025:21:32:51 +0800] "GET /pages.php?anonymous/o1?pid=1664 HTTP/1.1" 200 152198 "-" "Mozilla/5.0 AppleWebKit/537.36 (KHTML, like Gecko; compatible; GPTBot/1.3; +https://openai.com/gptbot)"
74.7.241.30 - - [24/Dec/2025:21:32:52 +0800] "GET /pages.php?digital/p1?pid=1680 HTTP/1.1" 200 151845 "-" "Mozilla/5.0 AppleWebKit/537.36 (KHTML, like Gecko; compatible; GPTBot/1.3; +https://openai.com/gptbot)"
66.249.74.160 - - [24/Dec/2025:21:32:53 +0800] "GET /?products/25671874 HTTP/1.1" 200 160718 "-" "Mozilla/5.0 (Linux; Android 6.0.1; Nexus 5X Build/MMB29P) AppleWebKit/537.36 (KHTML, like Gecko) Chrome/141.0.7390.122 Mobile Safari/537.36 (compatible; Googlebot/2.1; +http://www.google.com/bot.html)"
74.7.241.30 - - [24/Dec/2025:21:32:53 +0800] "GET /pages.php?special/n1?pid=1496 HTTP/1.1" 200 152223 "-" "Mozilla/5.0 AppleWebKit/537.36 (KHTML, like Gecko; compatible; GPTBot/1.3; +https://openai.com/gptbot)"
74.7.241.30 - - [24/Dec/2025:21:32:54 +0800] "GET /pages.php?alley/t1?pid=1726 HTTP/1.1" 200 151708 "-" "Mozilla/5.0 AppleWebKit/537.36 (KHTML, like Gecko; compatible; GPTBot/1.3; +https://openai.com/gptbot)"
74.7.241.30 - - [24/Dec/2025:21:32:55 +0800] "GET /pages.php?ground/t1?pid=1818 HTTP/1.1" 200 152103 "-" "Mozilla/5.0 AppleWebKit/537.36 (KHTML, like Gecko; compatible; GPTBot/1.3; +https://openai.com/gptbot)"
74.7.241.30 - - [24/Dec/2025:21:32:56 +0800] "GET /pages.php?board/l1?pid=1820 HTTP/1.1" 200 152547 "-" "Mozilla/5.0 AppleWebKit/537.36 (KHTML, like Gecko; compatible; GPTBot/1.3; +https://openai.com/gptbot)"
74.7.241.30 - - [24/Dec/2025:21:32:57 +0800] "GET /pages.php?beard/g1?pid=1738 HTTP/1.1" 200 151170 "-" "Mozilla/5.0 AppleWebKit/537.36 (KHTML, like Gecko; compatible; GPTBot/1.3; +https://openai.com/gptbot)"
74.7.241.30 - - [24/Dec/2025:21:32:58 +0800] "GET /pages.php?acceptance/t1?pid=1726 HTTP/1.1" 200 151797 "-" "Mozilla/5.0 AppleWebKit/537.36 (KHTML, like Gecko; compatible; GPTBot/1.3; +https://openai.com/gptbot)"
74.7.241.30 - - [24/Dec/2025:21:32:59 +0800] "GET /pages.php?export/p1?pid=1680 HTTP/1.1" 200 152324 "-" "Mozilla/5.0 AppleWebKit/537.36 (KHTML, like Gecko; compatible; GPTBot/1.3; +https://openai.com/gptbot)"
74.7.241.30 - - [24/Dec/2025:21:32:59 +0800] "GET /pages.php?always/y1?pid=1822 HTTP/1.1" 200 151503 "-" "Mozilla/5.0 AppleWebKit/537.36 (KHTML, like Gecko; compatible; GPTBot/1.3; +https://openai.com/gptbot)"
74.7.241.30 - - [24/Dec/2025:21:33:00 +0800] "GET /pages.php?embarrassed/o1?pid=1664 HTTP/1.1" 200 151709 "-" "Mozilla/5.0 AppleWebKit/537.36 (KHTML, like Gecko; compatible; GPTBot/1.3; +https://openai.com/gptbot)"
74.7.241.30 - - [24/Dec/2025:21:33:01 +0800] "GET /pages.php?explore/o1?pid=1664 HTTP/1.1" 200 153078 "-" "Mozilla/5.0 AppleWebKit/537.36 (KHTML, like Gecko; compatible; GPTBot/1.3; +https://openai.com/gptbot)"
74.7.241.30 - - [24/Dec/2025:21:33:02 +0800] "GET /pages.php?conspiracy/t1?pid=1818 HTTP/1.1" 200 152029 "-" "Mozilla/5.0 AppleWebKit/537.36 (KHTML, like Gecko; compatible; GPTBot/1.3; +https://openai.com/gptbot)"
74.7.241.30 - - [24/Dec/2025:21:33:03 +0800] "GET /pages.php?abuse/g1?pid=1738 HTTP/1.1" 200 151496 "-" "Mozilla/5.0 AppleWebKit/537.36 (KHTML, like Gecko; compatible; GPTBot/1.3; +https://openai.com/gptbot)"
74.7.241.30 - - [24/Dec/2025:21:33:04 +0800] "GET /pages.php?partnership/z1?pid=1498 HTTP/1.1" 200 157285 "-" "Mozilla/5.0 AppleWebKit/537.36 (KHTML, like Gecko; compatible; GPTBot/1.3; +https://openai.com/gptbot)"
74.7.241.30 - - [24/Dec/2025:21:33:05 +0800] "GET /pages.php?hunting/z1?pid=1498 HTTP/1.1" 200 156784 "-" "Mozilla/5.0 AppleWebKit/537.36 (KHTML, like Gecko; compatible; GPTBot/1.3; +https://openai.com/gptbot)"
74.7.241.30 - - [24/Dec/2025:21:33:06 +0800] "GET /pages.php?accelerate/f1?pid=1728 HTTP/1.1" 200 151527 "-" "Mozilla/5.0 AppleWebKit/537.36 (KHTML, like Gecko; compatible; GPTBot/1.3; +https://openai.com/gptbot)"
74.7.241.30 - - [24/Dec/2025:21:33:06 +0800] "GET /pages.php?teach/r39?pid=1512 HTTP/1.1" 200 140255 "-" "Mozilla/5.0 AppleWebKit/537.36 (KHTML, like Gecko; compatible; GPTBot/1.3; +https://openai.com/gptbot)"
74.7.241.30 - - [24/Dec/2025:21:33:08 +0800] "GET /pages.php?medical/g1?pid=1738 HTTP/1.1" 200 151887 "-" "Mozilla/5.0 AppleWebKit/537.36 (KHTML, like Gecko; compatible; GPTBot/1.3; +https://openai.com/gptbot)"
74.7.241.30 - - [24/Dec/2025:21:33:08 +0800] "GET /pages.php?cheese/c1?pid=1730 HTTP/1.1" 200 151882 "-" "Mozilla/5.0 AppleWebKit/537.36 (KHTML, like Gecko; compatible; GPTBot/1.3; +https://openai.com/gptbot)"
74.7.241.30 - - [24/Dec/2025:21:33:09 +0800] "GET /pages.php?threat/f1?pid=1728 HTTP/1.1" 200 151607 "-" "Mozilla/5.0 AppleWebKit/537.36 (KHTML, like Gecko; compatible; GPTBot/1.3; +https://openai.com/gptbot)"
57.141.6.14 - - [24/Dec/2025:21:33:10 +0800] "GET /?products/18813941 HTTP/1.1" 200 - "-" "meta-externalagent/1.1 (+https://developers.facebook.com/docs/sharing/webmasters/crawler)"
74.7.241.30 - - [24/Dec/2025:21:33:10 +0800] "GET /pages.php?cost/j188?pid=32665 HTTP/1.1" 200 149571 "-" "Mozilla/5.0 AppleWebKit/537.36 (KHTML, like Gecko; compatible; GPTBot/1.3; +https://openai.com/gptbot)"
74.7.241.30 - - [24/Dec/2025:21:33:11 +0800] "GET /pages.php?patron/y1?pid=1822 HTTP/1.1" 200 152664 "-" "Mozilla/5.0 AppleWebKit/537.36 (KHTML, like Gecko; compatible; GPTBot/1.3; +https://openai.com/gptbot)"
74.7.241.30 - - [24/Dec/2025:21:33:11 +0800] "GET /pages.php?alarm/z1?pid=1498 HTTP/1.1" 200 157139 "-" "Mozilla/5.0 AppleWebKit/537.36 (KHTML, like Gecko; compatible; GPTBot/1.3; +https://openai.com/gptbot)"
74.7.241.30 - - [24/Dec/2025:21:33:12 +0800] "GET /pages.php?coming/y1?pid=1822 HTTP/1.1" 200 152060 "-" "Mozilla/5.0 AppleWebKit/537.36 (KHTML, like Gecko; compatible; GPTBot/1.3; +https://openai.com/gptbot)"
74.7.241.30 - - [24/Dec/2025:21:33:13 +0800] "GET /pages.php?fairly/z1?pid=1662 HTTP/1.1" 200 152659 "-" "Mozilla/5.0 AppleWebKit/537.36 (KHTML, like Gecko; compatible; GPTBot/1.3; +https://openai.com/gptbot)"
57.141.6.31 - - [24/Dec/2025:21:33:14 +0800] "GET /?products/29100374 HTTP/1.1" 200 - "-" "meta-externalagent/1.1 (+https://developers.facebook.com/docs/sharing/webmasters/crawler)"
74.7.241.30 - - [24/Dec/2025:21:33:14 +0800] "GET /pages.php?explode/z1?pid=1498 HTTP/1.1" 200 155878 "-" "Mozilla/5.0 AppleWebKit/537.36 (KHTML, like Gecko; compatible; GPTBot/1.3; +https://openai.com/gptbot)"
74.7.241.30 - - [24/Dec/2025:21:33:15 +0800] "GET /pages.php?n_648albep0215 HTTP/1.1" 200 148358 "-" "Mozilla/5.0 AppleWebKit/537.36 (KHTML, like Gecko; compatible; GPTBot/1.3; +https://openai.com/gptbot)"
57.141.6.29 - - [24/Dec/2025:21:33:16 +0800] "GET /?products/25600496 HTTP/1.1" 200 - "-" "meta-externalagent/1.1 (+https://developers.facebook.com/docs/sharing/webmasters/crawler)"
74.7.241.30 - - [24/Dec/2025:21:33:16 +0800] "GET /pages.php?represent/e83?pid=638 HTTP/1.1" 200 143282 "-" "Mozilla/5.0 AppleWebKit/537.36 (KHTML, like Gecko; compatible; GPTBot/1.3; +https://openai.com/gptbot)"
74.7.241.30 - - [24/Dec/2025:21:33:16 +0800] "GET /pages.php?plate/r39?pid=1512 HTTP/1.1" 200 140505 "-" "Mozilla/5.0 AppleWebKit/537.36 (KHTML, like Gecko; compatible; GPTBot/1.3; +https://openai.com/gptbot)"
66.249.74.160 - - [24/Dec/2025:21:33:18 +0800] "GET /?products/2006996 HTTP/1.1" 200 173067 "-" "Mozilla/5.0 (Linux; Android 6.0.1; Nexus 5X Build/MMB29P) AppleWebKit/537.36 (KHTML, like Gecko) Chrome/141.0.7390.122 Mobile Safari/537.36 (compatible; GoogleOther)"
66.249.74.169 - - [24/Dec/2025:21:33:18 +0800] "GET /?products/28449930 HTTP/1.1" 200 206105 "-" "Mozilla/5.0 (Linux; Android 6.0.1; Nexus 5X Build/MMB29P) AppleWebKit/537.36 (KHTML, like Gecko) Chrome/141.0.7390.122 Mobile Safari/537.36 (compatible; GoogleOther)"
74.7.241.30 - - [24/Dec/2025:21:33:18 +0800] "GET /pages.php?passion/g1?pid=1738 HTTP/1.1" 200 151425 "-" "Mozilla/5.0 AppleWebKit/537.36 (KHTML, like Gecko; compatible; GPTBot/1.3; +https://openai.com/gptbot)"
66.249.74.160 - - [24/Dec/2025:21:33:19 +0800] "GET /?products/11073563 HTTP/1.1" 200 161547 "-" "Mozilla/5.0 (Linux; Android 6.0.1; Nexus 5X Build/MMB29P) AppleWebKit/537.36 (KHTML, like Gecko) Chrome/141.0.7390.122 Mobile Safari/537.36 (compatible; GoogleOther)"
74.7.241.30 - - [24/Dec/2025:21:33:19 +0800] "GET /pages.php?candy/t1?pid=1726 HTTP/1.1" 200 151979 "-" "Mozilla/5.0 AppleWebKit/537.36 (KHTML, like Gecko; compatible; GPTBot/1.3; +https://openai.com/gptbot)"
66.249.74.161 - - [24/Dec/2025:21:33:19 +0800] "GET /?m=286842324 HTTP/1.1" 200 167753 "-" "Mozilla/5.0 (Linux; Android 6.0.1; Nexus 5X Build/MMB29P) AppleWebKit/537.36 (KHTML, like Gecko) Chrome/141.0.7390.122 Mobile Safari/537.36 (compatible; Googlebot/2.1; +http://www.google.com/bot.html)"
74.7.241.30 - - [24/Dec/2025:21:33:20 +0800] "GET /pages.php?ad/y1?pid=1822 HTTP/1.1" 200 151876 "-" "Mozilla/5.0 AppleWebKit/537.36 (KHTML, like Gecko; compatible; GPTBot/1.3; +https://openai.com/gptbot)"
74.7.241.30 - - [24/Dec/2025:21:33:20 +0800] "GET /pages.php?great/p1?pid=1680 HTTP/1.1" 200 151879 "-" "Mozilla/5.0 AppleWebKit/537.36 (KHTML, like Gecko; compatible; GPTBot/1.3; +https://openai.com/gptbot)"
74.7.241.30 - - [24/Dec/2025:21:33:21 +0800] "GET /pages.php?technician/i47?pid=6880 HTTP/1.1" 200 142744 "-" "Mozilla/5.0 AppleWebKit/537.36 (KHTML, like Gecko; compatible; GPTBot/1.3; +https://openai.com/gptbot)"
74.7.241.30 - - [24/Dec/2025:21:33:22 +0800] "GET /pages.php?stance/z1?pid=1662 HTTP/1.1" 200 152328 "-" "Mozilla/5.0 AppleWebKit/537.36 (KHTML, like Gecko; compatible; GPTBot/1.3; +https://openai.com/gptbot)"
74.7.241.30 - - [24/Dec/2025:21:33:23 +0800] "GET /pages.php?smell/n1?pid=1496 HTTP/1.1" 200 151028 "-" "Mozilla/5.0 AppleWebKit/537.36 (KHTML, like Gecko; compatible; GPTBot/1.3; +https://openai.com/gptbot)"
74.7.241.30 - - [24/Dec/2025:21:33:24 +0800] "GET /pages.php?1115496911 HTTP/1.1" 200 148347 "-" "Mozilla/5.0 AppleWebKit/537.36 (KHTML, like Gecko; compatible; GPTBot/1.3; +https://openai.com/gptbot)"
74.7.241.30 - - [24/Dec/2025:21:33:24 +0800] "GET /pages.php?optimistic/e83?pid=638 HTTP/1.1" 200 143875 "-" "Mozilla/5.0 AppleWebKit/537.36 (KHTML, like Gecko; compatible; GPTBot/1.3; +https://openai.com/gptbot)"
74.7.241.30 - - [24/Dec/2025:21:33:26 +0800] "GET /pages.php?item/u3/47177/ HTTP/1.1" 200 148796 "-" "Mozilla/5.0 AppleWebKit/537.36 (KHTML, like Gecko; compatible; GPTBot/1.3; +https://openai.com/gptbot)"
74.7.241.30 - - [24/Dec/2025:21:33:26 +0800] "GET /pages.php?appoint/s95?pid=20132 HTTP/1.1" 200 150787 "-" "Mozilla/5.0 AppleWebKit/537.36 (KHTML, like Gecko; compatible; GPTBot/1.3; +https://openai.com/gptbot)"
74.7.241.30 - - [24/Dec/2025:21:33:27 +0800] "GET /pages.php?defendant/f81?pid=48940 HTTP/1.1" 200 149138 "-" "Mozilla/5.0 AppleWebKit/537.36 (KHTML, like Gecko; compatible; GPTBot/1.3; +https://openai.com/gptbot)"
74.7.241.30 - - [24/Dec/2025:21:33:28 +0800] "GET /pages.php?wisdom/y1?pid=1822 HTTP/1.1" 200 152333 "-" "Mozilla/5.0 AppleWebKit/537.36 (KHTML, like Gecko; compatible; GPTBot/1.3; +https://openai.com/gptbot)"
74.7.241.30 - - [24/Dec/2025:21:33:29 +0800] "GET /pages.php?likely/g1?pid=1738 HTTP/1.1" 200 151258 "-" "Mozilla/5.0 AppleWebKit/537.36 (KHTML, like Gecko; compatible; GPTBot/1.3; +https://openai.com/gptbot)"
66.249.74.160 - - [24/Dec/2025:21:33:30 +0800] "GET /?products/10684341 HTTP/1.1" 200 149469 "-" "Mozilla/5.0 (Linux; Android 6.0.1; Nexus 5X Build/MMB29P) AppleWebKit/537.36 (KHTML, like Gecko) Chrome/141.0.7390.122 Mobile Safari/537.36 (compatible; GoogleOther)"
74.7.241.30 - - [24/Dec/2025:21:33:30 +0800] "GET /pages.php?waist/z1?pid=1498 HTTP/1.1" 200 156567 "-" "Mozilla/5.0 AppleWebKit/537.36 (KHTML, like Gecko; compatible; GPTBot/1.3; +https://openai.com/gptbot)"
74.7.241.30 - - [24/Dec/2025:21:33:31 +0800] "GET /pages.php?enjoy/z1?pid=1662 HTTP/1.1" 200 153174 "-" "Mozilla/5.0 AppleWebKit/537.36 (KHTML, like Gecko; compatible; GPTBot/1.3; +https://openai.com/gptbot)"
74.7.241.30 - - [24/Dec/2025:21:33:31 +0800] "GET /pages.php?repeat/g1?pid=1738 HTTP/1.1" 200 151133 "-" "Mozilla/5.0 AppleWebKit/537.36 (KHTML, like Gecko; compatible; GPTBot/1.3; +https://openai.com/gptbot)"
74.7.241.30 - - [24/Dec/2025:21:33:32 +0800] "GET /pages.php?client/c1?pid=1730 HTTP/1.1" 200 152060 "-" "Mozilla/5.0 AppleWebKit/537.36 (KHTML, like Gecko; compatible; GPTBot/1.3; +https://openai.com/gptbot)"
66.249.74.160 - - [24/Dec/2025:21:33:33 +0800] "GET /?products/29366374 HTTP/1.1" 200 145258 "-" "Mozilla/5.0 (Linux; Android 6.0.1; Nexus 5X Build/MMB29P) AppleWebKit/537.36 (KHTML, like Gecko) Chrome/141.0.7390.122 Mobile Safari/537.36 (compatible; GoogleOther)"
74.7.241.30 - - [24/Dec/2025:21:33:33 +0800] "GET /pages.php?review/a34?pid=5993 HTTP/1.1" 200 158570 "-" "Mozilla/5.0 AppleWebKit/537.36 (KHTML, like Gecko; compatible; GPTBot/1.3; +https://openai.com/gptbot)"
74.7.241.30 - - [24/Dec/2025:21:33:34 +0800] "GET /pages.php?9206161 HTTP/1.1" 200 142011 "-" "Mozilla/5.0 AppleWebKit/537.36 (KHTML, like Gecko; compatible; GPTBot/1.3; +https://openai.com/gptbot)"
74.7.241.30 - - [24/Dec/2025:21:33:35 +0800] "GET /pages.php?public/m119?pid=27588 HTTP/1.1" 200 153604 "-" "Mozilla/5.0 AppleWebKit/537.36 (KHTML, like Gecko; compatible; GPTBot/1.3; +https://openai.com/gptbot)"
74.7.241.30 - - [24/Dec/2025:21:33:36 +0800] "GET /pages.php?relation/f81?pid=48940 HTTP/1.1" 200 148868 "-" "Mozilla/5.0 AppleWebKit/537.36 (KHTML, like Gecko; compatible; GPTBot/1.3; +https://openai.com/gptbot)"
74.7.241.30 - - [24/Dec/2025:21:33:38 +0800] "GET /pages.php?usual/y1?pid=1822 HTTP/1.1" 200 152047 "-" "Mozilla/5.0 AppleWebKit/537.36 (KHTML, like Gecko; compatible; GPTBot/1.3; +https://openai.com/gptbot)"
74.7.241.30 - - [24/Dec/2025:21:33:40 +0800] "GET /pages.php?finish/f1?pid=1728 HTTP/1.1" 200 151327 "-" "Mozilla/5.0 AppleWebKit/537.36 (KHTML, like Gecko; compatible; GPTBot/1.3; +https://openai.com/gptbot)"
74.7.241.30 - - [24/Dec/2025:21:33:41 +0800] "GET /pages.php?mountain/p2?pid=17937 HTTP/1.1" 200 143575 "-" "Mozilla/5.0 AppleWebKit/537.36 (KHTML, like Gecko; compatible; GPTBot/1.3; +https://openai.com/gptbot)"
74.7.241.30 - - [24/Dec/2025:21:33:43 +0800] "GET /pages.php?receive/i98?pid=29209 HTTP/1.1" 200 144974 "-" "Mozilla/5.0 AppleWebKit/537.36 (KHTML, like Gecko; compatible; GPTBot/1.3; +https://openai.com/gptbot)"
57.141.6.34 - - [24/Dec/2025:21:33:45 +0800] "GET /?products/1723674 HTTP/1.1" 200 - "-" "meta-externalagent/1.1 (+https://developers.facebook.com/docs/sharing/webmasters/crawler)"
74.7.241.30 - - [24/Dec/2025:21:33:44 +0800] "GET /pages.php?recipe/t1?pid=1818 HTTP/1.1" 200 151691 "-" "Mozilla/5.0 AppleWebKit/537.36 (KHTML, like Gecko; compatible; GPTBot/1.3; +https://openai.com/gptbot)"
74.7.241.30 - - [24/Dec/2025:21:33:47 +0800] "GET /pages.php?potato/c1?pid=1730 HTTP/1.1" 200 151772 "-" "Mozilla/5.0 AppleWebKit/537.36 (KHTML, like Gecko; compatible; GPTBot/1.3; +https://openai.com/gptbot)"
74.7.241.30 - - [24/Dec/2025:21:33:47 +0800] "GET /pages.php?accompany/o1?pid=1664 HTTP/1.1" 200 152059 "-" "Mozilla/5.0 AppleWebKit/537.36 (KHTML, like Gecko; compatible; GPTBot/1.3; +https://openai.com/gptbot)"
74.7.241.30 - - [24/Dec/2025:21:33:48 +0800] "GET /pages.php?terms/k78?pid=15889 HTTP/1.1" 200 148424 "-" "Mozilla/5.0 AppleWebKit/537.36 (KHTML, like Gecko; compatible; GPTBot/1.3; +https://openai.com/gptbot)"
74.7.241.30 - - [24/Dec/2025:21:33:50 +0800] "GET /pages.php?slight/t1?pid=1818 HTTP/1.1" 200 152280 "-" "Mozilla/5.0 AppleWebKit/537.36 (KHTML, like Gecko; compatible; GPTBot/1.3; +https://openai.com/gptbot)"
74.7.241.30 - - [24/Dec/2025:21:33:50 +0800] "GET /pages.php?snow/a34?pid=5993 HTTP/1.1" 200 158714 "-" "Mozilla/5.0 AppleWebKit/537.36 (KHTML, like Gecko; compatible; GPTBot/1.3; +https://openai.com/gptbot)"
74.7.241.30 - - [24/Dec/2025:21:33:52 +0800] "GET /pages.php?yeah/d63?pid=6424 HTTP/1.1" 200 142916 "-" "Mozilla/5.0 AppleWebKit/537.36 (KHTML, like Gecko; compatible; GPTBot/1.3; +https://openai.com/gptbot)"
74.7.241.30 - - [24/Dec/2025:21:33:52 +0800] "GET /pages.php?board/r5?pid=20492 HTTP/1.1" 200 149208 "-" "Mozilla/5.0 AppleWebKit/537.36 (KHTML, like Gecko; compatible; GPTBot/1.3; +https://openai.com/gptbot)"
74.7.241.30 - - [24/Dec/2025:21:33:53 +0800] "GET /pages.php?item/u201/35149/ HTTP/1.1" 200 165101 "-" "Mozilla/5.0 AppleWebKit/537.36 (KHTML, like Gecko; compatible; GPTBot/1.3; +https://openai.com/gptbot)"
74.7.241.30 - - [24/Dec/2025:21:33:54 +0800] "GET /pages.php?plead/p2?pid=17937 HTTP/1.1" 200 142987 "-" "Mozilla/5.0 AppleWebKit/537.36 (KHTML, like Gecko; compatible; GPTBot/1.3; +https://openai.com/gptbot)"
74.7.241.30 - - [24/Dec/2025:21:33:54 +0800] "GET /pages.php?layer/j1?pid=10480 HTTP/1.1" 200 159207 "-" "Mozilla/5.0 AppleWebKit/537.36 (KHTML, like Gecko; compatible; GPTBot/1.3; +https://openai.com/gptbot)"
74.7.241.30 - - [24/Dec/2025:21:33:56 +0800] "GET /pages.php?resolve/z1?pid=1662 HTTP/1.1" 200 152331 "-" "Mozilla/5.0 AppleWebKit/537.36 (KHTML, like Gecko; compatible; GPTBot/1.3; +https://openai.com/gptbot)"
52.167.144.193 - - [24/Dec/2025:21:33:57 +0800] "GET /?m=273229024 HTTP/1.1" 200 156729 "-" "Mozilla/5.0 AppleWebKit/537.36 (KHTML, like Gecko; compatible; bingbot/2.0; +http://www.bing.com/bingbot.htm) Chrome/116.0.1938.76 Safari/537.36"
74.7.241.30 - - [24/Dec/2025:21:33:57 +0800] "GET /pages.php?confess/c1?pid=1730 HTTP/1.1" 200 152431 "-" "Mozilla/5.0 AppleWebKit/537.36 (KHTML, like Gecko; compatible; GPTBot/1.3; +https://openai.com/gptbot)"
74.7.241.30 - - [24/Dec/2025:21:33:58 +0800] "GET /pages.php?related/p1?pid=1680 HTTP/1.1" 200 151594 "-" "Mozilla/5.0 AppleWebKit/537.36 (KHTML, like Gecko; compatible; GPTBot/1.3; +https://openai.com/gptbot)"
74.7.241.30 - - [24/Dec/2025:21:33:59 +0800] "GET /pages.php?acceptable/o1?pid=1664 HTTP/1.1" 200 152716 "-" "Mozilla/5.0 AppleWebKit/537.36 (KHTML, like Gecko; compatible; GPTBot/1.3; +https://openai.com/gptbot)"
74.7.241.30 - - [24/Dec/2025:21:34:00 +0800] "GET /pages.php?subsidy/u80?pid=21851 HTTP/1.1" 200 143066 "-" "Mozilla/5.0 AppleWebKit/537.36 (KHTML, like Gecko; compatible; GPTBot/1.3; +https://openai.com/gptbot)"
74.7.241.30 - - [24/Dec/2025:21:34:01 +0800] "GET /pages.php?withdraw/d63?pid=6424 HTTP/1.1" 200 142783 "-" "Mozilla/5.0 AppleWebKit/537.36 (KHTML, like Gecko; compatible; GPTBot/1.3; +https://openai.com/gptbot)"
57.141.6.39 - - [24/Dec/2025:21:34:02 +0800] "GET /?products/9394052 HTTP/1.1" 200 - "-" "meta-externalagent/1.1 (+https://developers.facebook.com/docs/sharing/webmasters/crawler)"
74.7.241.30 - - [24/Dec/2025:21:34:02 +0800] "GET /pages.php?famous/u80?pid=21851 HTTP/1.1" 200 143301 "-" "Mozilla/5.0 AppleWebKit/537.36 (KHTML, like Gecko; compatible; GPTBot/1.3; +https://openai.com/gptbot)"
74.7.241.30 - - [24/Dec/2025:21:34:03 +0800] "GET /pages.php?publication/z1?pid=1498 HTTP/1.1" 200 156897 "-" "Mozilla/5.0 AppleWebKit/537.36 (KHTML, like Gecko; compatible; GPTBot/1.3; +https://openai.com/gptbot)"
74.7.241.30 - - [24/Dec/2025:21:34:04 +0800] "GET /pages.php?cross/h75?pid=1922 HTTP/1.1" 200 152853 "-" "Mozilla/5.0 AppleWebKit/537.36 (KHTML, like Gecko; compatible; GPTBot/1.3; +https://openai.com/gptbot)"
