66.249.74.160 - - [24/Dec/2025:20:28:50 +0800] "GET /?products/22941518 HTTP/1.1" 200 173742 "-" "Mozilla/5.0 (Linux; Android 6.0.1; Nexus 5X Build/MMB29P) AppleWebKit/537.36 (KHTML, like Gecko) Chrome/141.0.7390.122 Mobile Safari/537.36 (compatible; GoogleOther)"
74.7.241.30 - - [24/Dec/2025:20:28:50 +0800] "GET /pages.php?capital/t1?pid=2898 HTTP/1.1" 200 152370 "-" "Mozilla/5.0 AppleWebKit/537.36 (KHTML, like Gecko; compatible; GPTBot/1.3; +https://openai.com/gptbot)"
74.7.241.30 - - [24/Dec/2025:20:28:51 +0800] "GET /pages.php?credibility/j1?pid=2890 HTTP/1.1" 200 152508 "-" "Mozilla/5.0 AppleWebKit/537.36 (KHTML, like Gecko; compatible; GPTBot/1.3; +https://openai.com/gptbot)"
74.7.241.30 - - [24/Dec/2025:20:28:53 +0800] "GET /pages.php?queen/t1?pid=2898 HTTP/1.1" 200 151686 "-" "Mozilla/5.0 AppleWebKit/537.36 (KHTML, like Gecko; compatible; GPTBot/1.3; +https://openai.com/gptbot)"
74.7.241.30 - - [24/Dec/2025:20:28:54 +0800] "GET /pages.php?twenty/a1?pid=2886 HTTP/1.1" 200 152528 "-" "Mozilla/5.0 AppleWebKit/537.36 (KHTML, like Gecko; compatible; GPTBot/1.3; +https://openai.com/gptbot)"
74.7.241.30 - - [24/Dec/2025:20:28:56 +0800] "GET /pages.php?appearance/w1?pid=2854 HTTP/1.1" 200 152053 "-" "Mozilla/5.0 AppleWebKit/537.36 (KHTML, like Gecko; compatible; GPTBot/1.3; +https://openai.com/gptbot)"
66.249.74.169 - - [24/Dec/2025:20:28:58 +0800] "GET /?products/11562796 HTTP/1.1" 200 179270 "-" "Mozilla/5.0 (Linux; Android 6.0.1; Nexus 5X Build/MMB29P) AppleWebKit/537.36 (KHTML, like Gecko) Chrome/141.0.7390.122 Mobile Safari/537.36 (compatible; GoogleOther)"
74.7.241.30 - - [24/Dec/2025:20:28:57 +0800] "GET /pages.php?disease/n1?pid=2736 HTTP/1.1" 200 151271 "-" "Mozilla/5.0 AppleWebKit/537.36 (KHTML, like Gecko; compatible; GPTBot/1.3; +https://openai.com/gptbot)"
74.7.241.30 - - [24/Dec/2025:20:28:59 +0800] "GET /pages.php?gender/p1?pid=2738 HTTP/1.1" 200 151485 "-" "Mozilla/5.0 AppleWebKit/537.36 (KHTML, like Gecko; compatible; GPTBot/1.3; +https://openai.com/gptbot)"
74.7.241.30 - - [24/Dec/2025:20:29:00 +0800] "GET /pages.php?sphere/z1?pid=2852 HTTP/1.1" 200 151948 "-" "Mozilla/5.0 AppleWebKit/537.36 (KHTML, like Gecko; compatible; GPTBot/1.3; +https://openai.com/gptbot)"
74.7.241.30 - - [24/Dec/2025:20:29:01 +0800] "GET /pages.php?mistake/t1?pid=2858 HTTP/1.1" 200 152134 "-" "Mozilla/5.0 AppleWebKit/537.36 (KHTML, like Gecko; compatible; GPTBot/1.3; +https://openai.com/gptbot)"
74.7.241.30 - - [24/Dec/2025:20:29:02 +0800] "GET /pages.php?rider/m1?pid=2908 HTTP/1.1" 200 152018 "-" "Mozilla/5.0 AppleWebKit/537.36 (KHTML, like Gecko; compatible; GPTBot/1.3; +https://openai.com/gptbot)"
66.249.74.161 - - [24/Dec/2025:20:29:03 +0800] "GET /?products/14382452 HTTP/1.1" 200 143757 "-" "Mozilla/5.0 (Linux; Android 6.0.1; Nexus 5X Build/MMB29P) AppleWebKit/537.36 (KHTML, like Gecko) Chrome/141.0.7390.122 Mobile Safari/537.36 (compatible; GoogleOther)"
74.7.241.30 - - [24/Dec/2025:20:29:03 +0800] "GET /pages.php?index/a39?pid=622 HTTP/1.1" 200 140740 "-" "Mozilla/5.0 AppleWebKit/537.36 (KHTML, like Gecko; compatible; GPTBot/1.3; +https://openai.com/gptbot)"
74.7.241.30 - - [24/Dec/2025:20:29:03 +0800] "GET /pages.php?queen/t1?pid=2898 HTTP/1.1" 200 151817 "-" "Mozilla/5.0 AppleWebKit/537.36 (KHTML, like Gecko; compatible; GPTBot/1.3; +https://openai.com/gptbot)"
74.7.241.30 - - [24/Dec/2025:20:29:04 +0800] "GET /pages.php?generally/s90?pid=27229 HTTP/1.1" 200 142383 "-" "Mozilla/5.0 AppleWebKit/537.36 (KHTML, like Gecko; compatible; GPTBot/1.3; +https://openai.com/gptbot)"
74.7.241.30 - - [24/Dec/2025:20:29:05 +0800] "GET /pages.php?surgery/o1?pid=2848 HTTP/1.1" 200 152809 "-" "Mozilla/5.0 AppleWebKit/537.36 (KHTML, like Gecko; compatible; GPTBot/1.3; +https://openai.com/gptbot)"
66.249.74.160 - - [24/Dec/2025:20:29:06 +0800] "GET /?products/29349107 HTTP/1.1" 200 145852 "-" "Mozilla/5.0 (Linux; Android 6.0.1; Nexus 5X Build/MMB29P) AppleWebKit/537.36 (KHTML, like Gecko) Chrome/141.0.7390.122 Mobile Safari/537.36 (compatible; GoogleOther)"
74.7.241.30 - - [24/Dec/2025:20:29:06 +0800] "GET /pages.php?expertise/w1?pid=2854 HTTP/1.1" 200 152400 "-" "Mozilla/5.0 AppleWebKit/537.36 (KHTML, like Gecko; compatible; GPTBot/1.3; +https://openai.com/gptbot)"
66.249.74.160 - - [24/Dec/2025:20:29:06 +0800] "GET /?products/12983152 HTTP/1.1" 200 148343 "-" "Mozilla/5.0 (Linux; Android 6.0.1; Nexus 5X Build/MMB29P) AppleWebKit/537.36 (KHTML, like Gecko) Chrome/141.0.7390.122 Mobile Safari/537.36 (compatible; GoogleOther)"
66.249.74.160 - - [24/Dec/2025:20:29:07 +0800] "GET /?products/14249996 HTTP/1.1" 200 172796 "-" "Mozilla/5.0 (Linux; Android 6.0.1; Nexus 5X Build/MMB29P) AppleWebKit/537.36 (KHTML, like Gecko) Chrome/141.0.7390.122 Mobile Safari/537.36 (compatible; GoogleOther)"
74.7.241.30 - - [24/Dec/2025:20:29:07 +0800] "GET /pages.php?immediate/i143?pid=3718 HTTP/1.1" 200 151239 "-" "Mozilla/5.0 AppleWebKit/537.36 (KHTML, like Gecko; compatible; GPTBot/1.3; +https://openai.com/gptbot)"
66.249.74.160 - - [24/Dec/2025:20:29:07 +0800] "GET /?products/25977507 HTTP/1.1" 200 151636 "-" "Mozilla/5.0 (Linux; Android 6.0.1; Nexus 5X Build/MMB29P) AppleWebKit/537.36 (KHTML, like Gecko) Chrome/141.0.7390.122 Mobile Safari/537.36 (compatible; GoogleOther)"
74.7.241.30 - - [24/Dec/2025:20:29:07 +0800] "GET /pages.php?genre/t1?pid=2898 HTTP/1.1" 200 152322 "-" "Mozilla/5.0 AppleWebKit/537.36 (KHTML, like Gecko; compatible; GPTBot/1.3; +https://openai.com/gptbot)"
66.249.74.169 - - [24/Dec/2025:20:29:08 +0800] "GET /?products/12674796 HTTP/1.1" 200 143437 "-" "Mozilla/5.0 (Linux; Android 6.0.1; Nexus 5X Build/MMB29P) AppleWebKit/537.36 (KHTML, like Gecko) Chrome/141.0.7390.122 Mobile Safari/537.36 (compatible; GoogleOther)"
74.7.241.30 - - [24/Dec/2025:20:29:08 +0800] "GET /pages.php?commission/o1?pid=2848 HTTP/1.1" 200 152164 "-" "Mozilla/5.0 AppleWebKit/537.36 (KHTML, like Gecko; compatible; GPTBot/1.3; +https://openai.com/gptbot)"
74.7.241.30 - - [24/Dec/2025:20:29:09 +0800] "GET /pages.php?maker/z1?pid=2842 HTTP/1.1" 200 152325 "-" "Mozilla/5.0 AppleWebKit/537.36 (KHTML, like Gecko; compatible; GPTBot/1.3; +https://openai.com/gptbot)"
74.7.241.30 - - [24/Dec/2025:20:29:10 +0800] "GET /pages.php?purple/p1?pid=2738 HTTP/1.1" 200 151898 "-" "Mozilla/5.0 AppleWebKit/537.36 (KHTML, like Gecko; compatible; GPTBot/1.3; +https://openai.com/gptbot)"
74.7.241.30 - - [24/Dec/2025:20:29:12 +0800] "GET /pages.php?stick/z40?pid=4041 HTTP/1.1" 200 141972 "-" "Mozilla/5.0 AppleWebKit/537.36 (KHTML, like Gecko; compatible; GPTBot/1.3; +https://openai.com/gptbot)"
74.7.241.30 - - [24/Dec/2025:20:29:13 +0800] "GET /pages.php?thanks/o1?pid=2848 HTTP/1.1" 200 152218 "-" "Mozilla/5.0 AppleWebKit/537.36 (KHTML, like Gecko; compatible; GPTBot/1.3; +https://openai.com/gptbot)"
66.249.74.169 - - [24/Dec/2025:20:29:14 +0800] "GET /release54?kg=841 HTTP/1.1" 200 149030 "-" "Mozilla/5.0 (Linux; Android 6.0.1; Nexus 5X Build/MMB29P) AppleWebKit/537.36 (KHTML, like Gecko) Chrome/141.0.7390.122 Mobile Safari/537.36 (compatible; Googlebot/2.1; +http://www.google.com/bot.html)"
74.7.241.30 - - [24/Dec/2025:20:29:14 +0800] "GET /pages.php?magic/k1?pid=2894 HTTP/1.1" 200 151565 "-" "Mozilla/5.0 AppleWebKit/537.36 (KHTML, like Gecko; compatible; GPTBot/1.3; +https://openai.com/gptbot)"
74.7.241.30 - - [24/Dec/2025:20:29:15 +0800] "GET /pages.php?divide/e1?pid=2910 HTTP/1.1" 200 152863 "-" "Mozilla/5.0 AppleWebKit/537.36 (KHTML, like Gecko; compatible; GPTBot/1.3; +https://openai.com/gptbot)"
66.249.74.169 - - [24/Dec/2025:20:29:16 +0800] "GET /?products/12913685 HTTP/1.1" 200 160300 "-" "Mozilla/5.0 (Linux; Android 6.0.1; Nexus 5X Build/MMB29P) AppleWebKit/537.36 (KHTML, like Gecko) Chrome/141.0.7390.122 Mobile Safari/537.36 (compatible; GoogleOther)"
66.249.74.169 - - [24/Dec/2025:20:29:16 +0800] "GET /?products/21188452 HTTP/1.1" 200 151079 "-" "Mozilla/5.0 (Linux; Android 6.0.1; Nexus 5X Build/MMB29P) AppleWebKit/537.36 (KHTML, like Gecko) Chrome/141.0.7390.122 Mobile Safari/537.36 (compatible; GoogleOther)"
74.7.241.30 - - [24/Dec/2025:20:29:16 +0800] "GET /pages.php?temple/o1?pid=2848 HTTP/1.1" 200 152241 "-" "Mozilla/5.0 AppleWebKit/537.36 (KHTML, like Gecko; compatible; GPTBot/1.3; +https://openai.com/gptbot)"
74.7.241.30 - - [24/Dec/2025:20:29:17 +0800] "GET /pages.php?compel/p1?pid=2738 HTTP/1.1" 200 151910 "-" "Mozilla/5.0 AppleWebKit/537.36 (KHTML, like Gecko; compatible; GPTBot/1.3; +https://openai.com/gptbot)"
74.7.241.30 - - [24/Dec/2025:20:29:18 +0800] "GET /pages.php?skirt/g8?pid=19821 HTTP/1.1" 200 143484 "-" "Mozilla/5.0 AppleWebKit/537.36 (KHTML, like Gecko; compatible; GPTBot/1.3; +https://openai.com/gptbot)"
74.7.241.30 - - [24/Dec/2025:20:29:19 +0800] "GET /pages.php?species/m1?pid=2908 HTTP/1.1" 200 151929 "-" "Mozilla/5.0 AppleWebKit/537.36 (KHTML, like Gecko; compatible; GPTBot/1.3; +https://openai.com/gptbot)"
74.7.241.30 - - [24/Dec/2025:20:29:20 +0800] "GET /pages.php?obligation/w1?pid=2854 HTTP/1.1" 200 152678 "-" "Mozilla/5.0 AppleWebKit/537.36 (KHTML, like Gecko; compatible; GPTBot/1.3; +https://openai.com/gptbot)"
74.7.241.30 - - [24/Dec/2025:20:29:21 +0800] "GET /pages.php?fight/t1?pid=2898 HTTP/1.1" 200 152258 "-" "Mozilla/5.0 AppleWebKit/537.36 (KHTML, like Gecko; compatible; GPTBot/1.3; +https://openai.com/gptbot)"
74.7.241.30 - - [24/Dec/2025:20:29:22 +0800] "GET /pages.php?coach/o1?pid=2848 HTTP/1.1" 200 151803 "-" "Mozilla/5.0 AppleWebKit/537.36 (KHTML, like Gecko; compatible; GPTBot/1.3; +https://openai.com/gptbot)"
74.7.241.30 - - [24/Dec/2025:20:29:23 +0800] "GET /pages.php?shorts/o1?pid=2848 HTTP/1.1" 200 152248 "-" "Mozilla/5.0 AppleWebKit/537.36 (KHTML, like Gecko; compatible; GPTBot/1.3; +https://openai.com/gptbot)"
66.249.74.160 - - [24/Dec/2025:20:29:24 +0800] "GET /?products/24654863 HTTP/1.1" 200 168054 "-" "Mozilla/5.0 (Linux; Android 6.0.1; Nexus 5X Build/MMB29P) AppleWebKit/537.36 (KHTML, like Gecko) Chrome/141.0.7390.122 Mobile Safari/537.36 (compatible; GoogleOther)"
74.7.241.30 - - [24/Dec/2025:20:29:24 +0800] "GET /pages.php?permanent/p1?pid=2738 HTTP/1.1" 200 152304 "-" "Mozilla/5.0 AppleWebKit/537.36 (KHTML, like Gecko; compatible; GPTBot/1.3; +https://openai.com/gptbot)"
74.7.241.30 - - [24/Dec/2025:20:29:25 +0800] "GET /pages.php?marker/e1?pid=2910 HTTP/1.1" 200 152445 "-" "Mozilla/5.0 AppleWebKit/537.36 (KHTML, like Gecko; compatible; GPTBot/1.3; +https://openai.com/gptbot)"
74.7.241.30 - - [24/Dec/2025:20:29:25 +0800] "GET /pages.php?psychology/o1?pid=2848 HTTP/1.1" 200 152423 "-" "Mozilla/5.0 AppleWebKit/537.36 (KHTML, like Gecko; compatible; GPTBot/1.3; +https://openai.com/gptbot)"
74.7.241.30 - - [24/Dec/2025:20:29:26 +0800] "GET /pages.php?adolescent/f1?pid=2740 HTTP/1.1" 200 152182 "-" "Mozilla/5.0 AppleWebKit/537.36 (KHTML, like Gecko; compatible; GPTBot/1.3; +https://openai.com/gptbot)"
74.7.241.30 - - [24/Dec/2025:20:29:27 +0800] "GET /pages.php?soft/g8?pid=19821 HTTP/1.1" 200 143398 "-" "Mozilla/5.0 AppleWebKit/537.36 (KHTML, like Gecko; compatible; GPTBot/1.3; +https://openai.com/gptbot)"
74.7.241.30 - - [24/Dec/2025:20:29:28 +0800] "GET /pages.php?parish/v1?pid=2856 HTTP/1.1" 200 152033 "-" "Mozilla/5.0 AppleWebKit/537.36 (KHTML, like Gecko; compatible; GPTBot/1.3; +https://openai.com/gptbot)"
66.249.74.169 - - [24/Dec/2025:20:29:29 +0800] "GET /?products/22056730 HTTP/1.1" 200 157051 "-" "Mozilla/5.0 (Linux; Android 6.0.1; Nexus 5X Build/MMB29P) AppleWebKit/537.36 (KHTML, like Gecko) Chrome/141.0.7390.122 Mobile Safari/537.36 (compatible; GoogleOther)"
74.7.241.30 - - [24/Dec/2025:20:29:29 +0800] "GET /pages.php?light/v1?pid=2856 HTTP/1.1" 200 152760 "-" "Mozilla/5.0 AppleWebKit/537.36 (KHTML, like Gecko; compatible; GPTBot/1.3; +https://openai.com/gptbot)"
74.7.241.30 - - [24/Dec/2025:20:29:29 +0800] "GET /pages.php?surgeon/a1?pid=2886 HTTP/1.1" 200 151742 "-" "Mozilla/5.0 AppleWebKit/537.36 (KHTML, like Gecko; compatible; GPTBot/1.3; +https://openai.com/gptbot)"
66.249.74.169 - - [24/Dec/2025:20:29:30 +0800] "GET /?products/7462130 HTTP/1.1" 200 160904 "-" "Mozilla/5.0 (Linux; Android 6.0.1; Nexus 5X Build/MMB29P) AppleWebKit/537.36 (KHTML, like Gecko) Chrome/141.0.7390.122 Mobile Safari/537.36 (compatible; Googlebot/2.1; +http://www.google.com/bot.html)"
74.7.241.30 - - [24/Dec/2025:20:29:30 +0800] "GET /pages.php?defend/u1?pid=2844 HTTP/1.1" 200 153009 "-" "Mozilla/5.0 AppleWebKit/537.36 (KHTML, like Gecko; compatible; GPTBot/1.3; +https://openai.com/gptbot)"
74.7.241.30 - - [24/Dec/2025:20:29:31 +0800] "GET /pages.php?campus/o1?pid=2848 HTTP/1.1" 200 152758 "-" "Mozilla/5.0 AppleWebKit/537.36 (KHTML, like Gecko; compatible; GPTBot/1.3; +https://openai.com/gptbot)"
66.249.74.160 - - [24/Dec/2025:20:29:31 +0800] "GET /?products/5453252 HTTP/1.1" 200 154018 "-" "Mozilla/5.0 (Linux; Android 6.0.1; Nexus 5X Build/MMB29P) AppleWebKit/537.36 (KHTML, like Gecko) Chrome/141.0.7390.122 Mobile Safari/537.36 (compatible; GoogleOther)"
74.7.241.30 - - [24/Dec/2025:20:29:31 +0800] "GET /pages.php?definition/p1?pid=2738 HTTP/1.1" 200 152668 "-" "Mozilla/5.0 AppleWebKit/537.36 (KHTML, like Gecko; compatible; GPTBot/1.3; +https://openai.com/gptbot)"
74.7.241.30 - - [24/Dec/2025:20:29:32 +0800] "GET /pages.php?appreciate/z1?pid=2888 HTTP/1.1" 200 151926 "-" "Mozilla/5.0 AppleWebKit/537.36 (KHTML, like Gecko; compatible; GPTBot/1.3; +https://openai.com/gptbot)"
74.7.241.30 - - [24/Dec/2025:20:29:33 +0800] "GET /pages.php?lightly/o1?pid=2848 HTTP/1.1" 200 151900 "-" "Mozilla/5.0 AppleWebKit/537.36 (KHTML, like Gecko; compatible; GPTBot/1.3; +https://openai.com/gptbot)"
74.7.241.30 - - [24/Dec/2025:20:29:34 +0800] "GET /pages.php?coast/o1?pid=2848 HTTP/1.1" 200 151706 "-" "Mozilla/5.0 AppleWebKit/537.36 (KHTML, like Gecko; compatible; GPTBot/1.3; +https://openai.com/gptbot)"
66.249.74.169 - - [24/Dec/2025:20:29:34 +0800] "GET /?products/21223485 HTTP/1.1" 200 143006 "-" "Mozilla/5.0 (Linux; Android 6.0.1; Nexus 5X Build/MMB29P) AppleWebKit/537.36 (KHTML, like Gecko) Chrome/141.0.7390.122 Mobile Safari/537.36 (compatible; GoogleOther)"
74.7.241.30 - - [24/Dec/2025:20:29:35 +0800] "GET /pages.php?spit/g8?pid=19821 HTTP/1.1" 200 143681 "-" "Mozilla/5.0 AppleWebKit/537.36 (KHTML, like Gecko; compatible; GPTBot/1.3; +https://openai.com/gptbot)"
74.7.241.30 - - [24/Dec/2025:20:29:35 +0800] "GET /pages.php?discussion/t1?pid=2898 HTTP/1.1" 200 152133 "-" "Mozilla/5.0 AppleWebKit/537.36 (KHTML, like Gecko; compatible; GPTBot/1.3; +https://openai.com/gptbot)"
74.7.241.30 - - [24/Dec/2025:20:29:36 +0800] "GET /pages.php?impact/l1?pid=2892 HTTP/1.1" 200 151727 "-" "Mozilla/5.0 AppleWebKit/537.36 (KHTML, like Gecko; compatible; GPTBot/1.3; +https://openai.com/gptbot)"
66.249.74.160 - - [24/Dec/2025:20:29:37 +0800] "GET /?products/13602541 HTTP/1.1" 200 153742 "-" "Mozilla/5.0 (Linux; Android 6.0.1; Nexus 5X Build/MMB29P) AppleWebKit/537.36 (KHTML, like Gecko) Chrome/141.0.7390.122 Mobile Safari/537.36 (compatible; GoogleOther)"
74.7.241.30 - - [24/Dec/2025:20:29:37 +0800] "GET /pages.php?melt/h81?pid=6550 HTTP/1.1" 200 158640 "-" "Mozilla/5.0 AppleWebKit/537.36 (KHTML, like Gecko; compatible; GPTBot/1.3; +https://openai.com/gptbot)"
74.7.241.30 - - [24/Dec/2025:20:29:38 +0800] "GET /pages.php?freely/e110?pid=13167 HTTP/1.1" 200 141327 "-" "Mozilla/5.0 AppleWebKit/537.36 (KHTML, like Gecko; compatible; GPTBot/1.3; +https://openai.com/gptbot)"
74.7.241.30 - - [24/Dec/2025:20:29:39 +0800] "GET /pages.php?drain/t1?pid=2898 HTTP/1.1" 200 152384 "-" "Mozilla/5.0 AppleWebKit/537.36 (KHTML, like Gecko; compatible; GPTBot/1.3; +https://openai.com/gptbot)"
66.249.74.169 - - [24/Dec/2025:20:29:39 +0800] "GET /?products/4547563 HTTP/1.1" 200 153132 "-" "Mozilla/5.0 (Linux; Android 6.0.1; Nexus 5X Build/MMB29P) AppleWebKit/537.36 (KHTML, like Gecko) Chrome/141.0.7390.122 Mobile Safari/537.36 (compatible; GoogleOther)"
66.249.74.160 - - [24/Dec/2025:20:29:40 +0800] "GET /?products/24902596 HTTP/1.1" 200 158484 "-" "Mozilla/5.0 (Linux; Android 6.0.1; Nexus 5X Build/MMB29P) AppleWebKit/537.36 (KHTML, like Gecko) Chrome/141.0.7390.122 Mobile Safari/537.36 (compatible; GoogleOther)"
74.7.241.30 - - [24/Dec/2025:20:29:39 +0800] "GET /pages.php?contractor/k1?pid=2894 HTTP/1.1" 200 151750 "-" "Mozilla/5.0 AppleWebKit/537.36 (KHTML, like Gecko; compatible; GPTBot/1.3; +https://openai.com/gptbot)"
66.249.74.160 - - [24/Dec/2025:20:29:40 +0800] "GET /?products/7511785 HTTP/1.1" 200 172021 "-" "Mozilla/5.0 (Linux; Android 6.0.1; Nexus 5X Build/MMB29P) AppleWebKit/537.36 (KHTML, like Gecko) Chrome/141.0.7390.122 Mobile Safari/537.36 (compatible; GoogleOther)"
74.7.241.30 - - [24/Dec/2025:20:29:40 +0800] "GET /pages.php?personnel/j5?pid=15372 HTTP/1.1" 200 157198 "-" "Mozilla/5.0 AppleWebKit/537.36 (KHTML, like Gecko; compatible; GPTBot/1.3; +https://openai.com/gptbot)"
74.7.241.30 - - [24/Dec/2025:20:29:41 +0800] "GET /pages.php?rather/o1?pid=2848 HTTP/1.1" 200 152093 "-" "Mozilla/5.0 AppleWebKit/537.36 (KHTML, like Gecko; compatible; GPTBot/1.3; +https://openai.com/gptbot)"
74.7.241.30 - - [24/Dec/2025:20:29:42 +0800] "GET /pages.php?ball/a98?pid=7945 HTTP/1.1" 200 145280 "-" "Mozilla/5.0 AppleWebKit/537.36 (KHTML, like Gecko; compatible; GPTBot/1.3; +https://openai.com/gptbot)"
74.7.241.30 - - [24/Dec/2025:20:29:43 +0800] "GET /pages.php?flood/z1?pid=2842 HTTP/1.1" 200 151914 "-" "Mozilla/5.0 AppleWebKit/537.36 (KHTML, like Gecko; compatible; GPTBot/1.3; +https://openai.com/gptbot)"
74.7.241.30 - - [24/Dec/2025:20:29:44 +0800] "GET /pages.php?beast/k1?pid=2894 HTTP/1.1" 200 151880 "-" "Mozilla/5.0 AppleWebKit/537.36 (KHTML, like Gecko; compatible; GPTBot/1.3; +https://openai.com/gptbot)"
74.7.241.30 - - [24/Dec/2025:20:29:45 +0800] "GET /pages.php?feather/o1?pid=2848 HTTP/1.1" 200 152555 "-" "Mozilla/5.0 AppleWebKit/537.36 (KHTML, like Gecko; compatible; GPTBot/1.3; +https://openai.com/gptbot)"
66.249.74.161 - - [24/Dec/2025:20:29:47 +0800] "GET /?products/8252007 HTTP/1.1" 200 155524 "-" "Mozilla/5.0 (Linux; Android 6.0.1; Nexus 5X Build/MMB29P) AppleWebKit/537.36 (KHTML, like Gecko) Chrome/141.0.7390.122 Mobile Safari/537.36 (compatible; Googlebot/2.1; +http://www.google.com/bot.html)"
66.249.74.169 - - [24/Dec/2025:20:29:47 +0800] "GET /?products/19393985 HTTP/1.1" 200 149752 "-" "Mozilla/5.0 (compatible; Googlebot/2.1; +http://www.google.com/bot.html)"
74.7.241.30 - - [24/Dec/2025:20:29:46 +0800] "GET /pages.php?snake/z1?pid=2842 HTTP/1.1" 200 151666 "-" "Mozilla/5.0 AppleWebKit/537.36 (KHTML, like Gecko; compatible; GPTBot/1.3; +https://openai.com/gptbot)"
66.249.74.160 - - [24/Dec/2025:20:29:47 +0800] "GET /?products/8402396 HTTP/1.1" 200 159617 "-" "Mozilla/5.0 (Linux; Android 6.0.1; Nexus 5X Build/MMB29P) AppleWebKit/537.36 (KHTML, like Gecko) Chrome/141.0.7390.122 Mobile Safari/537.36 (compatible; Googlebot/2.1; +http://www.google.com/bot.html)"
74.7.241.30 - - [24/Dec/2025:20:29:48 +0800] "GET /pages.php?eight/u1?pid=2844 HTTP/1.1" 200 152844 "-" "Mozilla/5.0 AppleWebKit/537.36 (KHTML, like Gecko; compatible; GPTBot/1.3; +https://openai.com/gptbot)"
74.7.241.30 - - [24/Dec/2025:20:29:48 +0800] "GET /pages.php?father/t1?pid=2898 HTTP/1.1" 200 152714 "-" "Mozilla/5.0 AppleWebKit/537.36 (KHTML, like Gecko; compatible; GPTBot/1.3; +https://openai.com/gptbot)"
66.249.74.169 - - [24/Dec/2025:20:29:50 +0800] "GET /?products/9087185 HTTP/1.1" 200 146424 "-" "Mozilla/5.0 (Linux; Android 6.0.1; Nexus 5X Build/MMB29P) AppleWebKit/537.36 (KHTML, like Gecko) Chrome/141.0.7390.122 Mobile Safari/537.36 (compatible; GoogleOther)"
74.7.241.30 - - [24/Dec/2025:20:29:49 +0800] "GET /pages.php?surgery/h1?pid=2850 HTTP/1.1" 200 152701 "-" "Mozilla/5.0 AppleWebKit/537.36 (KHTML, like Gecko; compatible; GPTBot/1.3; +https://openai.com/gptbot)"
74.7.241.30 - - [24/Dec/2025:20:29:50 +0800] "GET /pages.php?nomination/t20?pid=1029 HTTP/1.1" 200 175900 "-" "Mozilla/5.0 AppleWebKit/537.36 (KHTML, like Gecko; compatible; GPTBot/1.3; +https://openai.com/gptbot)"
66.249.74.161 - - [24/Dec/2025:20:29:51 +0800] "GET /?products/25745063 HTTP/1.1" 200 157447 "-" "Mozilla/5.0 (Linux; Android 6.0.1; Nexus 5X Build/MMB29P) AppleWebKit/537.36 (KHTML, like Gecko) Chrome/141.0.7390.122 Mobile Safari/537.36 (compatible; GoogleOther)"
74.7.241.30 - - [24/Dec/2025:20:29:51 +0800] "GET /pages.php?episode/u1?pid=2844 HTTP/1.1" 200 151861 "-" "Mozilla/5.0 AppleWebKit/537.36 (KHTML, like Gecko; compatible; GPTBot/1.3; +https://openai.com/gptbot)"
66.249.74.169 - - [24/Dec/2025:20:29:52 +0800] "GET /?products/24544730 HTTP/1.1" 200 167250 "-" "Mozilla/5.0 (Linux; Android 6.0.1; Nexus 5X Build/MMB29P) AppleWebKit/537.36 (KHTML, like Gecko) Chrome/141.0.7390.122 Mobile Safari/537.36 (compatible; GoogleOther)"
74.7.241.30 - - [24/Dec/2025:20:29:52 +0800] "GET /pages.php?relax/z1?pid=2852 HTTP/1.1" 200 152421 "-" "Mozilla/5.0 AppleWebKit/537.36 (KHTML, like Gecko; compatible; GPTBot/1.3; +https://openai.com/gptbot)"
74.7.241.30 - - [24/Dec/2025:20:29:53 +0800] "GET /pages.php?sweep/o1?pid=2848 HTTP/1.1" 200 152557 "-" "Mozilla/5.0 AppleWebKit/537.36 (KHTML, like Gecko; compatible; GPTBot/1.3; +https://openai.com/gptbot)"
74.7.241.30 - - [24/Dec/2025:20:29:54 +0800] "GET /pages.php?swing/f1?pid=2682 HTTP/1.1" 200 152134 "-" "Mozilla/5.0 AppleWebKit/537.36 (KHTML, like Gecko; compatible; GPTBot/1.3; +https://openai.com/gptbot)"
74.7.241.30 - - [24/Dec/2025:20:29:54 +0800] "GET /pages.php?rather/l1?pid=2892 HTTP/1.1" 200 151962 "-" "Mozilla/5.0 AppleWebKit/537.36 (KHTML, like Gecko; compatible; GPTBot/1.3; +https://openai.com/gptbot)"
66.249.74.161 - - [24/Dec/2025:20:29:55 +0800] "GET /?products/22263763 HTTP/1.1" 200 160749 "-" "Mozilla/5.0 (Linux; Android 6.0.1; Nexus 5X Build/MMB29P) AppleWebKit/537.36 (KHTML, like Gecko) Chrome/141.0.7390.122 Mobile Safari/537.36 (compatible; GoogleOther)"
74.7.241.30 - - [24/Dec/2025:20:29:55 +0800] "GET /pages.php?equip/k1?pid=2894 HTTP/1.1" 200 151802 "-" "Mozilla/5.0 AppleWebKit/537.36 (KHTML, like Gecko; compatible; GPTBot/1.3; +https://openai.com/gptbot)"
74.7.241.30 - - [24/Dec/2025:20:29:56 +0800] "GET /pages.php?troop/p1?pid=2738 HTTP/1.1" 200 152270 "-" "Mozilla/5.0 AppleWebKit/537.36 (KHTML, like Gecko; compatible; GPTBot/1.3; +https://openai.com/gptbot)"
74.7.241.30 - - [24/Dec/2025:20:29:57 +0800] "GET /pages.php?conception/t1?pid=2898 HTTP/1.1" 200 152308 "-" "Mozilla/5.0 AppleWebKit/537.36 (KHTML, like Gecko; compatible; GPTBot/1.3; +https://openai.com/gptbot)"
74.7.241.30 - - [24/Dec/2025:20:29:58 +0800] "GET /pages.php?passion/j1?pid=2890 HTTP/1.1" 200 151536 "-" "Mozilla/5.0 AppleWebKit/537.36 (KHTML, like Gecko; compatible; GPTBot/1.3; +https://openai.com/gptbot)"
74.7.241.30 - - [24/Dec/2025:20:29:59 +0800] "GET /pages.php?shore/e1?pid=2910 HTTP/1.1" 200 152338 "-" "Mozilla/5.0 AppleWebKit/537.36 (KHTML, like Gecko; compatible; GPTBot/1.3; +https://openai.com/gptbot)"
74.7.241.30 - - [24/Dec/2025:20:30:00 +0800] "GET /pages.php?speak/t1?pid=2898 HTTP/1.1" 200 151801 "-" "Mozilla/5.0 AppleWebKit/537.36 (KHTML, like Gecko; compatible; GPTBot/1.3; +https://openai.com/gptbot)"
74.7.241.30 - - [24/Dec/2025:20:30:01 +0800] "GET /pages.php?pause/u1?pid=2844 HTTP/1.1" 200 153006 "-" "Mozilla/5.0 AppleWebKit/537.36 (KHTML, like Gecko; compatible; GPTBot/1.3; +https://openai.com/gptbot)"
74.7.241.30 - - [24/Dec/2025:20:30:02 +0800] "GET /pages.php?midst/z1?pid=2852 HTTP/1.1" 200 152210 "-" "Mozilla/5.0 AppleWebKit/537.36 (KHTML, like Gecko; compatible; GPTBot/1.3; +https://openai.com/gptbot)"
74.7.241.30 - - [24/Dec/2025:20:30:03 +0800] "GET /pages.php?channel=110e08&from=https://minyakwangi.bf1.my/cart.cgi?item/u148/33786/&y=2908815002796 HTTP/1.1" 200 141327 "-" "Mozilla/5.0 AppleWebKit/537.36 (KHTML, like Gecko; compatible; GPTBot/1.3; +https://openai.com/gptbot)"
66.249.74.160 - - [24/Dec/2025:20:30:03 +0800] "GET /?products/1404152 HTTP/1.1" 200 153174 "-" "Mozilla/5.0 (Linux; Android 6.0.1; Nexus 5X Build/MMB29P) AppleWebKit/537.36 (KHTML, like Gecko) Chrome/141.0.7390.122 Mobile Safari/537.36 (compatible; Googlebot/2.1; +http://www.google.com/bot.html)"
74.7.241.30 - - [24/Dec/2025:20:30:03 +0800] "GET /pages.php?rather/f1?pid=2740 HTTP/1.1" 200 151986 "-" "Mozilla/5.0 AppleWebKit/537.36 (KHTML, like Gecko; compatible; GPTBot/1.3; +https://openai.com/gptbot)"
74.7.241.30 - - [24/Dec/2025:20:30:04 +0800] "GET /pages.php?program/u1?pid=2844 HTTP/1.1" 200 152149 "-" "Mozilla/5.0 AppleWebKit/537.36 (KHTML, like Gecko; compatible; GPTBot/1.3; +https://openai.com/gptbot)"
74.7.241.30 - - [24/Dec/2025:20:30:05 +0800] "GET /pages.php?dynamics/p1?pid=2738 HTTP/1.1" 200 151635 "-" "Mozilla/5.0 AppleWebKit/537.36 (KHTML, like Gecko; compatible; GPTBot/1.3; +https://openai.com/gptbot)"
74.7.241.30 - - [24/Dec/2025:20:30:06 +0800] "GET /pages.php?admire/w1?pid=2854 HTTP/1.1" 200 151959 "-" "Mozilla/5.0 AppleWebKit/537.36 (KHTML, like Gecko; compatible; GPTBot/1.3; +https://openai.com/gptbot)"
74.7.241.30 - - [24/Dec/2025:20:30:07 +0800] "GET /pages.php?boost/t1?pid=2898 HTTP/1.1" 200 152513 "-" "Mozilla/5.0 AppleWebKit/537.36 (KHTML, like Gecko; compatible; GPTBot/1.3; +https://openai.com/gptbot)"
74.7.241.30 - - [24/Dec/2025:20:30:07 +0800] "GET /pages.php?rider/z1?pid=2852 HTTP/1.1" 200 151965 "-" "Mozilla/5.0 AppleWebKit/537.36 (KHTML, like Gecko; compatible; GPTBot/1.3; +https://openai.com/gptbot)"
66.249.74.160 - - [24/Dec/2025:20:30:08 +0800] "GET /?products/29396352 HTTP/1.1" 200 144522 "-" "Mozilla/5.0 (Linux; Android 6.0.1; Nexus 5X Build/MMB29P) AppleWebKit/537.36 (KHTML, like Gecko) Chrome/141.0.7390.122 Mobile Safari/537.36 (compatible; GoogleOther)"
74.7.241.30 - - [24/Dec/2025:20:30:08 +0800] "GET /pages.php?salmon/o1?pid=2848 HTTP/1.1" 200 151719 "-" "Mozilla/5.0 AppleWebKit/537.36 (KHTML, like Gecko; compatible; GPTBot/1.3; +https://openai.com/gptbot)"
74.7.241.30 - - [24/Dec/2025:20:30:09 +0800] "GET /pages.php?supposed/j10?pid=41461 HTTP/1.1" 200 147829 "-" "Mozilla/5.0 AppleWebKit/537.36 (KHTML, like Gecko; compatible; GPTBot/1.3; +https://openai.com/gptbot)"
66.249.74.160 - - [24/Dec/2025:20:30:10 +0800] "GET /?products/12795996 HTTP/1.1" 200 166739 "-" "Mozilla/5.0 (Linux; Android 6.0.1; Nexus 5X Build/MMB29P) AppleWebKit/537.36 (KHTML, like Gecko) Chrome/141.0.7390.122 Mobile Safari/537.36 (compatible; GoogleOther)"
74.7.241.30 - - [24/Dec/2025:20:30:10 +0800] "GET /pages.php?effective/p1?pid=2738 HTTP/1.1" 200 151865 "-" "Mozilla/5.0 AppleWebKit/537.36 (KHTML, like Gecko; compatible; GPTBot/1.3; +https://openai.com/gptbot)"
74.7.241.30 - - [24/Dec/2025:20:30:11 +0800] "GET /pages.php?chair/u1?pid=2844 HTTP/1.1" 200 153012 "-" "Mozilla/5.0 AppleWebKit/537.36 (KHTML, like Gecko; compatible; GPTBot/1.3; +https://openai.com/gptbot)"
57.141.6.16 - - [24/Dec/2025:20:30:13 +0800] "GET /?products/4050718 HTTP/1.1" 200 - "-" "meta-externalagent/1.1 (+https://developers.facebook.com/docs/sharing/webmasters/crawler)"
74.7.241.30 - - [24/Dec/2025:20:30:12 +0800] "GET /pages.php?leader/f1?pid=2740 HTTP/1.1" 200 151893 "-" "Mozilla/5.0 AppleWebKit/537.36 (KHTML, like Gecko; compatible; GPTBot/1.3; +https://openai.com/gptbot)"
74.7.241.30 - - [24/Dec/2025:20:30:13 +0800] "GET /pages.php?willingness/u1?pid=2844 HTTP/1.1" 200 152938 "-" "Mozilla/5.0 AppleWebKit/537.36 (KHTML, like Gecko; compatible; GPTBot/1.3; +https://openai.com/gptbot)"
74.7.241.30 - - [24/Dec/2025:20:30:14 +0800] "GET /pages.php?desperate/p1?pid=2738 HTTP/1.1" 200 152056 "-" "Mozilla/5.0 AppleWebKit/537.36 (KHTML, like Gecko; compatible; GPTBot/1.3; +https://openai.com/gptbot)"
66.249.74.169 - - [24/Dec/2025:20:30:16 +0800] "GET /?products/16344574 HTTP/1.1" 200 148121 "-" "Mozilla/5.0 (Linux; Android 6.0.1; Nexus 5X Build/MMB29P) AppleWebKit/537.36 (KHTML, like Gecko) Chrome/141.0.7390.122 Mobile Safari/537.36 (compatible; GoogleOther)"
74.7.241.30 - - [24/Dec/2025:20:30:15 +0800] "GET /pages.php?drama/t1?pid=2858 HTTP/1.1" 200 151738 "-" "Mozilla/5.0 AppleWebKit/537.36 (KHTML, like Gecko; compatible; GPTBot/1.3; +https://openai.com/gptbot)"
74.7.241.30 - - [24/Dec/2025:20:30:16 +0800] "GET /pages.php?accuse/z1?pid=2852 HTTP/1.1" 200 152288 "-" "Mozilla/5.0 AppleWebKit/537.36 (KHTML, like Gecko; compatible; GPTBot/1.3; +https://openai.com/gptbot)"
74.7.241.30 - - [24/Dec/2025:20:30:17 +0800] "GET /pages.php?worry/z69?pid=9676 HTTP/1.1" 200 146760 "-" "Mozilla/5.0 AppleWebKit/537.36 (KHTML, like Gecko; compatible; GPTBot/1.3; +https://openai.com/gptbot)"
66.249.74.169 - - [24/Dec/2025:20:30:18 +0800] "GET /?products/18819030 HTTP/1.1" 200 152429 "-" "Mozilla/5.0 (Linux; Android 6.0.1; Nexus 5X Build/MMB29P) AppleWebKit/537.36 (KHTML, like Gecko) Chrome/141.0.7390.122 Mobile Safari/537.36 (compatible; GoogleOther)"
74.7.241.30 - - [24/Dec/2025:20:30:18 +0800] "GET /pages.php?added/o1?pid=2848 HTTP/1.1" 200 152328 "-" "Mozilla/5.0 AppleWebKit/537.36 (KHTML, like Gecko; compatible; GPTBot/1.3; +https://openai.com/gptbot)"
74.7.241.30 - - [24/Dec/2025:20:30:19 +0800] "GET /pages.php?carry/w73?pid=122 HTTP/1.1" 200 148198 "-" "Mozilla/5.0 AppleWebKit/537.36 (KHTML, like Gecko; compatible; GPTBot/1.3; +https://openai.com/gptbot)"
74.7.241.30 - - [24/Dec/2025:20:30:20 +0800] "GET /pages.php?assert/k1?pid=2894 HTTP/1.1" 200 152120 "-" "Mozilla/5.0 AppleWebKit/537.36 (KHTML, like Gecko; compatible; GPTBot/1.3; +https://openai.com/gptbot)"
74.7.241.30 - - [24/Dec/2025:20:30:20 +0800] "GET /pages.php?itself/f1?pid=2682 HTTP/1.1" 200 152264 "-" "Mozilla/5.0 AppleWebKit/537.36 (KHTML, like Gecko; compatible; GPTBot/1.3; +https://openai.com/gptbot)"
66.249.74.169 - - [24/Dec/2025:20:30:21 +0800] "GET /?products/9502718 HTTP/1.1" 200 149556 "-" "Mozilla/5.0 (Linux; Android 6.0.1; Nexus 5X Build/MMB29P) AppleWebKit/537.36 (KHTML, like Gecko) Chrome/141.0.7390.122 Mobile Safari/537.36 (compatible; Googlebot/2.1; +http://www.google.com/bot.html)"
74.7.241.30 - - [24/Dec/2025:20:30:21 +0800] "GET /pages.php?fashion/t1?pid=2898 HTTP/1.1" 200 151872 "-" "Mozilla/5.0 AppleWebKit/537.36 (KHTML, like Gecko; compatible; GPTBot/1.3; +https://openai.com/gptbot)"
74.7.241.30 - - [24/Dec/2025:20:30:22 +0800] "GET /pages.php?shelf/l1?pid=2892 HTTP/1.1" 200 151885 "-" "Mozilla/5.0 AppleWebKit/537.36 (KHTML, like Gecko; compatible; GPTBot/1.3; +https://openai.com/gptbot)"
74.7.241.30 - - [24/Dec/2025:20:30:23 +0800] "GET /pages.php?smart/u1?pid=2844 HTTP/1.1" 200 152650 "-" "Mozilla/5.0 AppleWebKit/537.36 (KHTML, like Gecko; compatible; GPTBot/1.3; +https://openai.com/gptbot)"
66.249.74.169 - - [24/Dec/2025:20:30:23 +0800] "GET /?products/17209129 HTTP/1.1" 200 152056 "-" "Mozilla/5.0 (Linux; Android 6.0.1; Nexus 5X Build/MMB29P) AppleWebKit/537.36 (KHTML, like Gecko) Chrome/141.0.7390.122 Mobile Safari/537.36 (compatible; GoogleOther)"
74.7.241.30 - - [24/Dec/2025:20:30:24 +0800] "GET /pages.php?admit/h1?pid=2850 HTTP/1.1" 200 152228 "-" "Mozilla/5.0 AppleWebKit/537.36 (KHTML, like Gecko; compatible; GPTBot/1.3; +https://openai.com/gptbot)"
74.7.241.30 - - [24/Dec/2025:20:30:25 +0800] "GET /pages.php?validity/b17?pid=13802 HTTP/1.1" 200 143044 "-" "Mozilla/5.0 AppleWebKit/537.36 (KHTML, like Gecko; compatible; GPTBot/1.3; +https://openai.com/gptbot)"
66.249.74.169 - - [24/Dec/2025:20:30:26 +0800] "GET /?products/23119618 HTTP/1.1" 200 145916 "-" "Mozilla/5.0 (Linux; Android 6.0.1; Nexus 5X Build/MMB29P) AppleWebKit/537.36 (KHTML, like Gecko) Chrome/141.0.7390.122 Mobile Safari/537.36 (compatible; GoogleOther)"
74.7.241.30 - - [24/Dec/2025:20:30:25 +0800] "GET /pages.php?6942601 HTTP/1.1" 200 151819 "-" "Mozilla/5.0 AppleWebKit/537.36 (KHTML, like Gecko; compatible; GPTBot/1.3; +https://openai.com/gptbot)"
74.7.241.30 - - [24/Dec/2025:20:30:26 +0800] "GET /pages.php?bunch/z69?pid=9676 HTTP/1.1" 200 146747 "-" "Mozilla/5.0 AppleWebKit/537.36 (KHTML, like Gecko; compatible; GPTBot/1.3; +https://openai.com/gptbot)"
74.7.241.30 - - [24/Dec/2025:20:30:27 +0800] "GET /pages.php?flash/z1?pid=2842 HTTP/1.1" 200 152204 "-" "Mozilla/5.0 AppleWebKit/537.36 (KHTML, like Gecko; compatible; GPTBot/1.3; +https://openai.com/gptbot)"
74.7.241.30 - - [24/Dec/2025:20:30:28 +0800] "GET /pages.php?utilize/e1?pid=2910 HTTP/1.1" 200 151989 "-" "Mozilla/5.0 AppleWebKit/537.36 (KHTML, like Gecko; compatible; GPTBot/1.3; +https://openai.com/gptbot)"
66.249.74.169 - - [24/Dec/2025:20:30:29 +0800] "GET /?products/21074896 HTTP/1.1" 200 176373 "-" "Mozilla/5.0 (compatible; Googlebot/2.1; +http://www.google.com/bot.html)"
74.7.241.30 - - [24/Dec/2025:20:30:29 +0800] "GET /pages.php?anger/k1?pid=2894 HTTP/1.1" 200 151924 "-" "Mozilla/5.0 AppleWebKit/537.36 (KHTML, like Gecko; compatible; GPTBot/1.3; +https://openai.com/gptbot)"
74.7.241.30 - - [24/Dec/2025:20:30:30 +0800] "GET /pages.php?simple/p1?pid=2738 HTTP/1.1" 200 152373 "-" "Mozilla/5.0 AppleWebKit/537.36 (KHTML, like Gecko; compatible; GPTBot/1.3; +https://openai.com/gptbot)"
74.7.241.30 - - [24/Dec/2025:20:30:30 +0800] "GET /pages.php?beautiful/l1?pid=2892 HTTP/1.1" 200 151930 "-" "Mozilla/5.0 AppleWebKit/537.36 (KHTML, like Gecko; compatible; GPTBot/1.3; +https://openai.com/gptbot)"
66.249.74.160 - - [24/Dec/2025:20:30:31 +0800] "GET /?products/16249341 HTTP/1.1" 200 177200 "-" "Mozilla/5.0 (Linux; Android 6.0.1; Nexus 5X Build/MMB29P) AppleWebKit/537.36 (KHTML, like Gecko) Chrome/141.0.7390.122 Mobile Safari/537.36 (compatible; GoogleOther)"
74.7.241.30 - - [24/Dec/2025:20:30:31 +0800] "GET /pages.php?hearing/o1?pid=2848 HTTP/1.1" 200 152713 "-" "Mozilla/5.0 AppleWebKit/537.36 (KHTML, like Gecko; compatible; GPTBot/1.3; +https://openai.com/gptbot)"
74.7.241.30 - - [24/Dec/2025:20:30:32 +0800] "GET /pages.php?onion/n1?pid=2736 HTTP/1.1" 200 152559 "-" "Mozilla/5.0 AppleWebKit/537.36 (KHTML, like Gecko; compatible; GPTBot/1.3; +https://openai.com/gptbot)"
74.7.241.30 - - [24/Dec/2025:20:30:33 +0800] "GET /pages.php?airport/w183?pid=12 HTTP/1.1" 200 147522 "-" "Mozilla/5.0 AppleWebKit/537.36 (KHTML, like Gecko; compatible; GPTBot/1.3; +https://openai.com/gptbot)"
74.7.241.30 - - [24/Dec/2025:20:30:33 +0800] "GET /pages.php?hello/l1?pid=2880 HTTP/1.1" 200 152747 "-" "Mozilla/5.0 AppleWebKit/537.36 (KHTML, like Gecko; compatible; GPTBot/1.3; +https://openai.com/gptbot)"
74.7.241.30 - - [24/Dec/2025:20:30:34 +0800] "GET /pages.php?presence/z69?pid=9676 HTTP/1.1" 200 146395 "-" "Mozilla/5.0 AppleWebKit/537.36 (KHTML, like Gecko; compatible; GPTBot/1.3; +https://openai.com/gptbot)"
66.249.74.160 - - [24/Dec/2025:20:30:35 +0800] "GET /?products/5010363 HTTP/1.1" 200 154098 "-" "Mozilla/5.0 (compatible; Googlebot/2.1; +http://www.google.com/bot.html)"
74.7.241.30 - - [24/Dec/2025:20:30:35 +0800] "GET /pages.php?sneak/f1?pid=2682 HTTP/1.1" 200 151684 "-" "Mozilla/5.0 AppleWebKit/537.36 (KHTML, like Gecko; compatible; GPTBot/1.3; +https://openai.com/gptbot)"
66.249.74.160 - - [24/Dec/2025:20:30:36 +0800] "GET /?products/3085452 HTTP/1.1" 200 150613 "-" "Mozilla/5.0 (Linux; Android 6.0.1; Nexus 5X Build/MMB29P) AppleWebKit/537.36 (KHTML, like Gecko) Chrome/141.0.7390.122 Mobile Safari/537.36 (compatible; Googlebot/2.1; +http://www.google.com/bot.html)"
74.7.241.30 - - [24/Dec/2025:20:30:36 +0800] "GET /pages.php?chart/z1?pid=2852 HTTP/1.1" 200 151646 "-" "Mozilla/5.0 AppleWebKit/537.36 (KHTML, like Gecko; compatible; GPTBot/1.3; +https://openai.com/gptbot)"
74.7.241.30 - - [24/Dec/2025:20:30:36 +0800] "GET /pages.php?being/s1?pid=2912 HTTP/1.1" 200 152555 "-" "Mozilla/5.0 AppleWebKit/537.36 (KHTML, like Gecko; compatible; GPTBot/1.3; +https://openai.com/gptbot)"
74.7.241.30 - - [24/Dec/2025:20:30:37 +0800] "GET /pages.php?shadow/l1?pid=2892 HTTP/1.1" 200 151893 "-" "Mozilla/5.0 AppleWebKit/537.36 (KHTML, like Gecko; compatible; GPTBot/1.3; +https://openai.com/gptbot)"
74.7.241.30 - - [24/Dec/2025:20:30:38 +0800] "GET /pages.php?demand/j1?pid=2890 HTTP/1.1" 200 151702 "-" "Mozilla/5.0 AppleWebKit/537.36 (KHTML, like Gecko; compatible; GPTBot/1.3; +https://openai.com/gptbot)"
74.7.241.30 - - [24/Dec/2025:20:30:38 +0800] "GET /pages.php?bean/c2?pid=18959 HTTP/1.1" 200 144865 "-" "Mozilla/5.0 AppleWebKit/537.36 (KHTML, like Gecko; compatible; GPTBot/1.3; +https://openai.com/gptbot)"
66.249.74.169 - - [24/Dec/2025:20:30:39 +0800] "GET /?products/16335630 HTTP/1.1" 200 165057 "-" "Mozilla/5.0 (Linux; Android 6.0.1; Nexus 5X Build/MMB29P) AppleWebKit/537.36 (KHTML, like Gecko) Chrome/141.0.7390.122 Mobile Safari/537.36 (compatible; GoogleOther)"
74.7.241.30 - - [24/Dec/2025:20:30:39 +0800] "GET /pages.php?deserve/a1?pid=2886 HTTP/1.1" 200 152322 "-" "Mozilla/5.0 AppleWebKit/537.36 (KHTML, like Gecko; compatible; GPTBot/1.3; +https://openai.com/gptbot)"
74.7.241.30 - - [24/Dec/2025:20:30:40 +0800] "GET /pages.php?noise/a1?pid=2886 HTTP/1.1" 200 152240 "-" "Mozilla/5.0 AppleWebKit/537.36 (KHTML, like Gecko; compatible; GPTBot/1.3; +https://openai.com/gptbot)"
74.7.241.30 - - [24/Dec/2025:20:30:41 +0800] "GET /pages.php?thread/t1?pid=2898 HTTP/1.1" 200 151723 "-" "Mozilla/5.0 AppleWebKit/537.36 (KHTML, like Gecko; compatible; GPTBot/1.3; +https://openai.com/gptbot)"
74.7.241.30 - - [24/Dec/2025:20:30:42 +0800] "GET /pages.php?warrior/p124?pid=4549 HTTP/1.1" 200 142747 "-" "Mozilla/5.0 AppleWebKit/537.36 (KHTML, like Gecko; compatible; GPTBot/1.3; +https://openai.com/gptbot)"
74.7.241.30 - - [24/Dec/2025:20:30:42 +0800] "GET /pages.php?headline/x76?pid=20257 HTTP/1.1" 200 145966 "-" "Mozilla/5.0 AppleWebKit/537.36 (KHTML, like Gecko; compatible; GPTBot/1.3; +https://openai.com/gptbot)"
74.7.241.30 - - [24/Dec/2025:20:30:43 +0800] "GET /pages.php?optimistic/p6?pid=25989 HTTP/1.1" 200 165698 "-" "Mozilla/5.0 AppleWebKit/537.36 (KHTML, like Gecko; compatible; GPTBot/1.3; +https://openai.com/gptbot)"
66.249.74.169 - - [24/Dec/2025:20:30:44 +0800] "GET /?products/22283730 HTTP/1.1" 200 186003 "-" "Mozilla/5.0 (Linux; Android 6.0.1; Nexus 5X Build/MMB29P) AppleWebKit/537.36 (KHTML, like Gecko) Chrome/141.0.7390.122 Mobile Safari/537.36 (compatible; GoogleOther)"
74.7.241.30 - - [24/Dec/2025:20:30:45 +0800] "GET /pages.php?embarrassed/s1?pid=2912 HTTP/1.1" 200 152206 "-" "Mozilla/5.0 AppleWebKit/537.36 (KHTML, like Gecko; compatible; GPTBot/1.3; +https://openai.com/gptbot)"
74.7.241.30 - - [24/Dec/2025:20:30:45 +0800] "GET /pages.php?reliable/m98?pid=3883 HTTP/1.1" 200 164152 "-" "Mozilla/5.0 AppleWebKit/537.36 (KHTML, like Gecko; compatible; GPTBot/1.3; +https://openai.com/gptbot)"
66.249.74.160 - - [24/Dec/2025:20:30:47 +0800] "GET /?products/19999130 HTTP/1.1" 200 162795 "-" "Mozilla/5.0 (Linux; Android 6.0.1; Nexus 5X Build/MMB29P) AppleWebKit/537.36 (KHTML, like Gecko) Chrome/141.0.7390.122 Mobile Safari/537.36 (compatible; GoogleOther)"
57.141.6.27 - - [24/Dec/2025:20:30:47 +0800] "GET /?products/18247374 HTTP/1.1" 200 - "-" "meta-externalagent/1.1 (+https://developers.facebook.com/docs/sharing/webmasters/crawler)"
74.7.241.30 - - [24/Dec/2025:20:30:47 +0800] "GET /pages.php?summer/l1?pid=2892 HTTP/1.1" 200 151864 "-" "Mozilla/5.0 AppleWebKit/537.36 (KHTML, like Gecko; compatible; GPTBot/1.3; +https://openai.com/gptbot)"
74.7.241.30 - - [24/Dec/2025:20:30:48 +0800] "GET /pages.php?phenomenon/p1?pid=2738 HTTP/1.1" 200 151347 "-" "Mozilla/5.0 AppleWebKit/537.36 (KHTML, like Gecko; compatible; GPTBot/1.3; +https://openai.com/gptbot)"
74.7.241.30 - - [24/Dec/2025:20:30:49 +0800] "GET /pages.php?late/o284?pid=523 HTTP/1.1" 200 141458 "-" "Mozilla/5.0 AppleWebKit/537.36 (KHTML, like Gecko; compatible; GPTBot/1.3; +https://openai.com/gptbot)"
74.7.241.30 - - [24/Dec/2025:20:30:50 +0800] "GET /pages.php?character/a1?pid=2886 HTTP/1.1" 200 151858 "-" "Mozilla/5.0 AppleWebKit/537.36 (KHTML, like Gecko; compatible; GPTBot/1.3; +https://openai.com/gptbot)"
74.7.241.30 - - [24/Dec/2025:20:30:51 +0800] "GET /pages.php?colleague/e1?pid=2910 HTTP/1.1" 200 151926 "-" "Mozilla/5.0 AppleWebKit/537.36 (KHTML, like Gecko; compatible; GPTBot/1.3; +https://openai.com/gptbot)"
74.7.241.30 - - [24/Dec/2025:20:30:51 +0800] "GET /pages.php?overcome/m16?pid=27507 HTTP/1.1" 200 143823 "-" "Mozilla/5.0 AppleWebKit/537.36 (KHTML, like Gecko; compatible; GPTBot/1.3; +https://openai.com/gptbot)"
66.249.74.169 - - [24/Dec/2025:20:30:52 +0800] "GET /?products/5039452 HTTP/1.1" 200 172285 "-" "Mozilla/5.0 (Linux; Android 6.0.1; Nexus 5X Build/MMB29P) AppleWebKit/537.36 (KHTML, like Gecko) Chrome/141.0.7390.122 Mobile Safari/537.36 (compatible; Googlebot/2.1; +http://www.google.com/bot.html)"
74.7.241.30 - - [24/Dec/2025:20:30:52 +0800] "GET /pages.php?9620437 HTTP/1.1" 200 156263 "-" "Mozilla/5.0 AppleWebKit/537.36 (KHTML, like Gecko; compatible; GPTBot/1.3; +https://openai.com/gptbot)"
66.249.74.169 - - [24/Dec/2025:20:30:53 +0800] "GET /?products/6933230 HTTP/1.1" 200 145713 "-" "Mozilla/5.0 (Linux; Android 6.0.1; Nexus 5X Build/MMB29P) AppleWebKit/537.36 (KHTML, like Gecko) Chrome/141.0.7390.122 Mobile Safari/537.36 (compatible; GoogleOther)"
74.7.241.30 - - [24/Dec/2025:20:30:53 +0800] "GET /pages.php?butterfly/k59?pid=41714 HTTP/1.1" 200 142933 "-" "Mozilla/5.0 AppleWebKit/537.36 (KHTML, like Gecko; compatible; GPTBot/1.3; +https://openai.com/gptbot)"
74.7.241.30 - - [24/Dec/2025:20:30:54 +0800] "GET /pages.php?increased/p6?pid=25989 HTTP/1.1" 200 165999 "-" "Mozilla/5.0 AppleWebKit/537.36 (KHTML, like Gecko; compatible; GPTBot/1.3; +https://openai.com/gptbot)"
74.7.241.30 - - [24/Dec/2025:20:30:55 +0800] "GET /pages.php?soldier/t1?pid=2898 HTTP/1.1" 200 152143 "-" "Mozilla/5.0 AppleWebKit/537.36 (KHTML, like Gecko; compatible; GPTBot/1.3; +https://openai.com/gptbot)"
74.7.241.30 - - [24/Dec/2025:20:30:55 +0800] "GET /pages.php?parade/z1?pid=2842 HTTP/1.1" 200 151847 "-" "Mozilla/5.0 AppleWebKit/537.36 (KHTML, like Gecko; compatible; GPTBot/1.3; +https://openai.com/gptbot)"
74.7.241.30 - - [24/Dec/2025:20:30:56 +0800] "GET /pages.php?themselves/z1?pid=2842 HTTP/1.1" 200 152169 "-" "Mozilla/5.0 AppleWebKit/537.36 (KHTML, like Gecko; compatible; GPTBot/1.3; +https://openai.com/gptbot)"
74.7.241.30 - - [24/Dec/2025:20:30:57 +0800] "GET /pages.php?her/z1?pid=2842 HTTP/1.1" 200 151972 "-" "Mozilla/5.0 AppleWebKit/537.36 (KHTML, like Gecko; compatible; GPTBot/1.3; +https://openai.com/gptbot)"
66.249.74.169 - - [24/Dec/2025:20:30:57 +0800] "GET /?products/16358129 HTTP/1.1" 200 146310 "-" "Mozilla/5.0 (Linux; Android 6.0.1; Nexus 5X Build/MMB29P) AppleWebKit/537.36 (KHTML, like Gecko) Chrome/141.0.7390.122 Mobile Safari/537.36 (compatible; GoogleOther)"
74.7.241.30 - - [24/Dec/2025:20:30:58 +0800] "GET /pages.php?n_684bwdm1027 HTTP/1.1" 200 150257 "-" "Mozilla/5.0 AppleWebKit/537.36 (KHTML, like Gecko; compatible; GPTBot/1.3; +https://openai.com/gptbot)"
74.7.241.30 - - [24/Dec/2025:20:30:59 +0800] "GET /pages.php?employ/f99?pid=322 HTTP/1.1" 200 145836 "-" "Mozilla/5.0 AppleWebKit/537.36 (KHTML, like Gecko; compatible; GPTBot/1.3; +https://openai.com/gptbot)"
66.249.74.169 - - [24/Dec/2025:20:31:00 +0800] "GET /?products/21683629 HTTP/1.1" 200 143215 "-" "Mozilla/5.0 (Linux; Android 6.0.1; Nexus 5X Build/MMB29P) AppleWebKit/537.36 (KHTML, like Gecko) Chrome/141.0.7390.122 Mobile Safari/537.36 (compatible; GoogleOther)"
74.7.241.30 - - [24/Dec/2025:20:31:00 +0800] "GET /pages.php?settlement/p1?pid=2738 HTTP/1.1" 200 151874 "-" "Mozilla/5.0 AppleWebKit/537.36 (KHTML, like Gecko; compatible; GPTBot/1.3; +https://openai.com/gptbot)"
74.7.241.30 - - [24/Dec/2025:20:31:00 +0800] "GET /pages.php?across/z1?pid=2888 HTTP/1.1" 200 152119 "-" "Mozilla/5.0 AppleWebKit/537.36 (KHTML, like Gecko; compatible; GPTBot/1.3; +https://openai.com/gptbot)"
74.7.241.30 - - [24/Dec/2025:20:31:01 +0800] "GET /pages.php?capable/b29?pid=39690 HTTP/1.1" 200 147136 "-" "Mozilla/5.0 AppleWebKit/537.36 (KHTML, like Gecko; compatible; GPTBot/1.3; +https://openai.com/gptbot)"
74.7.241.30 - - [24/Dec/2025:20:31:02 +0800] "GET /pages.php?bath/a95?pid=4102 HTTP/1.1" 200 143235 "-" "Mozilla/5.0 AppleWebKit/537.36 (KHTML, like Gecko; compatible; GPTBot/1.3; +https://openai.com/gptbot)"
74.7.241.30 - - [24/Dec/2025:20:31:03 +0800] "GET /pages.php?strengthen/p6?pid=25989 HTTP/1.1" 200 165543 "-" "Mozilla/5.0 AppleWebKit/537.36 (KHTML, like Gecko; compatible; GPTBot/1.3; +https://openai.com/gptbot)"
74.7.241.30 - - [24/Dec/2025:20:31:03 +0800] "GET /pages.php?ride/o284?pid=523 HTTP/1.1" 200 140842 "-" "Mozilla/5.0 AppleWebKit/537.36 (KHTML, like Gecko; compatible; GPTBot/1.3; +https://openai.com/gptbot)"
74.7.241.30 - - [24/Dec/2025:20:31:04 +0800] "GET /pages.php?dining/z1?pid=2842 HTTP/1.1" 200 151466 "-" "Mozilla/5.0 AppleWebKit/537.36 (KHTML, like Gecko; compatible; GPTBot/1.3; +https://openai.com/gptbot)"
74.7.241.30 - - [24/Dec/2025:20:31:05 +0800] "GET /pages.php?endure/u1?pid=2844 HTTP/1.1" 200 152615 "-" "Mozilla/5.0 AppleWebKit/537.36 (KHTML, like Gecko; compatible; GPTBot/1.3; +https://openai.com/gptbot)"
66.249.74.169 - - [24/Dec/2025:20:31:05 +0800] "GET /?m=17352524 HTTP/1.1" 200 167681 "-" "Mozilla/5.0 (Linux; Android 6.0.1; Nexus 5X Build/MMB29P) AppleWebKit/537.36 (KHTML, like Gecko) Chrome/141.0.7390.122 Mobile Safari/537.36 (compatible; Googlebot/2.1; +http://www.google.com/bot.html)"
66.249.74.160 - - [24/Dec/2025:20:31:05 +0800] "GET /?products/29919030 HTTP/1.1" 200 144150 "-" "Mozilla/5.0 (Linux; Android 6.0.1; Nexus 5X Build/MMB29P) AppleWebKit/537.36 (KHTML, like Gecko) Chrome/141.0.7390.122 Mobile Safari/537.36 (compatible; GoogleOther)"
74.7.241.30 - - [24/Dec/2025:20:31:05 +0800] "GET /pages.php?burning/i92?pid=977 HTTP/1.1" 200 149373 "-" "Mozilla/5.0 AppleWebKit/537.36 (KHTML, like Gecko; compatible; GPTBot/1.3; +https://openai.com/gptbot)"
74.7.241.30 - - [24/Dec/2025:20:31:06 +0800] "GET /pages.php?silence/z1?pid=2842 HTTP/1.1" 200 152283 "-" "Mozilla/5.0 AppleWebKit/537.36 (KHTML, like Gecko; compatible; GPTBot/1.3; +https://openai.com/gptbot)"
74.7.241.30 - - [24/Dec/2025:20:31:06 +0800] "GET /pages.php?decade/l1?pid=2880 HTTP/1.1" 200 152641 "-" "Mozilla/5.0 AppleWebKit/537.36 (KHTML, like Gecko; compatible; GPTBot/1.3; +https://openai.com/gptbot)"
74.7.241.30 - - [24/Dec/2025:20:31:07 +0800] "GET /pages.php?arrange/f99?pid=322 HTTP/1.1" 200 145730 "-" "Mozilla/5.0 AppleWebKit/537.36 (KHTML, like Gecko; compatible; GPTBot/1.3; +https://openai.com/gptbot)"
74.7.241.30 - - [24/Dec/2025:20:31:08 +0800] "GET /pages.php?prevent/f1?pid=2682 HTTP/1.1" 200 152336 "-" "Mozilla/5.0 AppleWebKit/537.36 (KHTML, like Gecko; compatible; GPTBot/1.3; +https://openai.com/gptbot)"
66.249.74.160 - - [24/Dec/2025:20:31:09 +0800] "GET /?products/11616530 HTTP/1.1" 200 149961 "-" "Mozilla/5.0 (Linux; Android 6.0.1; Nexus 5X Build/MMB29P) AppleWebKit/537.36 (KHTML, like Gecko) Chrome/141.0.7390.122 Mobile Safari/537.36 (compatible; Googlebot/2.1; +http://www.google.com/bot.html)"
66.249.74.161 - - [24/Dec/2025:20:31:09 +0800] "GET /?products/1947230 HTTP/1.1" 200 149692 "-" "Mozilla/5.0 (Linux; Android 6.0.1; Nexus 5X Build/MMB29P) AppleWebKit/537.36 (KHTML, like Gecko) Chrome/141.0.7390.122 Mobile Safari/537.36 (compatible; Googlebot/2.1; +http://www.google.com/bot.html)"
74.7.241.30 - - [24/Dec/2025:20:31:09 +0800] "GET /pages.php?willing/u33?pid=22464 HTTP/1.1" 200 142157 "-" "Mozilla/5.0 AppleWebKit/537.36 (KHTML, like Gecko; compatible; GPTBot/1.3; +https://openai.com/gptbot)"
66.249.74.160 - - [24/Dec/2025:20:31:10 +0800] "GET /?products/9773429 HTTP/1.1" 200 158130 "-" "Mozilla/5.0 (Linux; Android 6.0.1; Nexus 5X Build/MMB29P) AppleWebKit/537.36 (KHTML, like Gecko) Chrome/141.0.7390.122 Mobile Safari/537.36 (compatible; GoogleOther)"
74.7.241.30 - - [24/Dec/2025:20:31:10 +0800] "GET /pages.php?hesitate/p6?pid=25989 HTTP/1.1" 200 165686 "-" "Mozilla/5.0 AppleWebKit/537.36 (KHTML, like Gecko; compatible; GPTBot/1.3; +https://openai.com/gptbot)"
74.7.241.30 - - [24/Dec/2025:20:31:11 +0800] "GET /pages.php?corridor/o284?pid=523 HTTP/1.1" 200 141298 "-" "Mozilla/5.0 AppleWebKit/537.36 (KHTML, like Gecko; compatible; GPTBot/1.3; +https://openai.com/gptbot)"
74.7.241.30 - - [24/Dec/2025:20:31:12 +0800] "GET /pages.php?dependent/e63?pid=30528 HTTP/1.1" 200 150619 "-" "Mozilla/5.0 AppleWebKit/537.36 (KHTML, like Gecko; compatible; GPTBot/1.3; +https://openai.com/gptbot)"
74.7.241.30 - - [24/Dec/2025:20:31:13 +0800] "GET /pages.php?perfect/t1?pid=2898 HTTP/1.1" 200 151849 "-" "Mozilla/5.0 AppleWebKit/537.36 (KHTML, like Gecko; compatible; GPTBot/1.3; +https://openai.com/gptbot)"
74.7.241.30 - - [24/Dec/2025:20:31:14 +0800] "GET /pages.php?prepare/f1?pid=2740 HTTP/1.1" 200 152454 "-" "Mozilla/5.0 AppleWebKit/537.36 (KHTML, like Gecko; compatible; GPTBot/1.3; +https://openai.com/gptbot)"
66.249.74.169 - - [24/Dec/2025:20:31:15 +0800] "GET /?products/5315630 HTTP/1.1" 200 183924 "-" "Mozilla/5.0 (Linux; Android 6.0.1; Nexus 5X Build/MMB29P) AppleWebKit/537.36 (KHTML, like Gecko) Chrome/141.0.7390.122 Mobile Safari/537.36 (compatible; GoogleOther)"
74.7.241.30 - - [24/Dec/2025:20:31:15 +0800] "GET /pages.php?capacity/n1?pid=2736 HTTP/1.1" 200 151882 "-" "Mozilla/5.0 AppleWebKit/537.36 (KHTML, like Gecko; compatible; GPTBot/1.3; +https://openai.com/gptbot)"
74.7.241.30 - - [24/Dec/2025:20:31:16 +0800] "GET /pages.php?isolate/z1?pid=2842 HTTP/1.1" 200 151552 "-" "Mozilla/5.0 AppleWebKit/537.36 (KHTML, like Gecko; compatible; GPTBot/1.3; +https://openai.com/gptbot)"
74.7.241.30 - - [24/Dec/2025:20:31:17 +0800] "GET /pages.php?fragile/u1?pid=2844 HTTP/1.1" 200 152655 "-" "Mozilla/5.0 AppleWebKit/537.36 (KHTML, like Gecko; compatible; GPTBot/1.3; +https://openai.com/gptbot)"
74.7.241.30 - - [24/Dec/2025:20:31:18 +0800] "GET /pages.php?inmate/z1?pid=2888 HTTP/1.1" 200 152281 "-" "Mozilla/5.0 AppleWebKit/537.36 (KHTML, like Gecko; compatible; GPTBot/1.3; +https://openai.com/gptbot)"
74.7.241.30 - - [24/Dec/2025:20:31:19 +0800] "GET /pages.php?agenda/a1?pid=2886 HTTP/1.1" 200 152105 "-" "Mozilla/5.0 AppleWebKit/537.36 (KHTML, like Gecko; compatible; GPTBot/1.3; +https://openai.com/gptbot)"
74.7.241.30 - - [24/Dec/2025:20:31:20 +0800] "GET /pages.php?property/r43?pid=16000 HTTP/1.1" 200 141396 "-" "Mozilla/5.0 AppleWebKit/537.36 (KHTML, like Gecko; compatible; GPTBot/1.3; +https://openai.com/gptbot)"
