66.249.74.169 - - [24/Dec/2025:20:51:50 +0800] "GET /?products/16294896 HTTP/1.1" 200 160865 "-" "Mozilla/5.0 (Linux; Android 6.0.1; Nexus 5X Build/MMB29P) AppleWebKit/537.36 (KHTML, like Gecko) Chrome/141.0.7390.122 Mobile Safari/537.36 (compatible; GoogleOther)"
66.249.74.169 - - [24/Dec/2025:20:51:51 +0800] "GET /?products/29410630 HTTP/1.1" 200 149811 "-" "Mozilla/5.0 (Linux; Android 6.0.1; Nexus 5X Build/MMB29P) AppleWebKit/537.36 (KHTML, like Gecko) Chrome/141.0.7390.122 Mobile Safari/537.36 (compatible; GoogleOther)"
74.7.241.30 - - [24/Dec/2025:20:51:51 +0800] "GET /pages.php?intent/h1?pid=2850 HTTP/1.1" 200 152730 "-" "Mozilla/5.0 AppleWebKit/537.36 (KHTML, like Gecko; compatible; GPTBot/1.3; +https://openai.com/gptbot)"
74.7.241.30 - - [24/Dec/2025:20:51:52 +0800] "GET /pages.php?scale/n1?pid=2736 HTTP/1.1" 200 152971 "-" "Mozilla/5.0 AppleWebKit/537.36 (KHTML, like Gecko; compatible; GPTBot/1.3; +https://openai.com/gptbot)"
74.7.241.30 - - [24/Dec/2025:20:51:53 +0800] "GET /pages.php?innovative/t1?pid=2898 HTTP/1.1" 200 152898 "-" "Mozilla/5.0 AppleWebKit/537.36 (KHTML, like Gecko; compatible; GPTBot/1.3; +https://openai.com/gptbot)"
66.249.74.169 - - [24/Dec/2025:20:51:56 +0800] "GET /?products/14373241 HTTP/1.1" 200 152324 "-" "Mozilla/5.0 (Linux; Android 6.0.1; Nexus 5X Build/MMB29P) AppleWebKit/537.36 (KHTML, like Gecko) Chrome/141.0.7390.122 Mobile Safari/537.36 (compatible; Googlebot/2.1; +http://www.google.com/bot.html)"
74.7.241.30 - - [24/Dec/2025:20:51:54 +0800] "GET /pages.php?repair/z1?pid=2852 HTTP/1.1" 200 152159 "-" "Mozilla/5.0 AppleWebKit/537.36 (KHTML, like Gecko; compatible; GPTBot/1.3; +https://openai.com/gptbot)"
74.7.241.30 - - [24/Dec/2025:20:51:58 +0800] "GET /pages.php?season/k1?pid=2894 HTTP/1.1" 200 151646 "-" "Mozilla/5.0 AppleWebKit/537.36 (KHTML, like Gecko; compatible; GPTBot/1.3; +https://openai.com/gptbot)"
66.249.74.160 - - [24/Dec/2025:20:51:58 +0800] "GET /?products/2821707 HTTP/1.1" 200 150123 "-" "Mozilla/5.0 (Linux; Android 6.0.1; Nexus 5X Build/MMB29P) AppleWebKit/537.36 (KHTML, like Gecko) Chrome/141.0.7390.122 Mobile Safari/537.36 (compatible; GoogleOther)"
74.7.241.30 - - [24/Dec/2025:20:51:59 +0800] "GET /pages.php?inventory/e54?pid=8827 HTTP/1.1" 200 142513 "-" "Mozilla/5.0 AppleWebKit/537.36 (KHTML, like Gecko; compatible; GPTBot/1.3; +https://openai.com/gptbot)"
66.249.74.169 - - [24/Dec/2025:20:52:00 +0800] "GET /?products/18479096 HTTP/1.1" 200 147636 "-" "Mozilla/5.0 (Linux; Android 6.0.1; Nexus 5X Build/MMB29P) AppleWebKit/537.36 (KHTML, like Gecko) Chrome/141.0.7390.122 Mobile Safari/537.36 (compatible; GoogleOther)"
74.7.241.30 - - [24/Dec/2025:20:52:00 +0800] "GET /pages.php?intent/f1?pid=2740 HTTP/1.1" 200 152066 "-" "Mozilla/5.0 AppleWebKit/537.36 (KHTML, like Gecko; compatible; GPTBot/1.3; +https://openai.com/gptbot)"
74.7.241.30 - - [24/Dec/2025:20:52:00 +0800] "GET /pages.php?labor/l1?pid=2892 HTTP/1.1" 200 152369 "-" "Mozilla/5.0 AppleWebKit/537.36 (KHTML, like Gecko; compatible; GPTBot/1.3; +https://openai.com/gptbot)"
66.249.74.160 - - [24/Dec/2025:20:52:01 +0800] "GET /?m=256478224 HTTP/1.1" 200 155293 "-" "Mozilla/5.0 (Linux; Android 6.0.1; Nexus 5X Build/MMB29P) AppleWebKit/537.36 (KHTML, like Gecko) Chrome/141.0.7390.122 Mobile Safari/537.36 (compatible; Googlebot/2.1; +http://www.google.com/bot.html)"
74.7.241.30 - - [24/Dec/2025:20:52:01 +0800] "GET /pages.php?4705161 HTTP/1.1" 200 162345 "-" "Mozilla/5.0 AppleWebKit/537.36 (KHTML, like Gecko; compatible; GPTBot/1.3; +https://openai.com/gptbot)"
57.141.6.27 - - [24/Dec/2025:20:52:02 +0800] "GET /?products/29552018 HTTP/1.1" 200 - "-" "meta-externalagent/1.1 (+https://developers.facebook.com/docs/sharing/webmasters/crawler)"
74.7.241.30 - - [24/Dec/2025:20:52:02 +0800] "GET /pages.php?potato/h1?pid=2850 HTTP/1.1" 200 151715 "-" "Mozilla/5.0 AppleWebKit/537.36 (KHTML, like Gecko; compatible; GPTBot/1.3; +https://openai.com/gptbot)"
74.7.241.30 - - [24/Dec/2025:20:52:03 +0800] "GET /pages.php?fence/u1?pid=2844 HTTP/1.1" 200 152819 "-" "Mozilla/5.0 AppleWebKit/537.36 (KHTML, like Gecko; compatible; GPTBot/1.3; +https://openai.com/gptbot)"
74.7.241.30 - - [24/Dec/2025:20:52:04 +0800] "GET /pages.php?aside/j1?pid=2890 HTTP/1.1" 200 151720 "-" "Mozilla/5.0 AppleWebKit/537.36 (KHTML, like Gecko; compatible; GPTBot/1.3; +https://openai.com/gptbot)"
74.7.241.30 - - [24/Dec/2025:20:52:05 +0800] "GET /pages.php?admit/p1?pid=2738 HTTP/1.1" 200 152096 "-" "Mozilla/5.0 AppleWebKit/537.36 (KHTML, like Gecko; compatible; GPTBot/1.3; +https://openai.com/gptbot)"
74.7.241.30 - - [24/Dec/2025:20:52:05 +0800] "GET /pages.php?glory/l1?pid=2880 HTTP/1.1" 200 152273 "-" "Mozilla/5.0 AppleWebKit/537.36 (KHTML, like Gecko; compatible; GPTBot/1.3; +https://openai.com/gptbot)"
74.7.241.30 - - [24/Dec/2025:20:52:06 +0800] "GET /pages.php?danger/n1?pid=2736 HTTP/1.1" 200 152402 "-" "Mozilla/5.0 AppleWebKit/537.36 (KHTML, like Gecko; compatible; GPTBot/1.3; +https://openai.com/gptbot)"
74.7.241.30 - - [24/Dec/2025:20:52:07 +0800] "GET /pages.php?voluntary/e54?pid=8827 HTTP/1.1" 200 142332 "-" "Mozilla/5.0 AppleWebKit/537.36 (KHTML, like Gecko; compatible; GPTBot/1.3; +https://openai.com/gptbot)"
57.141.6.6 - - [24/Dec/2025:20:52:08 +0800] "GET /?products/28521174 HTTP/1.1" 200 - "-" "meta-externalagent/1.1 (+https://developers.facebook.com/docs/sharing/webmasters/crawler)"
66.249.74.161 - - [24/Dec/2025:20:52:08 +0800] "GET /?products/13831007 HTTP/1.1" 200 164556 "-" "Mozilla/5.0 (Linux; Android 6.0.1; Nexus 5X Build/MMB29P) AppleWebKit/537.36 (KHTML, like Gecko) Chrome/141.0.7390.122 Mobile Safari/537.36 (compatible; Googlebot/2.1; +http://www.google.com/bot.html)"
74.7.241.30 - - [24/Dec/2025:20:52:08 +0800] "GET /pages.php?neat/q93?pid=1858 HTTP/1.1" 200 147950 "-" "Mozilla/5.0 AppleWebKit/537.36 (KHTML, like Gecko; compatible; GPTBot/1.3; +https://openai.com/gptbot)"
74.7.241.30 - - [24/Dec/2025:20:52:09 +0800] "GET /pages.php?sneak/f1?pid=2740 HTTP/1.1" 200 152024 "-" "Mozilla/5.0 AppleWebKit/537.36 (KHTML, like Gecko; compatible; GPTBot/1.3; +https://openai.com/gptbot)"
74.7.241.30 - - [24/Dec/2025:20:52:09 +0800] "GET /pages.php?bread/f1?pid=2740 HTTP/1.1" 200 151913 "-" "Mozilla/5.0 AppleWebKit/537.36 (KHTML, like Gecko; compatible; GPTBot/1.3; +https://openai.com/gptbot)"
74.7.241.30 - - [24/Dec/2025:20:52:10 +0800] "GET /pages.php?equip/f1?pid=2682 HTTP/1.1" 200 151893 "-" "Mozilla/5.0 AppleWebKit/537.36 (KHTML, like Gecko; compatible; GPTBot/1.3; +https://openai.com/gptbot)"
74.7.241.30 - - [24/Dec/2025:20:52:11 +0800] "GET /pages.php?magic/u1?pid=2844 HTTP/1.1" 200 153301 "-" "Mozilla/5.0 AppleWebKit/537.36 (KHTML, like Gecko; compatible; GPTBot/1.3; +https://openai.com/gptbot)"
66.249.74.169 - - [24/Dec/2025:20:52:12 +0800] "GET /?products/30196563 HTTP/1.1" 200 157715 "-" "Mozilla/5.0 (Linux; Android 6.0.1; Nexus 5X Build/MMB29P) AppleWebKit/537.36 (KHTML, like Gecko) Chrome/141.0.7390.122 Mobile Safari/537.36 (compatible; Googlebot/2.1; +http://www.google.com/bot.html)"
74.7.241.30 - - [24/Dec/2025:20:52:12 +0800] "GET /pages.php?apply/f1?pid=2682 HTTP/1.1" 200 151910 "-" "Mozilla/5.0 AppleWebKit/537.36 (KHTML, like Gecko; compatible; GPTBot/1.3; +https://openai.com/gptbot)"
74.7.241.30 - - [24/Dec/2025:20:52:13 +0800] "GET /pages.php?drive/m1?pid=2908 HTTP/1.1" 200 152739 "-" "Mozilla/5.0 AppleWebKit/537.36 (KHTML, like Gecko; compatible; GPTBot/1.3; +https://openai.com/gptbot)"
74.7.241.30 - - [24/Dec/2025:20:52:14 +0800] "GET /pages.php?generate/d35?pid=36774 HTTP/1.1" 200 141594 "-" "Mozilla/5.0 AppleWebKit/537.36 (KHTML, like Gecko; compatible; GPTBot/1.3; +https://openai.com/gptbot)"
74.7.241.30 - - [24/Dec/2025:20:52:15 +0800] "GET /pages.php?friendship/h1?pid=2850 HTTP/1.1" 200 152303 "-" "Mozilla/5.0 AppleWebKit/537.36 (KHTML, like Gecko; compatible; GPTBot/1.3; +https://openai.com/gptbot)"
66.249.74.169 - - [24/Dec/2025:20:52:17 +0800] "GET /?products/20748418 HTTP/1.1" 200 160901 "-" "Mozilla/5.0 (Linux; Android 6.0.1; Nexus 5X Build/MMB29P) AppleWebKit/537.36 (KHTML, like Gecko) Chrome/141.0.7390.122 Mobile Safari/537.36 (compatible; Googlebot/2.1; +http://www.google.com/bot.html)"
74.7.241.30 - - [24/Dec/2025:20:52:16 +0800] "GET /pages.php?exact/e1?pid=2910 HTTP/1.1" 200 151607 "-" "Mozilla/5.0 AppleWebKit/537.36 (KHTML, like Gecko; compatible; GPTBot/1.3; +https://openai.com/gptbot)"
74.7.241.30 - - [24/Dec/2025:20:52:17 +0800] "GET /pages.php?estimate/e54?pid=8827 HTTP/1.1" 200 142222 "-" "Mozilla/5.0 AppleWebKit/537.36 (KHTML, like Gecko; compatible; GPTBot/1.3; +https://openai.com/gptbot)"
74.7.241.30 - - [24/Dec/2025:20:52:18 +0800] "GET /pages.php?depression/q93?pid=1858 HTTP/1.1" 200 147504 "-" "Mozilla/5.0 AppleWebKit/537.36 (KHTML, like Gecko; compatible; GPTBot/1.3; +https://openai.com/gptbot)"
74.7.241.30 - - [24/Dec/2025:20:52:19 +0800] "GET /pages.php?aspect/h1?pid=2850 HTTP/1.1" 200 152184 "-" "Mozilla/5.0 AppleWebKit/537.36 (KHTML, like Gecko; compatible; GPTBot/1.3; +https://openai.com/gptbot)"
74.7.241.30 - - [24/Dec/2025:20:52:20 +0800] "GET /pages.php?coffee/f1?pid=2740 HTTP/1.1" 200 152338 "-" "Mozilla/5.0 AppleWebKit/537.36 (KHTML, like Gecko; compatible; GPTBot/1.3; +https://openai.com/gptbot)"
57.141.6.20 - - [24/Dec/2025:20:52:20 +0800] "GET /?products/1260641 HTTP/1.1" 200 - "-" "meta-externalagent/1.1 (+https://developers.facebook.com/docs/sharing/webmasters/crawler)"
74.7.241.30 - - [24/Dec/2025:20:52:21 +0800] "GET /pages.php?finish/t1?pid=2858 HTTP/1.1" 200 152321 "-" "Mozilla/5.0 AppleWebKit/537.36 (KHTML, like Gecko; compatible; GPTBot/1.3; +https://openai.com/gptbot)"
74.7.241.30 - - [24/Dec/2025:20:52:22 +0800] "GET /pages.php?emphasize/z1?pid=2888 HTTP/1.1" 200 151704 "-" "Mozilla/5.0 AppleWebKit/537.36 (KHTML, like Gecko; compatible; GPTBot/1.3; +https://openai.com/gptbot)"
74.7.241.30 - - [24/Dec/2025:20:52:23 +0800] "GET /pages.php?barrier/f1?pid=2682 HTTP/1.1" 200 152064 "-" "Mozilla/5.0 AppleWebKit/537.36 (KHTML, like Gecko; compatible; GPTBot/1.3; +https://openai.com/gptbot)"
66.249.74.169 - - [24/Dec/2025:20:52:23 +0800] "GET /?products/26467429 HTTP/1.1" 200 148602 "-" "Mozilla/5.0 (Linux; Android 6.0.1; Nexus 5X Build/MMB29P) AppleWebKit/537.36 (KHTML, like Gecko) Chrome/141.0.7390.122 Mobile Safari/537.36 (compatible; GoogleOther)"
66.249.74.169 - - [24/Dec/2025:20:52:23 +0800] "GET /?products/8602785 HTTP/1.1" 200 145632 "-" "Mozilla/5.0 (Linux; Android 6.0.1; Nexus 5X Build/MMB29P) AppleWebKit/537.36 (KHTML, like Gecko) Chrome/141.0.7390.122 Mobile Safari/537.36 (compatible; GoogleOther)"
66.249.74.169 - - [24/Dec/2025:20:52:24 +0800] "GET /?products/29112829 HTTP/1.1" 200 167412 "-" "Mozilla/5.0 (Linux; Android 6.0.1; Nexus 5X Build/MMB29P) AppleWebKit/537.36 (KHTML, like Gecko) Chrome/141.0.7390.122 Mobile Safari/537.36 (compatible; GoogleOther)"
74.7.241.30 - - [24/Dec/2025:20:52:24 +0800] "GET /pages.php?steer/f149?pid=710 HTTP/1.1" 200 145701 "-" "Mozilla/5.0 AppleWebKit/537.36 (KHTML, like Gecko; compatible; GPTBot/1.3; +https://openai.com/gptbot)"
74.7.241.30 - - [24/Dec/2025:20:52:24 +0800] "GET /pages.php?program/h1?pid=2850 HTTP/1.1" 200 152831 "-" "Mozilla/5.0 AppleWebKit/537.36 (KHTML, like Gecko; compatible; GPTBot/1.3; +https://openai.com/gptbot)"
74.7.241.30 - - [24/Dec/2025:20:52:25 +0800] "GET /pages.php?coverage/n1?pid=2736 HTTP/1.1" 200 152404 "-" "Mozilla/5.0 AppleWebKit/537.36 (KHTML, like Gecko; compatible; GPTBot/1.3; +https://openai.com/gptbot)"
74.7.241.30 - - [24/Dec/2025:20:52:26 +0800] "GET /pages.php?starter/e1?pid=2910 HTTP/1.1" 200 151903 "-" "Mozilla/5.0 AppleWebKit/537.36 (KHTML, like Gecko; compatible; GPTBot/1.3; +https://openai.com/gptbot)"
74.7.241.30 - - [24/Dec/2025:20:52:27 +0800] "GET /pages.php?shark/l1?pid=2880 HTTP/1.1" 200 152416 "-" "Mozilla/5.0 AppleWebKit/537.36 (KHTML, like Gecko; compatible; GPTBot/1.3; +https://openai.com/gptbot)"
66.249.74.169 - - [24/Dec/2025:20:52:28 +0800] "GET /?products/10732863 HTTP/1.1" 200 165049 "-" "Mozilla/5.0 (Linux; Android 6.0.1; Nexus 5X Build/MMB29P) AppleWebKit/537.36 (KHTML, like Gecko) Chrome/141.0.7390.122 Mobile Safari/537.36 (compatible; Googlebot/2.1; +http://www.google.com/bot.html)"
74.7.241.30 - - [24/Dec/2025:20:52:28 +0800] "GET /pages.php?region/h1?pid=2850 HTTP/1.1" 200 151830 "-" "Mozilla/5.0 AppleWebKit/537.36 (KHTML, like Gecko; compatible; GPTBot/1.3; +https://openai.com/gptbot)"
74.7.241.30 - - [24/Dec/2025:20:52:29 +0800] "GET /pages.php?store/z1?pid=2842 HTTP/1.1" 200 152537 "-" "Mozilla/5.0 AppleWebKit/537.36 (KHTML, like Gecko; compatible; GPTBot/1.3; +https://openai.com/gptbot)"
66.249.74.169 - - [24/Dec/2025:20:52:30 +0800] "GET /?products/30101852 HTTP/1.1" 200 148929 "-" "Mozilla/5.0 (Linux; Android 6.0.1; Nexus 5X Build/MMB29P) AppleWebKit/537.36 (KHTML, like Gecko) Chrome/141.0.7390.122 Mobile Safari/537.36 (compatible; GoogleOther)"
74.7.241.30 - - [24/Dec/2025:20:52:30 +0800] "GET /pages.php?ad/t1?pid=2858 HTTP/1.1" 200 151520 "-" "Mozilla/5.0 AppleWebKit/537.36 (KHTML, like Gecko; compatible; GPTBot/1.3; +https://openai.com/gptbot)"
74.7.241.30 - - [24/Dec/2025:20:52:31 +0800] "GET /pages.php?sensitive/y56?pid=3653 HTTP/1.1" 200 141233 "-" "Mozilla/5.0 AppleWebKit/537.36 (KHTML, like Gecko; compatible; GPTBot/1.3; +https://openai.com/gptbot)"
74.7.241.30 - - [24/Dec/2025:20:52:32 +0800] "GET /pages.php?invade/t1?pid=2858 HTTP/1.1" 200 152028 "-" "Mozilla/5.0 AppleWebKit/537.36 (KHTML, like Gecko; compatible; GPTBot/1.3; +https://openai.com/gptbot)"
57.141.6.31 - - [24/Dec/2025:20:52:33 +0800] "GET /?products/22170163 HTTP/1.1" 200 - "-" "meta-externalagent/1.1 (+https://developers.facebook.com/docs/sharing/webmasters/crawler)"
74.7.241.30 - - [24/Dec/2025:20:52:33 +0800] "GET /pages.php?appear/l1?pid=2880 HTTP/1.1" 200 152112 "-" "Mozilla/5.0 AppleWebKit/537.36 (KHTML, like Gecko; compatible; GPTBot/1.3; +https://openai.com/gptbot)"
74.7.241.30 - - [24/Dec/2025:20:52:34 +0800] "GET /pages.php?public/p91?pid=33884 HTTP/1.1" 200 141968 "-" "Mozilla/5.0 AppleWebKit/537.36 (KHTML, like Gecko; compatible; GPTBot/1.3; +https://openai.com/gptbot)"
66.249.74.169 - - [24/Dec/2025:20:52:35 +0800] "GET /?products/14025929 HTTP/1.1" 200 155430 "-" "Mozilla/5.0 (Linux; Android 6.0.1; Nexus 5X Build/MMB29P) AppleWebKit/537.36 (KHTML, like Gecko) Chrome/141.0.7390.122 Mobile Safari/537.36 (compatible; GoogleOther)"
74.7.241.30 - - [24/Dec/2025:20:52:35 +0800] "GET /pages.php?event/n1?pid=2736 HTTP/1.1" 200 151921 "-" "Mozilla/5.0 AppleWebKit/537.36 (KHTML, like Gecko; compatible; GPTBot/1.3; +https://openai.com/gptbot)"
74.7.241.30 - - [24/Dec/2025:20:52:36 +0800] "GET /pages.php?barrel/f1?pid=2682 HTTP/1.1" 200 151819 "-" "Mozilla/5.0 AppleWebKit/537.36 (KHTML, like Gecko; compatible; GPTBot/1.3; +https://openai.com/gptbot)"
74.7.241.30 - - [24/Dec/2025:20:52:37 +0800] "GET /pages.php?eighth/l1?pid=2880 HTTP/1.1" 200 151808 "-" "Mozilla/5.0 AppleWebKit/537.36 (KHTML, like Gecko; compatible; GPTBot/1.3; +https://openai.com/gptbot)"
66.249.74.169 - - [24/Dec/2025:20:52:39 +0800] "GET /?products/1895663 HTTP/1.1" 200 167485 "-" "Mozilla/5.0 (Linux; Android 6.0.1; Nexus 5X Build/MMB29P) AppleWebKit/537.36 (KHTML, like Gecko) Chrome/141.0.7390.122 Mobile Safari/537.36 (compatible; GoogleOther)"
74.7.241.30 - - [24/Dec/2025:20:52:38 +0800] "GET /pages.php?invisible/l1?pid=2892 HTTP/1.1" 200 151321 "-" "Mozilla/5.0 AppleWebKit/537.36 (KHTML, like Gecko; compatible; GPTBot/1.3; +https://openai.com/gptbot)"
57.141.6.19 - - [24/Dec/2025:20:52:39 +0800] "GET /?products/3768896 HTTP/1.1" 200 - "-" "meta-externalagent/1.1 (+https://developers.facebook.com/docs/sharing/webmasters/crawler)"
74.7.241.30 - - [24/Dec/2025:20:52:39 +0800] "GET /pages.php?hypothesis/z1?pid=2842 HTTP/1.1" 200 152404 "-" "Mozilla/5.0 AppleWebKit/537.36 (KHTML, like Gecko; compatible; GPTBot/1.3; +https://openai.com/gptbot)"
74.7.241.30 - - [24/Dec/2025:20:52:40 +0800] "GET /pages.php?disaster/f149?pid=710 HTTP/1.1" 200 145267 "-" "Mozilla/5.0 AppleWebKit/537.36 (KHTML, like Gecko; compatible; GPTBot/1.3; +https://openai.com/gptbot)"
74.7.241.30 - - [24/Dec/2025:20:52:41 +0800] "GET /pages.php?emphasize/y56?pid=3653 HTTP/1.1" 200 141149 "-" "Mozilla/5.0 AppleWebKit/537.36 (KHTML, like Gecko; compatible; GPTBot/1.3; +https://openai.com/gptbot)"
74.7.241.30 - - [24/Dec/2025:20:52:42 +0800] "GET /pages.php?perceived/f293?pid=4040 HTTP/1.1" 200 145523 "-" "Mozilla/5.0 AppleWebKit/537.36 (KHTML, like Gecko; compatible; GPTBot/1.3; +https://openai.com/gptbot)"
57.141.6.33 - - [24/Dec/2025:20:52:42 +0800] "GET /?products/12575130 HTTP/1.1" 200 - "-" "meta-externalagent/1.1 (+https://developers.facebook.com/docs/sharing/webmasters/crawler)"
74.7.241.30 - - [24/Dec/2025:20:52:43 +0800] "GET /pages.php?disability/l1?pid=2880 HTTP/1.1" 200 151751 "-" "Mozilla/5.0 AppleWebKit/537.36 (KHTML, like Gecko; compatible; GPTBot/1.3; +https://openai.com/gptbot)"
57.141.6.8 - - [24/Dec/2025:20:52:44 +0800] "GET /?products/23387118 HTTP/1.1" 200 - "-" "meta-externalagent/1.1 (+https://developers.facebook.com/docs/sharing/webmasters/crawler)"
74.7.241.30 - - [24/Dec/2025:20:52:44 +0800] "GET /pages.php?eight/s9?pid=21622 HTTP/1.1" 200 148603 "-" "Mozilla/5.0 AppleWebKit/537.36 (KHTML, like Gecko; compatible; GPTBot/1.3; +https://openai.com/gptbot)"
74.7.241.30 - - [24/Dec/2025:20:52:44 +0800] "GET /pages.php?shall/h1?pid=2850 HTTP/1.1" 200 152068 "-" "Mozilla/5.0 AppleWebKit/537.36 (KHTML, like Gecko; compatible; GPTBot/1.3; +https://openai.com/gptbot)"
66.249.74.160 - - [24/Dec/2025:20:52:45 +0800] "GET /?products/21026830 HTTP/1.1" 200 174272 "-" "Mozilla/5.0 (Linux; Android 6.0.1; Nexus 5X Build/MMB29P) AppleWebKit/537.36 (KHTML, like Gecko) Chrome/141.0.7390.122 Mobile Safari/537.36 (compatible; Googlebot/2.1; +http://www.google.com/bot.html)"
52.167.144.197 - - [24/Dec/2025:20:52:45 +0800] "GET /searchresults?descriptionfilter=2025 HTTP/1.1" 200 153987 "-" "Mozilla/5.0 AppleWebKit/537.36 (KHTML, like Gecko; compatible; bingbot/2.0; +http://www.bing.com/bingbot.htm) Chrome/116.0.1938.76 Safari/537.36"
74.7.241.30 - - [24/Dec/2025:20:52:45 +0800] "GET /pages.php?conscience/n1?pid=2736 HTTP/1.1" 200 152384 "-" "Mozilla/5.0 AppleWebKit/537.36 (KHTML, like Gecko; compatible; GPTBot/1.3; +https://openai.com/gptbot)"
74.7.241.30 - - [24/Dec/2025:20:52:46 +0800] "GET /pages.php?review/h240?pid=4893 HTTP/1.1" 200 144508 "-" "Mozilla/5.0 AppleWebKit/537.36 (KHTML, like Gecko; compatible; GPTBot/1.3; +https://openai.com/gptbot)"
74.7.241.30 - - [24/Dec/2025:20:52:46 +0800] "GET /pages.php?statue/l1?pid=2880 HTTP/1.1" 200 151565 "-" "Mozilla/5.0 AppleWebKit/537.36 (KHTML, like Gecko; compatible; GPTBot/1.3; +https://openai.com/gptbot)"
74.7.241.30 - - [24/Dec/2025:20:52:47 +0800] "GET /pages.php?intelligent/u1?pid=2844 HTTP/1.1" 200 152383 "-" "Mozilla/5.0 AppleWebKit/537.36 (KHTML, like Gecko; compatible; GPTBot/1.3; +https://openai.com/gptbot)"
74.7.241.30 - - [24/Dec/2025:20:52:48 +0800] "GET /pages.php?claim/k212?pid=923 HTTP/1.1" 200 159644 "-" "Mozilla/5.0 AppleWebKit/537.36 (KHTML, like Gecko; compatible; GPTBot/1.3; +https://openai.com/gptbot)"
74.7.241.30 - - [24/Dec/2025:20:52:48 +0800] "GET /pages.php?guilt/y56?pid=3653 HTTP/1.1" 200 141357 "-" "Mozilla/5.0 AppleWebKit/537.36 (KHTML, like Gecko; compatible; GPTBot/1.3; +https://openai.com/gptbot)"
74.7.241.30 - - [24/Dec/2025:20:52:49 +0800] "GET /pages.php?cake/f149?pid=710 HTTP/1.1" 200 145461 "-" "Mozilla/5.0 AppleWebKit/537.36 (KHTML, like Gecko; compatible; GPTBot/1.3; +https://openai.com/gptbot)"
74.7.241.30 - - [24/Dec/2025:20:52:50 +0800] "GET /pages.php?honor/h1?pid=2850 HTTP/1.1" 200 152807 "-" "Mozilla/5.0 AppleWebKit/537.36 (KHTML, like Gecko; compatible; GPTBot/1.3; +https://openai.com/gptbot)"
74.7.241.30 - - [24/Dec/2025:20:52:51 +0800] "GET /pages.php?cheat/n1?pid=2736 HTTP/1.1" 200 152341 "-" "Mozilla/5.0 AppleWebKit/537.36 (KHTML, like Gecko; compatible; GPTBot/1.3; +https://openai.com/gptbot)"
74.7.241.30 - - [24/Dec/2025:20:52:52 +0800] "GET /pages.php?devil/f1?pid=2682 HTTP/1.1" 200 152149 "-" "Mozilla/5.0 AppleWebKit/537.36 (KHTML, like Gecko; compatible; GPTBot/1.3; +https://openai.com/gptbot)"
74.7.241.30 - - [24/Dec/2025:20:52:52 +0800] "GET /pages.php?genuine/n1?pid=2736 HTTP/1.1" 200 152098 "-" "Mozilla/5.0 AppleWebKit/537.36 (KHTML, like Gecko; compatible; GPTBot/1.3; +https://openai.com/gptbot)"
74.7.241.30 - - [24/Dec/2025:20:52:53 +0800] "GET /pages.php?trainer/e1?pid=2910 HTTP/1.1" 200 151481 "-" "Mozilla/5.0 AppleWebKit/537.36 (KHTML, like Gecko; compatible; GPTBot/1.3; +https://openai.com/gptbot)"
74.7.241.30 - - [24/Dec/2025:20:52:54 +0800] "GET /pages.php?strip/f1?pid=2740 HTTP/1.1" 200 151967 "-" "Mozilla/5.0 AppleWebKit/537.36 (KHTML, like Gecko; compatible; GPTBot/1.3; +https://openai.com/gptbot)"
74.7.241.30 - - [24/Dec/2025:20:52:55 +0800] "GET /pages.php?service/z1?pid=2852 HTTP/1.1" 200 152228 "-" "Mozilla/5.0 AppleWebKit/537.36 (KHTML, like Gecko; compatible; GPTBot/1.3; +https://openai.com/gptbot)"
74.7.241.30 - - [24/Dec/2025:20:52:56 +0800] "GET /pages.php?classic/l166?pid=9523 HTTP/1.1" 200 149341 "-" "Mozilla/5.0 AppleWebKit/537.36 (KHTML, like Gecko; compatible; GPTBot/1.3; +https://openai.com/gptbot)"
74.7.241.30 - - [24/Dec/2025:20:52:57 +0800] "GET /pages.php?slow/s210?pid=20095 HTTP/1.1" 200 162758 "-" "Mozilla/5.0 AppleWebKit/537.36 (KHTML, like Gecko; compatible; GPTBot/1.3; +https://openai.com/gptbot)"
74.7.241.30 - - [24/Dec/2025:20:52:58 +0800] "GET /pages.php?lead/k212?pid=923 HTTP/1.1" 200 160191 "-" "Mozilla/5.0 AppleWebKit/537.36 (KHTML, like Gecko; compatible; GPTBot/1.3; +https://openai.com/gptbot)"
74.7.241.30 - - [24/Dec/2025:20:52:59 +0800] "GET /pages.php?thigh/u1?pid=2844 HTTP/1.1" 200 153091 "-" "Mozilla/5.0 AppleWebKit/537.36 (KHTML, like Gecko; compatible; GPTBot/1.3; +https://openai.com/gptbot)"
74.7.241.30 - - [24/Dec/2025:20:53:00 +0800] "GET /pages.php?operation/t1?pid=2898 HTTP/1.1" 200 152891 "-" "Mozilla/5.0 AppleWebKit/537.36 (KHTML, like Gecko; compatible; GPTBot/1.3; +https://openai.com/gptbot)"
74.7.241.30 - - [24/Dec/2025:20:53:00 +0800] "GET /pages.php?freedom/j13?pid=30216 HTTP/1.1" 200 156651 "-" "Mozilla/5.0 AppleWebKit/537.36 (KHTML, like Gecko; compatible; GPTBot/1.3; +https://openai.com/gptbot)"
66.249.74.160 - - [24/Dec/2025:20:53:01 +0800] "GET /?products/23834363 HTTP/1.1" 200 151699 "-" "Mozilla/5.0 (Linux; Android 6.0.1; Nexus 5X Build/MMB29P) AppleWebKit/537.36 (KHTML, like Gecko) Chrome/141.0.7390.122 Mobile Safari/537.36 (compatible; Googlebot/2.1; +http://www.google.com/bot.html)"
74.7.241.30 - - [24/Dec/2025:20:53:01 +0800] "GET /pages.php?liquid/f1?pid=2682 HTTP/1.1" 200 151940 "-" "Mozilla/5.0 AppleWebKit/537.36 (KHTML, like Gecko; compatible; GPTBot/1.3; +https://openai.com/gptbot)"
74.7.241.30 - - [24/Dec/2025:20:53:02 +0800] "GET /pages.php?regret/m1?pid=2908 HTTP/1.1" 200 152598 "-" "Mozilla/5.0 AppleWebKit/537.36 (KHTML, like Gecko; compatible; GPTBot/1.3; +https://openai.com/gptbot)"
74.7.241.30 - - [24/Dec/2025:20:53:03 +0800] "GET /pages.php?disturb/a118?pid=3883 HTTP/1.1" 200 157722 "-" "Mozilla/5.0 AppleWebKit/537.36 (KHTML, like Gecko; compatible; GPTBot/1.3; +https://openai.com/gptbot)"
74.7.241.30 - - [24/Dec/2025:20:53:04 +0800] "GET /pages.php?physically/o1?pid=2848 HTTP/1.1" 200 152441 "-" "Mozilla/5.0 AppleWebKit/537.36 (KHTML, like Gecko; compatible; GPTBot/1.3; +https://openai.com/gptbot)"
74.7.241.30 - - [24/Dec/2025:20:53:04 +0800] "GET /pages.php?framework/l166?pid=9523 HTTP/1.1" 200 149031 "-" "Mozilla/5.0 AppleWebKit/537.36 (KHTML, like Gecko; compatible; GPTBot/1.3; +https://openai.com/gptbot)"
74.7.241.30 - - [24/Dec/2025:20:53:05 +0800] "GET /pages.php?partnership/k1?pid=2894 HTTP/1.1" 200 151819 "-" "Mozilla/5.0 AppleWebKit/537.36 (KHTML, like Gecko; compatible; GPTBot/1.3; +https://openai.com/gptbot)"
74.7.241.30 - - [24/Dec/2025:20:53:06 +0800] "GET /pages.php?passing/t1?pid=2898 HTTP/1.1" 200 151762 "-" "Mozilla/5.0 AppleWebKit/537.36 (KHTML, like Gecko; compatible; GPTBot/1.3; +https://openai.com/gptbot)"
74.7.241.30 - - [24/Dec/2025:20:53:07 +0800] "GET /pages.php?drawing/e1?pid=2910 HTTP/1.1" 200 152219 "-" "Mozilla/5.0 AppleWebKit/537.36 (KHTML, like Gecko; compatible; GPTBot/1.3; +https://openai.com/gptbot)"
74.7.241.30 - - [24/Dec/2025:20:53:08 +0800] "GET /pages.php?smell/u1?pid=2844 HTTP/1.1" 200 152842 "-" "Mozilla/5.0 AppleWebKit/537.36 (KHTML, like Gecko; compatible; GPTBot/1.3; +https://openai.com/gptbot)"
74.7.241.30 - - [24/Dec/2025:20:53:09 +0800] "GET /pages.php?favor/o1?pid=2848 HTTP/1.1" 200 152998 "-" "Mozilla/5.0 AppleWebKit/537.36 (KHTML, like Gecko; compatible; GPTBot/1.3; +https://openai.com/gptbot)"
74.7.241.30 - - [24/Dec/2025:20:53:09 +0800] "GET /pages.php?cigarette/f1?pid=2682 HTTP/1.1" 200 152434 "-" "Mozilla/5.0 AppleWebKit/537.36 (KHTML, like Gecko; compatible; GPTBot/1.3; +https://openai.com/gptbot)"
74.7.241.30 - - [24/Dec/2025:20:53:10 +0800] "GET /pages.php?elegant/u1?pid=2844 HTTP/1.1" 200 152128 "-" "Mozilla/5.0 AppleWebKit/537.36 (KHTML, like Gecko; compatible; GPTBot/1.3; +https://openai.com/gptbot)"
74.7.241.30 - - [24/Dec/2025:20:53:11 +0800] "GET /pages.php?react/u1?pid=2844 HTTP/1.1" 200 153059 "-" "Mozilla/5.0 AppleWebKit/537.36 (KHTML, like Gecko; compatible; GPTBot/1.3; +https://openai.com/gptbot)"
74.7.241.30 - - [24/Dec/2025:20:53:12 +0800] "GET /pages.php?value/o1?pid=2848 HTTP/1.1" 200 151928 "-" "Mozilla/5.0 AppleWebKit/537.36 (KHTML, like Gecko; compatible; GPTBot/1.3; +https://openai.com/gptbot)"
57.141.6.33 - - [24/Dec/2025:20:53:12 +0800] "GET /?products/10386985 HTTP/1.1" 200 - "-" "meta-externalagent/1.1 (+https://developers.facebook.com/docs/sharing/webmasters/crawler)"
66.249.74.160 - - [24/Dec/2025:20:53:13 +0800] "GET /?products/17265929 HTTP/1.1" 200 161015 "-" "Mozilla/5.0 (compatible; Googlebot/2.1; +http://www.google.com/bot.html)"
74.7.241.30 - - [24/Dec/2025:20:53:13 +0800] "GET /pages.php?athlete/l166?pid=9523 HTTP/1.1" 200 149568 "-" "Mozilla/5.0 AppleWebKit/537.36 (KHTML, like Gecko; compatible; GPTBot/1.3; +https://openai.com/gptbot)"
74.7.241.30 - - [24/Dec/2025:20:53:14 +0800] "GET /pages.php?computer/l88?pid=40283 HTTP/1.1" 200 142635 "-" "Mozilla/5.0 AppleWebKit/537.36 (KHTML, like Gecko; compatible; GPTBot/1.3; +https://openai.com/gptbot)"
74.7.241.30 - - [24/Dec/2025:20:53:15 +0800] "GET /pages.php?gather/t1?pid=2898 HTTP/1.1" 200 152076 "-" "Mozilla/5.0 AppleWebKit/537.36 (KHTML, like Gecko; compatible; GPTBot/1.3; +https://openai.com/gptbot)"
74.7.241.30 - - [24/Dec/2025:20:53:16 +0800] "GET /pages.php?spoon/i73?pid=716 HTTP/1.1" 200 153828 "-" "Mozilla/5.0 AppleWebKit/537.36 (KHTML, like Gecko; compatible; GPTBot/1.3; +https://openai.com/gptbot)"
74.7.241.30 - - [24/Dec/2025:20:53:17 +0800] "GET /pages.php?result/t1?pid=2858 HTTP/1.1" 200 152504 "-" "Mozilla/5.0 AppleWebKit/537.36 (KHTML, like Gecko; compatible; GPTBot/1.3; +https://openai.com/gptbot)"
66.249.74.169 - - [24/Dec/2025:20:53:18 +0800] "GET /?products/26902374 HTTP/1.1" 200 151700 "-" "Mozilla/5.0 (Linux; Android 6.0.1; Nexus 5X Build/MMB29P) AppleWebKit/537.36 (KHTML, like Gecko) Chrome/141.0.7390.122 Mobile Safari/537.36 (compatible; Googlebot/2.1; +http://www.google.com/bot.html)"
66.249.74.169 - - [24/Dec/2025:20:53:18 +0800] "GET /?m=230722024 HTTP/1.1" 200 157334 "-" "Mozilla/5.0 (compatible; Googlebot/2.1; +http://www.google.com/bot.html)"
74.7.241.30 - - [24/Dec/2025:20:53:17 +0800] "GET /pages.php?transit/k44?pid=46483 HTTP/1.1" 200 143978 "-" "Mozilla/5.0 AppleWebKit/537.36 (KHTML, like Gecko; compatible; GPTBot/1.3; +https://openai.com/gptbot)"
57.141.6.7 - - [24/Dec/2025:20:53:18 +0800] "GET /?products/3084718 HTTP/1.1" 200 - "-" "meta-externalagent/1.1 (+https://developers.facebook.com/docs/sharing/webmasters/crawler)"
74.7.241.30 - - [24/Dec/2025:20:53:18 +0800] "GET /pages.php?previously/b1?pid=2684 HTTP/1.1" 200 152364 "-" "Mozilla/5.0 AppleWebKit/537.36 (KHTML, like Gecko; compatible; GPTBot/1.3; +https://openai.com/gptbot)"
74.7.241.30 - - [24/Dec/2025:20:53:19 +0800] "GET /pages.php?cloud/e1?pid=2910 HTTP/1.1" 200 151857 "-" "Mozilla/5.0 AppleWebKit/537.36 (KHTML, like Gecko; compatible; GPTBot/1.3; +https://openai.com/gptbot)"
74.7.241.30 - - [24/Dec/2025:20:53:19 +0800] "GET /pages.php?mutual/u1?pid=2844 HTTP/1.1" 200 152483 "-" "Mozilla/5.0 AppleWebKit/537.36 (KHTML, like Gecko; compatible; GPTBot/1.3; +https://openai.com/gptbot)"
74.7.241.30 - - [24/Dec/2025:20:53:20 +0800] "GET /pages.php?fence/h1?pid=2850 HTTP/1.1" 200 152140 "-" "Mozilla/5.0 AppleWebKit/537.36 (KHTML, like Gecko; compatible; GPTBot/1.3; +https://openai.com/gptbot)"
74.7.241.30 - - [24/Dec/2025:20:53:21 +0800] "GET /pages.php?grand/n1?pid=6036 HTTP/1.1" 200 148091 "-" "Mozilla/5.0 AppleWebKit/537.36 (KHTML, like Gecko; compatible; GPTBot/1.3; +https://openai.com/gptbot)"
74.7.241.30 - - [24/Dec/2025:20:53:22 +0800] "GET /pages.php?empire/j87?pid=202 HTTP/1.1" 200 156367 "-" "Mozilla/5.0 AppleWebKit/537.36 (KHTML, like Gecko; compatible; GPTBot/1.3; +https://openai.com/gptbot)"
74.7.241.30 - - [24/Dec/2025:20:53:23 +0800] "GET /pages.php?feminist/g299?pid=8272 HTTP/1.1" 200 158469 "-" "Mozilla/5.0 AppleWebKit/537.36 (KHTML, like Gecko; compatible; GPTBot/1.3; +https://openai.com/gptbot)"
74.7.241.30 - - [24/Dec/2025:20:53:24 +0800] "GET /pages.php?heavy/o1?pid=2848 HTTP/1.1" 200 151924 "-" "Mozilla/5.0 AppleWebKit/537.36 (KHTML, like Gecko; compatible; GPTBot/1.3; +https://openai.com/gptbot)"
74.7.241.30 - - [24/Dec/2025:20:53:25 +0800] "GET /pages.php?point/t1?pid=2858 HTTP/1.1" 200 152156 "-" "Mozilla/5.0 AppleWebKit/537.36 (KHTML, like Gecko; compatible; GPTBot/1.3; +https://openai.com/gptbot)"
74.7.241.30 - - [24/Dec/2025:20:53:26 +0800] "GET /pages.php?cheek/h1?pid=2850 HTTP/1.1" 200 152905 "-" "Mozilla/5.0 AppleWebKit/537.36 (KHTML, like Gecko; compatible; GPTBot/1.3; +https://openai.com/gptbot)"
74.7.241.30 - - [24/Dec/2025:20:53:27 +0800] "GET /pages.php?family/l1?pid=2880 HTTP/1.1" 200 152025 "-" "Mozilla/5.0 AppleWebKit/537.36 (KHTML, like Gecko; compatible; GPTBot/1.3; +https://openai.com/gptbot)"
74.7.241.30 - - [24/Dec/2025:20:53:28 +0800] "GET /pages.php?desperately/h1?pid=2850 HTTP/1.1" 200 152559 "-" "Mozilla/5.0 AppleWebKit/537.36 (KHTML, like Gecko; compatible; GPTBot/1.3; +https://openai.com/gptbot)"
74.7.241.30 - - [24/Dec/2025:20:53:29 +0800] "GET /pages.php?sodium/u1?pid=2844 HTTP/1.1" 200 152522 "-" "Mozilla/5.0 AppleWebKit/537.36 (KHTML, like Gecko; compatible; GPTBot/1.3; +https://openai.com/gptbot)"
74.7.241.30 - - [24/Dec/2025:20:53:30 +0800] "GET /pages.php?assistance/z1?pid=2852 HTTP/1.1" 200 152197 "-" "Mozilla/5.0 AppleWebKit/537.36 (KHTML, like Gecko; compatible; GPTBot/1.3; +https://openai.com/gptbot)"
57.141.6.27 - - [24/Dec/2025:20:53:31 +0800] "GET /?products/2261696 HTTP/1.1" 200 - "-" "meta-externalagent/1.1 (+https://developers.facebook.com/docs/sharing/webmasters/crawler)"
74.7.241.30 - - [24/Dec/2025:20:53:31 +0800] "GET /pages.php?opposition/n1?pid=6036 HTTP/1.1" 200 147691 "-" "Mozilla/5.0 AppleWebKit/537.36 (KHTML, like Gecko; compatible; GPTBot/1.3; +https://openai.com/gptbot)"
74.7.241.30 - - [24/Dec/2025:20:53:32 +0800] "GET /pages.php?landing/w1?pid=2854 HTTP/1.1" 200 151753 "-" "Mozilla/5.0 AppleWebKit/537.36 (KHTML, like Gecko; compatible; GPTBot/1.3; +https://openai.com/gptbot)"
74.7.241.30 - - [24/Dec/2025:20:53:33 +0800] "GET /pages.php?goods/e1?pid=2910 HTTP/1.1" 200 152170 "-" "Mozilla/5.0 AppleWebKit/537.36 (KHTML, like Gecko; compatible; GPTBot/1.3; +https://openai.com/gptbot)"
66.249.74.169 - - [24/Dec/2025:20:53:34 +0800] "GET /?products/11232418 HTTP/1.1" 200 149191 "-" "Mozilla/5.0 (Linux; Android 6.0.1; Nexus 5X Build/MMB29P) AppleWebKit/537.36 (KHTML, like Gecko) Chrome/141.0.7390.122 Mobile Safari/537.36 (compatible; Googlebot/2.1; +http://www.google.com/bot.html)"
74.7.241.30 - - [24/Dec/2025:20:53:34 +0800] "GET /pages.php?frequently/o1?pid=2848 HTTP/1.1" 200 152072 "-" "Mozilla/5.0 AppleWebKit/537.36 (KHTML, like Gecko; compatible; GPTBot/1.3; +https://openai.com/gptbot)"
74.7.241.30 - - [24/Dec/2025:20:53:35 +0800] "GET /pages.php?component/l1?pid=2880 HTTP/1.1" 200 151711 "-" "Mozilla/5.0 AppleWebKit/537.36 (KHTML, like Gecko; compatible; GPTBot/1.3; +https://openai.com/gptbot)"
74.7.241.30 - - [24/Dec/2025:20:53:36 +0800] "GET /pages.php?supposedly/t1?pid=2858 HTTP/1.1" 200 151841 "-" "Mozilla/5.0 AppleWebKit/537.36 (KHTML, like Gecko; compatible; GPTBot/1.3; +https://openai.com/gptbot)"
74.7.241.30 - - [24/Dec/2025:20:53:37 +0800] "GET /pages.php?sponsor/w1?pid=2854 HTTP/1.1" 200 151923 "-" "Mozilla/5.0 AppleWebKit/537.36 (KHTML, like Gecko; compatible; GPTBot/1.3; +https://openai.com/gptbot)"
74.7.241.30 - - [24/Dec/2025:20:53:38 +0800] "GET /pages.php?liquid/p1?pid=2738 HTTP/1.1" 200 152101 "-" "Mozilla/5.0 AppleWebKit/537.36 (KHTML, like Gecko; compatible; GPTBot/1.3; +https://openai.com/gptbot)"
74.7.241.30 - - [24/Dec/2025:20:53:39 +0800] "GET /pages.php?terms/u1?pid=2844 HTTP/1.1" 200 152237 "-" "Mozilla/5.0 AppleWebKit/537.36 (KHTML, like Gecko; compatible; GPTBot/1.3; +https://openai.com/gptbot)"
74.7.241.30 - - [24/Dec/2025:20:53:40 +0800] "GET /pages.php?estate/z1?pid=2852 HTTP/1.1" 200 152746 "-" "Mozilla/5.0 AppleWebKit/537.36 (KHTML, like Gecko; compatible; GPTBot/1.3; +https://openai.com/gptbot)"
74.7.241.30 - - [24/Dec/2025:20:53:41 +0800] "GET /pages.php?inherit/u1?pid=2844 HTTP/1.1" 200 152613 "-" "Mozilla/5.0 AppleWebKit/537.36 (KHTML, like Gecko; compatible; GPTBot/1.3; +https://openai.com/gptbot)"
74.7.241.30 - - [24/Dec/2025:20:53:41 +0800] "GET /pages.php?weird/b1?pid=2684 HTTP/1.1" 200 152409 "-" "Mozilla/5.0 AppleWebKit/537.36 (KHTML, like Gecko; compatible; GPTBot/1.3; +https://openai.com/gptbot)"
74.7.241.30 - - [24/Dec/2025:20:53:42 +0800] "GET /pages.php?twist/n1?pid=6036 HTTP/1.1" 200 145255 "-" "Mozilla/5.0 AppleWebKit/537.36 (KHTML, like Gecko; compatible; GPTBot/1.3; +https://openai.com/gptbot)"
74.7.241.30 - - [24/Dec/2025:20:53:43 +0800] "GET /pages.php?shrug/n1?pid=6036 HTTP/1.1" 200 147040 "-" "Mozilla/5.0 AppleWebKit/537.36 (KHTML, like Gecko; compatible; GPTBot/1.3; +https://openai.com/gptbot)"
74.7.241.30 - - [24/Dec/2025:20:53:43 +0800] "GET /pages.php?helmet/u1?pid=2844 HTTP/1.1" 200 153223 "-" "Mozilla/5.0 AppleWebKit/537.36 (KHTML, like Gecko; compatible; GPTBot/1.3; +https://openai.com/gptbot)"
57.141.6.30 - - [24/Dec/2025:20:53:45 +0800] "GET /?products/25062474 HTTP/1.1" 200 - "-" "meta-externalagent/1.1 (+https://developers.facebook.com/docs/sharing/webmasters/crawler)"
74.7.241.30 - - [24/Dec/2025:20:53:44 +0800] "GET /pages.php?metal/t1?pid=2858 HTTP/1.1" 200 151964 "-" "Mozilla/5.0 AppleWebKit/537.36 (KHTML, like Gecko; compatible; GPTBot/1.3; +https://openai.com/gptbot)"
74.7.241.30 - - [24/Dec/2025:20:53:45 +0800] "GET /pages.php?insert/l1?pid=2892 HTTP/1.1" 200 151084 "-" "Mozilla/5.0 AppleWebKit/537.36 (KHTML, like Gecko; compatible; GPTBot/1.3; +https://openai.com/gptbot)"
74.7.241.30 - - [24/Dec/2025:20:53:46 +0800] "GET /pages.php?compete/l1?pid=2892 HTTP/1.1" 200 151894 "-" "Mozilla/5.0 AppleWebKit/537.36 (KHTML, like Gecko; compatible; GPTBot/1.3; +https://openai.com/gptbot)"
74.7.241.30 - - [24/Dec/2025:20:53:47 +0800] "GET /pages.php?ongoing/p1?pid=2738 HTTP/1.1" 200 152147 "-" "Mozilla/5.0 AppleWebKit/537.36 (KHTML, like Gecko; compatible; GPTBot/1.3; +https://openai.com/gptbot)"
74.7.241.30 - - [24/Dec/2025:20:53:48 +0800] "GET /pages.php?horror/z1?pid=2852 HTTP/1.1" 200 152309 "-" "Mozilla/5.0 AppleWebKit/537.36 (KHTML, like Gecko; compatible; GPTBot/1.3; +https://openai.com/gptbot)"
74.7.241.30 - - [24/Dec/2025:20:53:49 +0800] "GET /pages.php?previously/j1?pid=2890 HTTP/1.1" 200 151656 "-" "Mozilla/5.0 AppleWebKit/537.36 (KHTML, like Gecko; compatible; GPTBot/1.3; +https://openai.com/gptbot)"
74.7.241.30 - - [24/Dec/2025:20:53:50 +0800] "GET /pages.php?lobby/e1?pid=2910 HTTP/1.1" 200 152829 "-" "Mozilla/5.0 AppleWebKit/537.36 (KHTML, like Gecko; compatible; GPTBot/1.3; +https://openai.com/gptbot)"
66.249.74.169 - - [24/Dec/2025:20:53:50 +0800] "GET /?products/17539141 HTTP/1.1" 200 157252 "-" "Mozilla/5.0 (Linux; Android 6.0.1; Nexus 5X Build/MMB29P) AppleWebKit/537.36 (KHTML, like Gecko) Chrome/141.0.7390.122 Mobile Safari/537.36 (compatible; Googlebot/2.1; +http://www.google.com/bot.html)"
74.7.241.30 - - [24/Dec/2025:20:53:51 +0800] "GET /pages.php?final/n1?pid=6036 HTTP/1.1" 200 145620 "-" "Mozilla/5.0 AppleWebKit/537.36 (KHTML, like Gecko; compatible; GPTBot/1.3; +https://openai.com/gptbot)"
74.7.241.30 - - [24/Dec/2025:20:53:51 +0800] "GET /pages.php?changing/z27?pid=22660 HTTP/1.1" 200 144851 "-" "Mozilla/5.0 AppleWebKit/537.36 (KHTML, like Gecko; compatible; GPTBot/1.3; +https://openai.com/gptbot)"
74.7.241.30 - - [24/Dec/2025:20:53:52 +0800] "GET /pages.php?confidence/n1?pid=6036 HTTP/1.1" 200 147146 "-" "Mozilla/5.0 AppleWebKit/537.36 (KHTML, like Gecko; compatible; GPTBot/1.3; +https://openai.com/gptbot)"
74.7.241.30 - - [24/Dec/2025:20:53:53 +0800] "GET /pages.php?damage/n1?pid=6036 HTTP/1.1" 200 144927 "-" "Mozilla/5.0 AppleWebKit/537.36 (KHTML, like Gecko; compatible; GPTBot/1.3; +https://openai.com/gptbot)"
57.141.6.27 - - [24/Dec/2025:20:53:54 +0800] "GET /?products/15826963 HTTP/1.1" 200 - "-" "meta-externalagent/1.1 (+https://developers.facebook.com/docs/sharing/webmasters/crawler)"
66.249.74.169 - - [24/Dec/2025:20:53:54 +0800] "GET /?products/27651730 HTTP/1.1" 200 163813 "-" "Mozilla/5.0 (Linux; Android 6.0.1; Nexus 5X Build/MMB29P) AppleWebKit/537.36 (KHTML, like Gecko) Chrome/141.0.7390.122 Mobile Safari/537.36 (compatible; Googlebot/2.1; +http://www.google.com/bot.html)"
74.7.241.30 - - [24/Dec/2025:20:53:54 +0800] "GET /pages.php?extent/o1?pid=2848 HTTP/1.1" 200 152106 "-" "Mozilla/5.0 AppleWebKit/537.36 (KHTML, like Gecko; compatible; GPTBot/1.3; +https://openai.com/gptbot)"
74.7.241.30 - - [24/Dec/2025:20:53:54 +0800] "GET /pages.php?regret/a1?pid=2886 HTTP/1.1" 200 152165 "-" "Mozilla/5.0 AppleWebKit/537.36 (KHTML, like Gecko; compatible; GPTBot/1.3; +https://openai.com/gptbot)"
74.7.241.30 - - [24/Dec/2025:20:53:55 +0800] "GET /pages.php?drawing/x19?pid=36116 HTTP/1.1" 200 142708 "-" "Mozilla/5.0 AppleWebKit/537.36 (KHTML, like Gecko; compatible; GPTBot/1.3; +https://openai.com/gptbot)"
74.7.241.30 - - [24/Dec/2025:20:53:56 +0800] "GET /pages.php?desire/z1?pid=2888 HTTP/1.1" 200 151870 "-" "Mozilla/5.0 AppleWebKit/537.36 (KHTML, like Gecko; compatible; GPTBot/1.3; +https://openai.com/gptbot)"
74.7.241.30 - - [24/Dec/2025:20:53:57 +0800] "GET /pages.php?miracle/s1?pid=2912 HTTP/1.1" 200 152724 "-" "Mozilla/5.0 AppleWebKit/537.36 (KHTML, like Gecko; compatible; GPTBot/1.3; +https://openai.com/gptbot)"
74.7.241.30 - - [24/Dec/2025:20:53:58 +0800] "GET /pages.php?barrel/l1?pid=2880 HTTP/1.1" 200 152389 "-" "Mozilla/5.0 AppleWebKit/537.36 (KHTML, like Gecko; compatible; GPTBot/1.3; +https://openai.com/gptbot)"
74.7.241.30 - - [24/Dec/2025:20:53:59 +0800] "GET /pages.php?potato/e1?pid=2910 HTTP/1.1" 200 152100 "-" "Mozilla/5.0 AppleWebKit/537.36 (KHTML, like Gecko; compatible; GPTBot/1.3; +https://openai.com/gptbot)"
74.7.241.30 - - [24/Dec/2025:20:54:00 +0800] "GET /pages.php?strain/a1?pid=2886 HTTP/1.1" 200 151837 "-" "Mozilla/5.0 AppleWebKit/537.36 (KHTML, like Gecko; compatible; GPTBot/1.3; +https://openai.com/gptbot)"
74.7.241.30 - - [24/Dec/2025:20:54:01 +0800] "GET /pages.php?opinion/g267?pid=8524 HTTP/1.1" 200 154005 "-" "Mozilla/5.0 AppleWebKit/537.36 (KHTML, like Gecko; compatible; GPTBot/1.3; +https://openai.com/gptbot)"
57.141.6.22 - - [24/Dec/2025:20:54:02 +0800] "GET /?products/13743663 HTTP/1.1" 200 - "-" "meta-externalagent/1.1 (+https://developers.facebook.com/docs/sharing/webmasters/crawler)"
74.7.241.30 - - [24/Dec/2025:20:54:02 +0800] "GET /pages.php?confront/v77?pid=20694 HTTP/1.1" 200 144429 "-" "Mozilla/5.0 AppleWebKit/537.36 (KHTML, like Gecko; compatible; GPTBot/1.3; +https://openai.com/gptbot)"
57.141.6.39 - - [24/Dec/2025:20:54:04 +0800] "GET /?products/23486663 HTTP/1.1" 200 - "-" "meta-externalagent/1.1 (+https://developers.facebook.com/docs/sharing/webmasters/crawler)"
74.7.241.30 - - [24/Dec/2025:20:54:03 +0800] "GET /pages.php?regular/i99?pid=29530 HTTP/1.1" 200 143846 "-" "Mozilla/5.0 AppleWebKit/537.36 (KHTML, like Gecko; compatible; GPTBot/1.3; +https://openai.com/gptbot)"
74.7.241.30 - - [24/Dec/2025:20:54:04 +0800] "GET /pages.php?known/w185?pid=418 HTTP/1.1" 200 148776 "-" "Mozilla/5.0 AppleWebKit/537.36 (KHTML, like Gecko; compatible; GPTBot/1.3; +https://openai.com/gptbot)"
74.7.241.30 - - [24/Dec/2025:20:54:05 +0800] "GET /pages.php?compose/l1?pid=2892 HTTP/1.1" 200 151063 "-" "Mozilla/5.0 AppleWebKit/537.36 (KHTML, like Gecko; compatible; GPTBot/1.3; +https://openai.com/gptbot)"
66.249.74.161 - - [24/Dec/2025:20:54:06 +0800] "GET /?products/14729952 HTTP/1.1" 200 153412 "-" "Mozilla/5.0 (Linux; Android 6.0.1; Nexus 5X Build/MMB29P) AppleWebKit/537.36 (KHTML, like Gecko) Chrome/141.0.7390.122 Mobile Safari/537.36 (compatible; GoogleOther)"
74.7.241.30 - - [24/Dec/2025:20:54:06 +0800] "GET /pages.php?advise/t1?pid=2898 HTTP/1.1" 200 152407 "-" "Mozilla/5.0 AppleWebKit/537.36 (KHTML, like Gecko; compatible; GPTBot/1.3; +https://openai.com/gptbot)"
66.249.74.161 - - [24/Dec/2025:20:54:07 +0800] "GET /?products/20298918 HTTP/1.1" 200 148945 "-" "Mozilla/5.0 (Linux; Android 6.0.1; Nexus 5X Build/MMB29P) AppleWebKit/537.36 (KHTML, like Gecko) Chrome/141.0.7390.122 Mobile Safari/537.36 (compatible; Googlebot/2.1; +http://www.google.com/bot.html)"
66.249.74.169 - - [24/Dec/2025:20:54:07 +0800] "GET /?products/6067896 HTTP/1.1" 200 186770 "-" "Mozilla/5.0 (Linux; Android 6.0.1; Nexus 5X Build/MMB29P) AppleWebKit/537.36 (KHTML, like Gecko) Chrome/141.0.7390.122 Mobile Safari/537.36 (compatible; GoogleOther)"
66.249.74.161 - - [24/Dec/2025:20:54:07 +0800] "GET /?products/15705274 HTTP/1.1" 200 155114 "-" "Mozilla/5.0 (Linux; Android 6.0.1; Nexus 5X Build/MMB29P) AppleWebKit/537.36 (KHTML, like Gecko) Chrome/141.0.7390.122 Mobile Safari/537.36 (compatible; GoogleOther)"
74.7.241.30 - - [24/Dec/2025:20:54:07 +0800] "GET /pages.php?exclude/l1?pid=2892 HTTP/1.1" 200 152409 "-" "Mozilla/5.0 AppleWebKit/537.36 (KHTML, like Gecko; compatible; GPTBot/1.3; +https://openai.com/gptbot)"
66.249.74.169 - - [24/Dec/2025:20:54:08 +0800] "GET /?products/26349718 HTTP/1.1" 200 172725 "-" "Mozilla/5.0 (Linux; Android 6.0.1; Nexus 5X Build/MMB29P) AppleWebKit/537.36 (KHTML, like Gecko) Chrome/141.0.7390.122 Mobile Safari/537.36 (compatible; GoogleOther)"
66.249.74.161 - - [24/Dec/2025:20:54:08 +0800] "GET /?products/23818574 HTTP/1.1" 200 201995 "-" "Mozilla/5.0 (compatible; Googlebot/2.1; +http://www.google.com/bot.html)"
74.7.241.30 - - [24/Dec/2025:20:54:08 +0800] "GET /pages.php?cookie/l1?pid=2880 HTTP/1.1" 200 151518 "-" "Mozilla/5.0 AppleWebKit/537.36 (KHTML, like Gecko; compatible; GPTBot/1.3; +https://openai.com/gptbot)"
74.7.241.30 - - [24/Dec/2025:20:54:08 +0800] "GET /pages.php?conversion/s1?pid=2912 HTTP/1.1" 200 152562 "-" "Mozilla/5.0 AppleWebKit/537.36 (KHTML, like Gecko; compatible; GPTBot/1.3; +https://openai.com/gptbot)"
74.7.241.30 - - [24/Dec/2025:20:54:09 +0800] "GET /pages.php?access/z1?pid=2842 HTTP/1.1" 200 151231 "-" "Mozilla/5.0 AppleWebKit/537.36 (KHTML, like Gecko; compatible; GPTBot/1.3; +https://openai.com/gptbot)"
74.7.241.30 - - [24/Dec/2025:20:54:10 +0800] "GET /pages.php?propose/m1?pid=2908 HTTP/1.1" 200 151747 "-" "Mozilla/5.0 AppleWebKit/537.36 (KHTML, like Gecko; compatible; GPTBot/1.3; +https://openai.com/gptbot)"
74.7.241.30 - - [24/Dec/2025:20:54:11 +0800] "GET /pages.php?exploit/j43?pid=11218 HTTP/1.1" 200 148433 "-" "Mozilla/5.0 AppleWebKit/537.36 (KHTML, like Gecko; compatible; GPTBot/1.3; +https://openai.com/gptbot)"
57.141.6.27 - - [24/Dec/2025:20:54:12 +0800] "GET /?products/15471841 HTTP/1.1" 200 - "-" "meta-externalagent/1.1 (+https://developers.facebook.com/docs/sharing/webmasters/crawler)"
74.7.241.30 - - [24/Dec/2025:20:54:12 +0800] "GET /pages.php?pause/z1?pid=2852 HTTP/1.1" 200 152793 "-" "Mozilla/5.0 AppleWebKit/537.36 (KHTML, like Gecko; compatible; GPTBot/1.3; +https://openai.com/gptbot)"
74.7.241.30 - - [24/Dec/2025:20:54:12 +0800] "GET /pages.php?admit/n1?pid=6036 HTTP/1.1" 200 146800 "-" "Mozilla/5.0 AppleWebKit/537.36 (KHTML, like Gecko; compatible; GPTBot/1.3; +https://openai.com/gptbot)"
74.7.241.30 - - [24/Dec/2025:20:54:13 +0800] "GET /pages.php?risky/l1?pid=2892 HTTP/1.1" 200 151317 "-" "Mozilla/5.0 AppleWebKit/537.36 (KHTML, like Gecko; compatible; GPTBot/1.3; +https://openai.com/gptbot)"
74.7.241.30 - - [24/Dec/2025:20:54:14 +0800] "GET /pages.php?distant/t1?pid=2898 HTTP/1.1" 200 151490 "-" "Mozilla/5.0 AppleWebKit/537.36 (KHTML, like Gecko; compatible; GPTBot/1.3; +https://openai.com/gptbot)"
74.7.241.30 - - [24/Dec/2025:20:54:15 +0800] "GET /pages.php?useful/l1?pid=2892 HTTP/1.1" 200 152667 "-" "Mozilla/5.0 AppleWebKit/537.36 (KHTML, like Gecko; compatible; GPTBot/1.3; +https://openai.com/gptbot)"
57.141.6.28 - - [24/Dec/2025:20:54:16 +0800] "GET /?products/1995863 HTTP/1.1" 200 - "-" "meta-externalagent/1.1 (+https://developers.facebook.com/docs/sharing/webmasters/crawler)"
66.249.74.169 - - [24/Dec/2025:20:54:16 +0800] "GET /?products/21156807 HTTP/1.1" 200 190164 "-" "Mozilla/5.0 (Linux; Android 6.0.1; Nexus 5X Build/MMB29P) AppleWebKit/537.36 (KHTML, like Gecko) Chrome/141.0.7390.122 Mobile Safari/537.36 (compatible; GoogleOther)"
66.249.74.169 - - [24/Dec/2025:20:54:17 +0800] "GET /?m=243013324 HTTP/1.1" 200 148781 "-" "Mozilla/5.0 (compatible; Googlebot/2.1; +http://www.google.com/bot.html)"
74.7.241.30 - - [24/Dec/2025:20:54:16 +0800] "GET /pages.php?thick/a68?pid=1645 HTTP/1.1" 200 144694 "-" "Mozilla/5.0 AppleWebKit/537.36 (KHTML, like Gecko; compatible; GPTBot/1.3; +https://openai.com/gptbot)"
74.7.241.30 - - [24/Dec/2025:20:54:17 +0800] "GET /pages.php?maybe/l1?pid=2880 HTTP/1.1" 200 151582 "-" "Mozilla/5.0 AppleWebKit/537.36 (KHTML, like Gecko; compatible; GPTBot/1.3; +https://openai.com/gptbot)"
74.7.241.30 - - [24/Dec/2025:20:54:18 +0800] "GET /pages.php?killer/u1?pid=2844 HTTP/1.1" 200 152647 "-" "Mozilla/5.0 AppleWebKit/537.36 (KHTML, like Gecko; compatible; GPTBot/1.3; +https://openai.com/gptbot)"
57.141.6.32 - - [24/Dec/2025:20:54:19 +0800] "GET /?products/30617630 HTTP/1.1" 200 - "-" "meta-externalagent/1.1 (+https://developers.facebook.com/docs/sharing/webmasters/crawler)"
74.7.241.30 - - [24/Dec/2025:20:54:19 +0800] "GET /pages.php?weigh/z1?pid=2842 HTTP/1.1" 200 151520 "-" "Mozilla/5.0 AppleWebKit/537.36 (KHTML, like Gecko; compatible; GPTBot/1.3; +https://openai.com/gptbot)"
74.7.241.30 - - [24/Dec/2025:20:54:20 +0800] "GET /pages.php?item/u196/11986/ HTTP/1.1" 200 142665 "-" "Mozilla/5.0 AppleWebKit/537.36 (KHTML, like Gecko; compatible; GPTBot/1.3; +https://openai.com/gptbot)"
66.249.74.160 - - [24/Dec/2025:20:54:21 +0800] "GET /?m=219727024 HTTP/1.1" 200 161117 "-" "Mozilla/5.0 (compatible; Googlebot/2.1; +http://www.google.com/bot.html)"
74.7.241.30 - - [24/Dec/2025:20:54:21 +0800] "GET /pages.php?smoke/u1?pid=2844 HTTP/1.1" 200 152216 "-" "Mozilla/5.0 AppleWebKit/537.36 (KHTML, like Gecko; compatible; GPTBot/1.3; +https://openai.com/gptbot)"
74.7.241.30 - - [24/Dec/2025:20:54:22 +0800] "GET /pages.php?crash/v1?pid=2856 HTTP/1.1" 200 152444 "-" "Mozilla/5.0 AppleWebKit/537.36 (KHTML, like Gecko; compatible; GPTBot/1.3; +https://openai.com/gptbot)"
66.249.74.160 - - [24/Dec/2025:20:54:23 +0800] "GET /?products/23440630 HTTP/1.1" 200 160195 "-" "Mozilla/5.0 (Linux; Android 6.0.1; Nexus 5X Build/MMB29P) AppleWebKit/537.36 (KHTML, like Gecko) Chrome/141.0.7390.122 Mobile Safari/537.36 (compatible; Googlebot/2.1; +http://www.google.com/bot.html)"
74.7.241.30 - - [24/Dec/2025:20:54:23 +0800] "GET /pages.php?diagnosis/u1?pid=2844 HTTP/1.1" 200 152620 "-" "Mozilla/5.0 AppleWebKit/537.36 (KHTML, like Gecko; compatible; GPTBot/1.3; +https://openai.com/gptbot)"
74.7.241.30 - - [24/Dec/2025:20:54:24 +0800] "GET /pages.php?permission/l1?pid=2892 HTTP/1.1" 200 152238 "-" "Mozilla/5.0 AppleWebKit/537.36 (KHTML, like Gecko; compatible; GPTBot/1.3; +https://openai.com/gptbot)"
74.7.241.30 - - [24/Dec/2025:20:54:25 +0800] "GET /pages.php?validity/v75?pid=16048 HTTP/1.1" 200 164209 "-" "Mozilla/5.0 AppleWebKit/537.36 (KHTML, like Gecko; compatible; GPTBot/1.3; +https://openai.com/gptbot)"
74.7.241.30 - - [24/Dec/2025:20:54:25 +0800] "GET /pages.php?surprised/h4?pid=5469 HTTP/1.1" 200 150368 "-" "Mozilla/5.0 AppleWebKit/537.36 (KHTML, like Gecko; compatible; GPTBot/1.3; +https://openai.com/gptbot)"
74.7.241.30 - - [24/Dec/2025:20:54:26 +0800] "GET /pages.php?friendship/t1?pid=2858 HTTP/1.1" 200 152809 "-" "Mozilla/5.0 AppleWebKit/537.36 (KHTML, like Gecko; compatible; GPTBot/1.3; +https://openai.com/gptbot)"
74.7.241.30 - - [24/Dec/2025:20:54:27 +0800] "GET /pages.php?supply/w1?pid=2854 HTTP/1.1" 200 152191 "-" "Mozilla/5.0 AppleWebKit/537.36 (KHTML, like Gecko; compatible; GPTBot/1.3; +https://openai.com/gptbot)"
74.7.241.30 - - [24/Dec/2025:20:54:28 +0800] "GET /pages.php?feeling/u1?pid=2844 HTTP/1.1" 200 152884 "-" "Mozilla/5.0 AppleWebKit/537.36 (KHTML, like Gecko; compatible; GPTBot/1.3; +https://openai.com/gptbot)"
74.7.241.30 - - [24/Dec/2025:20:54:29 +0800] "GET /pages.php?journalism/l1?pid=2892 HTTP/1.1" 200 151501 "-" "Mozilla/5.0 AppleWebKit/537.36 (KHTML, like Gecko; compatible; GPTBot/1.3; +https://openai.com/gptbot)"
74.7.241.30 - - [24/Dec/2025:20:54:30 +0800] "GET /pages.php?scare/z1?pid=2842 HTTP/1.1" 200 152581 "-" "Mozilla/5.0 AppleWebKit/537.36 (KHTML, like Gecko; compatible; GPTBot/1.3; +https://openai.com/gptbot)"
74.7.241.30 - - [24/Dec/2025:20:54:31 +0800] "GET /pages.php?react/p1?pid=2738 HTTP/1.1" 200 151758 "-" "Mozilla/5.0 AppleWebKit/537.36 (KHTML, like Gecko; compatible; GPTBot/1.3; +https://openai.com/gptbot)"
