74.7.241.30 - - [24/Dec/2025:21:07:54 +0800] "GET /pages.php?precise/z10?pid=481 HTTP/1.1" 200 153311 "-" "Mozilla/5.0 AppleWebKit/537.36 (KHTML, like Gecko; compatible; GPTBot/1.3; +https://openai.com/gptbot)"
74.7.241.30 - - [24/Dec/2025:21:07:56 +0800] "GET /pages.php?asleep/r1?pid=3132 HTTP/1.1" 200 152566 "-" "Mozilla/5.0 AppleWebKit/537.36 (KHTML, like Gecko; compatible; GPTBot/1.3; +https://openai.com/gptbot)"
74.7.241.30 - - [24/Dec/2025:21:07:56 +0800] "GET /pages.php?special/z1?pid=1718 HTTP/1.1" 200 153167 "-" "Mozilla/5.0 AppleWebKit/537.36 (KHTML, like Gecko; compatible; GPTBot/1.3; +https://openai.com/gptbot)"
66.249.74.169 - - [24/Dec/2025:21:07:57 +0800] "GET /?products/22345441 HTTP/1.1" 200 156783 "-" "Mozilla/5.0 (Linux; Android 6.0.1; Nexus 5X Build/MMB29P) AppleWebKit/537.36 (KHTML, like Gecko) Chrome/141.0.7390.122 Mobile Safari/537.36 (compatible; Googlebot/2.1; +http://www.google.com/bot.html)"
74.7.241.30 - - [24/Dec/2025:21:07:57 +0800] "GET /pages.php?crowd/t1?pid=1108 HTTP/1.1" 200 158096 "-" "Mozilla/5.0 AppleWebKit/537.36 (KHTML, like Gecko; compatible; GPTBot/1.3; +https://openai.com/gptbot)"
74.7.241.30 - - [24/Dec/2025:21:07:58 +0800] "GET /pages.php?whose/k1?pid=3288 HTTP/1.1" 200 153422 "-" "Mozilla/5.0 AppleWebKit/537.36 (KHTML, like Gecko; compatible; GPTBot/1.3; +https://openai.com/gptbot)"
74.7.241.30 - - [24/Dec/2025:21:08:00 +0800] "GET /pages.php?study/s1?pid=3738 HTTP/1.1" 200 152281 "-" "Mozilla/5.0 AppleWebKit/537.36 (KHTML, like Gecko; compatible; GPTBot/1.3; +https://openai.com/gptbot)"
74.7.241.30 - - [24/Dec/2025:21:08:00 +0800] "GET /pages.php?agree/n1?pid=6490 HTTP/1.1" 200 152988 "-" "Mozilla/5.0 AppleWebKit/537.36 (KHTML, like Gecko; compatible; GPTBot/1.3; +https://openai.com/gptbot)"
57.141.6.19 - - [24/Dec/2025:21:08:01 +0800] "GET /?products/3960018 HTTP/1.1" 200 - "-" "meta-externalagent/1.1 (+https://developers.facebook.com/docs/sharing/webmasters/crawler)"
74.7.241.30 - - [24/Dec/2025:21:08:01 +0800] "GET /pages.php?design/a1?pid=5730 HTTP/1.1" 200 155204 "-" "Mozilla/5.0 AppleWebKit/537.36 (KHTML, like Gecko; compatible; GPTBot/1.3; +https://openai.com/gptbot)"
74.7.241.30 - - [24/Dec/2025:21:08:02 +0800] "GET /pages.php?mate/a59?pid=9086 HTTP/1.1" 200 142784 "-" "Mozilla/5.0 AppleWebKit/537.36 (KHTML, like Gecko; compatible; GPTBot/1.3; +https://openai.com/gptbot)"
74.7.241.30 - - [24/Dec/2025:21:08:03 +0800] "GET /pages.php?mutter/t1?pid=1108 HTTP/1.1" 200 158480 "-" "Mozilla/5.0 AppleWebKit/537.36 (KHTML, like Gecko; compatible; GPTBot/1.3; +https://openai.com/gptbot)"
74.7.241.30 - - [24/Dec/2025:21:08:04 +0800] "GET /pages.php?marry/s1?pid=1232 HTTP/1.1" 200 154247 "-" "Mozilla/5.0 AppleWebKit/537.36 (KHTML, like Gecko; compatible; GPTBot/1.3; +https://openai.com/gptbot)"
74.7.241.30 - - [24/Dec/2025:21:08:05 +0800] "GET /pages.php?faint/l1?pid=1776 HTTP/1.1" 200 152026 "-" "Mozilla/5.0 AppleWebKit/537.36 (KHTML, like Gecko; compatible; GPTBot/1.3; +https://openai.com/gptbot)"
74.7.241.30 - - [24/Dec/2025:21:08:05 +0800] "GET /pages.php?competition/t1?pid=1642 HTTP/1.1" 200 152427 "-" "Mozilla/5.0 AppleWebKit/537.36 (KHTML, like Gecko; compatible; GPTBot/1.3; +https://openai.com/gptbot)"
74.7.241.30 - - [24/Dec/2025:21:08:06 +0800] "GET /pages.php?available/t1?pid=1108 HTTP/1.1" 200 158134 "-" "Mozilla/5.0 AppleWebKit/537.36 (KHTML, like Gecko; compatible; GPTBot/1.3; +https://openai.com/gptbot)"
74.7.241.30 - - [24/Dec/2025:21:08:07 +0800] "GET /pages.php?arrive/n1?pid=3670 HTTP/1.1" 200 151653 "-" "Mozilla/5.0 AppleWebKit/537.36 (KHTML, like Gecko; compatible; GPTBot/1.3; +https://openai.com/gptbot)"
74.7.241.30 - - [24/Dec/2025:21:08:08 +0800] "GET /pages.php?investigate/t1?pid=1108 HTTP/1.1" 200 157511 "-" "Mozilla/5.0 AppleWebKit/537.36 (KHTML, like Gecko; compatible; GPTBot/1.3; +https://openai.com/gptbot)"
57.141.6.27 - - [24/Dec/2025:21:08:09 +0800] "GET /?products/21683385 HTTP/1.1" 200 - "-" "meta-externalagent/1.1 (+https://developers.facebook.com/docs/sharing/webmasters/crawler)"
74.7.241.30 - - [24/Dec/2025:21:08:09 +0800] "GET /pages.php?tired/c55?pid=6288 HTTP/1.1" 200 144755 "-" "Mozilla/5.0 AppleWebKit/537.36 (KHTML, like Gecko; compatible; GPTBot/1.3; +https://openai.com/gptbot)"
74.7.241.30 - - [24/Dec/2025:21:08:10 +0800] "GET /pages.php?naked/o1?pid=1470 HTTP/1.1" 200 153382 "-" "Mozilla/5.0 AppleWebKit/537.36 (KHTML, like Gecko; compatible; GPTBot/1.3; +https://openai.com/gptbot)"
74.7.241.30 - - [24/Dec/2025:21:08:11 +0800] "GET /pages.php?heavy/o1?pid=1700 HTTP/1.1" 200 153125 "-" "Mozilla/5.0 AppleWebKit/537.36 (KHTML, like Gecko; compatible; GPTBot/1.3; +https://openai.com/gptbot)"
74.7.241.30 - - [24/Dec/2025:21:08:12 +0800] "GET /pages.php?aisle/b1?pid=1766 HTTP/1.1" 200 151731 "-" "Mozilla/5.0 AppleWebKit/537.36 (KHTML, like Gecko; compatible; GPTBot/1.3; +https://openai.com/gptbot)"
57.141.6.13 - - [24/Dec/2025:21:08:13 +0800] "GET /?products/30181063 HTTP/1.1" 200 - "-" "meta-externalagent/1.1 (+https://developers.facebook.com/docs/sharing/webmasters/crawler)"
74.7.241.30 - - [24/Dec/2025:21:08:13 +0800] "GET /pages.php?bride/f1?pid=5426 HTTP/1.1" 200 157223 "-" "Mozilla/5.0 AppleWebKit/537.36 (KHTML, like Gecko; compatible; GPTBot/1.3; +https://openai.com/gptbot)"
74.7.241.30 - - [24/Dec/2025:21:08:14 +0800] "GET /pages.php?banker/i1?pid=1724 HTTP/1.1" 200 152997 "-" "Mozilla/5.0 AppleWebKit/537.36 (KHTML, like Gecko; compatible; GPTBot/1.3; +https://openai.com/gptbot)"
74.7.241.30 - - [24/Dec/2025:21:08:15 +0800] "GET /pages.php?helmet/t1?pid=1642 HTTP/1.1" 200 153512 "-" "Mozilla/5.0 AppleWebKit/537.36 (KHTML, like Gecko; compatible; GPTBot/1.3; +https://openai.com/gptbot)"
57.141.6.10 - - [24/Dec/2025:21:08:16 +0800] "GET /?products/27427941 HTTP/1.1" 200 - "-" "meta-externalagent/1.1 (+https://developers.facebook.com/docs/sharing/webmasters/crawler)"
74.7.241.30 - - [24/Dec/2025:21:08:16 +0800] "GET /pages.php?selected/y84?pid=1141 HTTP/1.1" 200 143802 "-" "Mozilla/5.0 AppleWebKit/537.36 (KHTML, like Gecko; compatible; GPTBot/1.3; +https://openai.com/gptbot)"
74.7.241.30 - - [24/Dec/2025:21:08:17 +0800] "GET /pages.php?decide/b1?pid=3774 HTTP/1.1" 200 152600 "-" "Mozilla/5.0 AppleWebKit/537.36 (KHTML, like Gecko; compatible; GPTBot/1.3; +https://openai.com/gptbot)"
66.249.74.169 - - [24/Dec/2025:21:08:18 +0800] "GET /?products/4402496 HTTP/1.1" 200 161166 "-" "Mozilla/5.0 (Linux; Android 6.0.1; Nexus 5X Build/MMB29P) AppleWebKit/537.36 (KHTML, like Gecko) Chrome/141.0.7390.122 Mobile Safari/537.36 (compatible; GoogleOther)"
66.249.74.161 - - [24/Dec/2025:21:08:19 +0800] "GET /?products/11221996 HTTP/1.1" 200 153011 "-" "Mozilla/5.0 (Linux; Android 6.0.1; Nexus 5X Build/MMB29P) AppleWebKit/537.36 (KHTML, like Gecko) Chrome/141.0.7390.122 Mobile Safari/537.36 (compatible; GoogleOther)"
74.7.241.30 - - [24/Dec/2025:21:08:18 +0800] "GET /pages.php?stare/o1?pid=1470 HTTP/1.1" 200 153307 "-" "Mozilla/5.0 AppleWebKit/537.36 (KHTML, like Gecko; compatible; GPTBot/1.3; +https://openai.com/gptbot)"
74.7.241.30 - - [24/Dec/2025:21:08:19 +0800] "GET /pages.php?union/x1?pid=2902 HTTP/1.1" 200 151937 "-" "Mozilla/5.0 AppleWebKit/537.36 (KHTML, like Gecko; compatible; GPTBot/1.3; +https://openai.com/gptbot)"
57.141.6.7 - - [24/Dec/2025:21:08:20 +0800] "GET /?products/26845818 HTTP/1.1" 200 - "-" "meta-externalagent/1.1 (+https://developers.facebook.com/docs/sharing/webmasters/crawler)"
74.7.241.30 - - [24/Dec/2025:21:08:20 +0800] "GET /pages.php?split/d71?pid=258 HTTP/1.1" 200 142575 "-" "Mozilla/5.0 AppleWebKit/537.36 (KHTML, like Gecko; compatible; GPTBot/1.3; +https://openai.com/gptbot)"
74.7.241.30 - - [24/Dec/2025:21:08:21 +0800] "GET /pages.php?identical/o1?pid=1700 HTTP/1.1" 200 152908 "-" "Mozilla/5.0 AppleWebKit/537.36 (KHTML, like Gecko; compatible; GPTBot/1.3; +https://openai.com/gptbot)"
74.7.241.30 - - [24/Dec/2025:21:08:22 +0800] "GET /pages.php?trading/g22?pid=25695 HTTP/1.1" 200 142597 "-" "Mozilla/5.0 AppleWebKit/537.36 (KHTML, like Gecko; compatible; GPTBot/1.3; +https://openai.com/gptbot)"
74.7.241.30 - - [24/Dec/2025:21:08:23 +0800] "GET /pages.php?found/n65?pid=6760 HTTP/1.1" 200 141937 "-" "Mozilla/5.0 AppleWebKit/537.36 (KHTML, like Gecko; compatible; GPTBot/1.3; +https://openai.com/gptbot)"
57.141.6.4 - - [24/Dec/2025:21:08:24 +0800] "GET /?products/9839807 HTTP/1.1" 200 - "-" "meta-externalagent/1.1 (+https://developers.facebook.com/docs/sharing/webmasters/crawler)"
74.7.241.30 - - [24/Dec/2025:21:08:24 +0800] "GET /pages.php?although/e45?pid=32706 HTTP/1.1" 200 146821 "-" "Mozilla/5.0 AppleWebKit/537.36 (KHTML, like Gecko; compatible; GPTBot/1.3; +https://openai.com/gptbot)"
74.7.241.30 - - [24/Dec/2025:21:08:24 +0800] "GET /pages.php?defense/t1?pid=5016 HTTP/1.1" 200 155876 "-" "Mozilla/5.0 AppleWebKit/537.36 (KHTML, like Gecko; compatible; GPTBot/1.3; +https://openai.com/gptbot)"
74.7.241.30 - - [24/Dec/2025:21:08:26 +0800] "GET /pages.php?knife/n1?pid=1798 HTTP/1.1" 200 152351 "-" "Mozilla/5.0 AppleWebKit/537.36 (KHTML, like Gecko; compatible; GPTBot/1.3; +https://openai.com/gptbot)"
74.7.241.30 - - [24/Dec/2025:21:08:27 +0800] "GET /pages.php?prior/d1?pid=7842 HTTP/1.1" 200 161838 "-" "Mozilla/5.0 AppleWebKit/537.36 (KHTML, like Gecko; compatible; GPTBot/1.3; +https://openai.com/gptbot)"
66.249.74.169 - - [24/Dec/2025:21:08:28 +0800] "GET /?products/22723407 HTTP/1.1" 200 153076 "-" "Mozilla/5.0 (compatible; Googlebot/2.1; +http://www.google.com/bot.html)"
74.7.241.30 - - [24/Dec/2025:21:08:27 +0800] "GET /pages.php?weave/o16?pid=9499 HTTP/1.1" 200 144132 "-" "Mozilla/5.0 AppleWebKit/537.36 (KHTML, like Gecko; compatible; GPTBot/1.3; +https://openai.com/gptbot)"
74.7.241.30 - - [24/Dec/2025:21:08:28 +0800] "GET /pages.php?sales/d1?pid=2868 HTTP/1.1" 200 151957 "-" "Mozilla/5.0 AppleWebKit/537.36 (KHTML, like Gecko; compatible; GPTBot/1.3; +https://openai.com/gptbot)"
66.249.74.160 - - [24/Dec/2025:21:08:29 +0800] "GET /?products/6794652 HTTP/1.1" 200 177263 "-" "Mozilla/5.0 (Linux; Android 6.0.1; Nexus 5X Build/MMB29P) AppleWebKit/537.36 (KHTML, like Gecko) Chrome/141.0.7390.122 Mobile Safari/537.36 (compatible; GoogleOther)"
74.7.241.30 - - [24/Dec/2025:21:08:29 +0800] "GET /pages.php?train/k1?pid=6816 HTTP/1.1" 200 155878 "-" "Mozilla/5.0 AppleWebKit/537.36 (KHTML, like Gecko; compatible; GPTBot/1.3; +https://openai.com/gptbot)"
74.7.241.30 - - [24/Dec/2025:21:08:30 +0800] "GET /pages.php?react/i1?pid=4996 HTTP/1.1" 200 151930 "-" "Mozilla/5.0 AppleWebKit/537.36 (KHTML, like Gecko; compatible; GPTBot/1.3; +https://openai.com/gptbot)"
74.7.241.30 - - [24/Dec/2025:21:08:31 +0800] "GET /pages.php?elegant/q188?pid=25773 HTTP/1.1" 200 168335 "-" "Mozilla/5.0 AppleWebKit/537.36 (KHTML, like Gecko; compatible; GPTBot/1.3; +https://openai.com/gptbot)"
74.7.241.30 - - [24/Dec/2025:21:08:32 +0800] "GET /pages.php?component/e48?pid=9499 HTTP/1.1" 200 143230 "-" "Mozilla/5.0 AppleWebKit/537.36 (KHTML, like Gecko; compatible; GPTBot/1.3; +https://openai.com/gptbot)"
74.7.241.30 - - [24/Dec/2025:21:08:33 +0800] "GET /pages.php?collaboration/e45?pid=32706 HTTP/1.1" 200 147264 "-" "Mozilla/5.0 AppleWebKit/537.36 (KHTML, like Gecko; compatible; GPTBot/1.3; +https://openai.com/gptbot)"
66.249.74.169 - - [24/Dec/2025:21:08:33 +0800] "GET /?products/15516107 HTTP/1.1" 200 153790 "-" "Mozilla/5.0 (Linux; Android 6.0.1; Nexus 5X Build/MMB29P) AppleWebKit/537.36 (KHTML, like Gecko) Chrome/141.0.7390.122 Mobile Safari/537.36 (compatible; GoogleOther)"
66.249.74.169 - - [24/Dec/2025:21:08:34 +0800] "GET /?products/27943618 HTTP/1.1" 200 151105 "-" "Mozilla/5.0 (Linux; Android 6.0.1; Nexus 5X Build/MMB29P) AppleWebKit/537.36 (KHTML, like Gecko) Chrome/141.0.7390.122 Mobile Safari/537.36 (compatible; Googlebot/2.1; +http://www.google.com/bot.html)"
74.7.241.30 - - [24/Dec/2025:21:08:34 +0800] "GET /pages.php?thirty/t1?pid=5016 HTTP/1.1" 200 155715 "-" "Mozilla/5.0 AppleWebKit/537.36 (KHTML, like Gecko; compatible; GPTBot/1.3; +https://openai.com/gptbot)"
74.7.241.30 - - [24/Dec/2025:21:08:35 +0800] "GET /pages.php?emerge/q1?pid=1862 HTTP/1.1" 200 151635 "-" "Mozilla/5.0 AppleWebKit/537.36 (KHTML, like Gecko; compatible; GPTBot/1.3; +https://openai.com/gptbot)"
74.7.241.30 - - [24/Dec/2025:21:08:35 +0800] "GET /pages.php?clock/p1?pid=7794 HTTP/1.1" 200 161137 "-" "Mozilla/5.0 AppleWebKit/537.36 (KHTML, like Gecko; compatible; GPTBot/1.3; +https://openai.com/gptbot)"
66.249.74.169 - - [24/Dec/2025:21:08:36 +0800] "GET /?products/21838630 HTTP/1.1" 200 191634 "-" "Mozilla/5.0 (Linux; Android 6.0.1; Nexus 5X Build/MMB29P) AppleWebKit/537.36 (KHTML, like Gecko) Chrome/141.0.7390.122 Mobile Safari/537.36 (compatible; Googlebot/2.1; +http://www.google.com/bot.html)"
74.7.241.30 - - [24/Dec/2025:21:08:36 +0800] "GET /pages.php?knife/s272?pid=21 HTTP/1.1" 200 163357 "-" "Mozilla/5.0 AppleWebKit/537.36 (KHTML, like Gecko; compatible; GPTBot/1.3; +https://openai.com/gptbot)"
74.7.241.30 - - [24/Dec/2025:21:08:37 +0800] "GET /pages.php?regular/d1?pid=2868 HTTP/1.1" 200 151697 "-" "Mozilla/5.0 AppleWebKit/537.36 (KHTML, like Gecko; compatible; GPTBot/1.3; +https://openai.com/gptbot)"
74.7.241.30 - - [24/Dec/2025:21:08:38 +0800] "GET /pages.php?teacher/h1?pid=2866 HTTP/1.1" 200 151913 "-" "Mozilla/5.0 AppleWebKit/537.36 (KHTML, like Gecko; compatible; GPTBot/1.3; +https://openai.com/gptbot)"
74.7.241.30 - - [24/Dec/2025:21:08:38 +0800] "GET /pages.php?highly/e1?pid=4970 HTTP/1.1" 200 152175 "-" "Mozilla/5.0 AppleWebKit/537.36 (KHTML, like Gecko; compatible; GPTBot/1.3; +https://openai.com/gptbot)"
74.7.241.30 - - [24/Dec/2025:21:08:39 +0800] "GET /pages.php?group/v1?pid=1894 HTTP/1.1" 200 162626 "-" "Mozilla/5.0 AppleWebKit/537.36 (KHTML, like Gecko; compatible; GPTBot/1.3; +https://openai.com/gptbot)"
74.7.241.30 - - [24/Dec/2025:21:08:40 +0800] "GET /pages.php?guard/o1?pid=4034 HTTP/1.1" 200 153317 "-" "Mozilla/5.0 AppleWebKit/537.36 (KHTML, like Gecko; compatible; GPTBot/1.3; +https://openai.com/gptbot)"
74.7.241.30 - - [24/Dec/2025:21:08:41 +0800] "GET /pages.php?inner/b1?pid=1714 HTTP/1.1" 200 154338 "-" "Mozilla/5.0 AppleWebKit/537.36 (KHTML, like Gecko; compatible; GPTBot/1.3; +https://openai.com/gptbot)"
74.7.241.30 - - [24/Dec/2025:21:08:42 +0800] "GET /pages.php?politician/o1?pid=5424 HTTP/1.1" 200 156635 "-" "Mozilla/5.0 AppleWebKit/537.36 (KHTML, like Gecko; compatible; GPTBot/1.3; +https://openai.com/gptbot)"
74.7.241.30 - - [24/Dec/2025:21:08:43 +0800] "GET /pages.php?cross/z1?pid=6764 HTTP/1.1" 200 152257 "-" "Mozilla/5.0 AppleWebKit/537.36 (KHTML, like Gecko; compatible; GPTBot/1.3; +https://openai.com/gptbot)"
74.7.241.30 - - [24/Dec/2025:21:08:44 +0800] "GET /pages.php?property/r88?pid=44579 HTTP/1.1" 200 157287 "-" "Mozilla/5.0 AppleWebKit/537.36 (KHTML, like Gecko; compatible; GPTBot/1.3; +https://openai.com/gptbot)"
74.7.241.30 - - [24/Dec/2025:21:08:45 +0800] "GET /pages.php?remaining/b69?pid=2398 HTTP/1.1" 200 140709 "-" "Mozilla/5.0 AppleWebKit/537.36 (KHTML, like Gecko; compatible; GPTBot/1.3; +https://openai.com/gptbot)"
74.7.241.30 - - [24/Dec/2025:21:08:46 +0800] "GET /pages.php?cease/c58?pid=3289 HTTP/1.1" 200 148339 "-" "Mozilla/5.0 AppleWebKit/537.36 (KHTML, like Gecko; compatible; GPTBot/1.3; +https://openai.com/gptbot)"
74.7.241.30 - - [24/Dec/2025:21:08:47 +0800] "GET /pages.php?aisle/g1?pid=2904 HTTP/1.1" 200 151388 "-" "Mozilla/5.0 AppleWebKit/537.36 (KHTML, like Gecko; compatible; GPTBot/1.3; +https://openai.com/gptbot)"
74.7.241.30 - - [24/Dec/2025:21:08:48 +0800] "GET /pages.php?sense/h204?pid=27 HTTP/1.1" 200 155524 "-" "Mozilla/5.0 AppleWebKit/537.36 (KHTML, like Gecko; compatible; GPTBot/1.3; +https://openai.com/gptbot)"
74.7.241.30 - - [24/Dec/2025:21:08:49 +0800] "GET /pages.php?regardless/r1?pid=5714 HTTP/1.1" 200 152973 "-" "Mozilla/5.0 AppleWebKit/537.36 (KHTML, like Gecko; compatible; GPTBot/1.3; +https://openai.com/gptbot)"
74.7.241.30 - - [24/Dec/2025:21:08:50 +0800] "GET /pages.php?settle/l1?pid=4102 HTTP/1.1" 200 154611 "-" "Mozilla/5.0 AppleWebKit/537.36 (KHTML, like Gecko; compatible; GPTBot/1.3; +https://openai.com/gptbot)"
74.7.241.30 - - [24/Dec/2025:21:08:51 +0800] "GET /pages.php?murder/o1?pid=4034 HTTP/1.1" 200 153724 "-" "Mozilla/5.0 AppleWebKit/537.36 (KHTML, like Gecko; compatible; GPTBot/1.3; +https://openai.com/gptbot)"
74.7.241.30 - - [24/Dec/2025:21:08:51 +0800] "GET /pages.php?studio/a1?pid=5772 HTTP/1.1" 200 154769 "-" "Mozilla/5.0 AppleWebKit/537.36 (KHTML, like Gecko; compatible; GPTBot/1.3; +https://openai.com/gptbot)"
74.7.241.30 - - [24/Dec/2025:21:08:52 +0800] "GET /pages.php?chamber/p1?pid=4794 HTTP/1.1" 200 169159 "-" "Mozilla/5.0 AppleWebKit/537.36 (KHTML, like Gecko; compatible; GPTBot/1.3; +https://openai.com/gptbot)"
66.249.74.169 - - [24/Dec/2025:21:08:53 +0800] "GET /?products/26664574 HTTP/1.1" 200 161176 "-" "Mozilla/5.0 (Linux; Android 6.0.1; Nexus 5X Build/MMB29P) AppleWebKit/537.36 (KHTML, like Gecko) Chrome/141.0.7390.122 Mobile Safari/537.36 (compatible; Googlebot/2.1; +http://www.google.com/bot.html)"
74.7.241.30 - - [24/Dec/2025:21:08:53 +0800] "GET /pages.php?enter/b1?pid=1714 HTTP/1.1" 200 153599 "-" "Mozilla/5.0 AppleWebKit/537.36 (KHTML, like Gecko; compatible; GPTBot/1.3; +https://openai.com/gptbot)"
74.7.241.30 - - [24/Dec/2025:21:08:54 +0800] "GET /pages.php?sail/b69?pid=2398 HTTP/1.1" 200 140749 "-" "Mozilla/5.0 AppleWebKit/537.36 (KHTML, like Gecko; compatible; GPTBot/1.3; +https://openai.com/gptbot)"
74.7.241.30 - - [24/Dec/2025:21:08:55 +0800] "GET /pages.php?quite/b1?pid=1308 HTTP/1.1" 200 171681 "-" "Mozilla/5.0 AppleWebKit/537.36 (KHTML, like Gecko; compatible; GPTBot/1.3; +https://openai.com/gptbot)"
74.7.241.30 - - [24/Dec/2025:21:08:55 +0800] "GET /pages.php?world/h1?pid=2866 HTTP/1.1" 200 152187 "-" "Mozilla/5.0 AppleWebKit/537.36 (KHTML, like Gecko; compatible; GPTBot/1.3; +https://openai.com/gptbot)"
74.7.241.30 - - [24/Dec/2025:21:08:56 +0800] "GET /pages.php?politically/h204?pid=27 HTTP/1.1" 200 155608 "-" "Mozilla/5.0 AppleWebKit/537.36 (KHTML, like Gecko; compatible; GPTBot/1.3; +https://openai.com/gptbot)"
74.7.241.30 - - [24/Dec/2025:21:08:57 +0800] "GET /pages.php?tribe/h204?pid=27 HTTP/1.1" 200 155100 "-" "Mozilla/5.0 AppleWebKit/537.36 (KHTML, like Gecko; compatible; GPTBot/1.3; +https://openai.com/gptbot)"
74.7.241.30 - - [24/Dec/2025:21:08:58 +0800] "GET /pages.php?media/g1?pid=1738 HTTP/1.1" 200 152023 "-" "Mozilla/5.0 AppleWebKit/537.36 (KHTML, like Gecko; compatible; GPTBot/1.3; +https://openai.com/gptbot)"
74.7.241.30 - - [24/Dec/2025:21:08:59 +0800] "GET /pages.php?succeed/l1?pid=4004 HTTP/1.1" 200 153732 "-" "Mozilla/5.0 AppleWebKit/537.36 (KHTML, like Gecko; compatible; GPTBot/1.3; +https://openai.com/gptbot)"
74.7.241.30 - - [24/Dec/2025:21:08:59 +0800] "GET /pages.php?ambassador/a1?pid=5772 HTTP/1.1" 200 154704 "-" "Mozilla/5.0 AppleWebKit/537.36 (KHTML, like Gecko; compatible; GPTBot/1.3; +https://openai.com/gptbot)"
74.7.241.30 - - [24/Dec/2025:21:09:00 +0800] "GET /pages.php?repair/p1?pid=4794 HTTP/1.1" 200 169124 "-" "Mozilla/5.0 AppleWebKit/537.36 (KHTML, like Gecko; compatible; GPTBot/1.3; +https://openai.com/gptbot)"
74.7.241.30 - - [24/Dec/2025:21:09:01 +0800] "GET /pages.php?offering/s93?pid=32394 HTTP/1.1" 200 149436 "-" "Mozilla/5.0 AppleWebKit/537.36 (KHTML, like Gecko; compatible; GPTBot/1.3; +https://openai.com/gptbot)"
57.141.6.5 - - [24/Dec/2025:21:09:01 +0800] "GET /?products/12151429 HTTP/1.1" 200 - "-" "meta-externalagent/1.1 (+https://developers.facebook.com/docs/sharing/webmasters/crawler)"
74.7.241.30 - - [24/Dec/2025:21:09:02 +0800] "GET /pages.php?skilled/o1?pid=4992 HTTP/1.1" 200 156924 "-" "Mozilla/5.0 AppleWebKit/537.36 (KHTML, like Gecko; compatible; GPTBot/1.3; +https://openai.com/gptbot)"
74.7.241.30 - - [24/Dec/2025:21:09:03 +0800] "GET /pages.php?restore/s93?pid=32394 HTTP/1.1" 200 149721 "-" "Mozilla/5.0 AppleWebKit/537.36 (KHTML, like Gecko; compatible; GPTBot/1.3; +https://openai.com/gptbot)"
74.7.241.30 - - [24/Dec/2025:21:09:03 +0800] "GET /pages.php?perceive/b23?pid=33284 HTTP/1.1" 200 142607 "-" "Mozilla/5.0 AppleWebKit/537.36 (KHTML, like Gecko; compatible; GPTBot/1.3; +https://openai.com/gptbot)"
74.7.241.30 - - [24/Dec/2025:21:09:04 +0800] "GET /pages.php?water/s93?pid=32394 HTTP/1.1" 200 149539 "-" "Mozilla/5.0 AppleWebKit/537.36 (KHTML, like Gecko; compatible; GPTBot/1.3; +https://openai.com/gptbot)"
74.7.241.30 - - [24/Dec/2025:21:09:05 +0800] "GET /pages.php?exhibit/j1?pid=1624 HTTP/1.1" 200 153080 "-" "Mozilla/5.0 AppleWebKit/537.36 (KHTML, like Gecko; compatible; GPTBot/1.3; +https://openai.com/gptbot)"
74.7.241.30 - - [24/Dec/2025:21:09:06 +0800] "GET /pages.php?journalism/o1?pid=4034 HTTP/1.1" 200 152961 "-" "Mozilla/5.0 AppleWebKit/537.36 (KHTML, like Gecko; compatible; GPTBot/1.3; +https://openai.com/gptbot)"
66.249.74.161 - - [24/Dec/2025:21:09:06 +0800] "GET /?m=414980724 HTTP/1.1" 200 164056 "-" "Mozilla/5.0 (Linux; Android 6.0.1; Nexus 5X Build/MMB29P) AppleWebKit/537.36 (KHTML, like Gecko) Chrome/141.0.7390.122 Mobile Safari/537.36 (compatible; Googlebot/2.1; +http://www.google.com/bot.html)"
74.7.241.30 - - [24/Dec/2025:21:09:06 +0800] "GET /pages.php?draft/x1?pid=2902 HTTP/1.1" 200 152254 "-" "Mozilla/5.0 AppleWebKit/537.36 (KHTML, like Gecko; compatible; GPTBot/1.3; +https://openai.com/gptbot)"
74.7.241.30 - - [24/Dec/2025:21:09:07 +0800] "GET /pages.php?gentleman/l1?pid=1820 HTTP/1.1" 200 151966 "-" "Mozilla/5.0 AppleWebKit/537.36 (KHTML, like Gecko; compatible; GPTBot/1.3; +https://openai.com/gptbot)"
74.7.241.30 - - [24/Dec/2025:21:09:08 +0800] "GET /pages.php?task/f266?pid=6121 HTTP/1.1" 200 143320 "-" "Mozilla/5.0 AppleWebKit/537.36 (KHTML, like Gecko; compatible; GPTBot/1.3; +https://openai.com/gptbot)"
74.7.241.30 - - [24/Dec/2025:21:09:09 +0800] "GET /pages.php?cease/d1?pid=4002 HTTP/1.1" 200 154112 "-" "Mozilla/5.0 AppleWebKit/537.36 (KHTML, like Gecko; compatible; GPTBot/1.3; +https://openai.com/gptbot)"
66.249.74.160 - - [24/Dec/2025:21:09:09 +0800] "GET /?products/17368907 HTTP/1.1" 200 187575 "-" "Mozilla/5.0 (Linux; Android 6.0.1; Nexus 5X Build/MMB29P) AppleWebKit/537.36 (KHTML, like Gecko) Chrome/141.0.7390.122 Mobile Safari/537.36 (compatible; Googlebot/2.1; +http://www.google.com/bot.html)"
74.7.241.30 - - [24/Dec/2025:21:09:09 +0800] "GET /pages.php?ancient/s1?pid=2170 HTTP/1.1" 200 154265 "-" "Mozilla/5.0 AppleWebKit/537.36 (KHTML, like Gecko; compatible; GPTBot/1.3; +https://openai.com/gptbot)"
74.7.241.30 - - [24/Dec/2025:21:09:10 +0800] "GET /pages.php?restore/s93?pid=32394 HTTP/1.1" 200 149631 "-" "Mozilla/5.0 AppleWebKit/537.36 (KHTML, like Gecko; compatible; GPTBot/1.3; +https://openai.com/gptbot)"
74.7.241.30 - - [24/Dec/2025:21:09:11 +0800] "GET /pages.php?opposite/z29?pid=2202 HTTP/1.1" 200 142297 "-" "Mozilla/5.0 AppleWebKit/537.36 (KHTML, like Gecko; compatible; GPTBot/1.3; +https://openai.com/gptbot)"
74.7.241.30 - - [24/Dec/2025:21:09:12 +0800] "GET /pages.php?6083881 HTTP/1.1" 200 148554 "-" "Mozilla/5.0 AppleWebKit/537.36 (KHTML, like Gecko; compatible; GPTBot/1.3; +https://openai.com/gptbot)"
74.7.241.30 - - [24/Dec/2025:21:09:12 +0800] "GET /pages.php?lesson/j1?pid=1624 HTTP/1.1" 200 153467 "-" "Mozilla/5.0 AppleWebKit/537.36 (KHTML, like Gecko; compatible; GPTBot/1.3; +https://openai.com/gptbot)"
74.7.241.30 - - [24/Dec/2025:21:09:13 +0800] "GET /pages.php?cruise/o1?pid=4034 HTTP/1.1" 200 152947 "-" "Mozilla/5.0 AppleWebKit/537.36 (KHTML, like Gecko; compatible; GPTBot/1.3; +https://openai.com/gptbot)"
74.7.241.30 - - [24/Dec/2025:21:09:14 +0800] "GET /pages.php?reverse/s93?pid=32394 HTTP/1.1" 200 149812 "-" "Mozilla/5.0 AppleWebKit/537.36 (KHTML, like Gecko; compatible; GPTBot/1.3; +https://openai.com/gptbot)"
74.7.241.30 - - [24/Dec/2025:21:09:15 +0800] "GET /pages.php?endorse/x1?pid=2902 HTTP/1.1" 200 152785 "-" "Mozilla/5.0 AppleWebKit/537.36 (KHTML, like Gecko; compatible; GPTBot/1.3; +https://openai.com/gptbot)"
74.7.241.30 - - [24/Dec/2025:21:09:16 +0800] "GET /pages.php?self-esteem/p1?pid=4794 HTTP/1.1" 200 168702 "-" "Mozilla/5.0 AppleWebKit/537.36 (KHTML, like Gecko; compatible; GPTBot/1.3; +https://openai.com/gptbot)"
74.7.241.30 - - [24/Dec/2025:21:09:18 +0800] "GET /pages.php?trauma/u1?pid=4016 HTTP/1.1" 200 152776 "-" "Mozilla/5.0 AppleWebKit/537.36 (KHTML, like Gecko; compatible; GPTBot/1.3; +https://openai.com/gptbot)"
74.7.241.30 - - [24/Dec/2025:21:09:19 +0800] "GET /pages.php?globe/l2?pid=11007 HTTP/1.1" 200 152689 "-" "Mozilla/5.0 AppleWebKit/537.36 (KHTML, like Gecko; compatible; GPTBot/1.3; +https://openai.com/gptbot)"
74.7.241.30 - - [24/Dec/2025:21:09:20 +0800] "GET /pages.php?confusion/r62?pid=31089 HTTP/1.1" 200 147148 "-" "Mozilla/5.0 AppleWebKit/537.36 (KHTML, like Gecko; compatible; GPTBot/1.3; +https://openai.com/gptbot)"
74.7.241.30 - - [24/Dec/2025:21:09:21 +0800] "GET /pages.php?expertise/s93?pid=32394 HTTP/1.1" 200 150160 "-" "Mozilla/5.0 AppleWebKit/537.36 (KHTML, like Gecko; compatible; GPTBot/1.3; +https://openai.com/gptbot)"
57.141.6.27 - - [24/Dec/2025:21:09:22 +0800] "GET /?products/5561263 HTTP/1.1" 200 - "-" "meta-externalagent/1.1 (+https://developers.facebook.com/docs/sharing/webmasters/crawler)"
74.7.241.30 - - [24/Dec/2025:21:09:22 +0800] "GET /pages.php?charter/a1?pid=4018 HTTP/1.1" 200 152936 "-" "Mozilla/5.0 AppleWebKit/537.36 (KHTML, like Gecko; compatible; GPTBot/1.3; +https://openai.com/gptbot)"
74.7.241.30 - - [24/Dec/2025:21:09:23 +0800] "GET /pages.php?sacred/p1?pid=1488 HTTP/1.1" 200 153456 "-" "Mozilla/5.0 AppleWebKit/537.36 (KHTML, like Gecko; compatible; GPTBot/1.3; +https://openai.com/gptbot)"
74.7.241.30 - - [24/Dec/2025:21:09:24 +0800] "GET /pages.php?temperature/o1?pid=4034 HTTP/1.1" 200 152706 "-" "Mozilla/5.0 AppleWebKit/537.36 (KHTML, like Gecko; compatible; GPTBot/1.3; +https://openai.com/gptbot)"
74.7.241.30 - - [24/Dec/2025:21:09:25 +0800] "GET /pages.php?cite/j53?pid=9036 HTTP/1.1" 200 146588 "-" "Mozilla/5.0 AppleWebKit/537.36 (KHTML, like Gecko; compatible; GPTBot/1.3; +https://openai.com/gptbot)"
66.249.74.160 - - [24/Dec/2025:21:09:26 +0800] "GET /?products/21263252 HTTP/1.1" 200 149812 "-" "Mozilla/5.0 (Linux; Android 6.0.1; Nexus 5X Build/MMB29P) AppleWebKit/537.36 (KHTML, like Gecko) Chrome/141.0.7390.122 Mobile Safari/537.36 (compatible; Googlebot/2.1; +http://www.google.com/bot.html)"
66.249.74.160 - - [24/Dec/2025:21:09:26 +0800] "GET /?products/12050996 HTTP/1.1" 200 165876 "-" "Mozilla/5.0 (Linux; Android 6.0.1; Nexus 5X Build/MMB29P) AppleWebKit/537.36 (KHTML, like Gecko) Chrome/141.0.7390.122 Mobile Safari/537.36 (compatible; Googlebot/2.1; +http://www.google.com/bot.html)"
74.7.241.30 - - [24/Dec/2025:21:09:26 +0800] "GET /pages.php?imagine/d1?pid=2868 HTTP/1.1" 200 151616 "-" "Mozilla/5.0 AppleWebKit/537.36 (KHTML, like Gecko; compatible; GPTBot/1.3; +https://openai.com/gptbot)"
74.7.241.30 - - [24/Dec/2025:21:09:27 +0800] "GET /pages.php?news/o297?pid=12296 HTTP/1.1" 200 142677 "-" "Mozilla/5.0 AppleWebKit/537.36 (KHTML, like Gecko; compatible; GPTBot/1.3; +https://openai.com/gptbot)"
74.7.241.30 - - [24/Dec/2025:21:09:28 +0800] "GET /pages.php?trauma/u1?pid=1486 HTTP/1.1" 200 153024 "-" "Mozilla/5.0 AppleWebKit/537.36 (KHTML, like Gecko; compatible; GPTBot/1.3; +https://openai.com/gptbot)"
74.7.241.30 - - [24/Dec/2025:21:09:29 +0800] "GET /pages.php?manual/p1?pid=4794 HTTP/1.1" 200 169498 "-" "Mozilla/5.0 AppleWebKit/537.36 (KHTML, like Gecko; compatible; GPTBot/1.3; +https://openai.com/gptbot)"
74.7.241.30 - - [24/Dec/2025:21:09:31 +0800] "GET /pages.php?engineering/x1?pid=4046 HTTP/1.1" 200 152778 "-" "Mozilla/5.0 AppleWebKit/537.36 (KHTML, like Gecko; compatible; GPTBot/1.3; +https://openai.com/gptbot)"
74.7.241.30 - - [24/Dec/2025:21:09:32 +0800] "GET /pages.php?active/b226?pid=95 HTTP/1.1" 200 150306 "-" "Mozilla/5.0 AppleWebKit/537.36 (KHTML, like Gecko; compatible; GPTBot/1.3; +https://openai.com/gptbot)"
74.7.241.30 - - [24/Dec/2025:21:09:33 +0800] "GET /pages.php?prevent/n1?pid=1630 HTTP/1.1" 200 152934 "-" "Mozilla/5.0 AppleWebKit/537.36 (KHTML, like Gecko; compatible; GPTBot/1.3; +https://openai.com/gptbot)"
74.7.241.30 - - [24/Dec/2025:21:09:33 +0800] "GET /pages.php?vitamin/m2?pid=6959 HTTP/1.1" 200 158689 "-" "Mozilla/5.0 AppleWebKit/537.36 (KHTML, like Gecko; compatible; GPTBot/1.3; +https://openai.com/gptbot)"
74.7.241.30 - - [24/Dec/2025:21:09:34 +0800] "GET /pages.php?bitter/o1?pid=4034 HTTP/1.1" 200 152844 "-" "Mozilla/5.0 AppleWebKit/537.36 (KHTML, like Gecko; compatible; GPTBot/1.3; +https://openai.com/gptbot)"
74.7.241.30 - - [24/Dec/2025:21:09:35 +0800] "GET /pages.php?classic/m1?pid=1640 HTTP/1.1" 200 152549 "-" "Mozilla/5.0 AppleWebKit/537.36 (KHTML, like Gecko; compatible; GPTBot/1.3; +https://openai.com/gptbot)"
74.7.241.30 - - [24/Dec/2025:21:09:36 +0800] "GET /pages.php?summary/b1?pid=1714 HTTP/1.1" 200 153869 "-" "Mozilla/5.0 AppleWebKit/537.36 (KHTML, like Gecko; compatible; GPTBot/1.3; +https://openai.com/gptbot)"
74.7.241.30 - - [24/Dec/2025:21:09:37 +0800] "GET /pages.php?tough/a58?pid=8933 HTTP/1.1" 200 156380 "-" "Mozilla/5.0 AppleWebKit/537.36 (KHTML, like Gecko; compatible; GPTBot/1.3; +https://openai.com/gptbot)"
74.7.241.30 - - [24/Dec/2025:21:09:38 +0800] "GET /pages.php?against/w1?pid=1706 HTTP/1.1" 200 152983 "-" "Mozilla/5.0 AppleWebKit/537.36 (KHTML, like Gecko; compatible; GPTBot/1.3; +https://openai.com/gptbot)"
74.7.241.30 - - [24/Dec/2025:21:09:39 +0800] "GET /pages.php?healthy/i246?pid=6373 HTTP/1.1" 200 143597 "-" "Mozilla/5.0 AppleWebKit/537.36 (KHTML, like Gecko; compatible; GPTBot/1.3; +https://openai.com/gptbot)"
74.7.241.30 - - [24/Dec/2025:21:09:40 +0800] "GET /pages.php?nomination/s1?pid=4808 HTTP/1.1" 200 172029 "-" "Mozilla/5.0 AppleWebKit/537.36 (KHTML, like Gecko; compatible; GPTBot/1.3; +https://openai.com/gptbot)"
74.7.241.30 - - [24/Dec/2025:21:09:41 +0800] "GET /pages.php?satellite/e42?pid=36967 HTTP/1.1" 200 144727 "-" "Mozilla/5.0 AppleWebKit/537.36 (KHTML, like Gecko; compatible; GPTBot/1.3; +https://openai.com/gptbot)"
66.249.74.169 - - [24/Dec/2025:21:09:42 +0800] "GET /?products/20469885 HTTP/1.1" 200 158943 "-" "Mozilla/5.0 (Linux; Android 6.0.1; Nexus 5X Build/MMB29P) AppleWebKit/537.36 (KHTML, like Gecko) Chrome/141.0.7390.122 Mobile Safari/537.36 (compatible; Googlebot/2.1; +http://www.google.com/bot.html)"
74.7.241.30 - - [24/Dec/2025:21:09:42 +0800] "GET /pages.php?will/z6?pid=22547 HTTP/1.1" 200 142874 "-" "Mozilla/5.0 AppleWebKit/537.36 (KHTML, like Gecko; compatible; GPTBot/1.3; +https://openai.com/gptbot)"
74.7.241.30 - - [24/Dec/2025:21:09:43 +0800] "GET /pages.php?execute/s1?pid=2170 HTTP/1.1" 200 155432 "-" "Mozilla/5.0 AppleWebKit/537.36 (KHTML, like Gecko; compatible; GPTBot/1.3; +https://openai.com/gptbot)"
74.7.241.30 - - [24/Dec/2025:21:09:44 +0800] "GET /pages.php?telescope/h61?pid=36936 HTTP/1.1" 200 142591 "-" "Mozilla/5.0 AppleWebKit/537.36 (KHTML, like Gecko; compatible; GPTBot/1.3; +https://openai.com/gptbot)"
74.7.241.30 - - [24/Dec/2025:21:09:44 +0800] "GET /pages.php?public/w1?pid=1706 HTTP/1.1" 200 152963 "-" "Mozilla/5.0 AppleWebKit/537.36 (KHTML, like Gecko; compatible; GPTBot/1.3; +https://openai.com/gptbot)"
74.7.241.30 - - [24/Dec/2025:21:09:45 +0800] "GET /pages.php?exclusive/a1?pid=1712 HTTP/1.1" 200 154019 "-" "Mozilla/5.0 AppleWebKit/537.36 (KHTML, like Gecko; compatible; GPTBot/1.3; +https://openai.com/gptbot)"
74.7.241.30 - - [24/Dec/2025:21:09:46 +0800] "GET /pages.php?silent/b1?pid=1714 HTTP/1.1" 200 152942 "-" "Mozilla/5.0 AppleWebKit/537.36 (KHTML, like Gecko; compatible; GPTBot/1.3; +https://openai.com/gptbot)"
74.7.241.30 - - [24/Dec/2025:21:09:47 +0800] "GET /pages.php?length/i1?pid=1644 HTTP/1.1" 200 152749 "-" "Mozilla/5.0 AppleWebKit/537.36 (KHTML, like Gecko; compatible; GPTBot/1.3; +https://openai.com/gptbot)"
74.7.241.30 - - [24/Dec/2025:21:09:49 +0800] "GET /pages.php?guilt/a58?pid=8933 HTTP/1.1" 200 156900 "-" "Mozilla/5.0 AppleWebKit/537.36 (KHTML, like Gecko; compatible; GPTBot/1.3; +https://openai.com/gptbot)"
57.141.6.27 - - [24/Dec/2025:21:09:50 +0800] "GET /?products/25882852 HTTP/1.1" 200 - "-" "meta-externalagent/1.1 (+https://developers.facebook.com/docs/sharing/webmasters/crawler)"
74.7.241.30 - - [24/Dec/2025:21:09:49 +0800] "GET /pages.php?highway/w1?pid=4774 HTTP/1.1" 200 171144 "-" "Mozilla/5.0 AppleWebKit/537.36 (KHTML, like Gecko; compatible; GPTBot/1.3; +https://openai.com/gptbot)"
74.7.241.30 - - [24/Dec/2025:21:09:50 +0800] "GET /pages.php?deserve/a1?pid=4804 HTTP/1.1" 200 171350 "-" "Mozilla/5.0 AppleWebKit/537.36 (KHTML, like Gecko; compatible; GPTBot/1.3; +https://openai.com/gptbot)"
74.7.241.30 - - [24/Dec/2025:21:09:51 +0800] "GET /pages.php?8362661 HTTP/1.1" 200 140731 "-" "Mozilla/5.0 AppleWebKit/537.36 (KHTML, like Gecko; compatible; GPTBot/1.3; +https://openai.com/gptbot)"
74.7.241.30 - - [24/Dec/2025:21:09:52 +0800] "GET /pages.php?modest/c1?pid=2544 HTTP/1.1" 200 158603 "-" "Mozilla/5.0 AppleWebKit/537.36 (KHTML, like Gecko; compatible; GPTBot/1.3; +https://openai.com/gptbot)"
74.7.241.30 - - [24/Dec/2025:21:09:53 +0800] "GET /pages.php?change/s1?pid=2170 HTTP/1.1" 200 155905 "-" "Mozilla/5.0 AppleWebKit/537.36 (KHTML, like Gecko; compatible; GPTBot/1.3; +https://openai.com/gptbot)"
74.7.241.30 - - [24/Dec/2025:21:09:54 +0800] "GET /pages.php?testify/s87?pid=14880 HTTP/1.1" 200 153840 "-" "Mozilla/5.0 AppleWebKit/537.36 (KHTML, like Gecko; compatible; GPTBot/1.3; +https://openai.com/gptbot)"
74.7.241.30 - - [24/Dec/2025:21:09:55 +0800] "GET /pages.php?essential/r1?pid=4822 HTTP/1.1" 200 171759 "-" "Mozilla/5.0 AppleWebKit/537.36 (KHTML, like Gecko; compatible; GPTBot/1.3; +https://openai.com/gptbot)"
74.7.241.30 - - [24/Dec/2025:21:09:56 +0800] "GET /pages.php?church/i1?pid=1644 HTTP/1.1" 200 153496 "-" "Mozilla/5.0 AppleWebKit/537.36 (KHTML, like Gecko; compatible; GPTBot/1.3; +https://openai.com/gptbot)"
74.7.241.30 - - [24/Dec/2025:21:09:57 +0800] "GET /pages.php?discover/o43?pid=16616 HTTP/1.1" 200 142853 "-" "Mozilla/5.0 AppleWebKit/537.36 (KHTML, like Gecko; compatible; GPTBot/1.3; +https://openai.com/gptbot)"
74.7.241.30 - - [24/Dec/2025:21:09:58 +0800] "GET /pages.php?trial/d28?pid=7021 HTTP/1.1" 200 142569 "-" "Mozilla/5.0 AppleWebKit/537.36 (KHTML, like Gecko; compatible; GPTBot/1.3; +https://openai.com/gptbot)"
66.249.74.169 - - [24/Dec/2025:21:09:58 +0800] "GET /?products/24015907 HTTP/1.1" 200 150776 "-" "Mozilla/5.0 (Linux; Android 6.0.1; Nexus 5X Build/MMB29P) AppleWebKit/537.36 (KHTML, like Gecko) Chrome/141.0.7390.122 Mobile Safari/537.36 (compatible; Googlebot/2.1; +http://www.google.com/bot.html)"
74.7.241.30 - - [24/Dec/2025:21:09:59 +0800] "GET /pages.php?component/x1?pid=1720 HTTP/1.1" 200 153301 "-" "Mozilla/5.0 AppleWebKit/537.36 (KHTML, like Gecko; compatible; GPTBot/1.3; +https://openai.com/gptbot)"
74.7.241.30 - - [24/Dec/2025:21:09:59 +0800] "GET /pages.php?likelihood/y1?pid=1490 HTTP/1.1" 200 153740 "-" "Mozilla/5.0 AppleWebKit/537.36 (KHTML, like Gecko; compatible; GPTBot/1.3; +https://openai.com/gptbot)"
74.7.241.30 - - [24/Dec/2025:21:10:00 +0800] "GET /pages.php?adviser/b1?pid=1714 HTTP/1.1" 200 153666 "-" "Mozilla/5.0 AppleWebKit/537.36 (KHTML, like Gecko; compatible; GPTBot/1.3; +https://openai.com/gptbot)"
66.249.74.169 - - [24/Dec/2025:21:10:01 +0800] "GET /?products/22859696 HTTP/1.1" 200 150766 "-" "Mozilla/5.0 (Linux; Android 6.0.1; Nexus 5X Build/MMB29P) AppleWebKit/537.36 (KHTML, like Gecko) Chrome/141.0.7390.122 Mobile Safari/537.36 (compatible; GoogleOther)"
66.249.74.169 - - [24/Dec/2025:21:10:01 +0800] "GET /?products/18734463 HTTP/1.1" 200 144043 "-" "Mozilla/5.0 (Linux; Android 6.0.1; Nexus 5X Build/MMB29P) AppleWebKit/537.36 (KHTML, like Gecko) Chrome/141.0.7390.122 Mobile Safari/537.36 (compatible; GoogleOther)"
66.249.74.169 - - [24/Dec/2025:21:10:01 +0800] "GET /?products/6770718 HTTP/1.1" 200 179185 "-" "Mozilla/5.0 (Linux; Android 6.0.1; Nexus 5X Build/MMB29P) AppleWebKit/537.36 (KHTML, like Gecko) Chrome/141.0.7390.122 Mobile Safari/537.36 (compatible; GoogleOther)"
74.7.241.30 - - [24/Dec/2025:21:10:01 +0800] "GET /pages.php?traffic/x1?pid=1512 HTTP/1.1" 200 154603 "-" "Mozilla/5.0 AppleWebKit/537.36 (KHTML, like Gecko; compatible; GPTBot/1.3; +https://openai.com/gptbot)"
66.249.74.169 - - [24/Dec/2025:21:10:01 +0800] "GET /?m=288566824 HTTP/1.1" 200 148751 "-" "Mozilla/5.0 (compatible; Googlebot/2.1; +http://www.google.com/bot.html)"
66.249.74.169 - - [24/Dec/2025:21:10:02 +0800] "GET /?products/17326063 HTTP/1.1" 200 159511 "-" "Mozilla/5.0 (Linux; Android 6.0.1; Nexus 5X Build/MMB29P) AppleWebKit/537.36 (KHTML, like Gecko) Chrome/141.0.7390.122 Mobile Safari/537.36 (compatible; GoogleOther)"
74.7.241.30 - - [24/Dec/2025:21:10:02 +0800] "GET /pages.php?significant/s1?pid=4808 HTTP/1.1" 200 171482 "-" "Mozilla/5.0 AppleWebKit/537.36 (KHTML, like Gecko; compatible; GPTBot/1.3; +https://openai.com/gptbot)"
74.7.241.30 - - [24/Dec/2025:21:10:03 +0800] "GET /pages.php?sequence/s87?pid=14880 HTTP/1.1" 200 153267 "-" "Mozilla/5.0 AppleWebKit/537.36 (KHTML, like Gecko; compatible; GPTBot/1.3; +https://openai.com/gptbot)"
74.7.241.30 - - [24/Dec/2025:21:10:04 +0800] "GET /pages.php?entity/r1?pid=4822 HTTP/1.1" 200 171157 "-" "Mozilla/5.0 AppleWebKit/537.36 (KHTML, like Gecko; compatible; GPTBot/1.3; +https://openai.com/gptbot)"
74.7.241.30 - - [24/Dec/2025:21:10:05 +0800] "GET /pages.php?supposed/c45?pid=27850 HTTP/1.1" 200 143441 "-" "Mozilla/5.0 AppleWebKit/537.36 (KHTML, like Gecko; compatible; GPTBot/1.3; +https://openai.com/gptbot)"
74.7.241.30 - - [24/Dec/2025:21:10:05 +0800] "GET /pages.php?seventh/s1?pid=4808 HTTP/1.1" 200 171013 "-" "Mozilla/5.0 AppleWebKit/537.36 (KHTML, like Gecko; compatible; GPTBot/1.3; +https://openai.com/gptbot)"
74.7.241.30 - - [24/Dec/2025:21:10:06 +0800] "GET /pages.php?issue/d28?pid=7021 HTTP/1.1" 200 142259 "-" "Mozilla/5.0 AppleWebKit/537.36 (KHTML, like Gecko; compatible; GPTBot/1.3; +https://openai.com/gptbot)"
74.7.241.30 - - [24/Dec/2025:21:10:07 +0800] "GET /pages.php?sibling/v1?pid=1668 HTTP/1.1" 200 153196 "-" "Mozilla/5.0 AppleWebKit/537.36 (KHTML, like Gecko; compatible; GPTBot/1.3; +https://openai.com/gptbot)"
74.7.241.30 - - [24/Dec/2025:21:10:08 +0800] "GET /pages.php?amount/a1?pid=4814 HTTP/1.1" 200 168812 "-" "Mozilla/5.0 AppleWebKit/537.36 (KHTML, like Gecko; compatible; GPTBot/1.3; +https://openai.com/gptbot)"
74.7.241.30 - - [24/Dec/2025:21:10:09 +0800] "GET /pages.php?scientist/s220?pid=9607 HTTP/1.1" 200 146211 "-" "Mozilla/5.0 AppleWebKit/537.36 (KHTML, like Gecko; compatible; GPTBot/1.3; +https://openai.com/gptbot)"
74.7.241.30 - - [24/Dec/2025:21:10:10 +0800] "GET /pages.php?suspect/w1?pid=4774 HTTP/1.1" 200 171051 "-" "Mozilla/5.0 AppleWebKit/537.36 (KHTML, like Gecko; compatible; GPTBot/1.3; +https://openai.com/gptbot)"
66.249.74.160 - - [24/Dec/2025:21:10:11 +0800] "GET /?products/27313563 HTTP/1.1" 200 145345 "-" "Mozilla/5.0 (Linux; Android 6.0.1; Nexus 5X Build/MMB29P) AppleWebKit/537.36 (KHTML, like Gecko) Chrome/141.0.7390.122 Mobile Safari/537.36 (compatible; GoogleOther)"
74.7.241.30 - - [24/Dec/2025:21:10:11 +0800] "GET /pages.php?deeply/f1?pid=866 HTTP/1.1" 200 166770 "-" "Mozilla/5.0 AppleWebKit/537.36 (KHTML, like Gecko; compatible; GPTBot/1.3; +https://openai.com/gptbot)"
74.7.241.30 - - [24/Dec/2025:21:10:12 +0800] "GET /pages.php?builder/d1?pid=1484 HTTP/1.1" 200 153919 "-" "Mozilla/5.0 AppleWebKit/537.36 (KHTML, like Gecko; compatible; GPTBot/1.3; +https://openai.com/gptbot)"
74.7.241.30 - - [24/Dec/2025:21:10:13 +0800] "GET /pages.php?dignity/r1?pid=4822 HTTP/1.1" 200 170309 "-" "Mozilla/5.0 AppleWebKit/537.36 (KHTML, like Gecko; compatible; GPTBot/1.3; +https://openai.com/gptbot)"
74.7.241.30 - - [24/Dec/2025:21:10:14 +0800] "GET /pages.php?preparation/c45?pid=27850 HTTP/1.1" 200 143347 "-" "Mozilla/5.0 AppleWebKit/537.36 (KHTML, like Gecko; compatible; GPTBot/1.3; +https://openai.com/gptbot)"
66.249.74.169 - - [24/Dec/2025:21:10:15 +0800] "GET /?products/18304307 HTTP/1.1" 200 157278 "-" "Mozilla/5.0 (Linux; Android 6.0.1; Nexus 5X Build/MMB29P) AppleWebKit/537.36 (KHTML, like Gecko) Chrome/141.0.7390.122 Mobile Safari/537.36 (compatible; Googlebot/2.1; +http://www.google.com/bot.html)"
66.249.74.169 - - [24/Dec/2025:21:10:15 +0800] "GET /?products/15222329 HTTP/1.1" 200 143388 "-" "Mozilla/5.0 (compatible; Googlebot/2.1; +http://www.google.com/bot.html)"
74.7.241.30 - - [24/Dec/2025:21:10:15 +0800] "GET /pages.php?worried/f1?pid=866 HTTP/1.1" 200 165532 "-" "Mozilla/5.0 AppleWebKit/537.36 (KHTML, like Gecko; compatible; GPTBot/1.3; +https://openai.com/gptbot)"
74.7.241.30 - - [24/Dec/2025:21:10:16 +0800] "GET /pages.php?climate/c1?pid=2544 HTTP/1.1" 200 158529 "-" "Mozilla/5.0 AppleWebKit/537.36 (KHTML, like Gecko; compatible; GPTBot/1.3; +https://openai.com/gptbot)"
74.7.241.30 - - [24/Dec/2025:21:10:17 +0800] "GET /pages.php?news/v1?pid=1668 HTTP/1.1" 200 152741 "-" "Mozilla/5.0 AppleWebKit/537.36 (KHTML, like Gecko; compatible; GPTBot/1.3; +https://openai.com/gptbot)"
74.7.241.30 - - [24/Dec/2025:21:10:19 +0800] "GET /pages.php?residence/y49?pid=40960 HTTP/1.1" 200 148909 "-" "Mozilla/5.0 AppleWebKit/537.36 (KHTML, like Gecko; compatible; GPTBot/1.3; +https://openai.com/gptbot)"
74.7.241.30 - - [24/Dec/2025:21:10:20 +0800] "GET /pages.php?7383758 HTTP/1.1" 200 149685 "-" "Mozilla/5.0 AppleWebKit/537.36 (KHTML, like Gecko; compatible; GPTBot/1.3; +https://openai.com/gptbot)"
74.7.241.30 - - [24/Dec/2025:21:10:21 +0800] "GET /pages.php?make/t218?pid=8925 HTTP/1.1" 200 141881 "-" "Mozilla/5.0 AppleWebKit/537.36 (KHTML, like Gecko; compatible; GPTBot/1.3; +https://openai.com/gptbot)"
74.7.241.30 - - [24/Dec/2025:21:10:22 +0800] "GET /pages.php?fantastic/m204?pid=39223 HTTP/1.1" 200 163511 "-" "Mozilla/5.0 AppleWebKit/537.36 (KHTML, like Gecko; compatible; GPTBot/1.3; +https://openai.com/gptbot)"
40.77.167.19 - - [24/Dec/2025:21:10:23 +0800] "GET /?m=333544024 HTTP/1.1" 200 145887 "-" "Mozilla/5.0 AppleWebKit/537.36 (KHTML, like Gecko; compatible; bingbot/2.0; +http://www.bing.com/bingbot.htm) Chrome/116.0.1938.76 Safari/537.36"
74.7.241.30 - - [24/Dec/2025:21:10:23 +0800] "GET /pages.php?throughout/a1?pid=4804 HTTP/1.1" 200 170021 "-" "Mozilla/5.0 AppleWebKit/537.36 (KHTML, like Gecko; compatible; GPTBot/1.3; +https://openai.com/gptbot)"
74.7.241.30 - - [24/Dec/2025:21:10:24 +0800] "GET /pages.php?request/u1?pid=1486 HTTP/1.1" 200 153390 "-" "Mozilla/5.0 AppleWebKit/537.36 (KHTML, like Gecko; compatible; GPTBot/1.3; +https://openai.com/gptbot)"
74.7.241.30 - - [24/Dec/2025:21:10:25 +0800] "GET /pages.php?interaction/f1?pid=5426 HTTP/1.1" 200 157662 "-" "Mozilla/5.0 AppleWebKit/537.36 (KHTML, like Gecko; compatible; GPTBot/1.3; +https://openai.com/gptbot)"
74.7.241.30 - - [24/Dec/2025:21:10:26 +0800] "GET /pages.php?chairman/f1?pid=866 HTTP/1.1" 200 165592 "-" "Mozilla/5.0 AppleWebKit/537.36 (KHTML, like Gecko; compatible; GPTBot/1.3; +https://openai.com/gptbot)"
74.7.241.30 - - [24/Dec/2025:21:10:27 +0800] "GET /pages.php?shell/z1?pid=4080 HTTP/1.1" 200 152599 "-" "Mozilla/5.0 AppleWebKit/537.36 (KHTML, like Gecko; compatible; GPTBot/1.3; +https://openai.com/gptbot)"
74.7.241.30 - - [24/Dec/2025:21:10:28 +0800] "GET /pages.php?shelter/n1?pid=1630 HTTP/1.1" 200 153050 "-" "Mozilla/5.0 AppleWebKit/537.36 (KHTML, like Gecko; compatible; GPTBot/1.3; +https://openai.com/gptbot)"
74.7.241.30 - - [24/Dec/2025:21:10:29 +0800] "GET /pages.php?fraud/x1?pid=1512 HTTP/1.1" 200 153530 "-" "Mozilla/5.0 AppleWebKit/537.36 (KHTML, like Gecko; compatible; GPTBot/1.3; +https://openai.com/gptbot)"
74.7.241.30 - - [24/Dec/2025:21:10:30 +0800] "GET /pages.php?grain/y1?pid=1490 HTTP/1.1" 200 153065 "-" "Mozilla/5.0 AppleWebKit/537.36 (KHTML, like Gecko; compatible; GPTBot/1.3; +https://openai.com/gptbot)"
66.249.74.169 - - [24/Dec/2025:21:10:31 +0800] "GET /?products/16655974 HTTP/1.1" 200 166923 "-" "Mozilla/5.0 (Linux; Android 6.0.1; Nexus 5X Build/MMB29P) AppleWebKit/537.36 (KHTML, like Gecko) Chrome/141.0.7390.122 Mobile Safari/537.36 (compatible; Googlebot/2.1; +http://www.google.com/bot.html)"
74.7.241.30 - - [24/Dec/2025:21:10:31 +0800] "GET /pages.php?dense/o1?pid=4048 HTTP/1.1" 200 152644 "-" "Mozilla/5.0 AppleWebKit/537.36 (KHTML, like Gecko; compatible; GPTBot/1.3; +https://openai.com/gptbot)"
74.7.241.30 - - [24/Dec/2025:21:10:32 +0800] "GET /pages.php?still/l1?pid=4102 HTTP/1.1" 200 153376 "-" "Mozilla/5.0 AppleWebKit/537.36 (KHTML, like Gecko; compatible; GPTBot/1.3; +https://openai.com/gptbot)"
74.7.241.30 - - [24/Dec/2025:21:10:33 +0800] "GET /pages.php?fitness/a1?pid=4804 HTTP/1.1" 200 170655 "-" "Mozilla/5.0 AppleWebKit/537.36 (KHTML, like Gecko; compatible; GPTBot/1.3; +https://openai.com/gptbot)"
74.7.241.30 - - [24/Dec/2025:21:10:33 +0800] "GET /pages.php?title/w1?pid=4774 HTTP/1.1" 200 170931 "-" "Mozilla/5.0 AppleWebKit/537.36 (KHTML, like Gecko; compatible; GPTBot/1.3; +https://openai.com/gptbot)"
66.249.74.169 - - [24/Dec/2025:21:10:34 +0800] "GET /?products/1972085 HTTP/1.1" 200 163388 "-" "Mozilla/5.0 (Linux; Android 6.0.1; Nexus 5X Build/MMB29P) AppleWebKit/537.36 (KHTML, like Gecko) Chrome/141.0.7390.122 Mobile Safari/537.36 (compatible; GoogleOther)"
74.7.241.30 - - [24/Dec/2025:21:10:34 +0800] "GET /pages.php?isolate/t1?pid=5458 HTTP/1.1" 200 155561 "-" "Mozilla/5.0 AppleWebKit/537.36 (KHTML, like Gecko; compatible; GPTBot/1.3; +https://openai.com/gptbot)"
66.249.74.169 - - [24/Dec/2025:21:10:35 +0800] "GET /?products/27616641 HTTP/1.1" 200 152775 "-" "Mozilla/5.0 (Linux; Android 6.0.1; Nexus 5X Build/MMB29P) AppleWebKit/537.36 (KHTML, like Gecko) Chrome/141.0.7390.122 Mobile Safari/537.36 (compatible; GoogleOther)"
74.7.241.30 - - [24/Dec/2025:21:10:35 +0800] "GET /pages.php?supposed/y123?pid=1864 HTTP/1.1" 200 145320 "-" "Mozilla/5.0 AppleWebKit/537.36 (KHTML, like Gecko; compatible; GPTBot/1.3; +https://openai.com/gptbot)"
74.7.241.30 - - [24/Dec/2025:21:10:36 +0800] "GET /pages.php?patent/o1?pid=4094 HTTP/1.1" 200 153538 "-" "Mozilla/5.0 AppleWebKit/537.36 (KHTML, like Gecko; compatible; GPTBot/1.3; +https://openai.com/gptbot)"
74.7.241.30 - - [24/Dec/2025:21:10:37 +0800] "GET /pages.php?comedy/z1?pid=1718 HTTP/1.1" 200 153666 "-" "Mozilla/5.0 AppleWebKit/537.36 (KHTML, like Gecko; compatible; GPTBot/1.3; +https://openai.com/gptbot)"
74.7.241.30 - - [24/Dec/2025:21:10:37 +0800] "GET /pages.php?impose/y1?pid=1490 HTTP/1.1" 200 153751 "-" "Mozilla/5.0 AppleWebKit/537.36 (KHTML, like Gecko; compatible; GPTBot/1.3; +https://openai.com/gptbot)"
74.7.241.30 - - [24/Dec/2025:21:10:38 +0800] "GET /pages.php?girlfriend/a1?pid=1712 HTTP/1.1" 200 152997 "-" "Mozilla/5.0 AppleWebKit/537.36 (KHTML, like Gecko; compatible; GPTBot/1.3; +https://openai.com/gptbot)"
74.7.241.30 - - [24/Dec/2025:21:10:39 +0800] "GET /pages.php?confession/b1?pid=1714 HTTP/1.1" 200 154077 "-" "Mozilla/5.0 AppleWebKit/537.36 (KHTML, like Gecko; compatible; GPTBot/1.3; +https://openai.com/gptbot)"
74.7.241.30 - - [24/Dec/2025:21:10:40 +0800] "GET /pages.php?suspicious/j1?pid=1624 HTTP/1.1" 200 153250 "-" "Mozilla/5.0 AppleWebKit/537.36 (KHTML, like Gecko; compatible; GPTBot/1.3; +https://openai.com/gptbot)"
74.7.241.30 - - [24/Dec/2025:21:10:41 +0800] "GET /pages.php?purpose/q54?pid=34835 HTTP/1.1" 200 150816 "-" "Mozilla/5.0 AppleWebKit/537.36 (KHTML, like Gecko; compatible; GPTBot/1.3; +https://openai.com/gptbot)"
74.7.241.30 - - [24/Dec/2025:21:10:41 +0800] "GET /pages.php?participate/b1?pid=1714 HTTP/1.1" 200 153787 "-" "Mozilla/5.0 AppleWebKit/537.36 (KHTML, like Gecko; compatible; GPTBot/1.3; +https://openai.com/gptbot)"
74.7.241.30 - - [24/Dec/2025:21:10:42 +0800] "GET /pages.php?enhance/e1?pid=4076 HTTP/1.1" 200 153043 "-" "Mozilla/5.0 AppleWebKit/537.36 (KHTML, like Gecko; compatible; GPTBot/1.3; +https://openai.com/gptbot)"
74.7.241.30 - - [24/Dec/2025:21:10:43 +0800] "GET /pages.php?alive/m209?pid=124 HTTP/1.1" 200 169757 "-" "Mozilla/5.0 AppleWebKit/537.36 (KHTML, like Gecko; compatible; GPTBot/1.3; +https://openai.com/gptbot)"
74.7.241.30 - - [24/Dec/2025:21:10:44 +0800] "GET /pages.php?existing/p135?pid=452 HTTP/1.1" 200 150366 "-" "Mozilla/5.0 AppleWebKit/537.36 (KHTML, like Gecko; compatible; GPTBot/1.3; +https://openai.com/gptbot)"
74.7.241.30 - - [24/Dec/2025:21:10:45 +0800] "GET /pages.php?exclusive/r241?pid=27478 HTTP/1.1" 200 142000 "-" "Mozilla/5.0 AppleWebKit/537.36 (KHTML, like Gecko; compatible; GPTBot/1.3; +https://openai.com/gptbot)"
74.7.241.30 - - [24/Dec/2025:21:10:46 +0800] "GET /pages.php?reporter/f1?pid=866 HTTP/1.1" 200 166024 "-" "Mozilla/5.0 AppleWebKit/537.36 (KHTML, like Gecko; compatible; GPTBot/1.3; +https://openai.com/gptbot)"
74.7.241.30 - - [24/Dec/2025:21:10:47 +0800] "GET /pages.php?describe/b47?pid=24812 HTTP/1.1" 200 142042 "-" "Mozilla/5.0 AppleWebKit/537.36 (KHTML, like Gecko; compatible; GPTBot/1.3; +https://openai.com/gptbot)"
66.249.74.169 - - [24/Dec/2025:21:10:48 +0800] "GET /?products/13127218 HTTP/1.1" 200 149163 "-" "Mozilla/5.0 (Linux; Android 6.0.1; Nexus 5X Build/MMB29P) AppleWebKit/537.36 (KHTML, like Gecko) Chrome/141.0.7390.122 Mobile Safari/537.36 (compatible; Googlebot/2.1; +http://www.google.com/bot.html)"
66.249.74.169 - - [24/Dec/2025:21:10:48 +0800] "GET /?products/25920763 HTTP/1.1" 200 156437 "-" "Mozilla/5.0 (Linux; Android 6.0.1; Nexus 5X Build/MMB29P) AppleWebKit/537.36 (KHTML, like Gecko) Chrome/141.0.7390.122 Mobile Safari/537.36 (compatible; GoogleOther)"
74.7.241.30 - - [24/Dec/2025:21:10:48 +0800] "GET /pages.php?president/e229?pid=5552 HTTP/1.1" 200 143348 "-" "Mozilla/5.0 AppleWebKit/537.36 (KHTML, like Gecko; compatible; GPTBot/1.3; +https://openai.com/gptbot)"
74.7.241.30 - - [24/Dec/2025:21:10:48 +0800] "GET /pages.php?counsel/p1?pid=1488 HTTP/1.1" 200 153636 "-" "Mozilla/5.0 AppleWebKit/537.36 (KHTML, like Gecko; compatible; GPTBot/1.3; +https://openai.com/gptbot)"
