74.7.241.30 - - [24/Dec/2025:21:02:06 +0800] "GET /pages.php?arrive/f1?pid=2740 HTTP/1.1" 200 151909 "-" "Mozilla/5.0 AppleWebKit/537.36 (KHTML, like Gecko; compatible; GPTBot/1.3; +https://openai.com/gptbot)"
57.141.6.13 - - [24/Dec/2025:21:02:07 +0800] "GET /?products/5292252 HTTP/1.1" 200 - "-" "meta-externalagent/1.1 (+https://developers.facebook.com/docs/sharing/webmasters/crawler)"
74.7.241.30 - - [24/Dec/2025:21:02:07 +0800] "GET /pages.php?people/a1?pid=2886 HTTP/1.1" 200 151576 "-" "Mozilla/5.0 AppleWebKit/537.36 (KHTML, like Gecko; compatible; GPTBot/1.3; +https://openai.com/gptbot)"
74.7.241.30 - - [24/Dec/2025:21:02:08 +0800] "GET /pages.php?deliver/e29?pid=26608 HTTP/1.1" 200 150336 "-" "Mozilla/5.0 AppleWebKit/537.36 (KHTML, like Gecko; compatible; GPTBot/1.3; +https://openai.com/gptbot)"
74.7.241.30 - - [24/Dec/2025:21:02:09 +0800] "GET /pages.php?suburb/z1?pid=2852 HTTP/1.1" 200 153103 "-" "Mozilla/5.0 AppleWebKit/537.36 (KHTML, like Gecko; compatible; GPTBot/1.3; +https://openai.com/gptbot)"
74.7.241.30 - - [24/Dec/2025:21:02:10 +0800] "GET /pages.php?citizenship/i50?pid=761 HTTP/1.1" 200 146823 "-" "Mozilla/5.0 AppleWebKit/537.36 (KHTML, like Gecko; compatible; GPTBot/1.3; +https://openai.com/gptbot)"
74.7.241.30 - - [24/Dec/2025:21:02:11 +0800] "GET /pages.php?politically/z1?pid=2888 HTTP/1.1" 200 152244 "-" "Mozilla/5.0 AppleWebKit/537.36 (KHTML, like Gecko; compatible; GPTBot/1.3; +https://openai.com/gptbot)"
74.7.241.30 - - [24/Dec/2025:21:02:12 +0800] "GET /pages.php?darkness/u42?pid=4529 HTTP/1.1" 200 150726 "-" "Mozilla/5.0 AppleWebKit/537.36 (KHTML, like Gecko; compatible; GPTBot/1.3; +https://openai.com/gptbot)"
74.7.241.30 - - [24/Dec/2025:21:02:13 +0800] "GET /pages.php?defensive/p40?pid=48513 HTTP/1.1" 200 145974 "-" "Mozilla/5.0 AppleWebKit/537.36 (KHTML, like Gecko; compatible; GPTBot/1.3; +https://openai.com/gptbot)"
74.7.241.30 - - [24/Dec/2025:21:02:14 +0800] "GET /pages.php?telephone/h1?pid=2850 HTTP/1.1" 200 152380 "-" "Mozilla/5.0 AppleWebKit/537.36 (KHTML, like Gecko; compatible; GPTBot/1.3; +https://openai.com/gptbot)"
74.7.241.30 - - [24/Dec/2025:21:02:15 +0800] "GET /pages.php?suite/s73?pid=1950 HTTP/1.1" 200 149166 "-" "Mozilla/5.0 AppleWebKit/537.36 (KHTML, like Gecko; compatible; GPTBot/1.3; +https://openai.com/gptbot)"
66.249.74.169 - - [24/Dec/2025:21:02:17 +0800] "GET /?products/20748418 HTTP/1.1" 200 160901 "-" "Mozilla/5.0 (Linux; Android 6.0.1; Nexus 5X Build/MMB29P) AppleWebKit/537.36 (KHTML, like Gecko) Chrome/141.0.7390.122 Mobile Safari/537.36 (compatible; Googlebot/2.1; +http://www.google.com/bot.html)"
74.7.241.30 - - [24/Dec/2025:21:02:16 +0800] "GET /pages.php?drawer/z1?pid=2852 HTTP/1.1" 200 152489 "-" "Mozilla/5.0 AppleWebKit/537.36 (KHTML, like Gecko; compatible; GPTBot/1.3; +https://openai.com/gptbot)"
74.7.241.30 - - [24/Dec/2025:21:02:17 +0800] "GET /pages.php?fishing/w1?pid=2854 HTTP/1.1" 200 152125 "-" "Mozilla/5.0 AppleWebKit/537.36 (KHTML, like Gecko; compatible; GPTBot/1.3; +https://openai.com/gptbot)"
74.7.241.30 - - [24/Dec/2025:21:02:18 +0800] "GET /pages.php?density/a1?pid=2886 HTTP/1.1" 200 152588 "-" "Mozilla/5.0 AppleWebKit/537.36 (KHTML, like Gecko; compatible; GPTBot/1.3; +https://openai.com/gptbot)"
74.7.241.30 - - [24/Dec/2025:21:02:19 +0800] "GET /pages.php?acquire/u1?pid=2844 HTTP/1.1" 200 152409 "-" "Mozilla/5.0 AppleWebKit/537.36 (KHTML, like Gecko; compatible; GPTBot/1.3; +https://openai.com/gptbot)"
74.7.241.30 - - [24/Dec/2025:21:02:21 +0800] "GET /pages.php?pension/i50?pid=761 HTTP/1.1" 200 147438 "-" "Mozilla/5.0 AppleWebKit/537.36 (KHTML, like Gecko; compatible; GPTBot/1.3; +https://openai.com/gptbot)"
74.7.241.30 - - [24/Dec/2025:21:02:22 +0800] "GET /pages.php?value/l1?pid=2880 HTTP/1.1" 200 152312 "-" "Mozilla/5.0 AppleWebKit/537.36 (KHTML, like Gecko; compatible; GPTBot/1.3; +https://openai.com/gptbot)"
74.7.241.30 - - [24/Dec/2025:21:02:23 +0800] "GET /pages.php?hear/k67?pid=4958 HTTP/1.1" 200 155613 "-" "Mozilla/5.0 AppleWebKit/537.36 (KHTML, like Gecko; compatible; GPTBot/1.3; +https://openai.com/gptbot)"
74.7.241.30 - - [24/Dec/2025:21:02:24 +0800] "GET /pages.php?prove/z1?pid=2842 HTTP/1.1" 200 151880 "-" "Mozilla/5.0 AppleWebKit/537.36 (KHTML, like Gecko; compatible; GPTBot/1.3; +https://openai.com/gptbot)"
74.7.241.30 - - [24/Dec/2025:21:02:24 +0800] "GET /pages.php?queen/t1?pid=2858 HTTP/1.1" 200 152650 "-" "Mozilla/5.0 AppleWebKit/537.36 (KHTML, like Gecko; compatible; GPTBot/1.3; +https://openai.com/gptbot)"
40.77.167.19 - - [24/Dec/2025:21:02:25 +0800] "GET /?m=226476924 HTTP/1.1" 200 146933 "-" "Mozilla/5.0 AppleWebKit/537.36 (KHTML, like Gecko; compatible; bingbot/2.0; +http://www.bing.com/bingbot.htm) Chrome/116.0.1938.76 Safari/537.36"
74.7.241.30 - - [24/Dec/2025:21:02:25 +0800] "GET /pages.php?dough/k1?pid=2894 HTTP/1.1" 200 152006 "-" "Mozilla/5.0 AppleWebKit/537.36 (KHTML, like Gecko; compatible; GPTBot/1.3; +https://openai.com/gptbot)"
74.7.241.30 - - [24/Dec/2025:21:02:26 +0800] "GET /pages.php?shout/z1?pid=2852 HTTP/1.1" 200 153140 "-" "Mozilla/5.0 AppleWebKit/537.36 (KHTML, like Gecko; compatible; GPTBot/1.3; +https://openai.com/gptbot)"
74.7.241.30 - - [24/Dec/2025:21:02:27 +0800] "GET /pages.php?identical/z1?pid=2888 HTTP/1.1" 200 152507 "-" "Mozilla/5.0 AppleWebKit/537.36 (KHTML, like Gecko; compatible; GPTBot/1.3; +https://openai.com/gptbot)"
57.141.6.2 - - [24/Dec/2025:21:02:28 +0800] "GET /?products/20246418 HTTP/1.1" 200 - "-" "meta-externalagent/1.1 (+https://developers.facebook.com/docs/sharing/webmasters/crawler)"
74.7.241.30 - - [24/Dec/2025:21:02:28 +0800] "GET /pages.php?sweet/t1?pid=2858 HTTP/1.1" 200 151684 "-" "Mozilla/5.0 AppleWebKit/537.36 (KHTML, like Gecko; compatible; GPTBot/1.3; +https://openai.com/gptbot)"
74.7.241.30 - - [24/Dec/2025:21:02:29 +0800] "GET /pages.php?attend/t1?pid=2858 HTTP/1.1" 200 151878 "-" "Mozilla/5.0 AppleWebKit/537.36 (KHTML, like Gecko; compatible; GPTBot/1.3; +https://openai.com/gptbot)"
57.141.6.37 - - [24/Dec/2025:21:02:31 +0800] "GET /?products/24014807 HTTP/1.1" 200 - "-" "meta-externalagent/1.1 (+https://developers.facebook.com/docs/sharing/webmasters/crawler)"
74.7.241.30 - - [24/Dec/2025:21:02:30 +0800] "GET /pages.php?sleep/k1?pid=2894 HTTP/1.1" 200 151359 "-" "Mozilla/5.0 AppleWebKit/537.36 (KHTML, like Gecko; compatible; GPTBot/1.3; +https://openai.com/gptbot)"
74.7.241.30 - - [24/Dec/2025:21:02:31 +0800] "GET /pages.php?invade/z1?pid=2888 HTTP/1.1" 200 152765 "-" "Mozilla/5.0 AppleWebKit/537.36 (KHTML, like Gecko; compatible; GPTBot/1.3; +https://openai.com/gptbot)"
57.141.6.36 - - [24/Dec/2025:21:02:32 +0800] "GET /?products/26436329 HTTP/1.1" 200 - "-" "meta-externalagent/1.1 (+https://developers.facebook.com/docs/sharing/webmasters/crawler)"
74.7.241.30 - - [24/Dec/2025:21:02:32 +0800] "GET /pages.php?tight/f1?pid=2740 HTTP/1.1" 200 152772 "-" "Mozilla/5.0 AppleWebKit/537.36 (KHTML, like Gecko; compatible; GPTBot/1.3; +https://openai.com/gptbot)"
74.7.241.30 - - [24/Dec/2025:21:02:33 +0800] "GET /pages.php?dense/l1?pid=2880 HTTP/1.1" 200 152254 "-" "Mozilla/5.0 AppleWebKit/537.36 (KHTML, like Gecko; compatible; GPTBot/1.3; +https://openai.com/gptbot)"
74.7.241.30 - - [24/Dec/2025:21:02:34 +0800] "GET /pages.php?snake/n1?pid=2736 HTTP/1.1" 200 151778 "-" "Mozilla/5.0 AppleWebKit/537.36 (KHTML, like Gecko; compatible; GPTBot/1.3; +https://openai.com/gptbot)"
66.249.74.169 - - [24/Dec/2025:21:02:35 +0800] "GET /?products/27310441 HTTP/1.1" 200 157520 "-" "Mozilla/5.0 (Linux; Android 6.0.1; Nexus 5X Build/MMB29P) AppleWebKit/537.36 (KHTML, like Gecko) Chrome/141.0.7390.122 Mobile Safari/537.36 (compatible; Googlebot/2.1; +http://www.google.com/bot.html)"
74.7.241.30 - - [24/Dec/2025:21:02:35 +0800] "GET /pages.php?patient/k1?pid=2894 HTTP/1.1" 200 151687 "-" "Mozilla/5.0 AppleWebKit/537.36 (KHTML, like Gecko; compatible; GPTBot/1.3; +https://openai.com/gptbot)"
74.7.241.30 - - [24/Dec/2025:21:02:37 +0800] "GET /pages.php?budget/z1?pid=2852 HTTP/1.1" 200 152192 "-" "Mozilla/5.0 AppleWebKit/537.36 (KHTML, like Gecko; compatible; GPTBot/1.3; +https://openai.com/gptbot)"
66.249.74.169 - - [24/Dec/2025:21:02:38 +0800] "GET /?products/20055674 HTTP/1.1" 200 144199 "-" "Mozilla/5.0 (Linux; Android 6.0.1; Nexus 5X Build/MMB29P) AppleWebKit/537.36 (KHTML, like Gecko) Chrome/141.0.7390.122 Mobile Safari/537.36 (compatible; Googlebot/2.1; +http://www.google.com/bot.html)"
66.249.74.169 - - [24/Dec/2025:21:02:38 +0800] "GET /?products/25815452 HTTP/1.1" 200 181357 "-" "Mozilla/5.0 (compatible; Googlebot/2.1; +http://www.google.com/bot.html)"
74.7.241.30 - - [24/Dec/2025:21:02:38 +0800] "GET /pages.php?whose/m1?pid=2908 HTTP/1.1" 200 152866 "-" "Mozilla/5.0 AppleWebKit/537.36 (KHTML, like Gecko; compatible; GPTBot/1.3; +https://openai.com/gptbot)"
74.7.241.30 - - [24/Dec/2025:21:02:39 +0800] "GET /pages.php?enter/l1?pid=2892 HTTP/1.1" 200 151888 "-" "Mozilla/5.0 AppleWebKit/537.36 (KHTML, like Gecko; compatible; GPTBot/1.3; +https://openai.com/gptbot)"
57.141.6.6 - - [24/Dec/2025:21:02:40 +0800] "GET /?products/30420230 HTTP/1.1" 200 - "-" "meta-externalagent/1.1 (+https://developers.facebook.com/docs/sharing/webmasters/crawler)"
74.7.241.30 - - [24/Dec/2025:21:02:40 +0800] "GET /pages.php?expert/z1?pid=2842 HTTP/1.1" 200 152213 "-" "Mozilla/5.0 AppleWebKit/537.36 (KHTML, like Gecko; compatible; GPTBot/1.3; +https://openai.com/gptbot)"
57.141.6.27 - - [24/Dec/2025:21:02:41 +0800] "GET /?products/7216352 HTTP/1.1" 200 - "-" "meta-externalagent/1.1 (+https://developers.facebook.com/docs/sharing/webmasters/crawler)"
74.7.241.30 - - [24/Dec/2025:21:02:41 +0800] "GET /pages.php?third/z1?pid=2852 HTTP/1.1" 200 152660 "-" "Mozilla/5.0 AppleWebKit/537.36 (KHTML, like Gecko; compatible; GPTBot/1.3; +https://openai.com/gptbot)"
57.141.6.31 - - [24/Dec/2025:21:02:42 +0800] "GET /?products/18470552 HTTP/1.1" 200 - "-" "meta-externalagent/1.1 (+https://developers.facebook.com/docs/sharing/webmasters/crawler)"
74.7.241.30 - - [24/Dec/2025:21:02:42 +0800] "GET /pages.php?straw/t1?pid=2898 HTTP/1.1" 200 152222 "-" "Mozilla/5.0 AppleWebKit/537.36 (KHTML, like Gecko; compatible; GPTBot/1.3; +https://openai.com/gptbot)"
74.7.241.30 - - [24/Dec/2025:21:02:43 +0800] "GET /pages.php?expense/s21?pid=33562 HTTP/1.1" 200 153525 "-" "Mozilla/5.0 AppleWebKit/537.36 (KHTML, like Gecko; compatible; GPTBot/1.3; +https://openai.com/gptbot)"
74.7.241.30 - - [24/Dec/2025:21:02:44 +0800] "GET /pages.php?surprised/t1?pid=2858 HTTP/1.1" 200 152118 "-" "Mozilla/5.0 AppleWebKit/537.36 (KHTML, like Gecko; compatible; GPTBot/1.3; +https://openai.com/gptbot)"
57.141.6.35 - - [24/Dec/2025:21:02:45 +0800] "GET /?products/29502130 HTTP/1.1" 200 - "-" "meta-externalagent/1.1 (+https://developers.facebook.com/docs/sharing/webmasters/crawler)"
74.7.241.30 - - [24/Dec/2025:21:02:45 +0800] "GET /pages.php?charge/v1?pid=2856 HTTP/1.1" 200 152567 "-" "Mozilla/5.0 AppleWebKit/537.36 (KHTML, like Gecko; compatible; GPTBot/1.3; +https://openai.com/gptbot)"
74.7.241.30 - - [24/Dec/2025:21:02:46 +0800] "GET /pages.php?shake/c60?pid=387 HTTP/1.1" 200 143209 "-" "Mozilla/5.0 AppleWebKit/537.36 (KHTML, like Gecko; compatible; GPTBot/1.3; +https://openai.com/gptbot)"
74.7.241.30 - - [24/Dec/2025:21:02:47 +0800] "GET /pages.php?coach/z1?pid=2852 HTTP/1.1" 200 151875 "-" "Mozilla/5.0 AppleWebKit/537.36 (KHTML, like Gecko; compatible; GPTBot/1.3; +https://openai.com/gptbot)"
57.141.6.15 - - [24/Dec/2025:21:02:48 +0800] "GET /?products/10963430 HTTP/1.1" 200 - "-" "meta-externalagent/1.1 (+https://developers.facebook.com/docs/sharing/webmasters/crawler)"
74.7.241.30 - - [24/Dec/2025:21:02:48 +0800] "GET /pages.php?assert/e1?pid=2910 HTTP/1.1" 200 152202 "-" "Mozilla/5.0 AppleWebKit/537.36 (KHTML, like Gecko; compatible; GPTBot/1.3; +https://openai.com/gptbot)"
66.249.74.169 - - [24/Dec/2025:21:02:49 +0800] "GET /?products/2111830 HTTP/1.1" 200 147793 "-" "Mozilla/5.0 (Linux; Android 6.0.1; Nexus 5X Build/MMB29P) AppleWebKit/537.36 (KHTML, like Gecko) Chrome/141.0.7390.122 Mobile Safari/537.36 (compatible; GoogleOther)"
74.7.241.30 - - [24/Dec/2025:21:02:49 +0800] "GET /pages.php?liver/h1?pid=2850 HTTP/1.1" 200 152756 "-" "Mozilla/5.0 AppleWebKit/537.36 (KHTML, like Gecko; compatible; GPTBot/1.3; +https://openai.com/gptbot)"
74.7.241.30 - - [24/Dec/2025:21:02:50 +0800] "GET /pages.php?tactic/w1?pid=2854 HTTP/1.1" 200 152684 "-" "Mozilla/5.0 AppleWebKit/537.36 (KHTML, like Gecko; compatible; GPTBot/1.3; +https://openai.com/gptbot)"
74.7.241.30 - - [24/Dec/2025:21:02:51 +0800] "GET /pages.php?painting/i219?pid=8902 HTTP/1.1" 200 163616 "-" "Mozilla/5.0 AppleWebKit/537.36 (KHTML, like Gecko; compatible; GPTBot/1.3; +https://openai.com/gptbot)"
66.249.74.169 - - [24/Dec/2025:21:02:52 +0800] "GET /?products/27472218 HTTP/1.1" 200 147008 "-" "Mozilla/5.0 (Linux; Android 6.0.1; Nexus 5X Build/MMB29P) AppleWebKit/537.36 (KHTML, like Gecko) Chrome/141.0.7390.122 Mobile Safari/537.36 (compatible; Googlebot/2.1; +http://www.google.com/bot.html)"
74.7.241.30 - - [24/Dec/2025:21:02:52 +0800] "GET /pages.php?friendship/p28?pid=3659 HTTP/1.1" 200 142672 "-" "Mozilla/5.0 AppleWebKit/537.36 (KHTML, like Gecko; compatible; GPTBot/1.3; +https://openai.com/gptbot)"
74.7.241.30 - - [24/Dec/2025:21:02:53 +0800] "GET /pages.php?first/b82?pid=3121 HTTP/1.1" 200 144343 "-" "Mozilla/5.0 AppleWebKit/537.36 (KHTML, like Gecko; compatible; GPTBot/1.3; +https://openai.com/gptbot)"
74.7.241.30 - - [24/Dec/2025:21:02:54 +0800] "GET /pages.php?classical/n1?pid=2736 HTTP/1.1" 200 152218 "-" "Mozilla/5.0 AppleWebKit/537.36 (KHTML, like Gecko; compatible; GPTBot/1.3; +https://openai.com/gptbot)"
74.7.241.30 - - [24/Dec/2025:21:02:55 +0800] "GET /pages.php?brake/e77?pid=3830 HTTP/1.1" 200 149743 "-" "Mozilla/5.0 AppleWebKit/537.36 (KHTML, like Gecko; compatible; GPTBot/1.3; +https://openai.com/gptbot)"
74.7.241.30 - - [24/Dec/2025:21:02:55 +0800] "GET /pages.php?perhaps/f1?pid=2682 HTTP/1.1" 200 151962 "-" "Mozilla/5.0 AppleWebKit/537.36 (KHTML, like Gecko; compatible; GPTBot/1.3; +https://openai.com/gptbot)"
74.7.241.30 - - [24/Dec/2025:21:02:56 +0800] "GET /pages.php?garbage/f291?pid=3434 HTTP/1.1" 200 142293 "-" "Mozilla/5.0 AppleWebKit/537.36 (KHTML, like Gecko; compatible; GPTBot/1.3; +https://openai.com/gptbot)"
74.7.241.30 - - [24/Dec/2025:21:02:57 +0800] "GET /pages.php?target/k1?pid=2894 HTTP/1.1" 200 152220 "-" "Mozilla/5.0 AppleWebKit/537.36 (KHTML, like Gecko; compatible; GPTBot/1.3; +https://openai.com/gptbot)"
74.7.241.30 - - [24/Dec/2025:21:02:58 +0800] "GET /pages.php?killing/s49?pid=11454 HTTP/1.1" 200 150685 "-" "Mozilla/5.0 AppleWebKit/537.36 (KHTML, like Gecko; compatible; GPTBot/1.3; +https://openai.com/gptbot)"
74.7.241.30 - - [24/Dec/2025:21:02:59 +0800] "GET /pages.php?column/z1?pid=2888 HTTP/1.1" 200 152462 "-" "Mozilla/5.0 AppleWebKit/537.36 (KHTML, like Gecko; compatible; GPTBot/1.3; +https://openai.com/gptbot)"
74.7.241.30 - - [24/Dec/2025:21:02:59 +0800] "GET /pages.php?actually/o11?pid=22038 HTTP/1.1" 200 142318 "-" "Mozilla/5.0 AppleWebKit/537.36 (KHTML, like Gecko; compatible; GPTBot/1.3; +https://openai.com/gptbot)"
74.7.241.30 - - [24/Dec/2025:21:03:00 +0800] "GET /pages.php?await/p4?pid=12905 HTTP/1.1" 200 146365 "-" "Mozilla/5.0 AppleWebKit/537.36 (KHTML, like Gecko; compatible; GPTBot/1.3; +https://openai.com/gptbot)"
74.7.241.30 - - [24/Dec/2025:21:03:01 +0800] "GET /pages.php?chill/t1?pid=2898 HTTP/1.1" 200 152344 "-" "Mozilla/5.0 AppleWebKit/537.36 (KHTML, like Gecko; compatible; GPTBot/1.3; +https://openai.com/gptbot)"
74.7.241.30 - - [24/Dec/2025:21:03:02 +0800] "GET /pages.php?derive/a1?pid=2886 HTTP/1.1" 200 152775 "-" "Mozilla/5.0 AppleWebKit/537.36 (KHTML, like Gecko; compatible; GPTBot/1.3; +https://openai.com/gptbot)"
74.7.241.30 - - [24/Dec/2025:21:03:02 +0800] "GET /pages.php?counselor/a22?pid=7081 HTTP/1.1" 200 157161 "-" "Mozilla/5.0 AppleWebKit/537.36 (KHTML, like Gecko; compatible; GPTBot/1.3; +https://openai.com/gptbot)"
74.7.241.30 - - [24/Dec/2025:21:03:03 +0800] "GET /pages.php?seventh/n1?pid=2736 HTTP/1.1" 200 151888 "-" "Mozilla/5.0 AppleWebKit/537.36 (KHTML, like Gecko; compatible; GPTBot/1.3; +https://openai.com/gptbot)"
74.7.241.30 - - [24/Dec/2025:21:03:04 +0800] "GET /pages.php?speaker/f291?pid=3434 HTTP/1.1" 200 142304 "-" "Mozilla/5.0 AppleWebKit/537.36 (KHTML, like Gecko; compatible; GPTBot/1.3; +https://openai.com/gptbot)"
74.7.241.30 - - [24/Dec/2025:21:03:05 +0800] "GET /pages.php?suspicious/b1?pid=2684 HTTP/1.1" 200 153159 "-" "Mozilla/5.0 AppleWebKit/537.36 (KHTML, like Gecko; compatible; GPTBot/1.3; +https://openai.com/gptbot)"
74.7.241.30 - - [24/Dec/2025:21:03:06 +0800] "GET /pages.php?tear/s74?pid=2839 HTTP/1.1" 200 156073 "-" "Mozilla/5.0 AppleWebKit/537.36 (KHTML, like Gecko; compatible; GPTBot/1.3; +https://openai.com/gptbot)"
74.7.241.30 - - [24/Dec/2025:21:03:07 +0800] "GET /pages.php?importantly/n1?pid=2736 HTTP/1.1" 200 151849 "-" "Mozilla/5.0 AppleWebKit/537.36 (KHTML, like Gecko; compatible; GPTBot/1.3; +https://openai.com/gptbot)"
66.249.74.160 - - [24/Dec/2025:21:03:08 +0800] "GET /?products/10757207 HTTP/1.1" 200 165507 "-" "Mozilla/5.0 (Linux; Android 6.0.1; Nexus 5X Build/MMB29P) AppleWebKit/537.36 (KHTML, like Gecko) Chrome/141.0.7390.122 Mobile Safari/537.36 (compatible; Googlebot/2.1; +http://www.google.com/bot.html)"
74.7.241.30 - - [24/Dec/2025:21:03:08 +0800] "GET /pages.php?devil/e1?pid=2910 HTTP/1.1" 200 151687 "-" "Mozilla/5.0 AppleWebKit/537.36 (KHTML, like Gecko; compatible; GPTBot/1.3; +https://openai.com/gptbot)"
74.7.241.30 - - [24/Dec/2025:21:03:09 +0800] "GET /pages.php?goods/v1?pid=2856 HTTP/1.1" 200 151810 "-" "Mozilla/5.0 AppleWebKit/537.36 (KHTML, like Gecko; compatible; GPTBot/1.3; +https://openai.com/gptbot)"
66.249.74.160 - - [24/Dec/2025:21:03:10 +0800] "GET /?products/21642463 HTTP/1.1" 200 155920 "-" "Mozilla/5.0 (compatible; Googlebot/2.1; +http://www.google.com/bot.html)"
74.7.241.30 - - [24/Dec/2025:21:03:11 +0800] "GET /pages.php?nightmare/a266?pid=6887 HTTP/1.1" 200 155967 "-" "Mozilla/5.0 AppleWebKit/537.36 (KHTML, like Gecko; compatible; GPTBot/1.3; +https://openai.com/gptbot)"
66.249.74.169 - - [24/Dec/2025:21:03:12 +0800] "GET /?products/21356429 HTTP/1.1" 200 160832 "-" "Mozilla/5.0 (Linux; Android 6.0.1; Nexus 5X Build/MMB29P) AppleWebKit/537.36 (KHTML, like Gecko) Chrome/141.0.7390.122 Mobile Safari/537.36 (compatible; GoogleOther)"
66.249.74.169 - - [24/Dec/2025:21:03:12 +0800] "GET /?products/2958841 HTTP/1.1" 200 149654 "-" "Mozilla/5.0 (Linux; Android 6.0.1; Nexus 5X Build/MMB29P) AppleWebKit/537.36 (KHTML, like Gecko) Chrome/141.0.7390.122 Mobile Safari/537.36 (compatible; GoogleOther)"
66.249.74.160 - - [24/Dec/2025:21:03:12 +0800] "GET /?products/11230041 HTTP/1.1" 200 144408 "-" "Mozilla/5.0 (Linux; Android 6.0.1; Nexus 5X Build/MMB29P) AppleWebKit/537.36 (KHTML, like Gecko) Chrome/141.0.7390.122 Mobile Safari/537.36 (compatible; GoogleOther)"
74.7.241.30 - - [24/Dec/2025:21:03:12 +0800] "GET /pages.php?explicit/i5?pid=45098 HTTP/1.1" 200 156825 "-" "Mozilla/5.0 AppleWebKit/537.36 (KHTML, like Gecko; compatible; GPTBot/1.3; +https://openai.com/gptbot)"
66.249.74.160 - - [24/Dec/2025:21:03:13 +0800] "GET /?products/5861763 HTTP/1.1" 200 182423 "-" "Mozilla/5.0 (Linux; Android 6.0.1; Nexus 5X Build/MMB29P) AppleWebKit/537.36 (KHTML, like Gecko) Chrome/141.0.7390.122 Mobile Safari/537.36 (compatible; GoogleOther)"
74.7.241.30 - - [24/Dec/2025:21:03:13 +0800] "GET /pages.php?captain/l1?pid=2892 HTTP/1.1" 200 152466 "-" "Mozilla/5.0 AppleWebKit/537.36 (KHTML, like Gecko; compatible; GPTBot/1.3; +https://openai.com/gptbot)"
57.141.6.22 - - [24/Dec/2025:21:03:14 +0800] "GET /?products/30532341 HTTP/1.1" 200 - "-" "meta-externalagent/1.1 (+https://developers.facebook.com/docs/sharing/webmasters/crawler)"
74.7.241.30 - - [24/Dec/2025:21:03:14 +0800] "GET /pages.php?massive/t1?pid=2898 HTTP/1.1" 200 152846 "-" "Mozilla/5.0 AppleWebKit/537.36 (KHTML, like Gecko; compatible; GPTBot/1.3; +https://openai.com/gptbot)"
74.7.241.30 - - [24/Dec/2025:21:03:15 +0800] "GET /pages.php?foundation/k1?pid=2894 HTTP/1.1" 200 151504 "-" "Mozilla/5.0 AppleWebKit/537.36 (KHTML, like Gecko; compatible; GPTBot/1.3; +https://openai.com/gptbot)"
57.141.6.18 - - [24/Dec/2025:21:03:16 +0800] "GET /?products/26909863 HTTP/1.1" 200 - "-" "meta-externalagent/1.1 (+https://developers.facebook.com/docs/sharing/webmasters/crawler)"
74.7.241.30 - - [24/Dec/2025:21:03:16 +0800] "GET /pages.php?twelve/t1?pid=2898 HTTP/1.1" 200 151911 "-" "Mozilla/5.0 AppleWebKit/537.36 (KHTML, like Gecko; compatible; GPTBot/1.3; +https://openai.com/gptbot)"
74.7.241.30 - - [24/Dec/2025:21:03:17 +0800] "GET /pages.php?phone/g3?pid=31758 HTTP/1.1" 200 143530 "-" "Mozilla/5.0 AppleWebKit/537.36 (KHTML, like Gecko; compatible; GPTBot/1.3; +https://openai.com/gptbot)"
66.249.74.169 - - [24/Dec/2025:21:03:19 +0800] "GET /?products/25435641 HTTP/1.1" 200 155527 "-" "Mozilla/5.0 (Linux; Android 6.0.1; Nexus 5X Build/MMB29P) AppleWebKit/537.36 (KHTML, like Gecko) Chrome/141.0.7390.122 Mobile Safari/537.36 (compatible; Googlebot/2.1; +http://www.google.com/bot.html)"
74.7.241.30 - - [24/Dec/2025:21:03:18 +0800] "GET /pages.php?despite/o135?pid=6268 HTTP/1.1" 200 143554 "-" "Mozilla/5.0 AppleWebKit/537.36 (KHTML, like Gecko; compatible; GPTBot/1.3; +https://openai.com/gptbot)"
74.7.241.30 - - [24/Dec/2025:21:03:19 +0800] "GET /pages.php?lightning/n1?pid=2736 HTTP/1.1" 200 152609 "-" "Mozilla/5.0 AppleWebKit/537.36 (KHTML, like Gecko; compatible; GPTBot/1.3; +https://openai.com/gptbot)"
74.7.241.30 - - [24/Dec/2025:21:03:20 +0800] "GET /pages.php?regarding/e1?pid=2910 HTTP/1.1" 200 152675 "-" "Mozilla/5.0 AppleWebKit/537.36 (KHTML, like Gecko; compatible; GPTBot/1.3; +https://openai.com/gptbot)"
66.249.74.169 - - [24/Dec/2025:21:03:22 +0800] "GET /?products/30047507 HTTP/1.1" 200 162852 "-" "Mozilla/5.0 (Linux; Android 6.0.1; Nexus 5X Build/MMB29P) AppleWebKit/537.36 (KHTML, like Gecko) Chrome/141.0.7390.122 Mobile Safari/537.36 (compatible; GoogleOther)"
74.7.241.30 - - [24/Dec/2025:21:03:21 +0800] "GET /pages.php?head/r4?pid=17893 HTTP/1.1" 200 148907 "-" "Mozilla/5.0 AppleWebKit/537.36 (KHTML, like Gecko; compatible; GPTBot/1.3; +https://openai.com/gptbot)"
74.7.241.30 - - [24/Dec/2025:21:03:22 +0800] "GET /pages.php?clinical/i5?pid=45098 HTTP/1.1" 200 156853 "-" "Mozilla/5.0 AppleWebKit/537.36 (KHTML, like Gecko; compatible; GPTBot/1.3; +https://openai.com/gptbot)"
74.7.241.30 - - [24/Dec/2025:21:03:23 +0800] "GET /pages.php?attempt/l1?pid=2880 HTTP/1.1" 200 152673 "-" "Mozilla/5.0 AppleWebKit/537.36 (KHTML, like Gecko; compatible; GPTBot/1.3; +https://openai.com/gptbot)"
207.46.13.92 - - [24/Dec/2025:21:03:24 +0800] "GET /?m=216378124 HTTP/1.1" 200 162790 "-" "Mozilla/5.0 AppleWebKit/537.36 (KHTML, like Gecko; compatible; bingbot/2.0; +http://www.bing.com/bingbot.htm) Chrome/116.0.1938.76 Safari/537.36"
74.7.241.30 - - [24/Dec/2025:21:03:24 +0800] "GET /pages.php?solve/e1?pid=2910 HTTP/1.1" 200 152049 "-" "Mozilla/5.0 AppleWebKit/537.36 (KHTML, like Gecko; compatible; GPTBot/1.3; +https://openai.com/gptbot)"
66.249.74.160 - - [24/Dec/2025:21:03:25 +0800] "GET /?products/22384963 HTTP/1.1" 200 165267 "-" "Mozilla/5.0 (Linux; Android 6.0.1; Nexus 5X Build/MMB29P) AppleWebKit/537.36 (KHTML, like Gecko) Chrome/141.0.7390.122 Mobile Safari/537.36 (compatible; Googlebot/2.1; +http://www.google.com/bot.html)"
74.7.241.30 - - [24/Dec/2025:21:03:25 +0800] "GET /pages.php?ahead/n1?pid=2736 HTTP/1.1" 200 152065 "-" "Mozilla/5.0 AppleWebKit/537.36 (KHTML, like Gecko; compatible; GPTBot/1.3; +https://openai.com/gptbot)"
74.7.241.30 - - [24/Dec/2025:21:03:26 +0800] "GET /pages.php?exclusive/m86?pid=18835 HTTP/1.1" 200 143474 "-" "Mozilla/5.0 AppleWebKit/537.36 (KHTML, like Gecko; compatible; GPTBot/1.3; +https://openai.com/gptbot)"
74.7.241.30 - - [24/Dec/2025:21:03:26 +0800] "GET /pages.php?8236594 HTTP/1.1" 200 142793 "-" "Mozilla/5.0 AppleWebKit/537.36 (KHTML, like Gecko; compatible; GPTBot/1.3; +https://openai.com/gptbot)"
74.7.241.30 - - [24/Dec/2025:21:03:27 +0800] "GET /pages.php?activist/g88?pid=28629 HTTP/1.1" 200 142338 "-" "Mozilla/5.0 AppleWebKit/537.36 (KHTML, like Gecko; compatible; GPTBot/1.3; +https://openai.com/gptbot)"
74.7.241.30 - - [24/Dec/2025:21:03:28 +0800] "GET /pages.php?willingness/l1?pid=2880 HTTP/1.1" 200 152559 "-" "Mozilla/5.0 AppleWebKit/537.36 (KHTML, like Gecko; compatible; GPTBot/1.3; +https://openai.com/gptbot)"
57.141.6.6 - - [24/Dec/2025:21:03:29 +0800] "GET /?products/2576530 HTTP/1.1" 200 - "-" "meta-externalagent/1.1 (+https://developers.facebook.com/docs/sharing/webmasters/crawler)"
74.7.241.30 - - [24/Dec/2025:21:03:29 +0800] "GET /pages.php?danger/s1?pid=2912 HTTP/1.1" 200 151675 "-" "Mozilla/5.0 AppleWebKit/537.36 (KHTML, like Gecko; compatible; GPTBot/1.3; +https://openai.com/gptbot)"
74.7.241.30 - - [24/Dec/2025:21:03:30 +0800] "GET /pages.php?spine/r4?pid=17893 HTTP/1.1" 200 148919 "-" "Mozilla/5.0 AppleWebKit/537.36 (KHTML, like Gecko; compatible; GPTBot/1.3; +https://openai.com/gptbot)"
74.7.241.30 - - [24/Dec/2025:21:03:31 +0800] "GET /pages.php?equivalent/z1?pid=2852 HTTP/1.1" 200 152182 "-" "Mozilla/5.0 AppleWebKit/537.36 (KHTML, like Gecko; compatible; GPTBot/1.3; +https://openai.com/gptbot)"
74.7.241.30 - - [24/Dec/2025:21:03:32 +0800] "GET /pages.php?properly/g5?pid=29156 HTTP/1.1" 200 142882 "-" "Mozilla/5.0 AppleWebKit/537.36 (KHTML, like Gecko; compatible; GPTBot/1.3; +https://openai.com/gptbot)"
74.7.241.30 - - [24/Dec/2025:21:03:33 +0800] "GET /pages.php?tennis/u1?pid=2844 HTTP/1.1" 200 151944 "-" "Mozilla/5.0 AppleWebKit/537.36 (KHTML, like Gecko; compatible; GPTBot/1.3; +https://openai.com/gptbot)"
74.7.241.30 - - [24/Dec/2025:21:03:34 +0800] "GET /pages.php?advertising/p1?pid=2738 HTTP/1.1" 200 151948 "-" "Mozilla/5.0 AppleWebKit/537.36 (KHTML, like Gecko; compatible; GPTBot/1.3; +https://openai.com/gptbot)"
74.7.241.30 - - [24/Dec/2025:21:03:35 +0800] "GET /pages.php?attach/z1?pid=2842 HTTP/1.1" 200 152508 "-" "Mozilla/5.0 AppleWebKit/537.36 (KHTML, like Gecko; compatible; GPTBot/1.3; +https://openai.com/gptbot)"
57.141.6.32 - - [24/Dec/2025:21:03:36 +0800] "GET /?products/14200518 HTTP/1.1" 200 - "-" "meta-externalagent/1.1 (+https://developers.facebook.com/docs/sharing/webmasters/crawler)"
74.7.241.30 - - [24/Dec/2025:21:03:36 +0800] "GET /pages.php?pencil/e90?pid=649 HTTP/1.1" 200 142382 "-" "Mozilla/5.0 AppleWebKit/537.36 (KHTML, like Gecko; compatible; GPTBot/1.3; +https://openai.com/gptbot)"
57.141.6.36 - - [24/Dec/2025:21:03:37 +0800] "GET /?products/3209630 HTTP/1.1" 200 - "-" "meta-externalagent/1.1 (+https://developers.facebook.com/docs/sharing/webmasters/crawler)"
74.7.241.30 - - [24/Dec/2025:21:03:37 +0800] "GET /pages.php?bath/b113?pid=396 HTTP/1.1" 200 153035 "-" "Mozilla/5.0 AppleWebKit/537.36 (KHTML, like Gecko; compatible; GPTBot/1.3; +https://openai.com/gptbot)"
66.249.74.169 - - [24/Dec/2025:21:03:38 +0800] "GET /?products/13025074 HTTP/1.1" 200 160489 "-" "Mozilla/5.0 (compatible; Googlebot/2.1; +http://www.google.com/bot.html)"
74.7.241.30 - - [24/Dec/2025:21:03:38 +0800] "GET /pages.php?mutter/e1?pid=2910 HTTP/1.1" 200 152505 "-" "Mozilla/5.0 AppleWebKit/537.36 (KHTML, like Gecko; compatible; GPTBot/1.3; +https://openai.com/gptbot)"
74.7.241.30 - - [24/Dec/2025:21:03:39 +0800] "GET /pages.php?physician/d139?pid=96 HTTP/1.1" 200 144597 "-" "Mozilla/5.0 AppleWebKit/537.36 (KHTML, like Gecko; compatible; GPTBot/1.3; +https://openai.com/gptbot)"
74.7.241.30 - - [24/Dec/2025:21:03:40 +0800] "GET /pages.php?giant/j1?pid=2890 HTTP/1.1" 200 151866 "-" "Mozilla/5.0 AppleWebKit/537.36 (KHTML, like Gecko; compatible; GPTBot/1.3; +https://openai.com/gptbot)"
74.7.241.30 - - [24/Dec/2025:21:03:41 +0800] "GET /pages.php?change/w1?pid=2854 HTTP/1.1" 200 152345 "-" "Mozilla/5.0 AppleWebKit/537.36 (KHTML, like Gecko; compatible; GPTBot/1.3; +https://openai.com/gptbot)"
74.7.241.30 - - [24/Dec/2025:21:03:43 +0800] "GET /pages.php?corporate/k34?pid=4535 HTTP/1.1" 200 152020 "-" "Mozilla/5.0 AppleWebKit/537.36 (KHTML, like Gecko; compatible; GPTBot/1.3; +https://openai.com/gptbot)"
74.7.241.30 - - [24/Dec/2025:21:03:43 +0800] "GET /pages.php?item/u247/19609/ HTTP/1.1" 200 154117 "-" "Mozilla/5.0 AppleWebKit/537.36 (KHTML, like Gecko; compatible; GPTBot/1.3; +https://openai.com/gptbot)"
74.7.241.30 - - [24/Dec/2025:21:03:44 +0800] "GET /pages.php?endure/t1?pid=2898 HTTP/1.1" 200 152218 "-" "Mozilla/5.0 AppleWebKit/537.36 (KHTML, like Gecko; compatible; GPTBot/1.3; +https://openai.com/gptbot)"
66.249.74.160 - - [24/Dec/2025:21:03:45 +0800] "GET /?products/23125796 HTTP/1.1" 200 161858 "-" "Mozilla/5.0 (Linux; Android 6.0.1; Nexus 5X Build/MMB29P) AppleWebKit/537.36 (KHTML, like Gecko) Chrome/141.0.7390.122 Mobile Safari/537.36 (compatible; GoogleOther)"
74.7.241.30 - - [24/Dec/2025:21:03:45 +0800] "GET /pages.php?singer/l74?pid=675 HTTP/1.1" 200 160414 "-" "Mozilla/5.0 AppleWebKit/537.36 (KHTML, like Gecko; compatible; GPTBot/1.3; +https://openai.com/gptbot)"
66.249.74.169 - - [24/Dec/2025:21:03:46 +0800] "GET /?products/30299663 HTTP/1.1" 200 149733 "-" "Mozilla/5.0 (Linux; Android 6.0.1; Nexus 5X Build/MMB29P) AppleWebKit/537.36 (KHTML, like Gecko) Chrome/141.0.7390.122 Mobile Safari/537.36 (compatible; GoogleOther)"
74.7.241.30 - - [24/Dec/2025:21:03:46 +0800] "GET /pages.php?radio/n1?pid=2736 HTTP/1.1" 200 152519 "-" "Mozilla/5.0 AppleWebKit/537.36 (KHTML, like Gecko; compatible; GPTBot/1.3; +https://openai.com/gptbot)"
74.7.241.30 - - [24/Dec/2025:21:03:47 +0800] "GET /pages.php?friendship/b88?pid=2929 HTTP/1.1" 200 156599 "-" "Mozilla/5.0 AppleWebKit/537.36 (KHTML, like Gecko; compatible; GPTBot/1.3; +https://openai.com/gptbot)"
74.7.241.30 - - [24/Dec/2025:21:03:48 +0800] "GET /pages.php?appreciate/h60?pid=4155 HTTP/1.1" 200 145222 "-" "Mozilla/5.0 AppleWebKit/537.36 (KHTML, like Gecko; compatible; GPTBot/1.3; +https://openai.com/gptbot)"
74.7.241.30 - - [24/Dec/2025:21:03:49 +0800] "GET /pages.php?fixed/v1?pid=2856 HTTP/1.1" 200 152507 "-" "Mozilla/5.0 AppleWebKit/537.36 (KHTML, like Gecko; compatible; GPTBot/1.3; +https://openai.com/gptbot)"
74.7.241.30 - - [24/Dec/2025:21:03:50 +0800] "GET /pages.php?choose/j1?pid=2890 HTTP/1.1" 200 152267 "-" "Mozilla/5.0 AppleWebKit/537.36 (KHTML, like Gecko; compatible; GPTBot/1.3; +https://openai.com/gptbot)"
66.249.74.160 - - [24/Dec/2025:21:03:50 +0800] "GET /?products/19115585 HTTP/1.1" 200 143354 "-" "Mozilla/5.0 (Linux; Android 6.0.1; Nexus 5X Build/MMB29P) AppleWebKit/537.36 (KHTML, like Gecko) Chrome/141.0.7390.122 Mobile Safari/537.36 (compatible; Googlebot/2.1; +http://www.google.com/bot.html)"
74.7.241.30 - - [24/Dec/2025:21:03:50 +0800] "GET /pages.php?damage/n1?pid=2736 HTTP/1.1" 200 152141 "-" "Mozilla/5.0 AppleWebKit/537.36 (KHTML, like Gecko; compatible; GPTBot/1.3; +https://openai.com/gptbot)"
74.7.241.30 - - [24/Dec/2025:21:03:51 +0800] "GET /pages.php?earth/t1?pid=2898 HTTP/1.1" 200 152115 "-" "Mozilla/5.0 AppleWebKit/537.36 (KHTML, like Gecko; compatible; GPTBot/1.3; +https://openai.com/gptbot)"
66.249.74.169 - - [24/Dec/2025:21:03:52 +0800] "GET /?products/21245252 HTTP/1.1" 200 163346 "-" "Mozilla/5.0 (compatible; Googlebot/2.1; +http://www.google.com/bot.html)"
74.7.241.30 - - [24/Dec/2025:21:03:52 +0800] "GET /pages.php?steal/l1?pid=2880 HTTP/1.1" 200 152687 "-" "Mozilla/5.0 AppleWebKit/537.36 (KHTML, like Gecko; compatible; GPTBot/1.3; +https://openai.com/gptbot)"
74.7.241.30 - - [24/Dec/2025:21:03:53 +0800] "GET /pages.php?pocket/e1?pid=2910 HTTP/1.1" 200 152201 "-" "Mozilla/5.0 AppleWebKit/537.36 (KHTML, like Gecko; compatible; GPTBot/1.3; +https://openai.com/gptbot)"
74.7.241.30 - - [24/Dec/2025:21:03:54 +0800] "GET /pages.php?helpful/x57?pid=28782 HTTP/1.1" 200 148839 "-" "Mozilla/5.0 AppleWebKit/537.36 (KHTML, like Gecko; compatible; GPTBot/1.3; +https://openai.com/gptbot)"
74.7.241.30 - - [24/Dec/2025:21:03:54 +0800] "GET /pages.php?pulse/l74?pid=675 HTTP/1.1" 200 159921 "-" "Mozilla/5.0 AppleWebKit/537.36 (KHTML, like Gecko; compatible; GPTBot/1.3; +https://openai.com/gptbot)"
57.141.6.6 - - [24/Dec/2025:21:03:55 +0800] "GET /?products/26787441 HTTP/1.1" 200 - "-" "meta-externalagent/1.1 (+https://developers.facebook.com/docs/sharing/webmasters/crawler)"
74.7.241.30 - - [24/Dec/2025:21:03:55 +0800] "GET /pages.php?join/b88?pid=2929 HTTP/1.1" 200 156257 "-" "Mozilla/5.0 AppleWebKit/537.36 (KHTML, like Gecko; compatible; GPTBot/1.3; +https://openai.com/gptbot)"
74.7.241.30 - - [24/Dec/2025:21:03:56 +0800] "GET /pages.php?apart/m1?pid=2908 HTTP/1.1" 200 152500 "-" "Mozilla/5.0 AppleWebKit/537.36 (KHTML, like Gecko; compatible; GPTBot/1.3; +https://openai.com/gptbot)"
66.249.74.160 - - [24/Dec/2025:21:03:57 +0800] "GET /?products/6558252 HTTP/1.1" 200 167691 "-" "Mozilla/5.0 (Linux; Android 6.0.1; Nexus 5X Build/MMB29P) AppleWebKit/537.36 (KHTML, like Gecko) Chrome/141.0.7390.122 Mobile Safari/537.36 (compatible; GoogleOther)"
66.249.74.160 - - [24/Dec/2025:21:03:57 +0800] "GET /?products/30714574 HTTP/1.1" 200 149112 "-" "Mozilla/5.0 (Linux; Android 6.0.1; Nexus 5X Build/MMB29P) AppleWebKit/537.36 (KHTML, like Gecko) Chrome/141.0.7390.122 Mobile Safari/537.36 (compatible; Googlebot/2.1; +http://www.google.com/bot.html)"
74.7.241.30 - - [24/Dec/2025:21:03:57 +0800] "GET /pages.php?submit/z1?pid=2888 HTTP/1.1" 200 153023 "-" "Mozilla/5.0 AppleWebKit/537.36 (KHTML, like Gecko; compatible; GPTBot/1.3; +https://openai.com/gptbot)"
74.7.241.30 - - [24/Dec/2025:21:03:58 +0800] "GET /pages.php?weight/s1?pid=2912 HTTP/1.1" 200 152183 "-" "Mozilla/5.0 AppleWebKit/537.36 (KHTML, like Gecko; compatible; GPTBot/1.3; +https://openai.com/gptbot)"
74.7.241.30 - - [24/Dec/2025:21:03:58 +0800] "GET /pages.php?depressed/j1?pid=2890 HTTP/1.1" 200 152009 "-" "Mozilla/5.0 AppleWebKit/537.36 (KHTML, like Gecko; compatible; GPTBot/1.3; +https://openai.com/gptbot)"
74.7.241.30 - - [24/Dec/2025:21:03:59 +0800] "GET /pages.php?whisper/l1?pid=2892 HTTP/1.1" 200 151778 "-" "Mozilla/5.0 AppleWebKit/537.36 (KHTML, like Gecko; compatible; GPTBot/1.3; +https://openai.com/gptbot)"
74.7.241.30 - - [24/Dec/2025:21:04:00 +0800] "GET /pages.php?speed/j1?pid=2890 HTTP/1.1" 200 151657 "-" "Mozilla/5.0 AppleWebKit/537.36 (KHTML, like Gecko; compatible; GPTBot/1.3; +https://openai.com/gptbot)"
66.249.74.160 - - [24/Dec/2025:21:04:01 +0800] "GET /?products/18052263 HTTP/1.1" 200 167367 "-" "Mozilla/5.0 (Linux; Android 6.0.1; Nexus 5X Build/MMB29P) AppleWebKit/537.36 (KHTML, like Gecko) Chrome/141.0.7390.122 Mobile Safari/537.36 (compatible; GoogleOther)"
74.7.241.30 - - [24/Dec/2025:21:04:01 +0800] "GET /pages.php?warning/k92?pid=29797 HTTP/1.1" 200 142604 "-" "Mozilla/5.0 AppleWebKit/537.36 (KHTML, like Gecko; compatible; GPTBot/1.3; +https://openai.com/gptbot)"
74.7.241.30 - - [24/Dec/2025:21:04:01 +0800] "GET /pages.php?civic/v5?pid=9092 HTTP/1.1" 200 145524 "-" "Mozilla/5.0 AppleWebKit/537.36 (KHTML, like Gecko; compatible; GPTBot/1.3; +https://openai.com/gptbot)"
74.7.241.30 - - [24/Dec/2025:21:04:02 +0800] "GET /pages.php?twist/t1?pid=2858 HTTP/1.1" 200 152310 "-" "Mozilla/5.0 AppleWebKit/537.36 (KHTML, like Gecko; compatible; GPTBot/1.3; +https://openai.com/gptbot)"
74.7.241.30 - - [24/Dec/2025:21:04:03 +0800] "GET /pages.php?screw/l1?pid=2880 HTTP/1.1" 200 151562 "-" "Mozilla/5.0 AppleWebKit/537.36 (KHTML, like Gecko; compatible; GPTBot/1.3; +https://openai.com/gptbot)"
74.7.241.30 - - [24/Dec/2025:21:04:03 +0800] "GET /pages.php?slide/z1?pid=2842 HTTP/1.1" 200 151360 "-" "Mozilla/5.0 AppleWebKit/537.36 (KHTML, like Gecko; compatible; GPTBot/1.3; +https://openai.com/gptbot)"
57.141.6.27 - - [24/Dec/2025:21:04:05 +0800] "GET /?products/7329041 HTTP/1.1" 200 - "-" "meta-externalagent/1.1 (+https://developers.facebook.com/docs/sharing/webmasters/crawler)"
74.7.241.30 - - [24/Dec/2025:21:04:05 +0800] "GET /pages.php?besides/m1?pid=2908 HTTP/1.1" 200 152182 "-" "Mozilla/5.0 AppleWebKit/537.36 (KHTML, like Gecko; compatible; GPTBot/1.3; +https://openai.com/gptbot)"
74.7.241.30 - - [24/Dec/2025:21:04:06 +0800] "GET /pages.php?remote/z1?pid=2888 HTTP/1.1" 200 152334 "-" "Mozilla/5.0 AppleWebKit/537.36 (KHTML, like Gecko; compatible; GPTBot/1.3; +https://openai.com/gptbot)"
57.141.6.11 - - [24/Dec/2025:21:04:07 +0800] "GET /?products/28175307 HTTP/1.1" 200 - "-" "meta-externalagent/1.1 (+https://developers.facebook.com/docs/sharing/webmasters/crawler)"
74.7.241.30 - - [24/Dec/2025:21:04:07 +0800] "GET /pages.php?statute/u1?pid=2844 HTTP/1.1" 200 152351 "-" "Mozilla/5.0 AppleWebKit/537.36 (KHTML, like Gecko; compatible; GPTBot/1.3; +https://openai.com/gptbot)"
57.141.6.35 - - [24/Dec/2025:21:04:09 +0800] "GET /?products/28024763 HTTP/1.1" 200 - "-" "meta-externalagent/1.1 (+https://developers.facebook.com/docs/sharing/webmasters/crawler)"
74.7.241.30 - - [24/Dec/2025:21:04:08 +0800] "GET /pages.php?dealer/l1?pid=2892 HTTP/1.1" 200 151948 "-" "Mozilla/5.0 AppleWebKit/537.36 (KHTML, like Gecko; compatible; GPTBot/1.3; +https://openai.com/gptbot)"
57.141.6.27 - - [24/Dec/2025:21:04:10 +0800] "GET /?products/8266774 HTTP/1.1" 200 - "-" "meta-externalagent/1.1 (+https://developers.facebook.com/docs/sharing/webmasters/crawler)"
74.7.241.30 - - [24/Dec/2025:21:04:09 +0800] "GET /pages.php?regain/l1?pid=2892 HTTP/1.1" 200 151776 "-" "Mozilla/5.0 AppleWebKit/537.36 (KHTML, like Gecko; compatible; GPTBot/1.3; +https://openai.com/gptbot)"
74.7.241.30 - - [24/Dec/2025:21:04:10 +0800] "GET /pages.php?issue/j1?pid=2890 HTTP/1.1" 200 152120 "-" "Mozilla/5.0 AppleWebKit/537.36 (KHTML, like Gecko; compatible; GPTBot/1.3; +https://openai.com/gptbot)"
74.7.241.30 - - [24/Dec/2025:21:04:12 +0800] "GET /pages.php?fever/h1?pid=2850 HTTP/1.1" 200 152654 "-" "Mozilla/5.0 AppleWebKit/537.36 (KHTML, like Gecko; compatible; GPTBot/1.3; +https://openai.com/gptbot)"
74.7.241.30 - - [24/Dec/2025:21:04:13 +0800] "GET /pages.php?thing/h1?pid=2850 HTTP/1.1" 200 152933 "-" "Mozilla/5.0 AppleWebKit/537.36 (KHTML, like Gecko; compatible; GPTBot/1.3; +https://openai.com/gptbot)"
66.249.74.161 - - [24/Dec/2025:21:04:14 +0800] "GET /?products/11977541 HTTP/1.1" 200 161150 "-" "Mozilla/5.0 (Linux; Android 6.0.1; Nexus 5X Build/MMB29P) AppleWebKit/537.36 (KHTML, like Gecko) Chrome/141.0.7390.122 Mobile Safari/537.36 (compatible; Googlebot/2.1; +http://www.google.com/bot.html)"
74.7.241.30 - - [24/Dec/2025:21:04:14 +0800] "GET /pages.php?abuse/l1?pid=2880 HTTP/1.1" 200 152199 "-" "Mozilla/5.0 AppleWebKit/537.36 (KHTML, like Gecko; compatible; GPTBot/1.3; +https://openai.com/gptbot)"
74.7.241.30 - - [24/Dec/2025:21:04:15 +0800] "GET /pages.php?admire/o1?pid=2848 HTTP/1.1" 200 152364 "-" "Mozilla/5.0 AppleWebKit/537.36 (KHTML, like Gecko; compatible; GPTBot/1.3; +https://openai.com/gptbot)"
74.7.241.30 - - [24/Dec/2025:21:04:16 +0800] "GET /pages.php?pursue/z1?pid=2888 HTTP/1.1" 200 152608 "-" "Mozilla/5.0 AppleWebKit/537.36 (KHTML, like Gecko; compatible; GPTBot/1.3; +https://openai.com/gptbot)"
74.7.241.30 - - [24/Dec/2025:21:04:17 +0800] "GET /pages.php?exceed/z1?pid=2888 HTTP/1.1" 200 151988 "-" "Mozilla/5.0 AppleWebKit/537.36 (KHTML, like Gecko; compatible; GPTBot/1.3; +https://openai.com/gptbot)"
57.141.6.7 - - [24/Dec/2025:21:04:18 +0800] "GET /?products/26586863 HTTP/1.1" 200 - "-" "meta-externalagent/1.1 (+https://developers.facebook.com/docs/sharing/webmasters/crawler)"
74.7.241.30 - - [24/Dec/2025:21:04:18 +0800] "GET /pages.php?always/z1?pid=2842 HTTP/1.1" 200 151936 "-" "Mozilla/5.0 AppleWebKit/537.36 (KHTML, like Gecko; compatible; GPTBot/1.3; +https://openai.com/gptbot)"
74.7.241.30 - - [24/Dec/2025:21:04:19 +0800] "GET /pages.php?please/u1?pid=2844 HTTP/1.1" 200 152757 "-" "Mozilla/5.0 AppleWebKit/537.36 (KHTML, like Gecko; compatible; GPTBot/1.3; +https://openai.com/gptbot)"
74.7.241.30 - - [24/Dec/2025:21:04:20 +0800] "GET /pages.php?landscape/l1?pid=2892 HTTP/1.1" 200 152298 "-" "Mozilla/5.0 AppleWebKit/537.36 (KHTML, like Gecko; compatible; GPTBot/1.3; +https://openai.com/gptbot)"
74.7.241.30 - - [24/Dec/2025:21:04:21 +0800] "GET /pages.php?circumstance/r101?pid=37652 HTTP/1.1" 200 152223 "-" "Mozilla/5.0 AppleWebKit/537.36 (KHTML, like Gecko; compatible; GPTBot/1.3; +https://openai.com/gptbot)"
57.141.6.11 - - [24/Dec/2025:21:04:22 +0800] "GET /?products/3504263 HTTP/1.1" 200 - "-" "meta-externalagent/1.1 (+https://developers.facebook.com/docs/sharing/webmasters/crawler)"
74.7.241.30 - - [24/Dec/2025:21:04:22 +0800] "GET /pages.php?refuge/z10?pid=40773 HTTP/1.1" 200 149461 "-" "Mozilla/5.0 AppleWebKit/537.36 (KHTML, like Gecko; compatible; GPTBot/1.3; +https://openai.com/gptbot)"
74.7.241.30 - - [24/Dec/2025:21:04:23 +0800] "GET /pages.php?legally/z226?pid=5203 HTTP/1.1" 200 151202 "-" "Mozilla/5.0 AppleWebKit/537.36 (KHTML, like Gecko; compatible; GPTBot/1.3; +https://openai.com/gptbot)"
74.7.241.30 - - [24/Dec/2025:21:04:23 +0800] "GET /pages.php?married/v1?pid=2856 HTTP/1.1" 200 151998 "-" "Mozilla/5.0 AppleWebKit/537.36 (KHTML, like Gecko; compatible; GPTBot/1.3; +https://openai.com/gptbot)"
74.7.241.30 - - [24/Dec/2025:21:04:25 +0800] "GET /pages.php?explain/h1?pid=2850 HTTP/1.1" 200 152598 "-" "Mozilla/5.0 AppleWebKit/537.36 (KHTML, like Gecko; compatible; GPTBot/1.3; +https://openai.com/gptbot)"
74.7.241.30 - - [24/Dec/2025:21:04:25 +0800] "GET /pages.php?typically/t1?pid=2898 HTTP/1.1" 200 152491 "-" "Mozilla/5.0 AppleWebKit/537.36 (KHTML, like Gecko; compatible; GPTBot/1.3; +https://openai.com/gptbot)"
57.141.6.29 - - [24/Dec/2025:21:04:26 +0800] "GET /?products/10585385 HTTP/1.1" 200 - "-" "meta-externalagent/1.1 (+https://developers.facebook.com/docs/sharing/webmasters/crawler)"
74.7.241.30 - - [24/Dec/2025:21:04:26 +0800] "GET /pages.php?career/z1?pid=2888 HTTP/1.1" 200 151913 "-" "Mozilla/5.0 AppleWebKit/537.36 (KHTML, like Gecko; compatible; GPTBot/1.3; +https://openai.com/gptbot)"
74.7.241.30 - - [24/Dec/2025:21:04:27 +0800] "GET /pages.php?perfect/a1?pid=2886 HTTP/1.1" 200 152331 "-" "Mozilla/5.0 AppleWebKit/537.36 (KHTML, like Gecko; compatible; GPTBot/1.3; +https://openai.com/gptbot)"
66.249.74.160 - - [24/Dec/2025:21:04:27 +0800] "GET /?products/18657741 HTTP/1.1" 200 175627 "-" "Mozilla/5.0 (Linux; Android 6.0.1; Nexus 5X Build/MMB29P) AppleWebKit/537.36 (KHTML, like Gecko) Chrome/141.0.7390.122 Mobile Safari/537.36 (compatible; Googlebot/2.1; +http://www.google.com/bot.html)"
74.7.241.30 - - [24/Dec/2025:21:04:28 +0800] "GET /pages.php?sensation/u30?pid=7461 HTTP/1.1" 200 146996 "-" "Mozilla/5.0 AppleWebKit/537.36 (KHTML, like Gecko; compatible; GPTBot/1.3; +https://openai.com/gptbot)"
74.7.241.30 - - [24/Dec/2025:21:04:29 +0800] "GET /pages.php?initial/t83?pid=36822 HTTP/1.1" 200 153487 "-" "Mozilla/5.0 AppleWebKit/537.36 (KHTML, like Gecko; compatible; GPTBot/1.3; +https://openai.com/gptbot)"
74.7.241.30 - - [24/Dec/2025:21:04:30 +0800] "GET /pages.php?perceived/a1?pid=2886 HTTP/1.1" 200 151949 "-" "Mozilla/5.0 AppleWebKit/537.36 (KHTML, like Gecko; compatible; GPTBot/1.3; +https://openai.com/gptbot)"
66.249.74.169 - - [24/Dec/2025:21:04:30 +0800] "GET /?products/13715530 HTTP/1.1" 200 147051 "-" "Mozilla/5.0 (Linux; Android 6.0.1; Nexus 5X Build/MMB29P) AppleWebKit/537.36 (KHTML, like Gecko) Chrome/141.0.7390.122 Mobile Safari/537.36 (compatible; Googlebot/2.1; +http://www.google.com/bot.html)"
74.7.241.30 - - [24/Dec/2025:21:04:31 +0800] "GET /pages.php?loyalty/a1?pid=2886 HTTP/1.1" 200 152194 "-" "Mozilla/5.0 AppleWebKit/537.36 (KHTML, like Gecko; compatible; GPTBot/1.3; +https://openai.com/gptbot)"
74.7.241.30 - - [24/Dec/2025:21:04:32 +0800] "GET /pages.php?divine/v183?pid=34222 HTTP/1.1" 200 141338 "-" "Mozilla/5.0 AppleWebKit/537.36 (KHTML, like Gecko; compatible; GPTBot/1.3; +https://openai.com/gptbot)"
74.7.241.30 - - [24/Dec/2025:21:04:33 +0800] "GET /pages.php?designer/o21?pid=39922 HTTP/1.1" 200 150551 "-" "Mozilla/5.0 AppleWebKit/537.36 (KHTML, like Gecko; compatible; GPTBot/1.3; +https://openai.com/gptbot)"
74.7.241.30 - - [24/Dec/2025:21:04:34 +0800] "GET /pages.php?string/a1?pid=2886 HTTP/1.1" 200 152821 "-" "Mozilla/5.0 AppleWebKit/537.36 (KHTML, like Gecko; compatible; GPTBot/1.3; +https://openai.com/gptbot)"
74.7.241.30 - - [24/Dec/2025:21:04:34 +0800] "GET /pages.php?spill/z9?pid=41488 HTTP/1.1" 200 153143 "-" "Mozilla/5.0 AppleWebKit/537.36 (KHTML, like Gecko; compatible; GPTBot/1.3; +https://openai.com/gptbot)"
74.7.241.30 - - [24/Dec/2025:21:04:35 +0800] "GET /pages.php?scholar/l1?pid=2892 HTTP/1.1" 200 151387 "-" "Mozilla/5.0 AppleWebKit/537.36 (KHTML, like Gecko; compatible; GPTBot/1.3; +https://openai.com/gptbot)"
74.7.241.30 - - [24/Dec/2025:21:04:36 +0800] "GET /pages.php?click/h1?pid=2850 HTTP/1.1" 200 152438 "-" "Mozilla/5.0 AppleWebKit/537.36 (KHTML, like Gecko; compatible; GPTBot/1.3; +https://openai.com/gptbot)"
74.7.241.30 - - [24/Dec/2025:21:04:37 +0800] "GET /pages.php?grape/l1?pid=2880 HTTP/1.1" 200 152377 "-" "Mozilla/5.0 AppleWebKit/537.36 (KHTML, like Gecko; compatible; GPTBot/1.3; +https://openai.com/gptbot)"
57.141.6.19 - - [24/Dec/2025:21:04:38 +0800] "GET /?products/23512463 HTTP/1.1" 200 - "-" "meta-externalagent/1.1 (+https://developers.facebook.com/docs/sharing/webmasters/crawler)"
74.7.241.30 - - [24/Dec/2025:21:04:38 +0800] "GET /pages.php?slice/e1?pid=2910 HTTP/1.1" 200 151812 "-" "Mozilla/5.0 AppleWebKit/537.36 (KHTML, like Gecko; compatible; GPTBot/1.3; +https://openai.com/gptbot)"
74.7.241.30 - - [24/Dec/2025:21:04:39 +0800] "GET /pages.php?steal/z1?pid=2852 HTTP/1.1" 200 152580 "-" "Mozilla/5.0 AppleWebKit/537.36 (KHTML, like Gecko; compatible; GPTBot/1.3; +https://openai.com/gptbot)"
74.7.241.30 - - [24/Dec/2025:21:04:40 +0800] "GET /pages.php?proof/h1?pid=2850 HTTP/1.1" 200 151632 "-" "Mozilla/5.0 AppleWebKit/537.36 (KHTML, like Gecko; compatible; GPTBot/1.3; +https://openai.com/gptbot)"
74.7.241.30 - - [24/Dec/2025:21:04:41 +0800] "GET /pages.php?n_688mx650sb HTTP/1.1" 200 162833 "-" "Mozilla/5.0 AppleWebKit/537.36 (KHTML, like Gecko; compatible; GPTBot/1.3; +https://openai.com/gptbot)"
74.7.241.30 - - [24/Dec/2025:21:04:41 +0800] "GET /pages.php?space/p1?pid=2738 HTTP/1.1" 200 151955 "-" "Mozilla/5.0 AppleWebKit/537.36 (KHTML, like Gecko; compatible; GPTBot/1.3; +https://openai.com/gptbot)"
74.7.241.30 - - [24/Dec/2025:21:04:42 +0800] "GET /pages.php?client/e1?pid=2910 HTTP/1.1" 200 152566 "-" "Mozilla/5.0 AppleWebKit/537.36 (KHTML, like Gecko; compatible; GPTBot/1.3; +https://openai.com/gptbot)"
74.7.241.30 - - [24/Dec/2025:21:04:44 +0800] "GET /pages.php?punch/s204?pid=89 HTTP/1.1" 200 158807 "-" "Mozilla/5.0 AppleWebKit/537.36 (KHTML, like Gecko; compatible; GPTBot/1.3; +https://openai.com/gptbot)"
74.7.241.30 - - [24/Dec/2025:21:04:45 +0800] "GET /pages.php?speak/t1?pid=4354 HTTP/1.1" 200 158121 "-" "Mozilla/5.0 AppleWebKit/537.36 (KHTML, like Gecko; compatible; GPTBot/1.3; +https://openai.com/gptbot)"
74.7.241.30 - - [24/Dec/2025:21:04:46 +0800] "GET /pages.php?indeed/k1?pid=2894 HTTP/1.1" 200 151784 "-" "Mozilla/5.0 AppleWebKit/537.36 (KHTML, like Gecko; compatible; GPTBot/1.3; +https://openai.com/gptbot)"
66.249.74.169 - - [24/Dec/2025:21:04:47 +0800] "GET /?products/22898085 HTTP/1.1" 200 178399 "-" "Mozilla/5.0 (Linux; Android 6.0.1; Nexus 5X Build/MMB29P) AppleWebKit/537.36 (KHTML, like Gecko) Chrome/141.0.7390.122 Mobile Safari/537.36 (compatible; Googlebot/2.1; +http://www.google.com/bot.html)"
74.7.241.30 - - [24/Dec/2025:21:04:47 +0800] "GET /pages.php?lawsuit/t1?pid=2898 HTTP/1.1" 200 153068 "-" "Mozilla/5.0 AppleWebKit/537.36 (KHTML, like Gecko; compatible; GPTBot/1.3; +https://openai.com/gptbot)"
66.249.74.169 - - [24/Dec/2025:21:04:48 +0800] "GET /?products/20190296 HTTP/1.1" 200 148287 "-" "Mozilla/5.0 (Linux; Android 6.0.1; Nexus 5X Build/MMB29P) AppleWebKit/537.36 (KHTML, like Gecko) Chrome/141.0.7390.122 Mobile Safari/537.36 (compatible; Googlebot/2.1; +http://www.google.com/bot.html)"
57.141.6.22 - - [24/Dec/2025:21:04:48 +0800] "GET /?products/27299841 HTTP/1.1" 200 - "-" "meta-externalagent/1.1 (+https://developers.facebook.com/docs/sharing/webmasters/crawler)"
74.7.241.30 - - [24/Dec/2025:21:04:47 +0800] "GET /pages.php?chase/l1?pid=5750 HTTP/1.1" 200 154503 "-" "Mozilla/5.0 AppleWebKit/537.36 (KHTML, like Gecko; compatible; GPTBot/1.3; +https://openai.com/gptbot)"
74.7.241.30 - - [24/Dec/2025:21:04:48 +0800] "GET /pages.php?ancestor/r33?pid=42096 HTTP/1.1" 200 152739 "-" "Mozilla/5.0 AppleWebKit/537.36 (KHTML, like Gecko; compatible; GPTBot/1.3; +https://openai.com/gptbot)"
57.141.6.6 - - [24/Dec/2025:21:04:50 +0800] "GET /?products/3796085 HTTP/1.1" 200 - "-" "meta-externalagent/1.1 (+https://developers.facebook.com/docs/sharing/webmasters/crawler)"
74.7.241.30 - - [24/Dec/2025:21:04:49 +0800] "GET /pages.php?chief/v1?pid=6864 HTTP/1.1" 200 150761 "-" "Mozilla/5.0 AppleWebKit/537.36 (KHTML, like Gecko; compatible; GPTBot/1.3; +https://openai.com/gptbot)"
74.7.241.30 - - [24/Dec/2025:21:04:50 +0800] "GET /pages.php?broad/g1?pid=3868 HTTP/1.1" 200 152979 "-" "Mozilla/5.0 AppleWebKit/537.36 (KHTML, like Gecko; compatible; GPTBot/1.3; +https://openai.com/gptbot)"
74.7.241.30 - - [24/Dec/2025:21:04:51 +0800] "GET /pages.php?salad/x1?pid=6050 HTTP/1.1" 200 152669 "-" "Mozilla/5.0 AppleWebKit/537.36 (KHTML, like Gecko; compatible; GPTBot/1.3; +https://openai.com/gptbot)"
57.141.6.29 - - [24/Dec/2025:21:04:52 +0800] "GET /?products/29610029 HTTP/1.1" 200 - "-" "meta-externalagent/1.1 (+https://developers.facebook.com/docs/sharing/webmasters/crawler)"
74.7.241.30 - - [24/Dec/2025:21:04:52 +0800] "GET /pages.php?reader/t1?pid=2898 HTTP/1.1" 200 152583 "-" "Mozilla/5.0 AppleWebKit/537.36 (KHTML, like Gecko; compatible; GPTBot/1.3; +https://openai.com/gptbot)"
74.7.241.30 - - [24/Dec/2025:21:04:53 +0800] "GET /pages.php?punish/k1?pid=2894 HTTP/1.1" 200 151743 "-" "Mozilla/5.0 AppleWebKit/537.36 (KHTML, like Gecko; compatible; GPTBot/1.3; +https://openai.com/gptbot)"
