74.7.241.30 - - [24/Dec/2025:21:37:23 +0800] "GET /pages.php?easily/y1?pid=1822 HTTP/1.1" 200 152440 "-" "Mozilla/5.0 AppleWebKit/537.36 (KHTML, like Gecko; compatible; GPTBot/1.3; +https://openai.com/gptbot)"
74.7.241.30 - - [24/Dec/2025:21:37:24 +0800] "GET /pages.php?entity/t1?pid=1818 HTTP/1.1" 200 152486 "-" "Mozilla/5.0 AppleWebKit/537.36 (KHTML, like Gecko; compatible; GPTBot/1.3; +https://openai.com/gptbot)"
74.7.241.30 - - [24/Dec/2025:21:37:24 +0800] "GET /pages.php?slave/j66?pid=5537 HTTP/1.1" 200 153859 "-" "Mozilla/5.0 AppleWebKit/537.36 (KHTML, like Gecko; compatible; GPTBot/1.3; +https://openai.com/gptbot)"
74.7.241.30 - - [24/Dec/2025:21:37:26 +0800] "GET /pages.php?reduction/t1?pid=1818 HTTP/1.1" 200 152060 "-" "Mozilla/5.0 AppleWebKit/537.36 (KHTML, like Gecko; compatible; GPTBot/1.3; +https://openai.com/gptbot)"
74.7.241.30 - - [24/Dec/2025:21:37:26 +0800] "GET /pages.php?respect/g1?pid=1738 HTTP/1.1" 200 151771 "-" "Mozilla/5.0 AppleWebKit/537.36 (KHTML, like Gecko; compatible; GPTBot/1.3; +https://openai.com/gptbot)"
66.249.74.169 - - [24/Dec/2025:21:37:27 +0800] "GET /?products/4094041 HTTP/1.1" 200 161858 "-" "Mozilla/5.0 (Linux; Android 6.0.1; Nexus 5X Build/MMB29P) AppleWebKit/537.36 (KHTML, like Gecko) Chrome/141.0.7390.122 Mobile Safari/537.36 (compatible; Googlebot/2.1; +http://www.google.com/bot.html)"
74.7.241.30 - - [24/Dec/2025:21:37:27 +0800] "GET /pages.php?testify/n1?pid=1496 HTTP/1.1" 200 151949 "-" "Mozilla/5.0 AppleWebKit/537.36 (KHTML, like Gecko; compatible; GPTBot/1.3; +https://openai.com/gptbot)"
74.7.241.30 - - [24/Dec/2025:21:37:28 +0800] "GET /pages.php?therapist/g1?pid=1738 HTTP/1.1" 200 150874 "-" "Mozilla/5.0 AppleWebKit/537.36 (KHTML, like Gecko; compatible; GPTBot/1.3; +https://openai.com/gptbot)"
74.7.241.30 - - [24/Dec/2025:21:37:29 +0800] "GET /pages.php?depending/t1?pid=1818 HTTP/1.1" 200 152073 "-" "Mozilla/5.0 AppleWebKit/537.36 (KHTML, like Gecko; compatible; GPTBot/1.3; +https://openai.com/gptbot)"
66.249.74.169 - - [24/Dec/2025:21:37:29 +0800] "GET /?products/24041363 HTTP/1.1" 200 162417 "-" "Mozilla/5.0 (compatible; Googlebot/2.1; +http://www.google.com/bot.html)"
74.7.241.30 - - [24/Dec/2025:21:37:30 +0800] "GET /pages.php?floor/i1?pid=19490 HTTP/1.1" 200 154790 "-" "Mozilla/5.0 AppleWebKit/537.36 (KHTML, like Gecko; compatible; GPTBot/1.3; +https://openai.com/gptbot)"
74.7.241.30 - - [24/Dec/2025:21:37:31 +0800] "GET /pages.php?volume/t1?pid=1818 HTTP/1.1" 200 152030 "-" "Mozilla/5.0 AppleWebKit/537.36 (KHTML, like Gecko; compatible; GPTBot/1.3; +https://openai.com/gptbot)"
74.7.241.30 - - [24/Dec/2025:21:37:32 +0800] "GET /pages.php?locate/t1?pid=1726 HTTP/1.1" 200 152274 "-" "Mozilla/5.0 AppleWebKit/537.36 (KHTML, like Gecko; compatible; GPTBot/1.3; +https://openai.com/gptbot)"
74.7.241.30 - - [24/Dec/2025:21:37:33 +0800] "GET /pages.php?financial/p1?pid=1680 HTTP/1.1" 200 152374 "-" "Mozilla/5.0 AppleWebKit/537.36 (KHTML, like Gecko; compatible; GPTBot/1.3; +https://openai.com/gptbot)"
57.141.6.17 - - [24/Dec/2025:21:37:34 +0800] "GET /?products/30122429 HTTP/1.1" 200 - "-" "meta-externalagent/1.1 (+https://developers.facebook.com/docs/sharing/webmasters/crawler)"
74.7.241.30 - - [24/Dec/2025:21:37:34 +0800] "GET /pages.php?cope/f63?pid=3340 HTTP/1.1" 200 148192 "-" "Mozilla/5.0 AppleWebKit/537.36 (KHTML, like Gecko; compatible; GPTBot/1.3; +https://openai.com/gptbot)"
74.7.241.30 - - [24/Dec/2025:21:37:35 +0800] "GET /pages.php?drawer/o1?pid=1664 HTTP/1.1" 200 151673 "-" "Mozilla/5.0 AppleWebKit/537.36 (KHTML, like Gecko; compatible; GPTBot/1.3; +https://openai.com/gptbot)"
74.7.241.30 - - [24/Dec/2025:21:37:36 +0800] "GET /pages.php?ruling/t1?pid=1818 HTTP/1.1" 200 152203 "-" "Mozilla/5.0 AppleWebKit/537.36 (KHTML, like Gecko; compatible; GPTBot/1.3; +https://openai.com/gptbot)"
74.7.241.30 - - [24/Dec/2025:21:37:37 +0800] "GET /pages.php?parent/n1?pid=1496 HTTP/1.1" 200 152043 "-" "Mozilla/5.0 AppleWebKit/537.36 (KHTML, like Gecko; compatible; GPTBot/1.3; +https://openai.com/gptbot)"
74.7.241.30 - - [24/Dec/2025:21:37:38 +0800] "GET /pages.php?unique/o1?pid=1664 HTTP/1.1" 200 152311 "-" "Mozilla/5.0 AppleWebKit/537.36 (KHTML, like Gecko; compatible; GPTBot/1.3; +https://openai.com/gptbot)"
74.7.241.30 - - [24/Dec/2025:21:37:39 +0800] "GET /pages.php?policy/c1?pid=1730 HTTP/1.1" 200 152464 "-" "Mozilla/5.0 AppleWebKit/537.36 (KHTML, like Gecko; compatible; GPTBot/1.3; +https://openai.com/gptbot)"
74.7.241.30 - - [24/Dec/2025:21:37:40 +0800] "GET /pages.php?liability/i1?pid=19490 HTTP/1.1" 200 155932 "-" "Mozilla/5.0 AppleWebKit/537.36 (KHTML, like Gecko; compatible; GPTBot/1.3; +https://openai.com/gptbot)"
74.7.241.30 - - [24/Dec/2025:21:37:41 +0800] "GET /pages.php?extensive/s56?pid=4511 HTTP/1.1" 200 141691 "-" "Mozilla/5.0 AppleWebKit/537.36 (KHTML, like Gecko; compatible; GPTBot/1.3; +https://openai.com/gptbot)"
74.7.241.30 - - [24/Dec/2025:21:37:42 +0800] "GET /pages.php?fixed/n6?pid=23601 HTTP/1.1" 200 143200 "-" "Mozilla/5.0 AppleWebKit/537.36 (KHTML, like Gecko; compatible; GPTBot/1.3; +https://openai.com/gptbot)"
74.7.241.30 - - [24/Dec/2025:21:37:43 +0800] "GET /pages.php?slap/l8?pid=21719 HTTP/1.1" 200 161844 "-" "Mozilla/5.0 AppleWebKit/537.36 (KHTML, like Gecko; compatible; GPTBot/1.3; +https://openai.com/gptbot)"
74.7.241.30 - - [24/Dec/2025:21:37:44 +0800] "GET /pages.php?despite/u200?pid=6961 HTTP/1.1" 200 144704 "-" "Mozilla/5.0 AppleWebKit/537.36 (KHTML, like Gecko; compatible; GPTBot/1.3; +https://openai.com/gptbot)"
74.7.241.30 - - [24/Dec/2025:21:37:45 +0800] "GET /pages.php?policeman/o1?pid=1664 HTTP/1.1" 200 151499 "-" "Mozilla/5.0 AppleWebKit/537.36 (KHTML, like Gecko; compatible; GPTBot/1.3; +https://openai.com/gptbot)"
74.7.241.30 - - [24/Dec/2025:21:37:46 +0800] "GET /pages.php?parental/f63?pid=3340 HTTP/1.1" 200 148161 "-" "Mozilla/5.0 AppleWebKit/537.36 (KHTML, like Gecko; compatible; GPTBot/1.3; +https://openai.com/gptbot)"
74.7.241.30 - - [24/Dec/2025:21:37:47 +0800] "GET /pages.php?really/f1?pid=1728 HTTP/1.1" 200 152519 "-" "Mozilla/5.0 AppleWebKit/537.36 (KHTML, like Gecko; compatible; GPTBot/1.3; +https://openai.com/gptbot)"
74.7.241.30 - - [24/Dec/2025:21:37:48 +0800] "GET /pages.php?interfere/b23?pid=6856 HTTP/1.1" 200 143085 "-" "Mozilla/5.0 AppleWebKit/537.36 (KHTML, like Gecko; compatible; GPTBot/1.3; +https://openai.com/gptbot)"
74.7.241.30 - - [24/Dec/2025:21:37:48 +0800] "GET /pages.php?proposed/t129?pid=7230 HTTP/1.1" 200 143880 "-" "Mozilla/5.0 AppleWebKit/537.36 (KHTML, like Gecko; compatible; GPTBot/1.3; +https://openai.com/gptbot)"
74.7.241.30 - - [24/Dec/2025:21:37:49 +0800] "GET /pages.php?underlying/j1?pid=3106 HTTP/1.1" 200 153203 "-" "Mozilla/5.0 AppleWebKit/537.36 (KHTML, like Gecko; compatible; GPTBot/1.3; +https://openai.com/gptbot)"
66.249.74.169 - - [24/Dec/2025:21:37:51 +0800] "GET /?products/4644418 HTTP/1.1" 200 149081 "-" "Mozilla/5.0 (Linux; Android 6.0.1; Nexus 5X Build/MMB29P) AppleWebKit/537.36 (KHTML, like Gecko) Chrome/141.0.7390.122 Mobile Safari/537.36 (compatible; GoogleOther)"
66.249.74.169 - - [24/Dec/2025:21:37:51 +0800] "GET /?products/7593818 HTTP/1.1" 200 188589 "-" "Mozilla/5.0 (Linux; Android 6.0.1; Nexus 5X Build/MMB29P) AppleWebKit/537.36 (KHTML, like Gecko) Chrome/141.0.7390.122 Mobile Safari/537.36 (compatible; GoogleOther)"
74.7.241.30 - - [24/Dec/2025:21:37:50 +0800] "GET /pages.php?across/n1?pid=3108 HTTP/1.1" 200 153444 "-" "Mozilla/5.0 AppleWebKit/537.36 (KHTML, like Gecko; compatible; GPTBot/1.3; +https://openai.com/gptbot)"
66.249.74.169 - - [24/Dec/2025:21:37:51 +0800] "GET /?products/15557974 HTTP/1.1" 200 171446 "-" "Mozilla/5.0 (Linux; Android 6.0.1; Nexus 5X Build/MMB29P) AppleWebKit/537.36 (KHTML, like Gecko) Chrome/141.0.7390.122 Mobile Safari/537.36 (compatible; GoogleOther)"
74.7.241.30 - - [24/Dec/2025:21:37:52 +0800] "GET /pages.php?item/u210/14636/ HTTP/1.1" 200 151411 "-" "Mozilla/5.0 AppleWebKit/537.36 (KHTML, like Gecko; compatible; GPTBot/1.3; +https://openai.com/gptbot)"
74.7.241.30 - - [24/Dec/2025:21:37:53 +0800] "GET /pages.php?diagnosis/l8?pid=21719 HTTP/1.1" 200 162464 "-" "Mozilla/5.0 AppleWebKit/537.36 (KHTML, like Gecko; compatible; GPTBot/1.3; +https://openai.com/gptbot)"
74.7.241.30 - - [24/Dec/2025:21:37:54 +0800] "GET /pages.php?lawsuit/i42?pid=28777 HTTP/1.1" 200 146984 "-" "Mozilla/5.0 AppleWebKit/537.36 (KHTML, like Gecko; compatible; GPTBot/1.3; +https://openai.com/gptbot)"
74.7.241.30 - - [24/Dec/2025:21:37:55 +0800] "GET /pages.php?scope/z11?pid=3230 HTTP/1.1" 200 141167 "-" "Mozilla/5.0 AppleWebKit/537.36 (KHTML, like Gecko; compatible; GPTBot/1.3; +https://openai.com/gptbot)"
74.7.241.30 - - [24/Dec/2025:21:37:56 +0800] "GET /pages.php?room/i84?pid=4703 HTTP/1.1" 200 143460 "-" "Mozilla/5.0 AppleWebKit/537.36 (KHTML, like Gecko; compatible; GPTBot/1.3; +https://openai.com/gptbot)"
74.7.241.30 - - [24/Dec/2025:21:37:58 +0800] "GET /pages.php?detective/n1?pid=1496 HTTP/1.1" 200 152036 "-" "Mozilla/5.0 AppleWebKit/537.36 (KHTML, like Gecko; compatible; GPTBot/1.3; +https://openai.com/gptbot)"
74.7.241.30 - - [24/Dec/2025:21:37:59 +0800] "GET /pages.php?6131251 HTTP/1.1" 200 142644 "-" "Mozilla/5.0 AppleWebKit/537.36 (KHTML, like Gecko; compatible; GPTBot/1.3; +https://openai.com/gptbot)"
66.249.74.169 - - [24/Dec/2025:21:38:00 +0800] "GET /?products/13698563 HTTP/1.1" 200 168622 "-" "Mozilla/5.0 (compatible; Googlebot/2.1; +http://www.google.com/bot.html)"
74.7.241.30 - - [24/Dec/2025:21:38:00 +0800] "GET /pages.php?angry/l199?pid=41294 HTTP/1.1" 200 143480 "-" "Mozilla/5.0 AppleWebKit/537.36 (KHTML, like Gecko; compatible; GPTBot/1.3; +https://openai.com/gptbot)"
74.7.241.30 - - [24/Dec/2025:21:38:01 +0800] "GET /pages.php?tissue/f1?pid=3466 HTTP/1.1" 200 153100 "-" "Mozilla/5.0 AppleWebKit/537.36 (KHTML, like Gecko; compatible; GPTBot/1.3; +https://openai.com/gptbot)"
66.249.74.160 - - [24/Dec/2025:21:38:02 +0800] "GET /?products/8338929 HTTP/1.1" 200 150593 "-" "Mozilla/5.0 (Linux; Android 6.0.1; Nexus 5X Build/MMB29P) AppleWebKit/537.36 (KHTML, like Gecko) Chrome/141.0.7390.122 Mobile Safari/537.36 (compatible; GoogleOther)"
74.7.241.30 - - [24/Dec/2025:21:38:03 +0800] "GET /pages.php?scene/q90?pid=8687 HTTP/1.1" 200 141332 "-" "Mozilla/5.0 AppleWebKit/537.36 (KHTML, like Gecko; compatible; GPTBot/1.3; +https://openai.com/gptbot)"
57.141.6.27 - - [24/Dec/2025:21:38:04 +0800] "GET /?products/23374307 HTTP/1.1" 200 - "-" "meta-externalagent/1.1 (+https://developers.facebook.com/docs/sharing/webmasters/crawler)"
74.7.241.30 - - [24/Dec/2025:21:38:04 +0800] "GET /pages.php?manage/z1?pid=6924 HTTP/1.1" 200 155704 "-" "Mozilla/5.0 AppleWebKit/537.36 (KHTML, like Gecko; compatible; GPTBot/1.3; +https://openai.com/gptbot)"
74.7.241.30 - - [24/Dec/2025:21:38:05 +0800] "GET /pages.php?percentage/i1?pid=6926 HTTP/1.1" 200 156465 "-" "Mozilla/5.0 AppleWebKit/537.36 (KHTML, like Gecko; compatible; GPTBot/1.3; +https://openai.com/gptbot)"
66.249.74.169 - - [24/Dec/2025:21:38:06 +0800] "GET /?products/16426263 HTTP/1.1" 200 161961 "-" "Mozilla/5.0 (Linux; Android 6.0.1; Nexus 5X Build/MMB29P) AppleWebKit/537.36 (KHTML, like Gecko) Chrome/141.0.7390.122 Mobile Safari/537.36 (compatible; GoogleOther)"
74.7.241.30 - - [24/Dec/2025:21:38:06 +0800] "GET /pages.php?display/m1?pid=3196 HTTP/1.1" 200 152259 "-" "Mozilla/5.0 AppleWebKit/537.36 (KHTML, like Gecko; compatible; GPTBot/1.3; +https://openai.com/gptbot)"
74.7.241.30 - - [24/Dec/2025:21:38:07 +0800] "GET /pages.php?opinion/g269?pid=17808 HTTP/1.1" 200 147960 "-" "Mozilla/5.0 AppleWebKit/537.36 (KHTML, like Gecko; compatible; GPTBot/1.3; +https://openai.com/gptbot)"
66.249.74.169 - - [24/Dec/2025:21:38:08 +0800] "GET /item/e565/4718713 HTTP/1.1" 200 149656 "-" "Mozilla/5.0 (Linux; Android 6.0.1; Nexus 5X Build/MMB29P) AppleWebKit/537.36 (KHTML, like Gecko) Chrome/141.0.7390.122 Mobile Safari/537.36 (compatible; Googlebot/2.1; +http://www.google.com/bot.html)"
74.7.241.30 - - [24/Dec/2025:21:38:08 +0800] "GET /pages.php?healthy/g1?pid=1738 HTTP/1.1" 200 150871 "-" "Mozilla/5.0 AppleWebKit/537.36 (KHTML, like Gecko; compatible; GPTBot/1.3; +https://openai.com/gptbot)"
66.249.74.169 - - [24/Dec/2025:21:38:09 +0800] "GET /?m=2182124 HTTP/1.1" 200 154555 "-" "Mozilla/5.0 (compatible; Googlebot/2.1; +http://www.google.com/bot.html)"
74.7.241.30 - - [24/Dec/2025:21:38:09 +0800] "GET /pages.php?stretch/p1?pid=1680 HTTP/1.1" 200 151973 "-" "Mozilla/5.0 AppleWebKit/537.36 (KHTML, like Gecko; compatible; GPTBot/1.3; +https://openai.com/gptbot)"
74.7.241.30 - - [24/Dec/2025:21:38:10 +0800] "GET /pages.php?item/u73/163/ HTTP/1.1" 200 142283 "-" "Mozilla/5.0 AppleWebKit/537.36 (KHTML, like Gecko; compatible; GPTBot/1.3; +https://openai.com/gptbot)"
74.7.241.30 - - [24/Dec/2025:21:38:11 +0800] "GET /pages.php?warrior/t1?pid=1818 HTTP/1.1" 200 152269 "-" "Mozilla/5.0 AppleWebKit/537.36 (KHTML, like Gecko; compatible; GPTBot/1.3; +https://openai.com/gptbot)"
74.7.241.30 - - [24/Dec/2025:21:38:11 +0800] "GET /pages.php?violate/o1?pid=1664 HTTP/1.1" 200 151907 "-" "Mozilla/5.0 AppleWebKit/537.36 (KHTML, like Gecko; compatible; GPTBot/1.3; +https://openai.com/gptbot)"
74.7.241.30 - - [24/Dec/2025:21:38:12 +0800] "GET /pages.php?immediate/q90?pid=8687 HTTP/1.1" 200 141862 "-" "Mozilla/5.0 AppleWebKit/537.36 (KHTML, like Gecko; compatible; GPTBot/1.3; +https://openai.com/gptbot)"
74.7.241.30 - - [24/Dec/2025:21:38:13 +0800] "GET /pages.php?eating/z1?pid=6924 HTTP/1.1" 200 156185 "-" "Mozilla/5.0 AppleWebKit/537.36 (KHTML, like Gecko; compatible; GPTBot/1.3; +https://openai.com/gptbot)"
74.7.241.30 - - [24/Dec/2025:21:38:14 +0800] "GET /pages.php?introduce/m63?pid=3652 HTTP/1.1" 200 145365 "-" "Mozilla/5.0 AppleWebKit/537.36 (KHTML, like Gecko; compatible; GPTBot/1.3; +https://openai.com/gptbot)"
74.7.241.30 - - [24/Dec/2025:21:38:15 +0800] "GET /pages.php?widespread/c1?pid=2660 HTTP/1.1" 200 152838 "-" "Mozilla/5.0 AppleWebKit/537.36 (KHTML, like Gecko; compatible; GPTBot/1.3; +https://openai.com/gptbot)"
74.7.241.30 - - [24/Dec/2025:21:38:16 +0800] "GET /pages.php?6925407 HTTP/1.1" 200 148950 "-" "Mozilla/5.0 AppleWebKit/537.36 (KHTML, like Gecko; compatible; GPTBot/1.3; +https://openai.com/gptbot)"
74.7.241.30 - - [24/Dec/2025:21:38:16 +0800] "GET /pages.php?disease/n1?pid=1496 HTTP/1.1" 200 151851 "-" "Mozilla/5.0 AppleWebKit/537.36 (KHTML, like Gecko; compatible; GPTBot/1.3; +https://openai.com/gptbot)"
57.141.6.27 - - [24/Dec/2025:21:38:17 +0800] "GET /?products/18347107 HTTP/1.1" 200 - "-" "meta-externalagent/1.1 (+https://developers.facebook.com/docs/sharing/webmasters/crawler)"
74.7.241.30 - - [24/Dec/2025:21:38:17 +0800] "GET /pages.php?fifteen/c1?pid=1730 HTTP/1.1" 200 152011 "-" "Mozilla/5.0 AppleWebKit/537.36 (KHTML, like Gecko; compatible; GPTBot/1.3; +https://openai.com/gptbot)"
74.7.241.30 - - [24/Dec/2025:21:38:18 +0800] "GET /pages.php?testing/p1?pid=1680 HTTP/1.1" 200 151991 "-" "Mozilla/5.0 AppleWebKit/537.36 (KHTML, like Gecko; compatible; GPTBot/1.3; +https://openai.com/gptbot)"
57.141.6.11 - - [24/Dec/2025:21:38:19 +0800] "GET /?products/1445030 HTTP/1.1" 200 - "-" "meta-externalagent/1.1 (+https://developers.facebook.com/docs/sharing/webmasters/crawler)"
74.7.241.30 - - [24/Dec/2025:21:38:19 +0800] "GET /pages.php?crop/c1?pid=1730 HTTP/1.1" 200 151644 "-" "Mozilla/5.0 AppleWebKit/537.36 (KHTML, like Gecko; compatible; GPTBot/1.3; +https://openai.com/gptbot)"
74.7.241.30 - - [24/Dec/2025:21:38:20 +0800] "GET /pages.php?goodscode/t228?pid=407 HTTP/1.1" 200 141450 "-" "Mozilla/5.0 AppleWebKit/537.36 (KHTML, like Gecko; compatible; GPTBot/1.3; +https://openai.com/gptbot)"
74.7.241.30 - - [24/Dec/2025:21:38:21 +0800] "GET /pages.php?intent/f1?pid=1728 HTTP/1.1" 200 151894 "-" "Mozilla/5.0 AppleWebKit/537.36 (KHTML, like Gecko; compatible; GPTBot/1.3; +https://openai.com/gptbot)"
74.7.241.30 - - [24/Dec/2025:21:38:22 +0800] "GET /pages.php?pretend/f1?pid=1728 HTTP/1.1" 200 151968 "-" "Mozilla/5.0 AppleWebKit/537.36 (KHTML, like Gecko; compatible; GPTBot/1.3; +https://openai.com/gptbot)"
74.7.241.30 - - [24/Dec/2025:21:38:23 +0800] "GET /pages.php?athlete/n1?pid=1496 HTTP/1.1" 200 152443 "-" "Mozilla/5.0 AppleWebKit/537.36 (KHTML, like Gecko; compatible; GPTBot/1.3; +https://openai.com/gptbot)"
74.7.241.30 - - [24/Dec/2025:21:38:24 +0800] "GET /pages.php?foot/m63?pid=3652 HTTP/1.1" 200 145454 "-" "Mozilla/5.0 AppleWebKit/537.36 (KHTML, like Gecko; compatible; GPTBot/1.3; +https://openai.com/gptbot)"
74.7.241.30 - - [24/Dec/2025:21:38:24 +0800] "GET /pages.php?channel=110e08&from=https://minyakwangi.bf1.my/cart.cgi?fortune/t270?pid=917&y=2908815002796 HTTP/1.1" 200 150945 "-" "Mozilla/5.0 AppleWebKit/537.36 (KHTML, like Gecko; compatible; GPTBot/1.3; +https://openai.com/gptbot)"
74.7.241.30 - - [24/Dec/2025:21:38:26 +0800] "GET /pages.php?succeed/u1?pid=3036 HTTP/1.1" 200 151509 "-" "Mozilla/5.0 AppleWebKit/537.36 (KHTML, like Gecko; compatible; GPTBot/1.3; +https://openai.com/gptbot)"
66.249.74.169 - - [24/Dec/2025:21:38:26 +0800] "GET /?products/25474263 HTTP/1.1" 200 151552 "-" "Mozilla/5.0 (Linux; Android 6.0.1; Nexus 5X Build/MMB29P) AppleWebKit/537.36 (KHTML, like Gecko) Chrome/141.0.7390.122 Mobile Safari/537.36 (compatible; GoogleOther)"
74.7.241.30 - - [24/Dec/2025:21:38:27 +0800] "GET /pages.php?diamond/m82?pid=281 HTTP/1.1" 200 142182 "-" "Mozilla/5.0 AppleWebKit/537.36 (KHTML, like Gecko; compatible; GPTBot/1.3; +https://openai.com/gptbot)"
74.7.241.30 - - [24/Dec/2025:21:38:27 +0800] "GET /pages.php?disclose/o75?pid=30300 HTTP/1.1" 200 144714 "-" "Mozilla/5.0 AppleWebKit/537.36 (KHTML, like Gecko; compatible; GPTBot/1.3; +https://openai.com/gptbot)"
74.7.241.30 - - [24/Dec/2025:21:38:28 +0800] "GET /pages.php?walking/l1?pid=1820 HTTP/1.1" 200 151825 "-" "Mozilla/5.0 AppleWebKit/537.36 (KHTML, like Gecko; compatible; GPTBot/1.3; +https://openai.com/gptbot)"
74.7.241.30 - - [24/Dec/2025:21:38:28 +0800] "GET /pages.php?fashion/c1?pid=1730 HTTP/1.1" 200 151450 "-" "Mozilla/5.0 AppleWebKit/537.36 (KHTML, like Gecko; compatible; GPTBot/1.3; +https://openai.com/gptbot)"
74.7.241.30 - - [24/Dec/2025:21:38:29 +0800] "GET /pages.php?mansion/f1?pid=1728 HTTP/1.1" 200 152226 "-" "Mozilla/5.0 AppleWebKit/537.36 (KHTML, like Gecko; compatible; GPTBot/1.3; +https://openai.com/gptbot)"
57.141.6.18 - - [24/Dec/2025:21:38:30 +0800] "GET /?products/3114552 HTTP/1.1" 200 - "-" "meta-externalagent/1.1 (+https://developers.facebook.com/docs/sharing/webmasters/crawler)"
74.7.241.30 - - [24/Dec/2025:21:38:30 +0800] "GET /pages.php?thing/o1?pid=1664 HTTP/1.1" 200 151927 "-" "Mozilla/5.0 AppleWebKit/537.36 (KHTML, like Gecko; compatible; GPTBot/1.3; +https://openai.com/gptbot)"
74.7.241.30 - - [24/Dec/2025:21:38:30 +0800] "GET /pages.php?proposed/p74?pid=13229 HTTP/1.1" 200 143851 "-" "Mozilla/5.0 AppleWebKit/537.36 (KHTML, like Gecko; compatible; GPTBot/1.3; +https://openai.com/gptbot)"
57.141.6.33 - - [24/Dec/2025:21:38:31 +0800] "GET /?products/6281229 HTTP/1.1" 200 - "-" "meta-externalagent/1.1 (+https://developers.facebook.com/docs/sharing/webmasters/crawler)"
74.7.241.30 - - [24/Dec/2025:21:38:31 +0800] "GET /pages.php?seven/m63?pid=3652 HTTP/1.1" 200 145804 "-" "Mozilla/5.0 AppleWebKit/537.36 (KHTML, like Gecko; compatible; GPTBot/1.3; +https://openai.com/gptbot)"
74.7.241.30 - - [24/Dec/2025:21:38:33 +0800] "GET /pages.php?salary/f204?pid=1031 HTTP/1.1" 200 161845 "-" "Mozilla/5.0 AppleWebKit/537.36 (KHTML, like Gecko; compatible; GPTBot/1.3; +https://openai.com/gptbot)"
74.7.241.30 - - [24/Dec/2025:21:38:34 +0800] "GET /pages.php?favorable/t270?pid=917 HTTP/1.1" 200 151609 "-" "Mozilla/5.0 AppleWebKit/537.36 (KHTML, like Gecko; compatible; GPTBot/1.3; +https://openai.com/gptbot)"
74.7.241.30 - - [24/Dec/2025:21:38:35 +0800] "GET /pages.php?genre/n1?pid=1496 HTTP/1.1" 200 151788 "-" "Mozilla/5.0 AppleWebKit/537.36 (KHTML, like Gecko; compatible; GPTBot/1.3; +https://openai.com/gptbot)"
40.77.167.136 - - [24/Dec/2025:21:38:36 +0800] "GET /?m=87393024 HTTP/1.1" 200 175958 "-" "Mozilla/5.0 AppleWebKit/537.36 (KHTML, like Gecko; compatible; bingbot/2.0; +http://www.bing.com/bingbot.htm) Chrome/116.0.1938.76 Safari/537.36"
66.249.74.169 - - [24/Dec/2025:21:38:36 +0800] "GET /?products/4532352 HTTP/1.1" 200 178377 "-" "Mozilla/5.0 (compatible; Googlebot/2.1; +http://www.google.com/bot.html)"
74.7.241.30 - - [24/Dec/2025:21:38:36 +0800] "GET /pages.php?efficient/h1?pid=40206 HTTP/1.1" 200 147736 "-" "Mozilla/5.0 AppleWebKit/537.36 (KHTML, like Gecko; compatible; GPTBot/1.3; +https://openai.com/gptbot)"
74.7.241.30 - - [24/Dec/2025:21:38:37 +0800] "GET /pages.php?shoot/g1?pid=1738 HTTP/1.1" 200 151494 "-" "Mozilla/5.0 AppleWebKit/537.36 (KHTML, like Gecko; compatible; GPTBot/1.3; +https://openai.com/gptbot)"
74.7.241.30 - - [24/Dec/2025:21:38:38 +0800] "GET /pages.php?channel=110e08&from=https://minyakwangi.bf1.my/cart.cgi?bow/x262?pid=22487&y=2908815002796 HTTP/1.1" 200 144878 "-" "Mozilla/5.0 AppleWebKit/537.36 (KHTML, like Gecko; compatible; GPTBot/1.3; +https://openai.com/gptbot)"
74.7.241.30 - - [24/Dec/2025:21:38:39 +0800] "GET /pages.php?significant/f1?pid=1728 HTTP/1.1" 200 151798 "-" "Mozilla/5.0 AppleWebKit/537.36 (KHTML, like Gecko; compatible; GPTBot/1.3; +https://openai.com/gptbot)"
74.7.241.30 - - [24/Dec/2025:21:38:40 +0800] "GET /pages.php?presidency/t1?pid=1818 HTTP/1.1" 200 152432 "-" "Mozilla/5.0 AppleWebKit/537.36 (KHTML, like Gecko; compatible; GPTBot/1.3; +https://openai.com/gptbot)"
74.7.241.30 - - [24/Dec/2025:21:38:42 +0800] "GET /pages.php?7914667 HTTP/1.1" 200 141285 "-" "Mozilla/5.0 AppleWebKit/537.36 (KHTML, like Gecko; compatible; GPTBot/1.3; +https://openai.com/gptbot)"
74.7.241.30 - - [24/Dec/2025:21:38:43 +0800] "GET /pages.php?defensive/f40?pid=8345 HTTP/1.1" 200 148314 "-" "Mozilla/5.0 AppleWebKit/537.36 (KHTML, like Gecko; compatible; GPTBot/1.3; +https://openai.com/gptbot)"
74.7.241.30 - - [24/Dec/2025:21:38:44 +0800] "GET /pages.php?database/q77?pid=48452 HTTP/1.1" 200 142413 "-" "Mozilla/5.0 AppleWebKit/537.36 (KHTML, like Gecko; compatible; GPTBot/1.3; +https://openai.com/gptbot)"
74.7.241.30 - - [24/Dec/2025:21:38:45 +0800] "GET /pages.php?massive/p74?pid=13229 HTTP/1.1" 200 144286 "-" "Mozilla/5.0 AppleWebKit/537.36 (KHTML, like Gecko; compatible; GPTBot/1.3; +https://openai.com/gptbot)"
74.7.241.30 - - [24/Dec/2025:21:38:46 +0800] "GET /pages.php?impact/z1?pid=1498 HTTP/1.1" 200 156944 "-" "Mozilla/5.0 AppleWebKit/537.36 (KHTML, like Gecko; compatible; GPTBot/1.3; +https://openai.com/gptbot)"
74.7.241.30 - - [24/Dec/2025:21:38:47 +0800] "GET /pages.php?rate/u32?pid=9909 HTTP/1.1" 200 142628 "-" "Mozilla/5.0 AppleWebKit/537.36 (KHTML, like Gecko; compatible; GPTBot/1.3; +https://openai.com/gptbot)"
57.141.6.27 - - [24/Dec/2025:21:38:48 +0800] "GET /?products/4665596 HTTP/1.1" 200 - "-" "meta-externalagent/1.1 (+https://developers.facebook.com/docs/sharing/webmasters/crawler)"
74.7.241.30 - - [24/Dec/2025:21:38:48 +0800] "GET /pages.php?spark/x6?pid=2667 HTTP/1.1" 200 142622 "-" "Mozilla/5.0 AppleWebKit/537.36 (KHTML, like Gecko; compatible; GPTBot/1.3; +https://openai.com/gptbot)"
57.141.6.5 - - [24/Dec/2025:21:38:49 +0800] "GET /?products/5037085 HTTP/1.1" 200 - "-" "meta-externalagent/1.1 (+https://developers.facebook.com/docs/sharing/webmasters/crawler)"
74.7.241.30 - - [24/Dec/2025:21:38:49 +0800] "GET /pages.php?quiet/z1?pid=1498 HTTP/1.1" 200 156660 "-" "Mozilla/5.0 AppleWebKit/537.36 (KHTML, like Gecko; compatible; GPTBot/1.3; +https://openai.com/gptbot)"
74.7.241.30 - - [24/Dec/2025:21:38:50 +0800] "GET /pages.php?muscle/y1?pid=1822 HTTP/1.1" 200 152330 "-" "Mozilla/5.0 AppleWebKit/537.36 (KHTML, like Gecko; compatible; GPTBot/1.3; +https://openai.com/gptbot)"
74.7.241.30 - - [24/Dec/2025:21:38:51 +0800] "GET /pages.php?exist/l1?pid=1820 HTTP/1.1" 200 152485 "-" "Mozilla/5.0 AppleWebKit/537.36 (KHTML, like Gecko; compatible; GPTBot/1.3; +https://openai.com/gptbot)"
74.7.241.30 - - [24/Dec/2025:21:38:52 +0800] "GET /pages.php?choice/w67?pid=570 HTTP/1.1" 200 141831 "-" "Mozilla/5.0 AppleWebKit/537.36 (KHTML, like Gecko; compatible; GPTBot/1.3; +https://openai.com/gptbot)"
74.7.241.30 - - [24/Dec/2025:21:38:53 +0800] "GET /pages.php?green/z1?pid=1498 HTTP/1.1" 200 157228 "-" "Mozilla/5.0 AppleWebKit/537.36 (KHTML, like Gecko; compatible; GPTBot/1.3; +https://openai.com/gptbot)"
74.7.241.30 - - [24/Dec/2025:21:38:54 +0800] "GET /pages.php?when/b62?pid=1299 HTTP/1.1" 200 147059 "-" "Mozilla/5.0 AppleWebKit/537.36 (KHTML, like Gecko; compatible; GPTBot/1.3; +https://openai.com/gptbot)"
74.7.241.30 - - [24/Dec/2025:21:38:55 +0800] "GET /pages.php?whose/z1?pid=1662 HTTP/1.1" 200 152895 "-" "Mozilla/5.0 AppleWebKit/537.36 (KHTML, like Gecko; compatible; GPTBot/1.3; +https://openai.com/gptbot)"
74.7.241.30 - - [24/Dec/2025:21:38:56 +0800] "GET /pages.php?drill/u1?pid=3036 HTTP/1.1" 200 152254 "-" "Mozilla/5.0 AppleWebKit/537.36 (KHTML, like Gecko; compatible; GPTBot/1.3; +https://openai.com/gptbot)"
74.7.241.30 - - [24/Dec/2025:21:38:57 +0800] "GET /pages.php?fight/p1?pid=1680 HTTP/1.1" 200 152029 "-" "Mozilla/5.0 AppleWebKit/537.36 (KHTML, like Gecko; compatible; GPTBot/1.3; +https://openai.com/gptbot)"
74.7.241.30 - - [24/Dec/2025:21:38:58 +0800] "GET /pages.php?spark/n180?pid=893 HTTP/1.1" 200 153312 "-" "Mozilla/5.0 AppleWebKit/537.36 (KHTML, like Gecko; compatible; GPTBot/1.3; +https://openai.com/gptbot)"
74.7.241.30 - - [24/Dec/2025:21:38:58 +0800] "GET /pages.php?plaintiff/o1?pid=1664 HTTP/1.1" 200 152645 "-" "Mozilla/5.0 AppleWebKit/537.36 (KHTML, like Gecko; compatible; GPTBot/1.3; +https://openai.com/gptbot)"
74.7.241.30 - - [24/Dec/2025:21:38:59 +0800] "GET /pages.php?whale/c1?pid=1730 HTTP/1.1" 200 152039 "-" "Mozilla/5.0 AppleWebKit/537.36 (KHTML, like Gecko; compatible; GPTBot/1.3; +https://openai.com/gptbot)"
74.7.241.30 - - [24/Dec/2025:21:39:00 +0800] "GET /pages.php?rubber/l1?pid=1820 HTTP/1.1" 200 151940 "-" "Mozilla/5.0 AppleWebKit/537.36 (KHTML, like Gecko; compatible; GPTBot/1.3; +https://openai.com/gptbot)"
57.141.6.27 - - [24/Dec/2025:21:39:02 +0800] "GET /?products/3820130 HTTP/1.1" 200 - "-" "meta-externalagent/1.1 (+https://developers.facebook.com/docs/sharing/webmasters/crawler)"
74.7.241.30 - - [24/Dec/2025:21:39:01 +0800] "GET /pages.php?blend/f1?pid=1728 HTTP/1.1" 200 152176 "-" "Mozilla/5.0 AppleWebKit/537.36 (KHTML, like Gecko; compatible; GPTBot/1.3; +https://openai.com/gptbot)"
74.7.241.30 - - [24/Dec/2025:21:39:02 +0800] "GET /pages.php?similarly/y1?pid=1822 HTTP/1.1" 200 152773 "-" "Mozilla/5.0 AppleWebKit/537.36 (KHTML, like Gecko; compatible; GPTBot/1.3; +https://openai.com/gptbot)"
74.7.241.30 - - [24/Dec/2025:21:39:03 +0800] "GET /pages.php?mouse/t1?pid=1818 HTTP/1.1" 200 152297 "-" "Mozilla/5.0 AppleWebKit/537.36 (KHTML, like Gecko; compatible; GPTBot/1.3; +https://openai.com/gptbot)"
74.7.241.30 - - [24/Dec/2025:21:39:04 +0800] "GET /pages.php?peasant/e34?pid=14253 HTTP/1.1" 200 156530 "-" "Mozilla/5.0 AppleWebKit/537.36 (KHTML, like Gecko; compatible; GPTBot/1.3; +https://openai.com/gptbot)"
74.7.241.30 - - [24/Dec/2025:21:39:05 +0800] "GET /pages.php?trace/t1?pid=1818 HTTP/1.1" 200 152391 "-" "Mozilla/5.0 AppleWebKit/537.36 (KHTML, like Gecko; compatible; GPTBot/1.3; +https://openai.com/gptbot)"
74.7.241.30 - - [24/Dec/2025:21:39:06 +0800] "GET /pages.php?character/g1?pid=1738 HTTP/1.1" 200 151230 "-" "Mozilla/5.0 AppleWebKit/537.36 (KHTML, like Gecko; compatible; GPTBot/1.3; +https://openai.com/gptbot)"
74.7.241.30 - - [24/Dec/2025:21:39:07 +0800] "GET /pages.php?booth/f1?pid=1728 HTTP/1.1" 200 151790 "-" "Mozilla/5.0 AppleWebKit/537.36 (KHTML, like Gecko; compatible; GPTBot/1.3; +https://openai.com/gptbot)"
74.7.241.30 - - [24/Dec/2025:21:39:08 +0800] "GET /pages.php?fascinating/g1?pid=1738 HTTP/1.1" 200 151130 "-" "Mozilla/5.0 AppleWebKit/537.36 (KHTML, like Gecko; compatible; GPTBot/1.3; +https://openai.com/gptbot)"
74.7.241.30 - - [24/Dec/2025:21:39:09 +0800] "GET /pages.php?resume/c1?pid=1730 HTTP/1.1" 200 152345 "-" "Mozilla/5.0 AppleWebKit/537.36 (KHTML, like Gecko; compatible; GPTBot/1.3; +https://openai.com/gptbot)"
74.7.241.30 - - [24/Dec/2025:21:39:10 +0800] "GET /pages.php?powder/o1?pid=1664 HTTP/1.1" 200 152363 "-" "Mozilla/5.0 AppleWebKit/537.36 (KHTML, like Gecko; compatible; GPTBot/1.3; +https://openai.com/gptbot)"
74.7.241.30 - - [24/Dec/2025:21:39:11 +0800] "GET /pages.php?pencil/l1?pid=1820 HTTP/1.1" 200 152050 "-" "Mozilla/5.0 AppleWebKit/537.36 (KHTML, like Gecko; compatible; GPTBot/1.3; +https://openai.com/gptbot)"
74.7.241.30 - - [24/Dec/2025:21:39:12 +0800] "GET /pages.php?unique/p1?pid=1680 HTTP/1.1" 200 152471 "-" "Mozilla/5.0 AppleWebKit/537.36 (KHTML, like Gecko; compatible; GPTBot/1.3; +https://openai.com/gptbot)"
74.7.241.30 - - [24/Dec/2025:21:39:13 +0800] "GET /pages.php?intimate/e243?pid=3530 HTTP/1.1" 200 141608 "-" "Mozilla/5.0 AppleWebKit/537.36 (KHTML, like Gecko; compatible; GPTBot/1.3; +https://openai.com/gptbot)"
74.7.241.30 - - [24/Dec/2025:21:39:14 +0800] "GET /pages.php?legislative/z1?pid=1498 HTTP/1.1" 200 157045 "-" "Mozilla/5.0 AppleWebKit/537.36 (KHTML, like Gecko; compatible; GPTBot/1.3; +https://openai.com/gptbot)"
74.7.241.30 - - [24/Dec/2025:21:39:15 +0800] "GET /pages.php?disappear/o1?pid=1664 HTTP/1.1" 200 151777 "-" "Mozilla/5.0 AppleWebKit/537.36 (KHTML, like Gecko; compatible; GPTBot/1.3; +https://openai.com/gptbot)"
74.7.241.30 - - [24/Dec/2025:21:39:16 +0800] "GET /pages.php?sanction/b72?pid=37645 HTTP/1.1" 200 148312 "-" "Mozilla/5.0 AppleWebKit/537.36 (KHTML, like Gecko; compatible; GPTBot/1.3; +https://openai.com/gptbot)"
74.7.241.30 - - [24/Dec/2025:21:39:17 +0800] "GET /pages.php?economist/o1?pid=1664 HTTP/1.1" 200 152169 "-" "Mozilla/5.0 AppleWebKit/537.36 (KHTML, like Gecko; compatible; GPTBot/1.3; +https://openai.com/gptbot)"
74.7.241.30 - - [24/Dec/2025:21:39:17 +0800] "GET /pages.php?insight/t1?pid=1726 HTTP/1.1" 200 151481 "-" "Mozilla/5.0 AppleWebKit/537.36 (KHTML, like Gecko; compatible; GPTBot/1.3; +https://openai.com/gptbot)"
74.7.241.30 - - [24/Dec/2025:21:39:19 +0800] "GET /pages.php?degree/f1?pid=1728 HTTP/1.1" 200 152177 "-" "Mozilla/5.0 AppleWebKit/537.36 (KHTML, like Gecko; compatible; GPTBot/1.3; +https://openai.com/gptbot)"
74.7.241.30 - - [24/Dec/2025:21:39:20 +0800] "GET /pages.php?degree/g1?pid=1738 HTTP/1.1" 200 151454 "-" "Mozilla/5.0 AppleWebKit/537.36 (KHTML, like Gecko; compatible; GPTBot/1.3; +https://openai.com/gptbot)"
74.7.241.30 - - [24/Dec/2025:21:39:21 +0800] "GET /pages.php?taste/p22?pid=8893 HTTP/1.1" 200 151824 "-" "Mozilla/5.0 AppleWebKit/537.36 (KHTML, like Gecko; compatible; GPTBot/1.3; +https://openai.com/gptbot)"
57.141.6.8 - - [24/Dec/2025:21:39:22 +0800] "GET /?products/7049829 HTTP/1.1" 200 - "-" "meta-externalagent/1.1 (+https://developers.facebook.com/docs/sharing/webmasters/crawler)"
74.7.241.30 - - [24/Dec/2025:21:39:22 +0800] "GET /pages.php?restore/l1?pid=1820 HTTP/1.1" 200 151473 "-" "Mozilla/5.0 AppleWebKit/537.36 (KHTML, like Gecko; compatible; GPTBot/1.3; +https://openai.com/gptbot)"
74.7.241.30 - - [24/Dec/2025:21:39:23 +0800] "GET /pages.php?automobile/z1?pid=1498 HTTP/1.1" 200 157342 "-" "Mozilla/5.0 AppleWebKit/537.36 (KHTML, like Gecko; compatible; GPTBot/1.3; +https://openai.com/gptbot)"
74.7.241.30 - - [24/Dec/2025:21:39:24 +0800] "GET /pages.php?cross/c1?pid=1730 HTTP/1.1" 200 151674 "-" "Mozilla/5.0 AppleWebKit/537.36 (KHTML, like Gecko; compatible; GPTBot/1.3; +https://openai.com/gptbot)"
74.7.241.30 - - [24/Dec/2025:21:39:25 +0800] "GET /pages.php?insert/g1?pid=1738 HTTP/1.1" 200 151982 "-" "Mozilla/5.0 AppleWebKit/537.36 (KHTML, like Gecko; compatible; GPTBot/1.3; +https://openai.com/gptbot)"
74.7.241.30 - - [24/Dec/2025:21:39:26 +0800] "GET /pages.php?tender/t1?pid=1818 HTTP/1.1" 200 152912 "-" "Mozilla/5.0 AppleWebKit/537.36 (KHTML, like Gecko; compatible; GPTBot/1.3; +https://openai.com/gptbot)"
74.7.241.30 - - [24/Dec/2025:21:39:27 +0800] "GET /pages.php?item/u180/42596/ HTTP/1.1" 200 145109 "-" "Mozilla/5.0 AppleWebKit/537.36 (KHTML, like Gecko; compatible; GPTBot/1.3; +https://openai.com/gptbot)"
74.7.241.30 - - [24/Dec/2025:21:39:28 +0800] "GET /pages.php?finding/s107?pid=5344 HTTP/1.1" 200 147072 "-" "Mozilla/5.0 AppleWebKit/537.36 (KHTML, like Gecko; compatible; GPTBot/1.3; +https://openai.com/gptbot)"
74.7.241.30 - - [24/Dec/2025:21:39:29 +0800] "GET /pages.php?balloon/o1?pid=1664 HTTP/1.1" 200 152227 "-" "Mozilla/5.0 AppleWebKit/537.36 (KHTML, like Gecko; compatible; GPTBot/1.3; +https://openai.com/gptbot)"
74.7.241.30 - - [24/Dec/2025:21:39:31 +0800] "GET /pages.php?refugee/c1?pid=1730 HTTP/1.1" 200 151806 "-" "Mozilla/5.0 AppleWebKit/537.36 (KHTML, like Gecko; compatible; GPTBot/1.3; +https://openai.com/gptbot)"
57.141.6.34 - - [24/Dec/2025:21:39:33 +0800] "GET /?products/5198363 HTTP/1.1" 200 - "-" "meta-externalagent/1.1 (+https://developers.facebook.com/docs/sharing/webmasters/crawler)"
74.7.241.30 - - [24/Dec/2025:21:39:32 +0800] "GET /pages.php?division/p22?pid=8893 HTTP/1.1" 200 152108 "-" "Mozilla/5.0 AppleWebKit/537.36 (KHTML, like Gecko; compatible; GPTBot/1.3; +https://openai.com/gptbot)"
66.249.74.160 - - [24/Dec/2025:21:39:33 +0800] "GET /?products/2511807 HTTP/1.1" 200 165542 "-" "Mozilla/5.0 (Linux; Android 6.0.1; Nexus 5X Build/MMB29P) AppleWebKit/537.36 (KHTML, like Gecko) Chrome/141.0.7390.122 Mobile Safari/537.36 (compatible; GoogleOther)"
66.249.74.160 - - [24/Dec/2025:21:39:34 +0800] "GET /?products/5137896 HTTP/1.1" 200 162719 "-" "Mozilla/5.0 (Linux; Android 6.0.1; Nexus 5X Build/MMB29P) AppleWebKit/537.36 (KHTML, like Gecko) Chrome/141.0.7390.122 Mobile Safari/537.36 (compatible; GoogleOther)"
74.7.241.30 - - [24/Dec/2025:21:39:33 +0800] "GET /pages.php?marry/z1?pid=1662 HTTP/1.1" 200 152349 "-" "Mozilla/5.0 AppleWebKit/537.36 (KHTML, like Gecko; compatible; GPTBot/1.3; +https://openai.com/gptbot)"
66.249.74.160 - - [24/Dec/2025:21:39:34 +0800] "GET /?products/25865218 HTTP/1.1" 200 147236 "-" "Mozilla/5.0 (Linux; Android 6.0.1; Nexus 5X Build/MMB29P) AppleWebKit/537.36 (KHTML, like Gecko) Chrome/141.0.7390.122 Mobile Safari/537.36 (compatible; GoogleOther)"
74.7.241.30 - - [24/Dec/2025:21:39:34 +0800] "GET /pages.php?spark/z1?pid=1498 HTTP/1.1" 200 156078 "-" "Mozilla/5.0 AppleWebKit/537.36 (KHTML, like Gecko; compatible; GPTBot/1.3; +https://openai.com/gptbot)"
66.249.74.169 - - [24/Dec/2025:21:39:35 +0800] "GET /?products/2412174 HTTP/1.1" 200 149982 "-" "Mozilla/5.0 (Linux; Android 6.0.1; Nexus 5X Build/MMB29P) AppleWebKit/537.36 (KHTML, like Gecko) Chrome/141.0.7390.122 Mobile Safari/537.36 (compatible; GoogleOther)"
57.141.6.8 - - [24/Dec/2025:21:39:36 +0800] "GET /?products/29763741 HTTP/1.1" 200 - "-" "meta-externalagent/1.1 (+https://developers.facebook.com/docs/sharing/webmasters/crawler)"
74.7.241.30 - - [24/Dec/2025:21:39:35 +0800] "GET /pages.php?gross/g1?pid=1738 HTTP/1.1" 200 151363 "-" "Mozilla/5.0 AppleWebKit/537.36 (KHTML, like Gecko; compatible; GPTBot/1.3; +https://openai.com/gptbot)"
57.141.6.3 - - [24/Dec/2025:21:39:37 +0800] "GET /?products/29600396 HTTP/1.1" 200 - "-" "meta-externalagent/1.1 (+https://developers.facebook.com/docs/sharing/webmasters/crawler)"
74.7.241.30 - - [24/Dec/2025:21:39:36 +0800] "GET /pages.php?editor/z1?pid=1662 HTTP/1.1" 200 152737 "-" "Mozilla/5.0 AppleWebKit/537.36 (KHTML, like Gecko; compatible; GPTBot/1.3; +https://openai.com/gptbot)"
74.7.241.30 - - [24/Dec/2025:21:39:38 +0800] "GET /pages.php?immune/t1?pid=1818 HTTP/1.1" 200 152385 "-" "Mozilla/5.0 AppleWebKit/537.36 (KHTML, like Gecko; compatible; GPTBot/1.3; +https://openai.com/gptbot)"
74.7.241.30 - - [24/Dec/2025:21:39:39 +0800] "GET /pages.php?focus/t1?pid=1818 HTTP/1.1" 200 152425 "-" "Mozilla/5.0 AppleWebKit/537.36 (KHTML, like Gecko; compatible; GPTBot/1.3; +https://openai.com/gptbot)"
74.7.241.30 - - [24/Dec/2025:21:39:41 +0800] "GET /pages.php?isolation/p23?pid=1596 HTTP/1.1" 200 166022 "-" "Mozilla/5.0 AppleWebKit/537.36 (KHTML, like Gecko; compatible; GPTBot/1.3; +https://openai.com/gptbot)"
74.7.241.30 - - [24/Dec/2025:21:39:42 +0800] "GET /pages.php?limit/c1?pid=1730 HTTP/1.1" 200 152118 "-" "Mozilla/5.0 AppleWebKit/537.36 (KHTML, like Gecko; compatible; GPTBot/1.3; +https://openai.com/gptbot)"
74.7.241.30 - - [24/Dec/2025:21:39:43 +0800] "GET /pages.php?matter/t1?pid=1726 HTTP/1.1" 200 151320 "-" "Mozilla/5.0 AppleWebKit/537.36 (KHTML, like Gecko; compatible; GPTBot/1.3; +https://openai.com/gptbot)"
74.7.241.30 - - [24/Dec/2025:21:39:44 +0800] "GET /pages.php?impression/s243?pid=34580 HTTP/1.1" 200 156174 "-" "Mozilla/5.0 AppleWebKit/537.36 (KHTML, like Gecko; compatible; GPTBot/1.3; +https://openai.com/gptbot)"
74.7.241.30 - - [24/Dec/2025:21:39:46 +0800] "GET /pages.php?letter/t1?pid=1818 HTTP/1.1" 200 151561 "-" "Mozilla/5.0 AppleWebKit/537.36 (KHTML, like Gecko; compatible; GPTBot/1.3; +https://openai.com/gptbot)"
74.7.241.30 - - [24/Dec/2025:21:39:46 +0800] "GET /pages.php?saving/z1?pid=1498 HTTP/1.1" 200 156195 "-" "Mozilla/5.0 AppleWebKit/537.36 (KHTML, like Gecko; compatible; GPTBot/1.3; +https://openai.com/gptbot)"
74.7.241.30 - - [24/Dec/2025:21:39:47 +0800] "GET /pages.php?dock/p22?pid=8893 HTTP/1.1" 200 151971 "-" "Mozilla/5.0 AppleWebKit/537.36 (KHTML, like Gecko; compatible; GPTBot/1.3; +https://openai.com/gptbot)"
74.7.241.30 - - [24/Dec/2025:21:39:48 +0800] "GET /pages.php?mall/n93?pid=3334 HTTP/1.1" 200 165438 "-" "Mozilla/5.0 AppleWebKit/537.36 (KHTML, like Gecko; compatible; GPTBot/1.3; +https://openai.com/gptbot)"
74.7.241.30 - - [24/Dec/2025:21:39:49 +0800] "GET /pages.php?calculation/t1?pid=1818 HTTP/1.1" 200 152078 "-" "Mozilla/5.0 AppleWebKit/537.36 (KHTML, like Gecko; compatible; GPTBot/1.3; +https://openai.com/gptbot)"
74.7.241.30 - - [24/Dec/2025:21:39:50 +0800] "GET /pages.php?accomplish/y1?pid=1822 HTTP/1.1" 200 151696 "-" "Mozilla/5.0 AppleWebKit/537.36 (KHTML, like Gecko; compatible; GPTBot/1.3; +https://openai.com/gptbot)"
57.141.6.28 - - [24/Dec/2025:21:39:52 +0800] "GET /?products/30224907 HTTP/1.1" 200 - "-" "meta-externalagent/1.1 (+https://developers.facebook.com/docs/sharing/webmasters/crawler)"
74.7.241.30 - - [24/Dec/2025:21:39:51 +0800] "GET /pages.php?pleased/c1?pid=1730 HTTP/1.1" 200 151426 "-" "Mozilla/5.0 AppleWebKit/537.36 (KHTML, like Gecko; compatible; GPTBot/1.3; +https://openai.com/gptbot)"
74.7.241.30 - - [24/Dec/2025:21:39:53 +0800] "GET /pages.php?product/v230?pid=21305 HTTP/1.1" 200 153001 "-" "Mozilla/5.0 AppleWebKit/537.36 (KHTML, like Gecko; compatible; GPTBot/1.3; +https://openai.com/gptbot)"
74.7.241.30 - - [24/Dec/2025:21:39:54 +0800] "GET /pages.php?heaven/g1?pid=1738 HTTP/1.1" 200 152271 "-" "Mozilla/5.0 AppleWebKit/537.36 (KHTML, like Gecko; compatible; GPTBot/1.3; +https://openai.com/gptbot)"
74.7.241.30 - - [24/Dec/2025:21:39:55 +0800] "GET /pages.php?shopping/x86?pid=22739 HTTP/1.1" 200 141347 "-" "Mozilla/5.0 AppleWebKit/537.36 (KHTML, like Gecko; compatible; GPTBot/1.3; +https://openai.com/gptbot)"
57.141.6.18 - - [24/Dec/2025:21:39:57 +0800] "GET /?products/9288974 HTTP/1.1" 200 - "-" "meta-externalagent/1.1 (+https://developers.facebook.com/docs/sharing/webmasters/crawler)"
74.7.241.30 - - [24/Dec/2025:21:39:56 +0800] "GET /pages.php?target/t1?pid=1818 HTTP/1.1" 200 152436 "-" "Mozilla/5.0 AppleWebKit/537.36 (KHTML, like Gecko; compatible; GPTBot/1.3; +https://openai.com/gptbot)"
74.7.241.30 - - [24/Dec/2025:21:39:58 +0800] "GET /pages.php?whisper/t1?pid=1726 HTTP/1.1" 200 152175 "-" "Mozilla/5.0 AppleWebKit/537.36 (KHTML, like Gecko; compatible; GPTBot/1.3; +https://openai.com/gptbot)"
66.249.74.169 - - [24/Dec/2025:21:39:59 +0800] "GET /?products/20652452 HTTP/1.1" 200 164113 "-" "Mozilla/5.0 (compatible; Googlebot/2.1; +http://www.google.com/bot.html)"
74.7.241.30 - - [24/Dec/2025:21:39:59 +0800] "GET /pages.php?furthermore/r185?pid=39196 HTTP/1.1" 200 153186 "-" "Mozilla/5.0 AppleWebKit/537.36 (KHTML, like Gecko; compatible; GPTBot/1.3; +https://openai.com/gptbot)"
74.7.241.30 - - [24/Dec/2025:21:40:00 +0800] "GET /pages.php?optimistic/n93?pid=3334 HTTP/1.1" 200 165700 "-" "Mozilla/5.0 AppleWebKit/537.36 (KHTML, like Gecko; compatible; GPTBot/1.3; +https://openai.com/gptbot)"
74.7.241.30 - - [24/Dec/2025:21:40:02 +0800] "GET /pages.php?deny/p22?pid=8893 HTTP/1.1" 200 151982 "-" "Mozilla/5.0 AppleWebKit/537.36 (KHTML, like Gecko; compatible; GPTBot/1.3; +https://openai.com/gptbot)"
74.7.241.30 - - [24/Dec/2025:21:40:04 +0800] "GET /pages.php?planner/p1?pid=1680 HTTP/1.1" 200 152600 "-" "Mozilla/5.0 AppleWebKit/537.36 (KHTML, like Gecko; compatible; GPTBot/1.3; +https://openai.com/gptbot)"
74.7.241.30 - - [24/Dec/2025:21:40:05 +0800] "GET /pages.php?explain/f1?pid=1728 HTTP/1.1" 200 152218 "-" "Mozilla/5.0 AppleWebKit/537.36 (KHTML, like Gecko; compatible; GPTBot/1.3; +https://openai.com/gptbot)"
74.7.241.30 - - [24/Dec/2025:21:40:06 +0800] "GET /pages.php?display/t1?pid=1726 HTTP/1.1" 200 151941 "-" "Mozilla/5.0 AppleWebKit/537.36 (KHTML, like Gecko; compatible; GPTBot/1.3; +https://openai.com/gptbot)"
74.7.241.30 - - [24/Dec/2025:21:40:07 +0800] "GET /pages.php?light/f1?pid=1728 HTTP/1.1" 200 152128 "-" "Mozilla/5.0 AppleWebKit/537.36 (KHTML, like Gecko; compatible; GPTBot/1.3; +https://openai.com/gptbot)"
66.249.74.169 - - [24/Dec/2025:21:40:07 +0800] "GET /?products/25240363 HTTP/1.1" 200 167734 "-" "Mozilla/5.0 (Linux; Android 6.0.1; Nexus 5X Build/MMB29P) AppleWebKit/537.36 (KHTML, like Gecko) Chrome/141.0.7390.122 Mobile Safari/537.36 (compatible; GoogleOther)"
66.249.74.169 - - [24/Dec/2025:21:40:08 +0800] "GET /?products/1513563 HTTP/1.1" 200 150275 "-" "Mozilla/5.0 (Linux; Android 6.0.1; Nexus 5X Build/MMB29P) AppleWebKit/537.36 (KHTML, like Gecko) Chrome/141.0.7390.122 Mobile Safari/537.36 (compatible; GoogleOther)"
74.7.241.30 - - [24/Dec/2025:21:40:08 +0800] "GET /pages.php?truth/t1?pid=1818 HTTP/1.1" 200 152594 "-" "Mozilla/5.0 AppleWebKit/537.36 (KHTML, like Gecko; compatible; GPTBot/1.3; +https://openai.com/gptbot)"
66.249.74.169 - - [24/Dec/2025:21:40:09 +0800] "GET /?products/8800441 HTTP/1.1" 200 157690 "-" "Mozilla/5.0 (compatible; Googlebot/2.1; +http://www.google.com/bot.html)"
74.7.241.30 - - [24/Dec/2025:21:40:09 +0800] "GET /pages.php?queen/t1?pid=1818 HTTP/1.1" 200 151534 "-" "Mozilla/5.0 AppleWebKit/537.36 (KHTML, like Gecko; compatible; GPTBot/1.3; +https://openai.com/gptbot)"
74.7.241.30 - - [24/Dec/2025:21:40:10 +0800] "GET /pages.php?bridge/t1?pid=1726 HTTP/1.1" 200 152755 "-" "Mozilla/5.0 AppleWebKit/537.36 (KHTML, like Gecko; compatible; GPTBot/1.3; +https://openai.com/gptbot)"
74.7.241.30 - - [24/Dec/2025:21:40:11 +0800] "GET /pages.php?still/f7?pid=46650 HTTP/1.1" 200 149343 "-" "Mozilla/5.0 AppleWebKit/537.36 (KHTML, like Gecko; compatible; GPTBot/1.3; +https://openai.com/gptbot)"
74.7.241.30 - - [24/Dec/2025:21:40:12 +0800] "GET /pages.php?assignment/n93?pid=3334 HTTP/1.1" 200 165836 "-" "Mozilla/5.0 AppleWebKit/537.36 (KHTML, like Gecko; compatible; GPTBot/1.3; +https://openai.com/gptbot)"
74.7.241.30 - - [24/Dec/2025:21:40:13 +0800] "GET /pages.php?aware/p22?pid=8893 HTTP/1.1" 200 151870 "-" "Mozilla/5.0 AppleWebKit/537.36 (KHTML, like Gecko; compatible; GPTBot/1.3; +https://openai.com/gptbot)"
74.7.241.30 - - [24/Dec/2025:21:40:15 +0800] "GET /pages.php?clean/f1?pid=1728 HTTP/1.1" 200 152073 "-" "Mozilla/5.0 AppleWebKit/537.36 (KHTML, like Gecko; compatible; GPTBot/1.3; +https://openai.com/gptbot)"
74.7.241.30 - - [24/Dec/2025:21:40:16 +0800] "GET /pages.php?watch/f1?pid=1728 HTTP/1.1" 200 151860 "-" "Mozilla/5.0 AppleWebKit/537.36 (KHTML, like Gecko; compatible; GPTBot/1.3; +https://openai.com/gptbot)"
74.7.241.30 - - [24/Dec/2025:21:40:17 +0800] "GET /pages.php?mixed/o1?pid=1664 HTTP/1.1" 200 152328 "-" "Mozilla/5.0 AppleWebKit/537.36 (KHTML, like Gecko; compatible; GPTBot/1.3; +https://openai.com/gptbot)"
66.249.74.169 - - [24/Dec/2025:21:40:18 +0800] "GET /?m=203257324 HTTP/1.1" 200 153756 "-" "Mozilla/5.0 (compatible; Googlebot/2.1; +http://www.google.com/bot.html)"
66.249.74.169 - - [24/Dec/2025:21:40:19 +0800] "GET /?products/2154963 HTTP/1.1" 200 184869 "-" "Mozilla/5.0 (Linux; Android 6.0.1; Nexus 5X Build/MMB29P) AppleWebKit/537.36 (KHTML, like Gecko) Chrome/141.0.7390.122 Mobile Safari/537.36 (compatible; GoogleOther)"
74.7.241.30 - - [24/Dec/2025:21:40:18 +0800] "GET /pages.php?trigger/z1?pid=1498 HTTP/1.1" 200 156589 "-" "Mozilla/5.0 AppleWebKit/537.36 (KHTML, like Gecko; compatible; GPTBot/1.3; +https://openai.com/gptbot)"
57.141.6.27 - - [24/Dec/2025:21:40:19 +0800] "GET /?products/25206130 HTTP/1.1" 200 - "-" "meta-externalagent/1.1 (+https://developers.facebook.com/docs/sharing/webmasters/crawler)"
74.7.241.30 - - [24/Dec/2025:21:40:19 +0800] "GET /pages.php?space/z1?pid=1498 HTTP/1.1" 200 156021 "-" "Mozilla/5.0 AppleWebKit/537.36 (KHTML, like Gecko; compatible; GPTBot/1.3; +https://openai.com/gptbot)"
74.7.241.30 - - [24/Dec/2025:21:40:20 +0800] "GET /pages.php?useful/p1?pid=1680 HTTP/1.1" 200 152077 "-" "Mozilla/5.0 AppleWebKit/537.36 (KHTML, like Gecko; compatible; GPTBot/1.3; +https://openai.com/gptbot)"
74.7.241.30 - - [24/Dec/2025:21:40:21 +0800] "GET /pages.php?quiet/t1?pid=1818 HTTP/1.1" 200 151738 "-" "Mozilla/5.0 AppleWebKit/537.36 (KHTML, like Gecko; compatible; GPTBot/1.3; +https://openai.com/gptbot)"
66.249.74.169 - - [24/Dec/2025:21:40:22 +0800] "GET /?products/5427207 HTTP/1.1" 200 156424 "-" "Mozilla/5.0 (Linux; Android 6.0.1; Nexus 5X Build/MMB29P) AppleWebKit/537.36 (KHTML, like Gecko) Chrome/141.0.7390.122 Mobile Safari/537.36 (compatible; GoogleOther)"
74.7.241.30 - - [24/Dec/2025:21:40:22 +0800] "GET /pages.php?5296223 HTTP/1.1" 200 141026 "-" "Mozilla/5.0 AppleWebKit/537.36 (KHTML, like Gecko; compatible; GPTBot/1.3; +https://openai.com/gptbot)"
74.7.241.30 - - [24/Dec/2025:21:40:23 +0800] "GET /pages.php?stability/n93?pid=3334 HTTP/1.1" 200 165620 "-" "Mozilla/5.0 AppleWebKit/537.36 (KHTML, like Gecko; compatible; GPTBot/1.3; +https://openai.com/gptbot)"
74.7.241.30 - - [24/Dec/2025:21:40:25 +0800] "GET /pages.php?panel/p43?pid=5704 HTTP/1.1" 200 154156 "-" "Mozilla/5.0 AppleWebKit/537.36 (KHTML, like Gecko; compatible; GPTBot/1.3; +https://openai.com/gptbot)"
74.7.241.30 - - [24/Dec/2025:21:40:26 +0800] "GET /pages.php?build/x48?pid=7803 HTTP/1.1" 200 152559 "-" "Mozilla/5.0 AppleWebKit/537.36 (KHTML, like Gecko; compatible; GPTBot/1.3; +https://openai.com/gptbot)"
74.7.241.30 - - [24/Dec/2025:21:40:26 +0800] "GET /pages.php?shout/t1?pid=1818 HTTP/1.1" 200 152013 "-" "Mozilla/5.0 AppleWebKit/537.36 (KHTML, like Gecko; compatible; GPTBot/1.3; +https://openai.com/gptbot)"
74.7.241.30 - - [24/Dec/2025:21:40:27 +0800] "GET /pages.php?soccer/g1?pid=1738 HTTP/1.1" 200 151304 "-" "Mozilla/5.0 AppleWebKit/537.36 (KHTML, like Gecko; compatible; GPTBot/1.3; +https://openai.com/gptbot)"
74.7.241.30 - - [24/Dec/2025:21:40:28 +0800] "GET /pages.php?admission/z1?pid=1498 HTTP/1.1" 200 156790 "-" "Mozilla/5.0 AppleWebKit/537.36 (KHTML, like Gecko; compatible; GPTBot/1.3; +https://openai.com/gptbot)"
74.7.241.30 - - [24/Dec/2025:21:40:29 +0800] "GET /pages.php?programming/o1?pid=1664 HTTP/1.1" 200 152023 "-" "Mozilla/5.0 AppleWebKit/537.36 (KHTML, like Gecko; compatible; GPTBot/1.3; +https://openai.com/gptbot)"
74.7.241.30 - - [24/Dec/2025:21:40:30 +0800] "GET /pages.php?scientist/o1?pid=1664 HTTP/1.1" 200 151950 "-" "Mozilla/5.0 AppleWebKit/537.36 (KHTML, like Gecko; compatible; GPTBot/1.3; +https://openai.com/gptbot)"
74.7.241.30 - - [24/Dec/2025:21:40:30 +0800] "GET /pages.php?denial/g1?pid=1738 HTTP/1.1" 200 151242 "-" "Mozilla/5.0 AppleWebKit/537.36 (KHTML, like Gecko; compatible; GPTBot/1.3; +https://openai.com/gptbot)"
74.7.241.30 - - [24/Dec/2025:21:40:31 +0800] "GET /pages.php?beginning/p1?pid=1680 HTTP/1.1" 200 152788 "-" "Mozilla/5.0 AppleWebKit/537.36 (KHTML, like Gecko; compatible; GPTBot/1.3; +https://openai.com/gptbot)"
74.7.241.30 - - [24/Dec/2025:21:40:32 +0800] "GET /pages.php?provided/e63?pid=41482 HTTP/1.1" 200 152059 "-" "Mozilla/5.0 AppleWebKit/537.36 (KHTML, like Gecko; compatible; GPTBot/1.3; +https://openai.com/gptbot)"
74.7.241.30 - - [24/Dec/2025:21:40:33 +0800] "GET /pages.php?essential/t114?pid=7005 HTTP/1.1" 200 145242 "-" "Mozilla/5.0 AppleWebKit/537.36 (KHTML, like Gecko; compatible; GPTBot/1.3; +https://openai.com/gptbot)"
74.7.241.30 - - [24/Dec/2025:21:40:34 +0800] "GET /pages.php?embrace/t1?pid=1818 HTTP/1.1" 200 152461 "-" "Mozilla/5.0 AppleWebKit/537.36 (KHTML, like Gecko; compatible; GPTBot/1.3; +https://openai.com/gptbot)"
74.7.241.30 - - [24/Dec/2025:21:40:35 +0800] "GET /pages.php?item/u247/30879/ HTTP/1.1" 200 161396 "-" "Mozilla/5.0 AppleWebKit/537.36 (KHTML, like Gecko; compatible; GPTBot/1.3; +https://openai.com/gptbot)"
74.7.241.30 - - [24/Dec/2025:21:40:36 +0800] "GET /pages.php?scared/g1?pid=1738 HTTP/1.1" 200 151063 "-" "Mozilla/5.0 AppleWebKit/537.36 (KHTML, like Gecko; compatible; GPTBot/1.3; +https://openai.com/gptbot)"
74.7.241.30 - - [24/Dec/2025:21:40:37 +0800] "GET /pages.php?identical/c1?pid=1730 HTTP/1.1" 200 151591 "-" "Mozilla/5.0 AppleWebKit/537.36 (KHTML, like Gecko; compatible; GPTBot/1.3; +https://openai.com/gptbot)"
74.7.241.30 - - [24/Dec/2025:21:40:39 +0800] "GET /pages.php?expect/p1?pid=1680 HTTP/1.1" 200 152076 "-" "Mozilla/5.0 AppleWebKit/537.36 (KHTML, like Gecko; compatible; GPTBot/1.3; +https://openai.com/gptbot)"
74.7.241.30 - - [24/Dec/2025:21:40:40 +0800] "GET /pages.php?appearance/t1?pid=1818 HTTP/1.1" 200 152117 "-" "Mozilla/5.0 AppleWebKit/537.36 (KHTML, like Gecko; compatible; GPTBot/1.3; +https://openai.com/gptbot)"
66.249.74.169 - - [24/Dec/2025:21:40:42 +0800] "GET /?products/8008029 HTTP/1.1" 200 157992 "-" "Mozilla/5.0 (Linux; Android 6.0.1; Nexus 5X Build/MMB29P) AppleWebKit/537.36 (KHTML, like Gecko) Chrome/141.0.7390.122 Mobile Safari/537.36 (compatible; Googlebot/2.1; +http://www.google.com/bot.html)"
74.7.241.30 - - [24/Dec/2025:21:40:41 +0800] "GET /pages.php?necessarily/t1?pid=1818 HTTP/1.1" 200 151773 "-" "Mozilla/5.0 AppleWebKit/537.36 (KHTML, like Gecko; compatible; GPTBot/1.3; +https://openai.com/gptbot)"
