66.249.74.169 - - [24/Dec/2025:22:05:09 +0800] "GET /?products/22311296 HTTP/1.1" 200 148813 "-" "Mozilla/5.0 (Linux; Android 6.0.1; Nexus 5X Build/MMB29P) AppleWebKit/537.36 (KHTML, like Gecko) Chrome/141.0.7390.122 Mobile Safari/537.36 (compatible; GoogleOther)"
74.7.241.30 - - [24/Dec/2025:22:05:09 +0800] "GET /pages.php?Latin/z1?pid=1498 HTTP/1.1" 200 157418 "-" "Mozilla/5.0 AppleWebKit/537.36 (KHTML, like Gecko; compatible; GPTBot/1.3; +https://openai.com/gptbot)"
66.249.74.161 - - [24/Dec/2025:22:05:10 +0800] "GET /?products/24271696 HTTP/1.1" 200 168132 "-" "Mozilla/5.0 (Linux; Android 6.0.1; Nexus 5X Build/MMB29P) AppleWebKit/537.36 (KHTML, like Gecko) Chrome/141.0.7390.122 Mobile Safari/537.36 (compatible; GoogleOther)"
74.7.241.30 - - [24/Dec/2025:22:05:10 +0800] "GET /pages.php?hopefully/o1?pid=1664 HTTP/1.1" 200 152248 "-" "Mozilla/5.0 AppleWebKit/537.36 (KHTML, like Gecko; compatible; GPTBot/1.3; +https://openai.com/gptbot)"
74.7.241.30 - - [24/Dec/2025:22:05:10 +0800] "GET /pages.php?enter/p1?pid=1680 HTTP/1.1" 200 151559 "-" "Mozilla/5.0 AppleWebKit/537.36 (KHTML, like Gecko; compatible; GPTBot/1.3; +https://openai.com/gptbot)"
74.7.241.30 - - [24/Dec/2025:22:05:11 +0800] "GET /pages.php?species/r86?pid=10627 HTTP/1.1" 200 142777 "-" "Mozilla/5.0 AppleWebKit/537.36 (KHTML, like Gecko; compatible; GPTBot/1.3; +https://openai.com/gptbot)"
74.7.241.30 - - [24/Dec/2025:22:05:12 +0800] "GET /pages.php?pulse/n1?pid=1496 HTTP/1.1" 200 152757 "-" "Mozilla/5.0 AppleWebKit/537.36 (KHTML, like Gecko; compatible; GPTBot/1.3; +https://openai.com/gptbot)"
74.7.241.30 - - [24/Dec/2025:22:05:13 +0800] "GET /pages.php?widow/g1?pid=1738 HTTP/1.1" 200 151589 "-" "Mozilla/5.0 AppleWebKit/537.36 (KHTML, like Gecko; compatible; GPTBot/1.3; +https://openai.com/gptbot)"
74.7.241.30 - - [24/Dec/2025:22:05:14 +0800] "GET /pages.php?buddy/f1?pid=1728 HTTP/1.1" 200 151416 "-" "Mozilla/5.0 AppleWebKit/537.36 (KHTML, like Gecko; compatible; GPTBot/1.3; +https://openai.com/gptbot)"
74.7.241.30 - - [24/Dec/2025:22:05:15 +0800] "GET /pages.php?sharply/z1?pid=1662 HTTP/1.1" 200 152942 "-" "Mozilla/5.0 AppleWebKit/537.36 (KHTML, like Gecko; compatible; GPTBot/1.3; +https://openai.com/gptbot)"
74.7.241.30 - - [24/Dec/2025:22:05:16 +0800] "GET /pages.php?experience/c1?pid=1730 HTTP/1.1" 200 152248 "-" "Mozilla/5.0 AppleWebKit/537.36 (KHTML, like Gecko; compatible; GPTBot/1.3; +https://openai.com/gptbot)"
74.7.241.30 - - [24/Dec/2025:22:05:17 +0800] "GET /pages.php?survive/f1?pid=1728 HTTP/1.1" 200 152119 "-" "Mozilla/5.0 AppleWebKit/537.36 (KHTML, like Gecko; compatible; GPTBot/1.3; +https://openai.com/gptbot)"
74.7.241.30 - - [24/Dec/2025:22:05:18 +0800] "GET /pages.php?catch/p1?pid=1680 HTTP/1.1" 200 151801 "-" "Mozilla/5.0 AppleWebKit/537.36 (KHTML, like Gecko; compatible; GPTBot/1.3; +https://openai.com/gptbot)"
74.7.241.30 - - [24/Dec/2025:22:05:19 +0800] "GET /pages.php?clearly/o1?pid=1664 HTTP/1.1" 200 152320 "-" "Mozilla/5.0 AppleWebKit/537.36 (KHTML, like Gecko; compatible; GPTBot/1.3; +https://openai.com/gptbot)"
74.7.241.30 - - [24/Dec/2025:22:05:19 +0800] "GET /pages.php?ratio/p1?pid=1680 HTTP/1.1" 200 151313 "-" "Mozilla/5.0 AppleWebKit/537.36 (KHTML, like Gecko; compatible; GPTBot/1.3; +https://openai.com/gptbot)"
66.249.74.169 - - [24/Dec/2025:22:05:20 +0800] "GET /?products/26476585 HTTP/1.1" 200 162388 "-" "Mozilla/5.0 (Linux; Android 6.0.1; Nexus 5X Build/MMB29P) AppleWebKit/537.36 (KHTML, like Gecko) Chrome/141.0.7390.122 Mobile Safari/537.36 (compatible; GoogleOther)"
74.7.241.30 - - [24/Dec/2025:22:05:20 +0800] "GET /pages.php?scope/o1?pid=1664 HTTP/1.1" 200 152035 "-" "Mozilla/5.0 AppleWebKit/537.36 (KHTML, like Gecko; compatible; GPTBot/1.3; +https://openai.com/gptbot)"
74.7.241.30 - - [24/Dec/2025:22:05:21 +0800] "GET /pages.php?refugee/n1?pid=1496 HTTP/1.1" 200 151615 "-" "Mozilla/5.0 AppleWebKit/537.36 (KHTML, like Gecko; compatible; GPTBot/1.3; +https://openai.com/gptbot)"
74.7.241.30 - - [24/Dec/2025:22:05:22 +0800] "GET /pages.php?dough/l1?pid=1820 HTTP/1.1" 200 152061 "-" "Mozilla/5.0 AppleWebKit/537.36 (KHTML, like Gecko; compatible; GPTBot/1.3; +https://openai.com/gptbot)"
74.7.241.30 - - [24/Dec/2025:22:05:23 +0800] "GET /pages.php?select/f1?pid=1728 HTTP/1.1" 200 151740 "-" "Mozilla/5.0 AppleWebKit/537.36 (KHTML, like Gecko; compatible; GPTBot/1.3; +https://openai.com/gptbot)"
66.249.74.160 - - [24/Dec/2025:22:05:24 +0800] "GET /?products/14533152 HTTP/1.1" 200 155672 "-" "Mozilla/5.0 (Linux; Android 6.0.1; Nexus 5X Build/MMB29P) AppleWebKit/537.36 (KHTML, like Gecko) Chrome/141.0.7390.122 Mobile Safari/537.36 (compatible; GoogleOther)"
74.7.241.30 - - [24/Dec/2025:22:05:24 +0800] "GET /pages.php?value/f1?pid=1728 HTTP/1.1" 200 152406 "-" "Mozilla/5.0 AppleWebKit/537.36 (KHTML, like Gecko; compatible; GPTBot/1.3; +https://openai.com/gptbot)"
74.7.241.30 - - [24/Dec/2025:22:05:25 +0800] "GET /pages.php?voluntary/t80?pid=16617 HTTP/1.1" 200 157835 "-" "Mozilla/5.0 AppleWebKit/537.36 (KHTML, like Gecko; compatible; GPTBot/1.3; +https://openai.com/gptbot)"
74.7.241.30 - - [24/Dec/2025:22:05:27 +0800] "GET /pages.php?final/p1?pid=1680 HTTP/1.1" 200 152439 "-" "Mozilla/5.0 AppleWebKit/537.36 (KHTML, like Gecko; compatible; GPTBot/1.3; +https://openai.com/gptbot)"
74.7.241.30 - - [24/Dec/2025:22:05:28 +0800] "GET /pages.php?squeeze/f1?pid=1728 HTTP/1.1" 200 151691 "-" "Mozilla/5.0 AppleWebKit/537.36 (KHTML, like Gecko; compatible; GPTBot/1.3; +https://openai.com/gptbot)"
74.7.241.30 - - [24/Dec/2025:22:05:28 +0800] "GET /pages.php?invitation/o1?pid=1664 HTTP/1.1" 200 152709 "-" "Mozilla/5.0 AppleWebKit/537.36 (KHTML, like Gecko; compatible; GPTBot/1.3; +https://openai.com/gptbot)"
57.141.6.3 - - [24/Dec/2025:22:05:30 +0800] "GET /?products/2303307 HTTP/1.1" 200 - "-" "meta-externalagent/1.1 (+https://developers.facebook.com/docs/sharing/webmasters/crawler)"
74.7.241.30 - - [24/Dec/2025:22:05:30 +0800] "GET /pages.php?brake/t1?pid=1818 HTTP/1.1" 200 152000 "-" "Mozilla/5.0 AppleWebKit/537.36 (KHTML, like Gecko; compatible; GPTBot/1.3; +https://openai.com/gptbot)"
74.7.241.30 - - [24/Dec/2025:22:05:31 +0800] "GET /pages.php?joint/g1?pid=1738 HTTP/1.1" 200 150933 "-" "Mozilla/5.0 AppleWebKit/537.36 (KHTML, like Gecko; compatible; GPTBot/1.3; +https://openai.com/gptbot)"
74.7.241.30 - - [24/Dec/2025:22:05:31 +0800] "GET /pages.php?dancer/f1?pid=1728 HTTP/1.1" 200 151142 "-" "Mozilla/5.0 AppleWebKit/537.36 (KHTML, like Gecko; compatible; GPTBot/1.3; +https://openai.com/gptbot)"
57.141.6.28 - - [24/Dec/2025:22:05:33 +0800] "GET /?products/30099985 HTTP/1.1" 200 - "-" "meta-externalagent/1.1 (+https://developers.facebook.com/docs/sharing/webmasters/crawler)"
74.7.241.30 - - [24/Dec/2025:22:05:32 +0800] "GET /pages.php?sodium/t1?pid=1726 HTTP/1.1" 200 151397 "-" "Mozilla/5.0 AppleWebKit/537.36 (KHTML, like Gecko; compatible; GPTBot/1.3; +https://openai.com/gptbot)"
74.7.241.30 - - [24/Dec/2025:22:05:33 +0800] "GET /pages.php?enable/f1?pid=1728 HTTP/1.1" 200 151913 "-" "Mozilla/5.0 AppleWebKit/537.36 (KHTML, like Gecko; compatible; GPTBot/1.3; +https://openai.com/gptbot)"
57.141.6.19 - - [24/Dec/2025:22:05:34 +0800] "GET /?products/3363341 HTTP/1.1" 200 - "-" "meta-externalagent/1.1 (+https://developers.facebook.com/docs/sharing/webmasters/crawler)"
74.7.241.30 - - [24/Dec/2025:22:05:34 +0800] "GET /pages.php?league/g1?pid=1738 HTTP/1.1" 200 151333 "-" "Mozilla/5.0 AppleWebKit/537.36 (KHTML, like Gecko; compatible; GPTBot/1.3; +https://openai.com/gptbot)"
74.7.241.30 - - [24/Dec/2025:22:05:35 +0800] "GET /pages.php?whisper/g194?pid=3715 HTTP/1.1" 200 141982 "-" "Mozilla/5.0 AppleWebKit/537.36 (KHTML, like Gecko; compatible; GPTBot/1.3; +https://openai.com/gptbot)"
74.7.241.30 - - [24/Dec/2025:22:05:36 +0800] "GET /pages.php?define/n1?pid=1496 HTTP/1.1" 200 151679 "-" "Mozilla/5.0 AppleWebKit/537.36 (KHTML, like Gecko; compatible; GPTBot/1.3; +https://openai.com/gptbot)"
57.141.6.26 - - [24/Dec/2025:22:05:38 +0800] "GET /?products/2115374 HTTP/1.1" 200 - "-" "meta-externalagent/1.1 (+https://developers.facebook.com/docs/sharing/webmasters/crawler)"
74.7.241.30 - - [24/Dec/2025:22:05:37 +0800] "GET /pages.php?address/w15?pid=32954 HTTP/1.1" 200 145679 "-" "Mozilla/5.0 AppleWebKit/537.36 (KHTML, like Gecko; compatible; GPTBot/1.3; +https://openai.com/gptbot)"
66.249.74.169 - - [24/Dec/2025:22:05:38 +0800] "GET /?products/22387841 HTTP/1.1" 200 148138 "-" "Mozilla/5.0 (Linux; Android 6.0.1; Nexus 5X Build/MMB29P) AppleWebKit/537.36 (KHTML, like Gecko) Chrome/141.0.7390.122 Mobile Safari/537.36 (compatible; Googlebot/2.1; +http://www.google.com/bot.html)"
74.7.241.30 - - [24/Dec/2025:22:05:38 +0800] "GET /pages.php?pregnant/u262?pid=1267 HTTP/1.1" 200 144517 "-" "Mozilla/5.0 AppleWebKit/537.36 (KHTML, like Gecko; compatible; GPTBot/1.3; +https://openai.com/gptbot)"
57.141.6.13 - - [24/Dec/2025:22:05:39 +0800] "GET /?products/4993407 HTTP/1.1" 200 - "-" "meta-externalagent/1.1 (+https://developers.facebook.com/docs/sharing/webmasters/crawler)"
74.7.241.30 - - [24/Dec/2025:22:05:39 +0800] "GET /pages.php?transport/t1?pid=1726 HTTP/1.1" 200 151864 "-" "Mozilla/5.0 AppleWebKit/537.36 (KHTML, like Gecko; compatible; GPTBot/1.3; +https://openai.com/gptbot)"
74.7.241.30 - - [24/Dec/2025:22:05:40 +0800] "GET /pages.php?membership/p1?pid=1680 HTTP/1.1" 200 151436 "-" "Mozilla/5.0 AppleWebKit/537.36 (KHTML, like Gecko; compatible; GPTBot/1.3; +https://openai.com/gptbot)"
74.7.241.30 - - [24/Dec/2025:22:05:41 +0800] "GET /pages.php?shadow/c1?pid=1730 HTTP/1.1" 200 152354 "-" "Mozilla/5.0 AppleWebKit/537.36 (KHTML, like Gecko; compatible; GPTBot/1.3; +https://openai.com/gptbot)"
74.7.241.30 - - [24/Dec/2025:22:05:41 +0800] "GET /pages.php?reference/i70?pid=22237 HTTP/1.1" 200 147470 "-" "Mozilla/5.0 AppleWebKit/537.36 (KHTML, like Gecko; compatible; GPTBot/1.3; +https://openai.com/gptbot)"
74.7.241.30 - - [24/Dec/2025:22:05:42 +0800] "GET /pages.php?privilege/v25?pid=5574 HTTP/1.1" 200 152517 "-" "Mozilla/5.0 AppleWebKit/537.36 (KHTML, like Gecko; compatible; GPTBot/1.3; +https://openai.com/gptbot)"
74.7.241.30 - - [24/Dec/2025:22:05:43 +0800] "GET /pages.php?possibility/t1?pid=1818 HTTP/1.1" 200 151702 "-" "Mozilla/5.0 AppleWebKit/537.36 (KHTML, like Gecko; compatible; GPTBot/1.3; +https://openai.com/gptbot)"
74.7.241.30 - - [24/Dec/2025:22:05:44 +0800] "GET /pages.php?tighten/e97?pid=29288 HTTP/1.1" 200 141547 "-" "Mozilla/5.0 AppleWebKit/537.36 (KHTML, like Gecko; compatible; GPTBot/1.3; +https://openai.com/gptbot)"
74.7.241.30 - - [24/Dec/2025:22:05:45 +0800] "GET /pages.php?cruel/g80?pid=1201 HTTP/1.1" 200 147801 "-" "Mozilla/5.0 AppleWebKit/537.36 (KHTML, like Gecko; compatible; GPTBot/1.3; +https://openai.com/gptbot)"
57.141.6.16 - - [24/Dec/2025:22:05:45 +0800] "GET /?products/23576518 HTTP/1.1" 200 - "-" "meta-externalagent/1.1 (+https://developers.facebook.com/docs/sharing/webmasters/crawler)"
74.7.241.30 - - [24/Dec/2025:22:05:46 +0800] "GET /pages.php?missile/n1?pid=1496 HTTP/1.1" 200 151747 "-" "Mozilla/5.0 AppleWebKit/537.36 (KHTML, like Gecko; compatible; GPTBot/1.3; +https://openai.com/gptbot)"
74.7.241.30 - - [24/Dec/2025:22:05:47 +0800] "GET /pages.php?1115021009 HTTP/1.1" 200 147125 "-" "Mozilla/5.0 AppleWebKit/537.36 (KHTML, like Gecko; compatible; GPTBot/1.3; +https://openai.com/gptbot)"
74.7.241.30 - - [24/Dec/2025:22:05:47 +0800] "GET /pages.php?chicken/v61?pid=48818 HTTP/1.1" 200 144116 "-" "Mozilla/5.0 AppleWebKit/537.36 (KHTML, like Gecko; compatible; GPTBot/1.3; +https://openai.com/gptbot)"
74.7.241.30 - - [24/Dec/2025:22:05:48 +0800] "GET /pages.php?respect/t27?pid=29088 HTTP/1.1" 200 142541 "-" "Mozilla/5.0 AppleWebKit/537.36 (KHTML, like Gecko; compatible; GPTBot/1.3; +https://openai.com/gptbot)"
74.7.241.30 - - [24/Dec/2025:22:05:49 +0800] "GET /pages.php?potential/t1?pid=1818 HTTP/1.1" 200 151898 "-" "Mozilla/5.0 AppleWebKit/537.36 (KHTML, like Gecko; compatible; GPTBot/1.3; +https://openai.com/gptbot)"
74.7.241.30 - - [24/Dec/2025:22:05:49 +0800] "GET /pages.php?potential/i70?pid=22237 HTTP/1.1" 200 147620 "-" "Mozilla/5.0 AppleWebKit/537.36 (KHTML, like Gecko; compatible; GPTBot/1.3; +https://openai.com/gptbot)"
74.7.241.30 - - [24/Dec/2025:22:05:50 +0800] "GET /pages.php?cabinet/t1?pid=1726 HTTP/1.1" 200 151934 "-" "Mozilla/5.0 AppleWebKit/537.36 (KHTML, like Gecko; compatible; GPTBot/1.3; +https://openai.com/gptbot)"
74.7.241.30 - - [24/Dec/2025:22:05:51 +0800] "GET /pages.php?theater/x134?pid=2423 HTTP/1.1" 200 149350 "-" "Mozilla/5.0 AppleWebKit/537.36 (KHTML, like Gecko; compatible; GPTBot/1.3; +https://openai.com/gptbot)"
74.7.241.30 - - [24/Dec/2025:22:05:51 +0800] "GET /pages.php?judicial/z70?pid=47651 HTTP/1.1" 200 147391 "-" "Mozilla/5.0 AppleWebKit/537.36 (KHTML, like Gecko; compatible; GPTBot/1.3; +https://openai.com/gptbot)"
66.249.74.169 - - [24/Dec/2025:22:05:52 +0800] "GET /?products/13224007 HTTP/1.1" 200 165813 "-" "Mozilla/5.0 (Linux; Android 6.0.1; Nexus 5X Build/MMB29P) AppleWebKit/537.36 (KHTML, like Gecko) Chrome/141.0.7390.122 Mobile Safari/537.36 (compatible; Googlebot/2.1; +http://www.google.com/bot.html)"
74.7.241.30 - - [24/Dec/2025:22:05:52 +0800] "GET /pages.php?precisely/g80?pid=1201 HTTP/1.1" 200 148041 "-" "Mozilla/5.0 AppleWebKit/537.36 (KHTML, like Gecko; compatible; GPTBot/1.3; +https://openai.com/gptbot)"
74.7.241.30 - - [24/Dec/2025:22:05:53 +0800] "GET /pages.php?insight/o1?pid=1664 HTTP/1.1" 200 151673 "-" "Mozilla/5.0 AppleWebKit/537.36 (KHTML, like Gecko; compatible; GPTBot/1.3; +https://openai.com/gptbot)"
74.7.241.30 - - [24/Dec/2025:22:05:53 +0800] "GET /pages.php?sudden/z255?pid=30502 HTTP/1.1" 200 153446 "-" "Mozilla/5.0 AppleWebKit/537.36 (KHTML, like Gecko; compatible; GPTBot/1.3; +https://openai.com/gptbot)"
74.7.241.30 - - [24/Dec/2025:22:05:54 +0800] "GET /pages.php?walking/z1?pid=1662 HTTP/1.1" 200 152093 "-" "Mozilla/5.0 AppleWebKit/537.36 (KHTML, like Gecko; compatible; GPTBot/1.3; +https://openai.com/gptbot)"
74.7.241.30 - - [24/Dec/2025:22:05:55 +0800] "GET /pages.php?harvest/f1?pid=1728 HTTP/1.1" 200 152411 "-" "Mozilla/5.0 AppleWebKit/537.36 (KHTML, like Gecko; compatible; GPTBot/1.3; +https://openai.com/gptbot)"
74.7.241.30 - - [24/Dec/2025:22:05:55 +0800] "GET /pages.php?church/t1?pid=1818 HTTP/1.1" 200 152384 "-" "Mozilla/5.0 AppleWebKit/537.36 (KHTML, like Gecko; compatible; GPTBot/1.3; +https://openai.com/gptbot)"
74.7.241.30 - - [24/Dec/2025:22:05:56 +0800] "GET /pages.php?pension/c1?pid=1730 HTTP/1.1" 200 151740 "-" "Mozilla/5.0 AppleWebKit/537.36 (KHTML, like Gecko; compatible; GPTBot/1.3; +https://openai.com/gptbot)"
74.7.241.30 - - [24/Dec/2025:22:05:57 +0800] "GET /pages.php?stiff/l1?pid=1820 HTTP/1.1" 200 152320 "-" "Mozilla/5.0 AppleWebKit/537.36 (KHTML, like Gecko; compatible; GPTBot/1.3; +https://openai.com/gptbot)"
74.7.241.30 - - [24/Dec/2025:22:05:57 +0800] "GET /pages.php?source/f220?pid=24887 HTTP/1.1" 200 149126 "-" "Mozilla/5.0 AppleWebKit/537.36 (KHTML, like Gecko; compatible; GPTBot/1.3; +https://openai.com/gptbot)"
74.7.241.30 - - [24/Dec/2025:22:05:58 +0800] "GET /pages.php?cha_820373 HTTP/1.1" 200 152881 "-" "Mozilla/5.0 AppleWebKit/537.36 (KHTML, like Gecko; compatible; GPTBot/1.3; +https://openai.com/gptbot)"
74.7.241.30 - - [24/Dec/2025:22:05:59 +0800] "GET /pages.php?influence/g80?pid=1201 HTTP/1.1" 200 147756 "-" "Mozilla/5.0 AppleWebKit/537.36 (KHTML, like Gecko; compatible; GPTBot/1.3; +https://openai.com/gptbot)"
66.249.74.169 - - [24/Dec/2025:22:06:00 +0800] "GET /?products/1101874 HTTP/1.1" 200 145041 "-" "Mozilla/5.0 (Linux; Android 6.0.1; Nexus 5X Build/MMB29P) AppleWebKit/537.36 (KHTML, like Gecko) Chrome/141.0.7390.122 Mobile Safari/537.36 (compatible; Googlebot/2.1; +http://www.google.com/bot.html)"
57.141.6.14 - - [24/Dec/2025:22:06:00 +0800] "GET /?products/25395530 HTTP/1.1" 200 - "-" "meta-externalagent/1.1 (+https://developers.facebook.com/docs/sharing/webmasters/crawler)"
74.7.241.30 - - [24/Dec/2025:22:06:00 +0800] "GET /pages.php?desperate/b109?pid=4086 HTTP/1.1" 200 156094 "-" "Mozilla/5.0 AppleWebKit/537.36 (KHTML, like Gecko; compatible; GPTBot/1.3; +https://openai.com/gptbot)"
74.7.241.30 - - [24/Dec/2025:22:06:01 +0800] "GET /pages.php?silence/f1?pid=1728 HTTP/1.1" 200 152003 "-" "Mozilla/5.0 AppleWebKit/537.36 (KHTML, like Gecko; compatible; GPTBot/1.3; +https://openai.com/gptbot)"
74.7.241.30 - - [24/Dec/2025:22:06:02 +0800] "GET /pages.php?harsh/o1?pid=1664 HTTP/1.1" 200 152010 "-" "Mozilla/5.0 AppleWebKit/537.36 (KHTML, like Gecko; compatible; GPTBot/1.3; +https://openai.com/gptbot)"
57.141.6.5 - - [24/Dec/2025:22:06:04 +0800] "GET /?products/9675874 HTTP/1.1" 200 - "-" "meta-externalagent/1.1 (+https://developers.facebook.com/docs/sharing/webmasters/crawler)"
74.7.241.30 - - [24/Dec/2025:22:06:03 +0800] "GET /pages.php?wisdom/t1?pid=1818 HTTP/1.1" 200 152163 "-" "Mozilla/5.0 AppleWebKit/537.36 (KHTML, like Gecko; compatible; GPTBot/1.3; +https://openai.com/gptbot)"
74.7.241.30 - - [24/Dec/2025:22:06:04 +0800] "GET /pages.php?vision/f1?pid=1728 HTTP/1.1" 200 151964 "-" "Mozilla/5.0 AppleWebKit/537.36 (KHTML, like Gecko; compatible; GPTBot/1.3; +https://openai.com/gptbot)"
66.249.74.169 - - [24/Dec/2025:22:06:05 +0800] "GET /?m=434515324 HTTP/1.1" 200 173855 "-" "Mozilla/5.0 (compatible; Googlebot/2.1; +http://www.google.com/bot.html)"
74.7.241.30 - - [24/Dec/2025:22:06:05 +0800] "GET /pages.php?remain/c1?pid=1730 HTTP/1.1" 200 152106 "-" "Mozilla/5.0 AppleWebKit/537.36 (KHTML, like Gecko; compatible; GPTBot/1.3; +https://openai.com/gptbot)"
40.77.167.22 - - [24/Dec/2025:22:06:05 +0800] "GET /?m=382921924 HTTP/1.1" 200 143367 "-" "Mozilla/5.0 AppleWebKit/537.36 (KHTML, like Gecko; compatible; bingbot/2.0; +http://www.bing.com/bingbot.htm) Chrome/116.0.1938.76 Safari/537.36"
74.7.241.30 - - [24/Dec/2025:22:06:06 +0800] "GET /pages.php?item/u9/1717/ HTTP/1.1" 200 144058 "-" "Mozilla/5.0 AppleWebKit/537.36 (KHTML, like Gecko; compatible; GPTBot/1.3; +https://openai.com/gptbot)"
74.7.241.30 - - [24/Dec/2025:22:06:07 +0800] "GET /pages.php?6947356 HTTP/1.1" 200 153338 "-" "Mozilla/5.0 AppleWebKit/537.36 (KHTML, like Gecko; compatible; GPTBot/1.3; +https://openai.com/gptbot)"
74.7.241.30 - - [24/Dec/2025:22:06:08 +0800] "GET /pages.php?fabric/t1?pid=1818 HTTP/1.1" 200 152884 "-" "Mozilla/5.0 AppleWebKit/537.36 (KHTML, like Gecko; compatible; GPTBot/1.3; +https://openai.com/gptbot)"
57.141.6.21 - - [24/Dec/2025:22:06:09 +0800] "GET /?products/6978952 HTTP/1.1" 200 - "-" "meta-externalagent/1.1 (+https://developers.facebook.com/docs/sharing/webmasters/crawler)"
74.7.241.30 - - [24/Dec/2025:22:06:09 +0800] "GET /pages.php?straighten/g1?pid=1738 HTTP/1.1" 200 152108 "-" "Mozilla/5.0 AppleWebKit/537.36 (KHTML, like Gecko; compatible; GPTBot/1.3; +https://openai.com/gptbot)"
74.7.241.30 - - [24/Dec/2025:22:06:09 +0800] "GET /pages.php?hers/o13?pid=9420 HTTP/1.1" 200 146806 "-" "Mozilla/5.0 AppleWebKit/537.36 (KHTML, like Gecko; compatible; GPTBot/1.3; +https://openai.com/gptbot)"
57.141.6.19 - - [24/Dec/2025:22:06:10 +0800] "GET /?products/7229163 HTTP/1.1" 200 - "-" "meta-externalagent/1.1 (+https://developers.facebook.com/docs/sharing/webmasters/crawler)"
74.7.241.30 - - [24/Dec/2025:22:06:10 +0800] "GET /pages.php?writer/f1?pid=1728 HTTP/1.1" 200 151760 "-" "Mozilla/5.0 AppleWebKit/537.36 (KHTML, like Gecko; compatible; GPTBot/1.3; +https://openai.com/gptbot)"
74.7.241.30 - - [24/Dec/2025:22:06:11 +0800] "GET /pages.php?recession/t1?pid=1818 HTTP/1.1" 200 151771 "-" "Mozilla/5.0 AppleWebKit/537.36 (KHTML, like Gecko; compatible; GPTBot/1.3; +https://openai.com/gptbot)"
57.141.6.14 - - [24/Dec/2025:22:06:12 +0800] "GET /?products/22370741 HTTP/1.1" 200 - "-" "meta-externalagent/1.1 (+https://developers.facebook.com/docs/sharing/webmasters/crawler)"
74.7.241.30 - - [24/Dec/2025:22:06:12 +0800] "GET /pages.php?chill/b1?pid=16534 HTTP/1.1" 200 153578 "-" "Mozilla/5.0 AppleWebKit/537.36 (KHTML, like Gecko; compatible; GPTBot/1.3; +https://openai.com/gptbot)"
74.7.241.30 - - [24/Dec/2025:22:06:13 +0800] "GET /pages.php?legislative/t1?pid=1818 HTTP/1.1" 200 152630 "-" "Mozilla/5.0 AppleWebKit/537.36 (KHTML, like Gecko; compatible; GPTBot/1.3; +https://openai.com/gptbot)"
66.249.74.160 - - [24/Dec/2025:22:06:13 +0800] "GET /?products/22696763 HTTP/1.1" 200 170123 "-" "Mozilla/5.0 (Linux; Android 6.0.1; Nexus 5X Build/MMB29P) AppleWebKit/537.36 (KHTML, like Gecko) Chrome/141.0.7390.122 Mobile Safari/537.36 (compatible; Googlebot/2.1; +http://www.google.com/bot.html)"
74.7.241.30 - - [24/Dec/2025:22:06:14 +0800] "GET /pages.php?period/z1?pid=1662 HTTP/1.1" 200 152098 "-" "Mozilla/5.0 AppleWebKit/537.36 (KHTML, like Gecko; compatible; GPTBot/1.3; +https://openai.com/gptbot)"
74.7.241.30 - - [24/Dec/2025:22:06:15 +0800] "GET /pages.php?visitor/p1?pid=1680 HTTP/1.1" 200 152048 "-" "Mozilla/5.0 AppleWebKit/537.36 (KHTML, like Gecko; compatible; GPTBot/1.3; +https://openai.com/gptbot)"
74.7.241.30 - - [24/Dec/2025:22:06:16 +0800] "GET /pages.php?body/d9?pid=36734 HTTP/1.1" 200 142330 "-" "Mozilla/5.0 AppleWebKit/537.36 (KHTML, like Gecko; compatible; GPTBot/1.3; +https://openai.com/gptbot)"
74.7.241.30 - - [24/Dec/2025:22:06:17 +0800] "GET /pages.php?funding/o1?pid=1664 HTTP/1.1" 200 152540 "-" "Mozilla/5.0 AppleWebKit/537.36 (KHTML, like Gecko; compatible; GPTBot/1.3; +https://openai.com/gptbot)"
74.7.241.30 - - [24/Dec/2025:22:06:18 +0800] "GET /pages.php?manner/z1?pid=1662 HTTP/1.1" 200 152677 "-" "Mozilla/5.0 AppleWebKit/537.36 (KHTML, like Gecko; compatible; GPTBot/1.3; +https://openai.com/gptbot)"
74.7.241.30 - - [24/Dec/2025:22:06:19 +0800] "GET /pages.php?outside/o1?pid=1664 HTTP/1.1" 200 152033 "-" "Mozilla/5.0 AppleWebKit/537.36 (KHTML, like Gecko; compatible; GPTBot/1.3; +https://openai.com/gptbot)"
57.141.6.24 - - [24/Dec/2025:22:06:20 +0800] "GET /?products/13797452 HTTP/1.1" 200 - "-" "meta-externalagent/1.1 (+https://developers.facebook.com/docs/sharing/webmasters/crawler)"
74.7.241.30 - - [24/Dec/2025:22:06:20 +0800] "GET /pages.php?cheer/g1?pid=1738 HTTP/1.1" 200 151289 "-" "Mozilla/5.0 AppleWebKit/537.36 (KHTML, like Gecko; compatible; GPTBot/1.3; +https://openai.com/gptbot)"
74.7.241.30 - - [24/Dec/2025:22:06:21 +0800] "GET /pages.php?literary/t1?pid=1818 HTTP/1.1" 200 151982 "-" "Mozilla/5.0 AppleWebKit/537.36 (KHTML, like Gecko; compatible; GPTBot/1.3; +https://openai.com/gptbot)"
74.7.241.30 - - [24/Dec/2025:22:06:21 +0800] "GET /pages.php?exploration/a1?pid=4114 HTTP/1.1" 200 153118 "-" "Mozilla/5.0 AppleWebKit/537.36 (KHTML, like Gecko; compatible; GPTBot/1.3; +https://openai.com/gptbot)"
74.7.241.30 - - [24/Dec/2025:22:06:22 +0800] "GET /pages.php?garden/y1?pid=1822 HTTP/1.1" 200 151874 "-" "Mozilla/5.0 AppleWebKit/537.36 (KHTML, like Gecko; compatible; GPTBot/1.3; +https://openai.com/gptbot)"
74.7.241.30 - - [24/Dec/2025:22:06:23 +0800] "GET /pages.php?mechanical/b50?pid=30971 HTTP/1.1" 200 142227 "-" "Mozilla/5.0 AppleWebKit/537.36 (KHTML, like Gecko; compatible; GPTBot/1.3; +https://openai.com/gptbot)"
74.7.241.30 - - [24/Dec/2025:22:06:24 +0800] "GET /pages.php?render/z1?pid=1662 HTTP/1.1" 200 152365 "-" "Mozilla/5.0 AppleWebKit/537.36 (KHTML, like Gecko; compatible; GPTBot/1.3; +https://openai.com/gptbot)"
66.249.74.169 - - [24/Dec/2025:22:06:25 +0800] "GET /?products/30313930 HTTP/1.1" 200 161668 "-" "Mozilla/5.0 (Linux; Android 6.0.1; Nexus 5X Build/MMB29P) AppleWebKit/537.36 (KHTML, like Gecko) Chrome/141.0.7390.122 Mobile Safari/537.36 (compatible; GoogleOther)"
66.249.74.169 - - [24/Dec/2025:22:06:25 +0800] "GET /?products/27397318 HTTP/1.1" 200 162462 "-" "Mozilla/5.0 (Linux; Android 6.0.1; Nexus 5X Build/MMB29P) AppleWebKit/537.36 (KHTML, like Gecko) Chrome/141.0.7390.122 Mobile Safari/537.36 (compatible; GoogleOther)"
74.7.241.30 - - [24/Dec/2025:22:06:25 +0800] "GET /pages.php?suffer/t1?pid=1818 HTTP/1.1" 200 152444 "-" "Mozilla/5.0 AppleWebKit/537.36 (KHTML, like Gecko; compatible; GPTBot/1.3; +https://openai.com/gptbot)"
66.249.74.169 - - [24/Dec/2025:22:06:26 +0800] "GET /?products/11570029 HTTP/1.1" 200 159496 "-" "Mozilla/5.0 (Linux; Android 6.0.1; Nexus 5X Build/MMB29P) AppleWebKit/537.36 (KHTML, like Gecko) Chrome/141.0.7390.122 Mobile Safari/537.36 (compatible; GoogleOther)"
74.7.241.30 - - [24/Dec/2025:22:06:26 +0800] "GET /pages.php?ruling/o1?pid=1664 HTTP/1.1" 200 151669 "-" "Mozilla/5.0 AppleWebKit/537.36 (KHTML, like Gecko; compatible; GPTBot/1.3; +https://openai.com/gptbot)"
74.7.241.30 - - [24/Dec/2025:22:06:27 +0800] "GET /pages.php?wisdom/z1?pid=1662 HTTP/1.1" 200 152236 "-" "Mozilla/5.0 AppleWebKit/537.36 (KHTML, like Gecko; compatible; GPTBot/1.3; +https://openai.com/gptbot)"
74.7.241.30 - - [24/Dec/2025:22:06:28 +0800] "GET /pages.php?possession/p1?pid=1680 HTTP/1.1" 200 151874 "-" "Mozilla/5.0 AppleWebKit/537.36 (KHTML, like Gecko; compatible; GPTBot/1.3; +https://openai.com/gptbot)"
66.249.74.169 - - [24/Dec/2025:22:06:29 +0800] "GET /?products/19578252 HTTP/1.1" 200 148587 "-" "Mozilla/5.0 (Linux; Android 6.0.1; Nexus 5X Build/MMB29P) AppleWebKit/537.36 (KHTML, like Gecko) Chrome/141.0.7390.122 Mobile Safari/537.36 (compatible; GoogleOther)"
74.7.241.30 - - [24/Dec/2025:22:06:29 +0800] "GET /pages.php?university/t1?pid=1818 HTTP/1.1" 200 151982 "-" "Mozilla/5.0 AppleWebKit/537.36 (KHTML, like Gecko; compatible; GPTBot/1.3; +https://openai.com/gptbot)"
66.249.74.169 - - [24/Dec/2025:22:06:30 +0800] "GET /?products/9967341 HTTP/1.1" 200 155050 "-" "Mozilla/5.0 (Linux; Android 6.0.1; Nexus 5X Build/MMB29P) AppleWebKit/537.36 (KHTML, like Gecko) Chrome/141.0.7390.122 Mobile Safari/537.36 (compatible; GoogleOther)"
74.7.241.30 - - [24/Dec/2025:22:06:30 +0800] "GET /pages.php?hold/b1?pid=16534 HTTP/1.1" 200 154535 "-" "Mozilla/5.0 AppleWebKit/537.36 (KHTML, like Gecko; compatible; GPTBot/1.3; +https://openai.com/gptbot)"
66.249.74.169 - - [24/Dec/2025:22:06:30 +0800] "GET /?products/24753763 HTTP/1.1" 200 167475 "-" "Mozilla/5.0 (Linux; Android 6.0.1; Nexus 5X Build/MMB29P) AppleWebKit/537.36 (KHTML, like Gecko) Chrome/141.0.7390.122 Mobile Safari/537.36 (compatible; GoogleOther)"
74.7.241.30 - - [24/Dec/2025:22:06:30 +0800] "GET /pages.php?incredible/a1?pid=4114 HTTP/1.1" 200 153828 "-" "Mozilla/5.0 AppleWebKit/537.36 (KHTML, like Gecko; compatible; GPTBot/1.3; +https://openai.com/gptbot)"
74.7.241.30 - - [24/Dec/2025:22:06:31 +0800] "GET /pages.php?philosophy/p1?pid=1680 HTTP/1.1" 200 152145 "-" "Mozilla/5.0 AppleWebKit/537.36 (KHTML, like Gecko; compatible; GPTBot/1.3; +https://openai.com/gptbot)"
74.7.241.30 - - [24/Dec/2025:22:06:32 +0800] "GET /pages.php?statute/a1?pid=4114 HTTP/1.1" 200 152872 "-" "Mozilla/5.0 AppleWebKit/537.36 (KHTML, like Gecko; compatible; GPTBot/1.3; +https://openai.com/gptbot)"
74.7.241.30 - - [24/Dec/2025:22:06:33 +0800] "GET /pages.php?mathematics/g228?pid=83 HTTP/1.1" 200 157848 "-" "Mozilla/5.0 AppleWebKit/537.36 (KHTML, like Gecko; compatible; GPTBot/1.3; +https://openai.com/gptbot)"
74.7.241.30 - - [24/Dec/2025:22:06:34 +0800] "GET /pages.php?lightly/c1?pid=1730 HTTP/1.1" 200 151955 "-" "Mozilla/5.0 AppleWebKit/537.36 (KHTML, like Gecko; compatible; GPTBot/1.3; +https://openai.com/gptbot)"
74.7.241.30 - - [24/Dec/2025:22:06:35 +0800] "GET /pages.php?consult/t1?pid=1818 HTTP/1.1" 200 151671 "-" "Mozilla/5.0 AppleWebKit/537.36 (KHTML, like Gecko; compatible; GPTBot/1.3; +https://openai.com/gptbot)"
74.7.241.30 - - [24/Dec/2025:22:06:36 +0800] "GET /pages.php?romance/g6?pid=3533 HTTP/1.1" 200 148901 "-" "Mozilla/5.0 AppleWebKit/537.36 (KHTML, like Gecko; compatible; GPTBot/1.3; +https://openai.com/gptbot)"
66.249.74.160 - - [24/Dec/2025:22:06:37 +0800] "GET /?products/20706174 HTTP/1.1" 200 157468 "-" "Mozilla/5.0 (Linux; Android 6.0.1; Nexus 5X Build/MMB29P) AppleWebKit/537.36 (KHTML, like Gecko) Chrome/141.0.7390.122 Mobile Safari/537.36 (compatible; Googlebot/2.1; +http://www.google.com/bot.html)"
74.7.241.30 - - [24/Dec/2025:22:06:37 +0800] "GET /pages.php?worry/g1?pid=1738 HTTP/1.1" 200 151764 "-" "Mozilla/5.0 AppleWebKit/537.36 (KHTML, like Gecko; compatible; GPTBot/1.3; +https://openai.com/gptbot)"
74.7.241.30 - - [24/Dec/2025:22:06:38 +0800] "GET /pages.php?submit/t1?pid=1726 HTTP/1.1" 200 151920 "-" "Mozilla/5.0 AppleWebKit/537.36 (KHTML, like Gecko; compatible; GPTBot/1.3; +https://openai.com/gptbot)"
74.7.241.30 - - [24/Dec/2025:22:06:39 +0800] "GET /pages.php?bankruptcy/c1?pid=1730 HTTP/1.1" 200 152478 "-" "Mozilla/5.0 AppleWebKit/537.36 (KHTML, like Gecko; compatible; GPTBot/1.3; +https://openai.com/gptbot)"
74.7.241.30 - - [24/Dec/2025:22:06:39 +0800] "GET /pages.php?politician/a1?pid=4114 HTTP/1.1" 200 153594 "-" "Mozilla/5.0 AppleWebKit/537.36 (KHTML, like Gecko; compatible; GPTBot/1.3; +https://openai.com/gptbot)"
66.249.74.160 - - [24/Dec/2025:22:06:40 +0800] "GET /?products/18628563 HTTP/1.1" 200 153597 "-" "Mozilla/5.0 (Linux; Android 6.0.1; Nexus 5X Build/MMB29P) AppleWebKit/537.36 (KHTML, like Gecko) Chrome/141.0.7390.122 Mobile Safari/537.36 (compatible; Googlebot/2.1; +http://www.google.com/bot.html)"
74.7.241.30 - - [24/Dec/2025:22:06:40 +0800] "GET /pages.php?await/b1?pid=16534 HTTP/1.1" 200 153705 "-" "Mozilla/5.0 AppleWebKit/537.36 (KHTML, like Gecko; compatible; GPTBot/1.3; +https://openai.com/gptbot)"
74.7.241.30 - - [24/Dec/2025:22:06:41 +0800] "GET /pages.php?currency/q152?pid=5485 HTTP/1.1" 200 143038 "-" "Mozilla/5.0 AppleWebKit/537.36 (KHTML, like Gecko; compatible; GPTBot/1.3; +https://openai.com/gptbot)"
57.141.6.16 - - [24/Dec/2025:22:06:42 +0800] "GET /?products/6415318 HTTP/1.1" 200 - "-" "meta-externalagent/1.1 (+https://developers.facebook.com/docs/sharing/webmasters/crawler)"
74.7.241.30 - - [24/Dec/2025:22:06:42 +0800] "GET /pages.php?overall/p1?pid=1680 HTTP/1.1" 200 152005 "-" "Mozilla/5.0 AppleWebKit/537.36 (KHTML, like Gecko; compatible; GPTBot/1.3; +https://openai.com/gptbot)"
74.7.241.30 - - [24/Dec/2025:22:06:43 +0800] "GET /pages.php?cash/q152?pid=5485 HTTP/1.1" 200 142741 "-" "Mozilla/5.0 AppleWebKit/537.36 (KHTML, like Gecko; compatible; GPTBot/1.3; +https://openai.com/gptbot)"
74.7.241.30 - - [24/Dec/2025:22:06:44 +0800] "GET /pages.php?married/c1?pid=1730 HTTP/1.1" 200 152184 "-" "Mozilla/5.0 AppleWebKit/537.36 (KHTML, like Gecko; compatible; GPTBot/1.3; +https://openai.com/gptbot)"
74.7.241.30 - - [24/Dec/2025:22:06:44 +0800] "GET /pages.php?federal/g1?pid=1738 HTTP/1.1" 200 151653 "-" "Mozilla/5.0 AppleWebKit/537.36 (KHTML, like Gecko; compatible; GPTBot/1.3; +https://openai.com/gptbot)"
57.141.6.3 - - [24/Dec/2025:22:06:45 +0800] "GET /?products/2252063 HTTP/1.1" 200 - "-" "meta-externalagent/1.1 (+https://developers.facebook.com/docs/sharing/webmasters/crawler)"
74.7.241.30 - - [24/Dec/2025:22:06:45 +0800] "GET /pages.php?signature/y11?pid=21422 HTTP/1.1" 200 141880 "-" "Mozilla/5.0 AppleWebKit/537.36 (KHTML, like Gecko; compatible; GPTBot/1.3; +https://openai.com/gptbot)"
66.249.74.160 - - [24/Dec/2025:22:06:47 +0800] "GET /?products/25876685 HTTP/1.1" 200 151206 "-" "Mozilla/5.0 (Linux; Android 6.0.1; Nexus 5X Build/MMB29P) AppleWebKit/537.36 (KHTML, like Gecko) Chrome/141.0.7390.122 Mobile Safari/537.36 (compatible; Googlebot/2.1; +http://www.google.com/bot.html)"
74.7.241.30 - - [24/Dec/2025:22:06:46 +0800] "GET /pages.php?address/t1?pid=1726 HTTP/1.1" 200 151475 "-" "Mozilla/5.0 AppleWebKit/537.36 (KHTML, like Gecko; compatible; GPTBot/1.3; +https://openai.com/gptbot)"
57.141.6.28 - - [24/Dec/2025:22:06:48 +0800] "GET /?products/24706541 HTTP/1.1" 200 - "-" "meta-externalagent/1.1 (+https://developers.facebook.com/docs/sharing/webmasters/crawler)"
74.7.241.30 - - [24/Dec/2025:22:06:47 +0800] "GET /pages.php?disabled/c137?pid=1516 HTTP/1.1" 200 154484 "-" "Mozilla/5.0 AppleWebKit/537.36 (KHTML, like Gecko; compatible; GPTBot/1.3; +https://openai.com/gptbot)"
74.7.241.30 - - [24/Dec/2025:22:06:48 +0800] "GET /pages.php?athlete/p1?pid=1680 HTTP/1.1" 200 151733 "-" "Mozilla/5.0 AppleWebKit/537.36 (KHTML, like Gecko; compatible; GPTBot/1.3; +https://openai.com/gptbot)"
74.7.241.30 - - [24/Dec/2025:22:06:49 +0800] "GET /pages.php?nerve/t1?pid=1818 HTTP/1.1" 200 152607 "-" "Mozilla/5.0 AppleWebKit/537.36 (KHTML, like Gecko; compatible; GPTBot/1.3; +https://openai.com/gptbot)"
74.7.241.30 - - [24/Dec/2025:22:06:50 +0800] "GET /pages.php?ambition/s6?pid=26121 HTTP/1.1" 200 151492 "-" "Mozilla/5.0 AppleWebKit/537.36 (KHTML, like Gecko; compatible; GPTBot/1.3; +https://openai.com/gptbot)"
66.249.74.169 - - [24/Dec/2025:22:06:51 +0800] "GET /?products/26602707 HTTP/1.1" 200 147341 "-" "Mozilla/5.0 (Linux; Android 6.0.1; Nexus 5X Build/MMB29P) AppleWebKit/537.36 (KHTML, like Gecko) Chrome/141.0.7390.122 Mobile Safari/537.36 (compatible; Googlebot/2.1; +http://www.google.com/bot.html)"
74.7.241.30 - - [24/Dec/2025:22:06:51 +0800] "GET /pages.php?hotel/y1?pid=1822 HTTP/1.1" 200 152101 "-" "Mozilla/5.0 AppleWebKit/537.36 (KHTML, like Gecko; compatible; GPTBot/1.3; +https://openai.com/gptbot)"
74.7.241.30 - - [24/Dec/2025:22:06:51 +0800] "GET /pages.php?mainstream/p1?pid=1680 HTTP/1.1" 200 151441 "-" "Mozilla/5.0 AppleWebKit/537.36 (KHTML, like Gecko; compatible; GPTBot/1.3; +https://openai.com/gptbot)"
74.7.241.30 - - [24/Dec/2025:22:06:52 +0800] "GET /pages.php?early/t1?pid=1818 HTTP/1.1" 200 151914 "-" "Mozilla/5.0 AppleWebKit/537.36 (KHTML, like Gecko; compatible; GPTBot/1.3; +https://openai.com/gptbot)"
74.7.241.30 - - [24/Dec/2025:22:06:53 +0800] "GET /pages.php?fantasy/g1?pid=1738 HTTP/1.1" 200 151076 "-" "Mozilla/5.0 AppleWebKit/537.36 (KHTML, like Gecko; compatible; GPTBot/1.3; +https://openai.com/gptbot)"
74.7.241.30 - - [24/Dec/2025:22:06:54 +0800] "GET /pages.php?round/t1?pid=1818 HTTP/1.1" 200 152177 "-" "Mozilla/5.0 AppleWebKit/537.36 (KHTML, like Gecko; compatible; GPTBot/1.3; +https://openai.com/gptbot)"
74.7.241.30 - - [24/Dec/2025:22:06:54 +0800] "GET /pages.php?measure/h231?pid=8278 HTTP/1.1" 200 147952 "-" "Mozilla/5.0 AppleWebKit/537.36 (KHTML, like Gecko; compatible; GPTBot/1.3; +https://openai.com/gptbot)"
74.7.241.30 - - [24/Dec/2025:22:06:55 +0800] "GET /pages.php?detailed/c137?pid=1516 HTTP/1.1" 200 154298 "-" "Mozilla/5.0 AppleWebKit/537.36 (KHTML, like Gecko; compatible; GPTBot/1.3; +https://openai.com/gptbot)"
74.7.241.30 - - [24/Dec/2025:22:06:56 +0800] "GET /pages.php?producer/q15?pid=23684 HTTP/1.1" 200 142542 "-" "Mozilla/5.0 AppleWebKit/537.36 (KHTML, like Gecko; compatible; GPTBot/1.3; +https://openai.com/gptbot)"
74.7.241.30 - - [24/Dec/2025:22:06:57 +0800] "GET /pages.php?reading/t1?pid=1726 HTTP/1.1" 200 151119 "-" "Mozilla/5.0 AppleWebKit/537.36 (KHTML, like Gecko; compatible; GPTBot/1.3; +https://openai.com/gptbot)"
74.7.241.30 - - [24/Dec/2025:22:06:58 +0800] "GET /pages.php?once/s6?pid=26121 HTTP/1.1" 200 151420 "-" "Mozilla/5.0 AppleWebKit/537.36 (KHTML, like Gecko; compatible; GPTBot/1.3; +https://openai.com/gptbot)"
74.7.241.30 - - [24/Dec/2025:22:06:58 +0800] "GET /pages.php?society/y1?pid=1822 HTTP/1.1" 200 152010 "-" "Mozilla/5.0 AppleWebKit/537.36 (KHTML, like Gecko; compatible; GPTBot/1.3; +https://openai.com/gptbot)"
74.7.241.30 - - [24/Dec/2025:22:06:59 +0800] "GET /pages.php?existence/p1?pid=1680 HTTP/1.1" 200 152017 "-" "Mozilla/5.0 AppleWebKit/537.36 (KHTML, like Gecko; compatible; GPTBot/1.3; +https://openai.com/gptbot)"
74.7.241.30 - - [24/Dec/2025:22:07:00 +0800] "GET /pages.php?attempt/m54?pid=20075 HTTP/1.1" 200 146205 "-" "Mozilla/5.0 AppleWebKit/537.36 (KHTML, like Gecko; compatible; GPTBot/1.3; +https://openai.com/gptbot)"
74.7.241.30 - - [24/Dec/2025:22:07:01 +0800] "GET /pages.php?bridge/g1?pid=1738 HTTP/1.1" 200 151594 "-" "Mozilla/5.0 AppleWebKit/537.36 (KHTML, like Gecko; compatible; GPTBot/1.3; +https://openai.com/gptbot)"
74.7.241.30 - - [24/Dec/2025:22:07:02 +0800] "GET /pages.php?satellite/t13?pid=6490 HTTP/1.1" 200 150854 "-" "Mozilla/5.0 AppleWebKit/537.36 (KHTML, like Gecko; compatible; GPTBot/1.3; +https://openai.com/gptbot)"
66.249.74.169 - - [24/Dec/2025:22:07:03 +0800] "GET /?products/9880196 HTTP/1.1" 200 158813 "-" "Mozilla/5.0 (Linux; Android 6.0.1; Nexus 5X Build/MMB29P) AppleWebKit/537.36 (KHTML, like Gecko) Chrome/141.0.7390.122 Mobile Safari/537.36 (compatible; GoogleOther)"
74.7.241.30 - - [24/Dec/2025:22:07:03 +0800] "GET /pages.php?missionary/p1?pid=1680 HTTP/1.1" 200 152298 "-" "Mozilla/5.0 AppleWebKit/537.36 (KHTML, like Gecko; compatible; GPTBot/1.3; +https://openai.com/gptbot)"
74.7.241.30 - - [24/Dec/2025:22:07:04 +0800] "GET /pages.php?veteran/t1?pid=1726 HTTP/1.1" 200 151694 "-" "Mozilla/5.0 AppleWebKit/537.36 (KHTML, like Gecko; compatible; GPTBot/1.3; +https://openai.com/gptbot)"
74.7.241.30 - - [24/Dec/2025:22:07:05 +0800] "GET /pages.php?robot/q22?pid=293 HTTP/1.1" 200 153420 "-" "Mozilla/5.0 AppleWebKit/537.36 (KHTML, like Gecko; compatible; GPTBot/1.3; +https://openai.com/gptbot)"
74.7.241.30 - - [24/Dec/2025:22:07:06 +0800] "GET /pages.php?travel/p1?pid=1680 HTTP/1.1" 200 152348 "-" "Mozilla/5.0 AppleWebKit/537.36 (KHTML, like Gecko; compatible; GPTBot/1.3; +https://openai.com/gptbot)"
74.7.241.30 - - [24/Dec/2025:22:07:07 +0800] "GET /pages.php?saving/d130?pid=89 HTTP/1.1" 200 146870 "-" "Mozilla/5.0 AppleWebKit/537.36 (KHTML, like Gecko; compatible; GPTBot/1.3; +https://openai.com/gptbot)"
74.7.241.30 - - [24/Dec/2025:22:07:08 +0800] "GET /pages.php?neck/i242?pid=49663 HTTP/1.1" 200 143487 "-" "Mozilla/5.0 AppleWebKit/537.36 (KHTML, like Gecko; compatible; GPTBot/1.3; +https://openai.com/gptbot)"
74.7.241.30 - - [24/Dec/2025:22:07:09 +0800] "GET /pages.php?animal/p1?pid=1680 HTTP/1.1" 200 151549 "-" "Mozilla/5.0 AppleWebKit/537.36 (KHTML, like Gecko; compatible; GPTBot/1.3; +https://openai.com/gptbot)"
74.7.241.30 - - [24/Dec/2025:22:07:10 +0800] "GET /pages.php?rough/b1?pid=4118 HTTP/1.1" 200 154350 "-" "Mozilla/5.0 AppleWebKit/537.36 (KHTML, like Gecko; compatible; GPTBot/1.3; +https://openai.com/gptbot)"
74.7.241.30 - - [24/Dec/2025:22:07:10 +0800] "GET /pages.php?appearance/g21?pid=9818 HTTP/1.1" 200 144842 "-" "Mozilla/5.0 AppleWebKit/537.36 (KHTML, like Gecko; compatible; GPTBot/1.3; +https://openai.com/gptbot)"
74.7.241.30 - - [24/Dec/2025:22:07:12 +0800] "GET /pages.php?prize/f1?pid=1728 HTTP/1.1" 200 152042 "-" "Mozilla/5.0 AppleWebKit/537.36 (KHTML, like Gecko; compatible; GPTBot/1.3; +https://openai.com/gptbot)"
74.7.241.30 - - [24/Dec/2025:22:07:13 +0800] "GET /pages.php?draft/g1?pid=1738 HTTP/1.1" 200 151511 "-" "Mozilla/5.0 AppleWebKit/537.36 (KHTML, like Gecko; compatible; GPTBot/1.3; +https://openai.com/gptbot)"
74.7.241.30 - - [24/Dec/2025:22:07:13 +0800] "GET /pages.php?itself/p1?pid=1680 HTTP/1.1" 200 152139 "-" "Mozilla/5.0 AppleWebKit/537.36 (KHTML, like Gecko; compatible; GPTBot/1.3; +https://openai.com/gptbot)"
66.249.74.169 - - [24/Dec/2025:22:07:14 +0800] "GET /?products/8937863 HTTP/1.1" 200 191316 "-" "Mozilla/5.0 (Linux; Android 6.0.1; Nexus 5X Build/MMB29P) AppleWebKit/537.36 (KHTML, like Gecko) Chrome/141.0.7390.122 Mobile Safari/537.36 (compatible; GoogleOther)"
74.7.241.30 - - [24/Dec/2025:22:07:14 +0800] "GET /pages.php?budget/q22?pid=293 HTTP/1.1" 200 153832 "-" "Mozilla/5.0 AppleWebKit/537.36 (KHTML, like Gecko; compatible; GPTBot/1.3; +https://openai.com/gptbot)"
74.7.241.30 - - [24/Dec/2025:22:07:15 +0800] "GET /pages.php?mechanism/z1?pid=1662 HTTP/1.1" 200 152155 "-" "Mozilla/5.0 AppleWebKit/537.36 (KHTML, like Gecko; compatible; GPTBot/1.3; +https://openai.com/gptbot)"
74.7.241.30 - - [24/Dec/2025:22:07:15 +0800] "GET /pages.php?comfortable/p1?pid=1680 HTTP/1.1" 200 151705 "-" "Mozilla/5.0 AppleWebKit/537.36 (KHTML, like Gecko; compatible; GPTBot/1.3; +https://openai.com/gptbot)"
66.249.74.169 - - [24/Dec/2025:22:07:16 +0800] "GET /?products/21059174 HTTP/1.1" 200 164565 "-" "Mozilla/5.0 (Linux; Android 6.0.1; Nexus 5X Build/MMB29P) AppleWebKit/537.36 (KHTML, like Gecko) Chrome/141.0.7390.122 Mobile Safari/537.36 (compatible; Googlebot/2.1; +http://www.google.com/bot.html)"
74.7.241.30 - - [24/Dec/2025:22:07:16 +0800] "GET /pages.php?store/p1?pid=1680 HTTP/1.1" 200 152519 "-" "Mozilla/5.0 AppleWebKit/537.36 (KHTML, like Gecko; compatible; GPTBot/1.3; +https://openai.com/gptbot)"
74.7.241.30 - - [24/Dec/2025:22:07:17 +0800] "GET /pages.php?item/u157/47289/ HTTP/1.1" 200 142993 "-" "Mozilla/5.0 AppleWebKit/537.36 (KHTML, like Gecko; compatible; GPTBot/1.3; +https://openai.com/gptbot)"
74.7.241.30 - - [24/Dec/2025:22:07:18 +0800] "GET /pages.php?attack/p1?pid=1680 HTTP/1.1" 200 151565 "-" "Mozilla/5.0 AppleWebKit/537.36 (KHTML, like Gecko; compatible; GPTBot/1.3; +https://openai.com/gptbot)"
66.249.74.169 - - [24/Dec/2025:22:07:18 +0800] "GET /?products/25254141 HTTP/1.1" 200 158852 "-" "Mozilla/5.0 (Linux; Android 6.0.1; Nexus 5X Build/MMB29P) AppleWebKit/537.36 (KHTML, like Gecko) Chrome/141.0.7390.122 Mobile Safari/537.36 (compatible; GoogleOther)"
74.7.241.30 - - [24/Dec/2025:22:07:19 +0800] "GET /pages.php?5425478 HTTP/1.1" 200 153773 "-" "Mozilla/5.0 AppleWebKit/537.36 (KHTML, like Gecko; compatible; GPTBot/1.3; +https://openai.com/gptbot)"
74.7.241.30 - - [24/Dec/2025:22:07:19 +0800] "GET /pages.php?clean/g21?pid=9818 HTTP/1.1" 200 145567 "-" "Mozilla/5.0 AppleWebKit/537.36 (KHTML, like Gecko; compatible; GPTBot/1.3; +https://openai.com/gptbot)"
74.7.241.30 - - [24/Dec/2025:22:07:20 +0800] "GET /pages.php?variation/u77?pid=8442 HTTP/1.1" 200 141924 "-" "Mozilla/5.0 AppleWebKit/537.36 (KHTML, like Gecko; compatible; GPTBot/1.3; +https://openai.com/gptbot)"
74.7.241.30 - - [24/Dec/2025:22:07:21 +0800] "GET /pages.php?dynamic/i1?pid=4050 HTTP/1.1" 200 153389 "-" "Mozilla/5.0 AppleWebKit/537.36 (KHTML, like Gecko; compatible; GPTBot/1.3; +https://openai.com/gptbot)"
74.7.241.30 - - [24/Dec/2025:22:07:22 +0800] "GET /pages.php?decide/q22?pid=293 HTTP/1.1" 200 153227 "-" "Mozilla/5.0 AppleWebKit/537.36 (KHTML, like Gecko; compatible; GPTBot/1.3; +https://openai.com/gptbot)"
74.7.241.30 - - [24/Dec/2025:22:07:22 +0800] "GET /pages.php?greatest/e207?pid=4764 HTTP/1.1" 200 156345 "-" "Mozilla/5.0 AppleWebKit/537.36 (KHTML, like Gecko; compatible; GPTBot/1.3; +https://openai.com/gptbot)"
74.7.241.30 - - [24/Dec/2025:22:07:23 +0800] "GET /pages.php?question/t1?pid=1726 HTTP/1.1" 200 151464 "-" "Mozilla/5.0 AppleWebKit/537.36 (KHTML, like Gecko; compatible; GPTBot/1.3; +https://openai.com/gptbot)"
74.7.241.30 - - [24/Dec/2025:22:07:23 +0800] "GET /pages.php?distribute/p1?pid=1680 HTTP/1.1" 200 151559 "-" "Mozilla/5.0 AppleWebKit/537.36 (KHTML, like Gecko; compatible; GPTBot/1.3; +https://openai.com/gptbot)"
74.7.241.30 - - [24/Dec/2025:22:07:24 +0800] "GET /pages.php?n_609bcxa1461 HTTP/1.1" 200 141202 "-" "Mozilla/5.0 AppleWebKit/537.36 (KHTML, like Gecko; compatible; GPTBot/1.3; +https://openai.com/gptbot)"
74.7.241.30 - - [24/Dec/2025:22:07:25 +0800] "GET /pages.php?demographic/p1?pid=1680 HTTP/1.1" 200 151774 "-" "Mozilla/5.0 AppleWebKit/537.36 (KHTML, like Gecko; compatible; GPTBot/1.3; +https://openai.com/gptbot)"
74.7.241.30 - - [24/Dec/2025:22:07:26 +0800] "GET /pages.php?corruption/t1?pid=1818 HTTP/1.1" 200 152003 "-" "Mozilla/5.0 AppleWebKit/537.36 (KHTML, like Gecko; compatible; GPTBot/1.3; +https://openai.com/gptbot)"
74.7.241.30 - - [24/Dec/2025:22:07:27 +0800] "GET /pages.php?therapy/l1?pid=1820 HTTP/1.1" 200 152649 "-" "Mozilla/5.0 AppleWebKit/537.36 (KHTML, like Gecko; compatible; GPTBot/1.3; +https://openai.com/gptbot)"
74.7.241.30 - - [24/Dec/2025:22:07:28 +0800] "GET /pages.php?toss/u77?pid=8442 HTTP/1.1" 200 142329 "-" "Mozilla/5.0 AppleWebKit/537.36 (KHTML, like Gecko; compatible; GPTBot/1.3; +https://openai.com/gptbot)"
74.7.241.30 - - [24/Dec/2025:22:07:29 +0800] "GET /pages.php?handle/i1?pid=4050 HTTP/1.1" 200 153957 "-" "Mozilla/5.0 AppleWebKit/537.36 (KHTML, like Gecko; compatible; GPTBot/1.3; +https://openai.com/gptbot)"
74.7.241.30 - - [24/Dec/2025:22:07:30 +0800] "GET /pages.php?literature/l1?pid=4008 HTTP/1.1" 200 153083 "-" "Mozilla/5.0 AppleWebKit/537.36 (KHTML, like Gecko; compatible; GPTBot/1.3; +https://openai.com/gptbot)"
74.7.241.30 - - [24/Dec/2025:22:07:31 +0800] "GET /pages.php?honestly/n47?pid=41802 HTTP/1.1" 200 142548 "-" "Mozilla/5.0 AppleWebKit/537.36 (KHTML, like Gecko; compatible; GPTBot/1.3; +https://openai.com/gptbot)"
66.249.74.169 - - [24/Dec/2025:22:07:31 +0800] "GET /?products/12050996 HTTP/1.1" 200 165876 "-" "Mozilla/5.0 (compatible; Googlebot/2.1; +http://www.google.com/bot.html)"
74.7.241.30 - - [24/Dec/2025:22:07:32 +0800] "GET /pages.php?scared/t1?pid=1818 HTTP/1.1" 200 152488 "-" "Mozilla/5.0 AppleWebKit/537.36 (KHTML, like Gecko; compatible; GPTBot/1.3; +https://openai.com/gptbot)"
74.7.241.30 - - [24/Dec/2025:22:07:33 +0800] "GET /pages.php?deeply/g1?pid=1738 HTTP/1.1" 200 151652 "-" "Mozilla/5.0 AppleWebKit/537.36 (KHTML, like Gecko; compatible; GPTBot/1.3; +https://openai.com/gptbot)"
74.7.241.30 - - [24/Dec/2025:22:07:34 +0800] "GET /pages.php?vessel/p1?pid=1680 HTTP/1.1" 200 152398 "-" "Mozilla/5.0 AppleWebKit/537.36 (KHTML, like Gecko; compatible; GPTBot/1.3; +https://openai.com/gptbot)"
74.7.241.30 - - [24/Dec/2025:22:07:34 +0800] "GET /pages.php?purple/f3?pid=7758 HTTP/1.1" 200 143369 "-" "Mozilla/5.0 AppleWebKit/537.36 (KHTML, like Gecko; compatible; GPTBot/1.3; +https://openai.com/gptbot)"
74.7.241.30 - - [24/Dec/2025:22:07:35 +0800] "GET /pages.php?cruise/l1?pid=1820 HTTP/1.1" 200 152369 "-" "Mozilla/5.0 AppleWebKit/537.36 (KHTML, like Gecko; compatible; GPTBot/1.3; +https://openai.com/gptbot)"
57.141.6.18 - - [24/Dec/2025:22:07:36 +0800] "GET /?products/30886641 HTTP/1.1" 200 - "-" "meta-externalagent/1.1 (+https://developers.facebook.com/docs/sharing/webmasters/crawler)"
74.7.241.30 - - [24/Dec/2025:22:07:36 +0800] "GET /pages.php?recognition/t1?pid=1818 HTTP/1.1" 200 151771 "-" "Mozilla/5.0 AppleWebKit/537.36 (KHTML, like Gecko; compatible; GPTBot/1.3; +https://openai.com/gptbot)"
74.7.241.30 - - [24/Dec/2025:22:07:37 +0800] "GET /pages.php?Persian/b104?pid=42313 HTTP/1.1" 200 150024 "-" "Mozilla/5.0 AppleWebKit/537.36 (KHTML, like Gecko; compatible; GPTBot/1.3; +https://openai.com/gptbot)"
66.249.74.169 - - [24/Dec/2025:22:07:38 +0800] "GET /?products/20876730 HTTP/1.1" 200 182608 "-" "Mozilla/5.0 (Linux; Android 6.0.1; Nexus 5X Build/MMB29P) AppleWebKit/537.36 (KHTML, like Gecko) Chrome/141.0.7390.122 Mobile Safari/537.36 (compatible; Googlebot/2.1; +http://www.google.com/bot.html)"
74.7.241.30 - - [24/Dec/2025:22:07:38 +0800] "GET /pages.php?conscience/z1?pid=1498 HTTP/1.1" 200 156431 "-" "Mozilla/5.0 AppleWebKit/537.36 (KHTML, like Gecko; compatible; GPTBot/1.3; +https://openai.com/gptbot)"
74.7.241.30 - - [24/Dec/2025:22:07:39 +0800] "GET /pages.php?temperature/o1?pid=1664 HTTP/1.1" 200 151833 "-" "Mozilla/5.0 AppleWebKit/537.36 (KHTML, like Gecko; compatible; GPTBot/1.3; +https://openai.com/gptbot)"
74.7.241.30 - - [24/Dec/2025:22:07:40 +0800] "GET /pages.php?northeast/t1?pid=1726 HTTP/1.1" 200 152219 "-" "Mozilla/5.0 AppleWebKit/537.36 (KHTML, like Gecko; compatible; GPTBot/1.3; +https://openai.com/gptbot)"
74.7.241.30 - - [24/Dec/2025:22:07:41 +0800] "GET /pages.php?desire/y1?pid=1822 HTTP/1.1" 200 152171 "-" "Mozilla/5.0 AppleWebKit/537.36 (KHTML, like Gecko; compatible; GPTBot/1.3; +https://openai.com/gptbot)"
74.7.241.30 - - [24/Dec/2025:22:07:42 +0800] "GET /pages.php?perceived/g156?pid=3579 HTTP/1.1" 200 141269 "-" "Mozilla/5.0 AppleWebKit/537.36 (KHTML, like Gecko; compatible; GPTBot/1.3; +https://openai.com/gptbot)"
74.7.241.30 - - [24/Dec/2025:22:07:43 +0800] "GET /pages.php?typical/y1?pid=4014 HTTP/1.1" 200 152627 "-" "Mozilla/5.0 AppleWebKit/537.36 (KHTML, like Gecko; compatible; GPTBot/1.3; +https://openai.com/gptbot)"
57.141.6.21 - - [24/Dec/2025:22:07:44 +0800] "GET /?products/28542418 HTTP/1.1" 200 - "-" "meta-externalagent/1.1 (+https://developers.facebook.com/docs/sharing/webmasters/crawler)"
74.7.241.30 - - [24/Dec/2025:22:07:44 +0800] "GET /pages.php?campus/f3?pid=7758 HTTP/1.1" 200 143621 "-" "Mozilla/5.0 AppleWebKit/537.36 (KHTML, like Gecko; compatible; GPTBot/1.3; +https://openai.com/gptbot)"
57.141.6.7 - - [24/Dec/2025:22:07:45 +0800] "GET /?products/20927596 HTTP/1.1" 200 - "-" "meta-externalagent/1.1 (+https://developers.facebook.com/docs/sharing/webmasters/crawler)"
74.7.241.30 - - [24/Dec/2025:22:07:44 +0800] "GET /pages.php?modest/l1?pid=1820 HTTP/1.1" 200 151995 "-" "Mozilla/5.0 AppleWebKit/537.36 (KHTML, like Gecko; compatible; GPTBot/1.3; +https://openai.com/gptbot)"
57.141.6.32 - - [24/Dec/2025:22:07:46 +0800] "GET /?products/6370896 HTTP/1.1" 200 - "-" "meta-externalagent/1.1 (+https://developers.facebook.com/docs/sharing/webmasters/crawler)"
74.7.241.30 - - [24/Dec/2025:22:07:46 +0800] "GET /pages.php?subtle/t1?pid=1818 HTTP/1.1" 200 151843 "-" "Mozilla/5.0 AppleWebKit/537.36 (KHTML, like Gecko; compatible; GPTBot/1.3; +https://openai.com/gptbot)"
74.7.241.30 - - [24/Dec/2025:22:07:47 +0800] "GET /pages.php?contend/g1?pid=1738 HTTP/1.1" 200 152365 "-" "Mozilla/5.0 AppleWebKit/537.36 (KHTML, like Gecko; compatible; GPTBot/1.3; +https://openai.com/gptbot)"
74.7.241.30 - - [24/Dec/2025:22:07:48 +0800] "GET /pages.php?ensure/f1?pid=1728 HTTP/1.1" 200 152206 "-" "Mozilla/5.0 AppleWebKit/537.36 (KHTML, like Gecko; compatible; GPTBot/1.3; +https://openai.com/gptbot)"
74.7.241.30 - - [24/Dec/2025:22:07:49 +0800] "GET /pages.php?intense/t26?pid=42497 HTTP/1.1" 200 145167 "-" "Mozilla/5.0 AppleWebKit/537.36 (KHTML, like Gecko; compatible; GPTBot/1.3; +https://openai.com/gptbot)"
157.55.39.60 - - [24/Dec/2025:22:07:51 +0800] "GET /?m=205149724 HTTP/1.1" 200 195944 "-" "Mozilla/5.0 AppleWebKit/537.36 (KHTML, like Gecko; compatible; bingbot/2.0; +http://www.bing.com/bingbot.htm) Chrome/116.0.1938.76 Safari/537.36"
74.7.241.30 - - [24/Dec/2025:22:07:51 +0800] "GET /pages.php?unfair/y1?pid=1822 HTTP/1.1" 200 151986 "-" "Mozilla/5.0 AppleWebKit/537.36 (KHTML, like Gecko; compatible; GPTBot/1.3; +https://openai.com/gptbot)"
57.141.6.16 - - [24/Dec/2025:22:07:53 +0800] "GET /?products/4042285 HTTP/1.1" 200 - "-" "meta-externalagent/1.1 (+https://developers.facebook.com/docs/sharing/webmasters/crawler)"
