芝麻web文件管理V1.00
编辑当前文件:/home/mybf1/access-logs/pati.bf1.my-ssl_log
66.249.74.39 - - [23/Dec/2025:20:16:38 +0800] "GET /231347/Pack-De-4-Para-Micr-fonos-Y-Audio HTTP/1.1" 200 1 "-" "Mozilla/5.0 (Linux; Android 6.0.1; Nexus 5X Build/MMB29P) AppleWebKit/537.36 (KHTML, like Gecko) Chrome/141.0.7390.122 Mobile Safari/537.36 (compatible; Googlebot/2.1; +http://www.google.com/bot.html)"
66.249.74.38 - - [23/Dec/2025:20:17:59 +0800] "GET /933054/De-Baloncesto-Para-Hombre-Suela-De-Goma-Antideslizante HTTP/1.1" 200 1 "-" "Mozilla/5.0 (Linux; Android 6.0.1; Nexus 5X Build/MMB29P) AppleWebKit/537.36 (KHTML, like Gecko) Chrome/141.0.7390.122 Mobile Safari/537.36 (compatible; Googlebot/2.1; +http://www.google.com/bot.html)"
66.249.74.39 - - [23/Dec/2025:20:17:59 +0800] "GET /745262/Elkab2-Alfa-Romeo-Giulietta-Giulia-Mito HTTP/1.1" 200 1 "-" "Mozilla/5.0 (Linux; Android 6.0.1; Nexus 5X Build/MMB29P) AppleWebKit/537.36 (KHTML, like Gecko) Chrome/141.0.7390.122 Mobile Safari/537.36 (compatible; Googlebot/2.1; +http://www.google.com/bot.html)"
66.249.74.40 - - [23/Dec/2025:20:18:12 +0800] "GET /309666/E-Inodoro-Compatible-Con-Modelos-Jacob-Delafon HTTP/1.1" 200 1 "-" "Mozilla/5.0 (Linux; Android 6.0.1; Nexus 5X Build/MMB29P) AppleWebKit/537.36 (KHTML, like Gecko) Chrome/141.0.7390.122 Mobile Safari/537.36 (compatible; Googlebot/2.1; +http://www.google.com/bot.html)"
20.235.75.215 - - [23/Dec/2025:20:20:36 +0800] "GET / HTTP/1.1" 200 1 "-" "Mozilla/5.0 AppleWebKit/537.36 (KHTML, like Gecko); compatible; ChatGPT-User/1.0; +https://openai.com/bot"
66.249.74.39 - - [23/Dec/2025:20:20:39 +0800] "GET /822791/Techo-Corredizo-Compatible-Land-Rover-Freelander-MK1 HTTP/1.1" 200 1 "-" "Mozilla/5.0 (compatible; Googlebot/2.1; +http://www.google.com/bot.html)"
66.249.74.38 - - [23/Dec/2025:20:20:55 +0800] "GET /746790/Camiseta-Oficial-Jean-Michel-Basquiat-Estampado-Corona-Tallas HTTP/1.1" 200 1 "-" "Mozilla/5.0 (Linux; Android 6.0.1; Nexus 5X Build/MMB29P) AppleWebKit/537.36 (KHTML, like Gecko) Chrome/141.0.7390.122 Mobile Safari/537.36 (compatible; Googlebot/2.1; +http://www.google.com/bot.html)"
66.249.74.40 - - [23/Dec/2025:20:22:12 +0800] "GET /713144/Gris-Para-Mascotas-51x23x35-Cm HTTP/1.1" 200 1 "-" "Mozilla/5.0 (Linux; Android 6.0.1; Nexus 5X Build/MMB29P) AppleWebKit/537.36 (KHTML, like Gecko) Chrome/141.0.7390.122 Mobile Safari/537.36 (compatible; Googlebot/2.1; +http://www.google.com/bot.html)"
66.249.74.39 - - [23/Dec/2025:20:22:22 +0800] "GET /943389/Company-Entrenamiento-Inversi-n-Soporte-110kg-Negro-Azul HTTP/1.1" 200 1 "-" "Mozilla/5.0 (Linux; Android 6.0.1; Nexus 5X Build/MMB29P) AppleWebKit/537.36 (KHTML, like Gecko) Chrome/141.0.7390.122 Mobile Safari/537.36 (compatible; Googlebot/2.1; +http://www.google.com/bot.html)"
66.249.74.38 - - [23/Dec/2025:20:23:00 +0800] "GET /867973/Bolsa-Para-Bicicleta-3-En-1-20L-Impermeable-Y-Con-Reflectores HTTP/1.1" 200 1 "-" "Mozilla/5.0 (Linux; Android 6.0.1; Nexus 5X Build/MMB29P) AppleWebKit/537.36 (KHTML, like Gecko) Chrome/141.0.7390.122 Mobile Safari/537.36 (compatible; Googlebot/2.1; +http://www.google.com/bot.html)"
43.173.181.52 - - [23/Dec/2025:20:24:17 +0800] "GET /jenama-minyak-wangi-al-haramain/BFO-Marc-Jacobs-Daisy-Eau-So-Fresh-W-250ml-p154234249 HTTP/1.1" 200 1 "-" "Mozilla/5.0 (Windows NT 6.1; Win64; x64) AppleWebKit/537.36 (KHTML, like Gecko) Chrome/126.0.6478.114 Safari/537.36"
66.249.74.39 - - [23/Dec/2025:20:25:48 +0800] "GET /453334/New-Eldorado-Pr-ctica-Y-Ligera HTTP/1.1" 200 1 "-" "Mozilla/5.0 (Linux; Android 6.0.1; Nexus 5X Build/MMB29P) AppleWebKit/537.36 (KHTML, like Gecko) Chrome/141.0.7390.122 Mobile Safari/537.36 (compatible; Googlebot/2.1; +http://www.google.com/bot.html)"
43.173.180.60 - - [23/Dec/2025:20:27:20 +0800] "GET /stevia-essential-oil-10ml/PFO-Tom-Ford-Oud-Wood-U-10ml-p154549608 HTTP/1.1" 200 1 "-" "Mozilla/5.0 (Windows NT 6.1; Win64; x64) AppleWebKit/537.36 (KHTML, like Gecko) Chrome/126.0.6478.114 Safari/537.36"
66.249.74.40 - - [23/Dec/2025:20:28:14 +0800] "GET /263354/Ideal-Para-Leer-En-Cama-O-Sof HTTP/1.1" 200 1 "-" "Mozilla/5.0 (Linux; Android 6.0.1; Nexus 5X Build/MMB29P) AppleWebKit/537.36 (KHTML, like Gecko) Chrome/141.0.7390.122 Mobile Safari/537.36 (compatible; Googlebot/2.1; +http://www.google.com/bot.html)"
66.249.74.39 - - [23/Dec/2025:20:28:23 +0800] "GET /777245/Piezas-De-Montaje-Bosal-255-883-Alta-Resistencia HTTP/1.1" 200 1 "-" "Mozilla/5.0 (Linux; Android 6.0.1; Nexus 5X Build/MMB29P) AppleWebKit/537.36 (KHTML, like Gecko) Chrome/141.0.7390.122 Mobile Safari/537.36 (compatible; Googlebot/2.1; +http://www.google.com/bot.html)"
74.7.244.13 - - [23/Dec/2025:20:28:27 +0800] "GET /robots.txt HTTP/1.1" 200 1 "-" "Mozilla/5.0 (Macintosh; Intel Mac OS X 10_15_7) AppleWebKit/537.36 (KHTML, like Gecko) Chrome/131.0.0.0 Safari/537.36; compatible; OAI-SearchBot/1.3; robots.txt; +https://openai.com/searchbot"
74.7.242.137 - - [23/Dec/2025:20:28:28 +0800] "GET /wp-sitemap.xml HTTP/1.1" 200 1 "-" "Mozilla/5.0 (Macintosh; Intel Mac OS X 10_15_7) AppleWebKit/537.36 (KHTML, like Gecko) Chrome/131.0.0.0 Safari/537.36; compatible; OAI-SearchBot/1.3; +https://openai.com/searchbot"
43.173.169.180 - - [23/Dec/2025:20:31:00 +0800] "GET /pomelo-essential-oil-10ml/Perfume-Ingredients-c39355007 HTTP/1.1" 200 1 "-" "Mozilla/5.0 (Windows NT 6.1; Win64; x64) AppleWebKit/537.36 (KHTML, like Gecko) Chrome/126.0.6478.114 Safari/537.36"
66.249.74.40 - - [23/Dec/2025:20:31:29 +0800] "GET /332285/San-Jorge-8x6-4-Cm-Con-Velcro-Fabricado-En-Francia HTTP/1.1" 200 1 "-" "Mozilla/5.0 (Linux; Android 6.0.1; Nexus 5X Build/MMB29P) AppleWebKit/537.36 (KHTML, like Gecko) Chrome/141.0.7390.122 Mobile Safari/537.36 (compatible; Googlebot/2.1; +http://www.google.com/bot.html)"
43.173.169.186 - - [23/Dec/2025:20:31:52 +0800] "GET /jenama-minyak-wangi-adidas/Rubbish-Bin-Sanitizer-Deodorizer-Spray-Non-Alcohol-c69905010 HTTP/1.1" 200 1 "-" "Mozilla/5.0 (Windows NT 6.1; Win64; x64) AppleWebKit/537.36 (KHTML, like Gecko) Chrome/126.0.6478.114 Safari/537.36"
201.33.83.79 - - [23/Dec/2025:20:31:54 +0800] "GET /jenama-minyak-wangi-al-haramain/BFO-Marc-Jacobs-Daisy-Eau-So-Fresh-W-250ml-p154234249 HTTP/1.1" 200 1 "-" "Mozilla/5.0 (Windows NT 10.0; Win64; x64) AppleWebKit/537.36 (KHTML, like Gecko) Chrome/108.0.0.0 Safari/537.36"
38.51.247.136 - - [23/Dec/2025:20:31:55 +0800] "GET /stevia-essential-oil-10ml/PFO-Tom-Ford-Oud-Wood-U-10ml-p154549608 HTTP/1.1" 200 1 "-" "Mozilla/5.0 (Windows NT 10.0; Win64; x64) AppleWebKit/537.36 (KHTML, like Gecko) Chrome/110.0.0.0 Safari/537.36"
43.173.175.74 - - [23/Dec/2025:20:32:08 +0800] "GET /jenama-minyak-wangi-abercrombie-fitch/Aromatic-Fragrance-5L-c37676039 HTTP/1.1" 200 1 "-" "Mozilla/5.0 (Windows NT 6.1; Win64; x64) AppleWebKit/537.36 (KHTML, like Gecko) Chrome/126.0.6478.114 Safari/537.36"
43.173.177.25 - - [23/Dec/2025:20:32:27 +0800] "GET /rosemary-essential-oil-10ml/Detergent-Liquid-Apple-Green-Apple-2-2L-p422184908 HTTP/1.1" 200 1 "-" "Mozilla/5.0 (Windows NT 6.1; Win64; x64) AppleWebKit/537.36 (KHTML, like Gecko) Chrome/126.0.6478.114 Safari/537.36"
66.249.74.40 - - [23/Dec/2025:20:33:12 +0800] "GET /373358/Intermitentes-Laterales-Cromadas-Para-Renault-Megane-2002 HTTP/1.1" 200 1 "-" "Mozilla/5.0 (Linux; Android 6.0.1; Nexus 5X Build/MMB29P) AppleWebKit/537.36 (KHTML, like Gecko) Chrome/141.0.7390.122 Mobile Safari/537.36 (compatible; Googlebot/2.1; +http://www.google.com/bot.html)"
103.73.46.234 - - [23/Dec/2025:20:33:20 +0800] "GET /rosemary-essential-oil-10ml/Detergent-Liquid-Apple-Green-Apple-2-2L-p422184908 HTTP/1.1" 200 1 "-" "Mozilla/5.0 (Windows NT 10.0; Win64; x64) AppleWebKit/537.36 (KHTML, like Gecko) Chrome/133.0.0.0 Safari/537.36"
43.173.169.21 - - [23/Dec/2025:20:33:36 +0800] "GET /bergamot-essential-oil-10ml/Anti-Bac-Surface-Disinfectant-Liquid-70-IPA-Alcohol-5L-p193106342 HTTP/1.1" 200 1 "-" "Mozilla/5.0 (Windows NT 6.1; Win64; x64) AppleWebKit/537.36 (KHTML, like Gecko) Chrome/126.0.6478.114 Safari/537.36"
43.173.176.235 - - [23/Dec/2025:20:33:50 +0800] "GET /denatured-alcohol/Perfume-Ingredients-Body-Mist-Solution-Water-Base-100L-p155478093 HTTP/1.1" 200 1 "-" "Mozilla/5.0 (Windows NT 6.1; Win64; x64) AppleWebKit/537.36 (KHTML, like Gecko) Chrome/126.0.6478.114 Safari/537.36"
43.173.179.114 - - [23/Dec/2025:20:34:07 +0800] "GET /tea-tree-essential-oil-10ml/Anti-Bac-Surface-Disinfectant-Liquid-70-IPA-Alcohol-5L-p193106342 HTTP/1.1" 200 1 "-" "Mozilla/5.0 (Windows NT 6.1; Win64; x64) AppleWebKit/537.36 (KHTML, like Gecko) Chrome/126.0.6478.114 Safari/537.36"
66.249.74.40 - - [23/Dec/2025:20:34:26 +0800] "GET /497053/nable-Lewandowski-Bal-n-De-Oro-2024-2025-Panini-Adrenalyn HTTP/1.1" 200 1 "-" "Mozilla/5.0 (Linux; Android 6.0.1; Nexus 5X Build/MMB29P) AppleWebKit/537.36 (KHTML, like Gecko) Chrome/141.0.7390.122 Mobile Safari/537.36 (compatible; Googlebot/2.1; +http://www.google.com/bot.html)"
43.173.174.193 - - [23/Dec/2025:20:34:26 +0800] "GET /lemon-verbena-essential-oil-10ml/Anti-Bac-Multipurpose-Alcohol-Sanitizer-Spray-75-IPA-Alcohol-5L-p189220655 HTTP/1.1" 200 1 "-" "Mozilla/5.0 (Windows NT 6.1; Win64; x64) AppleWebKit/537.36 (KHTML, like Gecko) Chrome/126.0.6478.114 Safari/537.36"
66.249.74.38 - - [23/Dec/2025:20:34:39 +0800] "GET /939762/Con-S-mbolos-De-Anubis-Y-Horus-Para-Hombre-Y-Mujer HTTP/1.1" 200 1 "-" "Mozilla/5.0 (Linux; Android 6.0.1; Nexus 5X Build/MMB29P) AppleWebKit/537.36 (KHTML, like Gecko) Chrome/141.0.7390.122 Mobile Safari/537.36 (compatible; Googlebot/2.1; +http://www.google.com/bot.html)"
66.249.74.38 - - [23/Dec/2025:20:34:42 +0800] "GET /353312/De-Toyota-2-Piezas-En-Negro-Compatibles-Con-4Runner-Camry-Y HTTP/1.1" 200 1 "-" "Mozilla/5.0 (Linux; Android 6.0.1; Nexus 5X Build/MMB29P) AppleWebKit/537.36 (KHTML, like Gecko) Chrome/141.0.7390.122 Mobile Safari/537.36 (compatible; Googlebot/2.1; +http://www.google.com/bot.html)"
43.173.182.249 - - [23/Dec/2025:20:34:43 +0800] "GET /lemongrass-essential-oil-10ml/Blended-Essential-Oil-BO-Hormone-Balance-Essential-Oil-1L-p154182234 HTTP/1.1" 200 1 "-" "Mozilla/5.0 (Windows NT 6.1; Win64; x64) AppleWebKit/537.36 (KHTML, like Gecko) Chrome/126.0.6478.114 Safari/537.36"
43.173.182.120 - - [23/Dec/2025:20:35:44 +0800] "GET /%e8%af%b7%e7%95%99%e5%9c%a8%e5%ae%b6%e5%8b%a4%e6%b4%97%e6%89%8bbf1%e6%b6%88%e6%af%92%e6%b4%97%e6%89%8b%e6%b6%b2-%e6%b6%88%e6%af%92%e5%89%82-%e6%b6%88%e6%af%92%e5%96%b7%e9%9b%be-%e6%b8%85%e6%b4%81-3/ HTTP/1.1" 200 1 "-" "Mozilla/5.0 (Windows NT 6.1; Win64; x64) AppleWebKit/537.36 (KHTML, like Gecko) Chrome/126.0.6478.114 Safari/537.36"
66.249.74.39 - - [23/Dec/2025:20:36:05 +0800] "GET /476042/mica-33x29cm-1-Orificio-Para-Grifo HTTP/1.1" 200 1 "-" "Mozilla/5.0 (Linux; Android 6.0.1; Nexus 5X Build/MMB29P) AppleWebKit/537.36 (KHTML, like Gecko) Chrome/141.0.7390.122 Mobile Safari/537.36 (compatible; Googlebot/2.1; +http://www.google.com/bot.html)"
66.249.74.38 - - [23/Dec/2025:20:36:44 +0800] "GET /agarwood-essential-oil-10ml/DS-Cacharel-Noa-Deodorant-Spray-500ml-%E5%A5%B3%E5%A6%96-p317394041 HTTP/1.1" 200 1 "-" "Mozilla/5.0 (Linux; Android 6.0.1; Nexus 5X Build/MMB29P) AppleWebKit/537.36 (KHTML, like Gecko) Chrome/141.0.7390.122 Mobile Safari/537.36 (compatible; Googlebot/2.1; +http://www.google.com/bot.html)"
66.249.74.39 - - [23/Dec/2025:20:36:46 +0800] "GET /tea-tree-essential-oil-10ml/Aromatic-Water-Base-Perfume-WBP-Red-Color-500ml-Diffuser-Perfume-p262704798 HTTP/1.1" 200 1 "-" "Mozilla/5.0 (Linux; Android 6.0.1; Nexus 5X Build/MMB29P) AppleWebKit/537.36 (KHTML, like Gecko) Chrome/141.0.7390.122 Mobile Safari/537.36 (compatible; Googlebot/2.1; +http://www.google.com/bot.html)"
43.173.182.81 - - [23/Dec/2025:20:37:07 +0800] "GET /tag/geranium-leaf-malaysia/ HTTP/1.1" 200 1 "-" "Mozilla/5.0 (Windows NT 6.1; Win64; x64) AppleWebKit/537.36 (KHTML, like Gecko) Chrome/126.0.6478.114 Safari/537.36"
66.249.74.38 - - [23/Dec/2025:20:37:13 +0800] "GET /304860/Tuning-Para-Opel-Astra-H-Terciopelo-Negro-4-Piezas HTTP/1.1" 200 1 "-" "Mozilla/5.0 (Linux; Android 6.0.1; Nexus 5X Build/MMB29P) AppleWebKit/537.36 (KHTML, like Gecko) Chrome/141.0.7390.122 Mobile Safari/537.36 (compatible; Googlebot/2.1; +http://www.google.com/bot.html)"
216.73.216.21 - - [23/Dec/2025:20:37:19 +0800] "GET /robots.txt HTTP/1.1" 200 1 "-" "Mozilla/5.0 AppleWebKit/537.36 (KHTML, like Gecko; compatible; ClaudeBot/1.0; +claudebot@anthropic.com)"
216.73.216.21 - - [23/Dec/2025:20:37:19 +0800] "GET /bidara-leaf-essential-oil-10ml/Laundry-Detergent-c37955001 HTTP/1.1" 200 1 "-" "Mozilla/5.0 AppleWebKit/537.36 (KHTML, like Gecko; compatible; ClaudeBot/1.0; +claudebot@anthropic.com)"
43.173.175.235 - - [23/Dec/2025:20:37:47 +0800] "GET /2020-%e6%9c%80%e5%a5%bd%e7%9a%84bf1%e6%b6%88%e6%af%92%e6%b4%97%e6%89%8b%e6%b6%b2-%e6%b6%88%e6%af%92%e5%89%82-%e6%b6%88%e6%af%92%e5%96%b7%e9%9b%be-%e6%b8%85%e6%b4%81%e5%89%82-%e6%b6%88%e6%af%92-9/ HTTP/1.1" 200 1 "-" "Mozilla/5.0 (Windows NT 6.1; Win64; x64) AppleWebKit/537.36 (KHTML, like Gecko) Chrome/126.0.6478.114 Safari/537.36"
43.173.181.210 - - [23/Dec/2025:20:38:08 +0800] "GET /pineapple-essential-oil-10ml/Alcohol-c39350004 HTTP/1.1" 200 1 "-" "Mozilla/5.0 (Windows NT 6.1; Win64; x64) AppleWebKit/537.36 (KHTML, like Gecko) Chrome/126.0.6478.114 Safari/537.36"
43.175.152.130 - - [23/Dec/2025:20:39:26 +0800] "GET /lemongrass-essential-oil-10ml/Blended-Essential-Oil-BO-Hormone-Balance-Essential-Oil-1L-p154182234 HTTP/1.1" 200 1 "-" "Mozilla/5.0 (Windows NT 10.0; Win64; x64) AppleWebKit/537.36 (KHTML, like Gecko) Chrome/139.0.0.0 Safari/537.36"
43.175.152.130 - - [23/Dec/2025:20:39:26 +0800] "GET /favicon.ico HTTP/1.1" 200 1 "https://pati.bf1.my/lemongrass-essential-oil-10ml/Blended-Essential-Oil-BO-Hormone-Balance-Essential-Oil-1L-p154182234" "Mozilla/5.0 (Windows NT 10.0; Win64; x64) AppleWebKit/537.36 (KHTML, like Gecko) Chrome/139.0.0.0 Safari/537.36"
43.173.178.235 - - [23/Dec/2025:20:39:51 +0800] "GET /pomelo-essential-oil-10ml/Antibacterial-Hand-Wash-Sanitizer-Cleanser-Foam-Hand-Wash-1L-p173246499 HTTP/1.1" 200 1 "-" "Mozilla/5.0 (Windows NT 6.1; Win64; x64) AppleWebKit/537.36 (KHTML, like Gecko) Chrome/126.0.6478.114 Safari/537.36"
74.7.244.13 - - [23/Dec/2025:20:40:15 +0800] "GET /robots.txt HTTP/1.1" 200 1 "-" "Mozilla/5.0 (Macintosh; Intel Mac OS X 10_15_7) AppleWebKit/537.36 (KHTML, like Gecko) Chrome/131.0.0.0 Safari/537.36; compatible; OAI-SearchBot/1.3; robots.txt; +https://openai.com/searchbot"
74.7.242.137 - - [23/Dec/2025:20:40:16 +0800] "GET /wp-sitemap.xml HTTP/1.1" 200 1 "-" "Mozilla/5.0 (Macintosh; Intel Mac OS X 10_15_7) AppleWebKit/537.36 (KHTML, like Gecko) Chrome/131.0.0.0 Safari/537.36; compatible; OAI-SearchBot/1.3; +https://openai.com/searchbot"
43.173.172.57 - - [23/Dec/2025:20:40:47 +0800] "GET /Body-Fragrance-Oil-50ml-c37675049 HTTP/1.1" 200 1 "-" "Mozilla/5.0 (Windows NT 10.0; Win64; x64) AppleWebKit/537.36 (KHTML, like Gecko) Chrome/106.0.5249.119 Safari/537.36"
43.173.176.27 - - [23/Dec/2025:20:41:51 +0800] "GET /kaffir-lime-essential-oil-10ml/Perfume-Ingredients-c39355007 HTTP/1.1" 200 1 "-" "Mozilla/5.0 (Windows NT 6.1; Win64; x64) AppleWebKit/537.36 (KHTML, like Gecko) Chrome/126.0.6478.114 Safari/537.36"
66.249.74.39 - - [23/Dec/2025:20:41:54 +0800] "GET /679280/Piezas-platos-Tazas-Cuencos-Elegante-Y-Moderna HTTP/1.1" 200 1 "-" "Mozilla/5.0 (Linux; Android 6.0.1; Nexus 5X Build/MMB29P) AppleWebKit/537.36 (KHTML, like Gecko) Chrome/141.0.7390.122 Mobile Safari/537.36 (compatible; Googlebot/2.1; +http://www.google.com/bot.html)"
66.249.74.38 - - [23/Dec/2025:20:41:54 +0800] "GET /817641/Pantalla-4-3-quot-Visi-n-Nocturna-Y-Grabaci-n-Autom-tica HTTP/1.1" 200 1 "-" "Mozilla/5.0 (Linux; Android 6.0.1; Nexus 5X Build/MMB29P) AppleWebKit/537.36 (KHTML, like Gecko) Chrome/141.0.7390.122 Mobile Safari/537.36 (compatible; Googlebot/2.1; +http://www.google.com/bot.html)"
66.249.74.38 - - [23/Dec/2025:20:42:57 +0800] "GET /961300/Mangas-039-Edici-n-Limitada-1970-039-Regalo-De-Cumplea HTTP/1.1" 200 1 "-" "Mozilla/5.0 (Linux; Android 6.0.1; Nexus 5X Build/MMB29P) AppleWebKit/537.36 (KHTML, like Gecko) Chrome/141.0.7390.122 Mobile Safari/537.36 (compatible; Googlebot/2.1; +http://www.google.com/bot.html)"
66.249.74.40 - - [23/Dec/2025:20:43:27 +0800] "GET /404012/Billar-8-Pies-Anti-UV-Y-Antipolvo HTTP/1.1" 200 1 "-" "Mozilla/5.0 (Linux; Android 6.0.1; Nexus 5X Build/MMB29P) AppleWebKit/537.36 (KHTML, like Gecko) Chrome/141.0.7390.122 Mobile Safari/537.36 (compatible; Googlebot/2.1; +http://www.google.com/bot.html)"
66.249.74.40 - - [23/Dec/2025:20:44:03 +0800] "GET /1021762/Yardas-6-Colores-Para-Bordado-Y-Punto-De-Cruz HTTP/1.1" 200 1 "-" "Mozilla/5.0 (Linux; Android 6.0.1; Nexus 5X Build/MMB29P) AppleWebKit/537.36 (KHTML, like Gecko) Chrome/141.0.7390.122 Mobile Safari/537.36 (compatible; Googlebot/2.1; +http://www.google.com/bot.html)"
43.173.179.97 - - [23/Dec/2025:20:45:05 +0800] "GET /pineapple-essential-oil-10ml/Anti-Bac-Surface-Disinfectant-Liquid-70-IPA-Alcohol-1L-p193108240 HTTP/1.1" 200 1 "-" "Mozilla/5.0 (Windows NT 6.1; Win64; x64) AppleWebKit/537.36 (KHTML, like Gecko) Chrome/126.0.6478.114 Safari/537.36"
66.249.74.38 - - [23/Dec/2025:20:45:32 +0800] "GET /432799/Inodoros-Duchas-Y-Lavabos-con-4-Ventosas HTTP/1.1" 200 1 "-" "Mozilla/5.0 (Linux; Android 6.0.1; Nexus 5X Build/MMB29P) AppleWebKit/537.36 (KHTML, like Gecko) Chrome/141.0.7390.122 Mobile Safari/537.36 (compatible; Googlebot/2.1; +http://www.google.com/bot.html)"
43.173.175.18 - - [23/Dec/2025:20:45:53 +0800] "GET /stevia-essential-oil-10ml/OEM-Rebranding-c38593009 HTTP/1.1" 200 1 "-" "Mozilla/5.0 (Windows NT 6.1; Win64; x64) AppleWebKit/537.36 (KHTML, like Gecko) Chrome/126.0.6478.114 Safari/537.36"
43.173.174.107 - - [23/Dec/2025:20:46:19 +0800] "GET /jasmine-essential-oil-10ml/Car-Perfume-c38009431 HTTP/1.1" 200 1 "-" "Mozilla/5.0 (Windows NT 6.1; Win64; x64) AppleWebKit/537.36 (KHTML, like Gecko) Chrome/126.0.6478.114 Safari/537.36"
43.173.169.216 - - [23/Dec/2025:20:46:33 +0800] "GET /lemongrass-essential-oil-10ml/Car-Perfume-c38009431 HTTP/1.1" 200 1 "-" "Mozilla/5.0 (Windows NT 10.0; Win64; x64) AppleWebKit/537.36 (KHTML, like Gecko) Chrome/105.0.0.0 Safari/537.3"
43.173.181.176 - - [23/Dec/2025:20:46:48 +0800] "GET /lemongrass-essential-oil-10ml/Antibacterial-Alcohol-Hand-Sanitizer-Spray-75-Alcohol-Liquid-Form-Rinse-Free-1L-p189272484 HTTP/1.1" 200 1 "-" "Mozilla/5.0 (Windows NT 6.1; Win64; x64) AppleWebKit/537.36 (KHTML, like Gecko) Chrome/126.0.6478.114 Safari/537.36"
43.173.178.109 - - [23/Dec/2025:20:47:14 +0800] "GET /patchouli-essential-oil-10ml/Refreshing-Essential-Oil-30ml-p185664098 HTTP/1.1" 200 1 "-" "Mozilla/5.0 (Windows NT 10.0; Win64; x64) AppleWebKit/537.36 (KHTML, like Gecko) Chrome/133.0.0.0 Safari/537.36"
43.173.182.67 - - [23/Dec/2025:20:47:53 +0800] "GET /pati-minyak-wangi-10ml/BFO-Al-Rehab-Al-Fares-M-10ml-p150018660 HTTP/1.1" 200 1 "-" "Mozilla/5.0 (Windows NT 10.0; Win64; x64) AppleWebKit/537.36 (KHTML, like Gecko) Chrome/116.0.0.0 Safari/537.36"
66.249.74.39 - - [23/Dec/2025:20:48:24 +0800] "GET /949422/Cat6-Tipo-Punch-Down-Instalaci-n-Limpia-Y-Estable HTTP/1.1" 200 1 "-" "Mozilla/5.0 (Linux; Android 6.0.1; Nexus 5X Build/MMB29P) AppleWebKit/537.36 (KHTML, like Gecko) Chrome/141.0.7390.122 Mobile Safari/537.36 (compatible; Googlebot/2.1; +http://www.google.com/bot.html)"
43.173.175.45 - - [23/Dec/2025:20:49:11 +0800] "GET /%e7%95%99%e5%ae%88%e5%9c%a8%e5%ae%b6%e5%8b%a4%e6%b4%97%e6%89%8bbf1%e6%b6%88%e6%af%92%e6%b4%97%e6%89%8b%e6%b6%b2-%e6%b6%88%e6%af%92%e5%89%82-%e6%b6%88%e6%af%92%e5%96%b7%e9%9b%be-%e6%b8%85%e6%b4%81-4/ HTTP/1.1" 200 1 "-" "Mozilla/5.0 (Windows NT 6.1; Win64; x64) AppleWebKit/537.36 (KHTML, like Gecko) Chrome/126.0.6478.114 Safari/537.36"
66.249.74.39 - - [23/Dec/2025:20:49:44 +0800] "GET /860930/5J-310-M-s-Incluye-B-pode-Solo-Uso-Deportivo HTTP/1.1" 200 1 "-" "Mozilla/5.0 (Linux; Android 6.0.1; Nexus 5X Build/MMB29P) AppleWebKit/537.36 (KHTML, like Gecko) Chrome/141.0.7390.122 Mobile Safari/537.36 (compatible; Googlebot/2.1; +http://www.google.com/bot.html)"
66.249.74.40 - - [23/Dec/2025:20:49:47 +0800] "GET /383494/Alesis-VI25-25-Teclas-Con-Pads-RGB-Y-Software-Incluido HTTP/1.1" 200 1 "-" "Mozilla/5.0 (Linux; Android 6.0.1; Nexus 5X Build/MMB29P) AppleWebKit/537.36 (KHTML, like Gecko) Chrome/141.0.7390.122 Mobile Safari/537.36 (compatible; Googlebot/2.1; +http://www.google.com/bot.html)"
66.249.74.38 - - [23/Dec/2025:20:49:50 +0800] "GET /926879/Action-Aluminio-Prensado-20-24cm-Inducci-n-Gas-Vitro HTTP/1.1" 200 1 "-" "Mozilla/5.0 (Linux; Android 6.0.1; Nexus 5X Build/MMB29P) AppleWebKit/537.36 (KHTML, like Gecko) Chrome/141.0.7390.122 Mobile Safari/537.36 (compatible; Googlebot/2.1; +http://www.google.com/bot.html)"
66.249.74.38 - - [23/Dec/2025:20:49:58 +0800] "GET /990382/Para-Piscina-Entra-Y-Sale-Como-Un-Profesional HTTP/1.1" 200 1 "-" "Mozilla/5.0 (Linux; Android 6.0.1; Nexus 5X Build/MMB29P) AppleWebKit/537.36 (KHTML, like Gecko) Chrome/141.0.7390.122 Mobile Safari/537.36 (compatible; Googlebot/2.1; +http://www.google.com/bot.html)"
66.249.74.38 - - [23/Dec/2025:20:50:01 +0800] "GET /332981/Opel-Astra-H-1-6-2004-2010-Piel-Sint-tica-Negra HTTP/1.1" 200 1 "-" "Mozilla/5.0 (Linux; Android 6.0.1; Nexus 5X Build/MMB29P) AppleWebKit/537.36 (KHTML, like Gecko) Chrome/141.0.7390.122 Mobile Safari/537.36 (compatible; Googlebot/2.1; +http://www.google.com/bot.html)"
66.249.74.39 - - [23/Dec/2025:20:50:06 +0800] "GET /420259/Chaquet-n-De-Moto-Invierno-CE-Impermeable-Y-Con-Protecciones HTTP/1.1" 200 1 "-" "Mozilla/5.0 (Linux; Android 6.0.1; Nexus 5X Build/MMB29P) AppleWebKit/537.36 (KHTML, like Gecko) Chrome/141.0.7390.122 Mobile Safari/537.36 (compatible; Googlebot/2.1; +http://www.google.com/bot.html)"
66.249.74.40 - - [23/Dec/2025:20:50:08 +0800] "GET /355471/Sknrlko-Kit-Para-Ropa-calzado-Con-Herramientas HTTP/1.1" 200 1 "-" "Mozilla/5.0 (Linux; Android 6.0.1; Nexus 5X Build/MMB29P) AppleWebKit/537.36 (KHTML, like Gecko) Chrome/141.0.7390.122 Mobile Safari/537.36 (compatible; Googlebot/2.1; +http://www.google.com/bot.html)"
74.7.244.13 - - [23/Dec/2025:20:50:52 +0800] "GET /robots.txt HTTP/1.1" 200 1 "-" "Mozilla/5.0 (Macintosh; Intel Mac OS X 10_15_7) AppleWebKit/537.36 (KHTML, like Gecko) Chrome/131.0.0.0 Safari/537.36; compatible; OAI-SearchBot/1.3; robots.txt; +https://openai.com/searchbot"
74.7.242.137 - - [23/Dec/2025:20:50:53 +0800] "GET /wp-sitemap.xml HTTP/1.1" 200 1 "-" "Mozilla/5.0 (Macintosh; Intel Mac OS X 10_15_7) AppleWebKit/537.36 (KHTML, like Gecko) Chrome/131.0.0.0 Safari/537.36; compatible; OAI-SearchBot/1.3; +https://openai.com/searchbot"
66.249.74.40 - - [23/Dec/2025:20:51:24 +0800] "GET /378204310.htm HTTP/1.1" 200 1 "-" "Mozilla/5.0 (Linux; Android 6.0.1; Nexus 5X Build/MMB29P) AppleWebKit/537.36 (KHTML, like Gecko) Chrome/141.0.7390.122 Mobile Safari/537.36 (compatible; Googlebot/2.1; +http://www.google.com/bot.html)"
43.173.181.199 - - [23/Dec/2025:20:51:53 +0800] "GET /bergamot-essential-oil-10ml/Face-Mask-Blue-Mouth-and-Nose-Protection-1pack-50pc-pack-p226303296 HTTP/1.1" 200 1 "-" "Mozilla/5.0 (Windows NT 6.1; Win64; x64) AppleWebKit/537.36 (KHTML, like Gecko) Chrome/126.0.6478.114 Safari/537.36"
43.173.175.45 - - [23/Dec/2025:20:52:13 +0800] "GET /spicy-ginger-essential-oil-10ml/Anti-Bac-Surface-Disinfectant-Liquid-70-IPA-Alcohol-500ml-p211032757 HTTP/1.1" 200 1 "-" "Mozilla/5.0 (Windows NT 6.1; Win64; x64) AppleWebKit/537.36 (KHTML, like Gecko) Chrome/126.0.6478.114 Safari/537.36"
43.173.175.209 - - [23/Dec/2025:20:54:52 +0800] "GET /rosemary-essential-oil-10ml/Reed-Diffuser-c38593005 HTTP/1.1" 200 1 "-" "Mozilla/5.0 (Windows NT 6.1; Win64; x64) AppleWebKit/537.36 (KHTML, like Gecko) Chrome/126.0.6478.114 Safari/537.36"
66.249.74.38 - - [23/Dec/2025:20:57:17 +0800] "GET /793160/Para-Ni-os-2025-Camiseta-Pantal-n-Corto-2-Juegos-Secado HTTP/1.1" 200 1 "-" "Mozilla/5.0 (Linux; Android 6.0.1; Nexus 5X Build/MMB29P) AppleWebKit/537.36 (KHTML, like Gecko) Chrome/141.0.7390.122 Mobile Safari/537.36 (compatible; Googlebot/2.1; +http://www.google.com/bot.html)"
66.249.74.39 - - [23/Dec/2025:20:57:20 +0800] "GET /723839/Silverstorm-150W-Con-Piedras-De-Afilar HTTP/1.1" 200 1 "-" "Mozilla/5.0 (Linux; Android 6.0.1; Nexus 5X Build/MMB29P) AppleWebKit/537.36 (KHTML, like Gecko) Chrome/141.0.7390.122 Mobile Safari/537.36 (compatible; Googlebot/2.1; +http://www.google.com/bot.html)"
66.249.74.39 - - [23/Dec/2025:20:57:21 +0800] "GET /1005642/til-Para-Laptop-Ajustable-Hasta-15-6-Pulgadas HTTP/1.1" 200 1 "-" "Mozilla/5.0 (Linux; Android 6.0.1; Nexus 5X Build/MMB29P) AppleWebKit/537.36 (KHTML, like Gecko) Chrome/141.0.7390.122 Mobile Safari/537.36 (compatible; Googlebot/2.1; +http://www.google.com/bot.html)"
66.249.74.39 - - [23/Dec/2025:20:57:21 +0800] "GET /777230/De-Aire-Pirelli-Para-Bicicleta-De-Ruta-Presta-60mm HTTP/1.1" 200 1 "-" "Mozilla/5.0 (Linux; Android 6.0.1; Nexus 5X Build/MMB29P) AppleWebKit/537.36 (KHTML, like Gecko) Chrome/141.0.7390.122 Mobile Safari/537.36 (compatible; Googlebot/2.1; +http://www.google.com/bot.html)"
66.249.74.38 - - [23/Dec/2025:20:57:26 +0800] "GET /jenama-minyak-wangi-gucci/Pure-Essential-Oil-EO-Eggplant-Aubergine-Essential-Oil-10ml-p151420787 HTTP/1.1" 200 1 "-" "Mozilla/5.0 (Linux; Android 6.0.1; Nexus 5X Build/MMB29P) AppleWebKit/537.36 (KHTML, like Gecko) Chrome/141.0.7390.122 Mobile Safari/537.36 (compatible; Googlebot/2.1; +http://www.google.com/bot.html)"
66.249.74.38 - - [23/Dec/2025:20:57:29 +0800] "GET /778927/IMC-Toys-Divertido-Juego-De-Mesa-Familiar-Para-Ni-os-6-A-os HTTP/1.1" 200 1 "-" "Mozilla/5.0 (Linux; Android 6.0.1; Nexus 5X Build/MMB29P) AppleWebKit/537.36 (KHTML, like Gecko) Chrome/141.0.7390.122 Mobile Safari/537.36 (compatible; Googlebot/2.1; +http://www.google.com/bot.html)"
66.249.74.38 - - [23/Dec/2025:20:57:36 +0800] "GET /943909/Bot-n-De-Dealer-De-P-ker-Inzopo-7-6-Cm-Estilo-Casino-En HTTP/1.1" 200 1 "-" "Mozilla/5.0 (Linux; Android 6.0.1; Nexus 5X Build/MMB29P) AppleWebKit/537.36 (KHTML, like Gecko) Chrome/141.0.7390.122 Mobile Safari/537.36 (compatible; Googlebot/2.1; +http://www.google.com/bot.html)"
66.249.74.38 - - [23/Dec/2025:20:57:41 +0800] "GET /373355/Para-Manualidades-Y-Decoraci-n-DIY-Brillo-Profesional-En HTTP/1.1" 200 1 "-" "Mozilla/5.0 (Linux; Android 6.0.1; Nexus 5X Build/MMB29P) AppleWebKit/537.36 (KHTML, like Gecko) Chrome/141.0.7390.122 Mobile Safari/537.36 (compatible; Googlebot/2.1; +http://www.google.com/bot.html)"
66.249.74.38 - - [23/Dec/2025:20:57:53 +0800] "GET /893005/lbum-De-Actividades-Sonic-Con-Rotuladores-Crayola-32-P-ginas HTTP/1.1" 200 1 "-" "Mozilla/5.0 (Linux; Android 6.0.1; Nexus 5X Build/MMB29P) AppleWebKit/537.36 (KHTML, like Gecko) Chrome/141.0.7390.122 Mobile Safari/537.36 (compatible; Googlebot/2.1; +http://www.google.com/bot.html)"
66.249.74.38 - - [23/Dec/2025:20:57:57 +0800] "GET /jenama-minyak-wangi-gucci/EDP-Mariah-Carey-Luscious-Pink-W-55ml-p164465218 HTTP/1.1" 200 1 "-" "Mozilla/5.0 (Linux; Android 6.0.1; Nexus 5X Build/MMB29P) AppleWebKit/537.36 (KHTML, like Gecko) Chrome/141.0.7390.122 Mobile Safari/537.36 (compatible; Googlebot/2.1; +http://www.google.com/bot.html)"
66.249.74.38 - - [23/Dec/2025:20:57:58 +0800] "GET /555827/Pastel-LunarCharm-20-Lazos-Letrero-039-Feliz-Cumplea-os HTTP/1.1" 200 1 "-" "Mozilla/5.0 (Linux; Android 6.0.1; Nexus 5X Build/MMB29P) AppleWebKit/537.36 (KHTML, like Gecko) Chrome/141.0.7390.122 Mobile Safari/537.36 (compatible; Googlebot/2.1; +http://www.google.com/bot.html)"
66.249.74.38 - - [23/Dec/2025:20:58:04 +0800] "GET /918051/Asas-Largas-O-Bag-Coraz-n-Negro-Intercambiables-Para-Bolsos HTTP/1.1" 200 1 "-" "Mozilla/5.0 (Linux; Android 6.0.1; Nexus 5X Build/MMB29P) AppleWebKit/537.36 (KHTML, like Gecko) Chrome/141.0.7390.122 Mobile Safari/537.36 (compatible; Googlebot/2.1; +http://www.google.com/bot.html)"
66.249.74.38 - - [23/Dec/2025:20:58:11 +0800] "GET /678019/Para-Monitores-LG-Reemplazo-Original HTTP/1.1" 200 1 "-" "Mozilla/5.0 (Linux; Android 6.0.1; Nexus 5X Build/MMB29P) AppleWebKit/537.36 (KHTML, like Gecko) Chrome/141.0.7390.122 Mobile Safari/537.36 (compatible; Googlebot/2.1; +http://www.google.com/bot.html)"
66.249.74.39 - - [23/Dec/2025:20:58:14 +0800] "GET /812726/Dise-o-Sirena-Polic-a-Para-Ni-os HTTP/1.1" 200 1 "-" "Mozilla/5.0 (Linux; Android 6.0.1; Nexus 5X Build/MMB29P) AppleWebKit/537.36 (KHTML, like Gecko) Chrome/141.0.7390.122 Mobile Safari/537.36 (compatible; Googlebot/2.1; +http://www.google.com/bot.html)"
66.249.74.39 - - [23/Dec/2025:20:58:15 +0800] "GET /802664/Tablero-Redondo-Para-Mesa-60-Cm-Blanco-Resistente-Al-Agua HTTP/1.1" 200 1 "-" "Mozilla/5.0 (Linux; Android 6.0.1; Nexus 5X Build/MMB29P) AppleWebKit/537.36 (KHTML, like Gecko) Chrome/141.0.7390.122 Mobile Safari/537.36 (compatible; Googlebot/2.1; +http://www.google.com/bot.html)"
66.249.74.38 - - [23/Dec/2025:20:58:37 +0800] "GET /667036/Scholl-Sun-Slide-Plantilla-Bioprint-Mujer HTTP/1.1" 200 1 "-" "Mozilla/5.0 (Linux; Android 6.0.1; Nexus 5X Build/MMB29P) AppleWebKit/537.36 (KHTML, like Gecko) Chrome/141.0.7390.122 Mobile Safari/537.36 (compatible; Googlebot/2.1; +http://www.google.com/bot.html)"
66.249.74.38 - - [23/Dec/2025:20:58:40 +0800] "GET /725002/Skye-Everest-2-Piezas-135x200cm-80x80cm-100-Algod-n HTTP/1.1" 200 1 "-" "Mozilla/5.0 (Linux; Android 6.0.1; Nexus 5X Build/MMB29P) AppleWebKit/537.36 (KHTML, like Gecko) Chrome/141.0.7390.122 Mobile Safari/537.36 (compatible; Googlebot/2.1; +http://www.google.com/bot.html)"
66.249.74.38 - - [23/Dec/2025:20:58:43 +0800] "GET /997897/Espejo-LED-5-Cajones-Luz-Ajustable-Y-Enchufes-USB HTTP/1.1" 200 1 "-" "Mozilla/5.0 (Linux; Android 6.0.1; Nexus 5X Build/MMB29P) AppleWebKit/537.36 (KHTML, like Gecko) Chrome/141.0.7390.122 Mobile Safari/537.36 (compatible; Googlebot/2.1; +http://www.google.com/bot.html)"
66.249.74.38 - - [23/Dec/2025:20:58:44 +0800] "GET /349209/Cal-En-Pasta-Para-Construcci-n-Cubo-De-20kg-Blanco-Puro HTTP/1.1" 200 1 "-" "Mozilla/5.0 (Linux; Android 6.0.1; Nexus 5X Build/MMB29P) AppleWebKit/537.36 (KHTML, like Gecko) Chrome/141.0.7390.122 Mobile Safari/537.36 (compatible; Googlebot/2.1; +http://www.google.com/bot.html)"
66.249.74.38 - - [23/Dec/2025:20:58:45 +0800] "GET /740150/De-Regalo-Con-Forma-De-Libro-27x17x3-6cm-Ideal-Para-Joyas-O HTTP/1.1" 200 1 "-" "Mozilla/5.0 (Linux; Android 6.0.1; Nexus 5X Build/MMB29P) AppleWebKit/537.36 (KHTML, like Gecko) Chrome/141.0.7390.122 Mobile Safari/537.36 (compatible; Googlebot/2.1; +http://www.google.com/bot.html)"
66.249.74.38 - - [23/Dec/2025:20:58:45 +0800] "GET /997334/Guantes-Para-Artritis-Y-Artrosis-Pack-De-4-Alivio-Del-Dolor HTTP/1.1" 200 1 "-" "Mozilla/5.0 (Linux; Android 6.0.1; Nexus 5X Build/MMB29P) AppleWebKit/537.36 (KHTML, like Gecko) Chrome/141.0.7390.122 Mobile Safari/537.36 (compatible; Googlebot/2.1; +http://www.google.com/bot.html)"
66.249.74.38 - - [23/Dec/2025:20:58:49 +0800] "GET /lemon-essential-oil-10ml/EDP-Hugo-Boss-Boss-Elements-M-5L-p156289136 HTTP/1.1" 200 1 "-" "Mozilla/5.0 (Linux; Android 6.0.1; Nexus 5X Build/MMB29P) AppleWebKit/537.36 (KHTML, like Gecko) Chrome/141.0.7390.122 Mobile Safari/537.36 (compatible; Googlebot/2.1; +http://www.google.com/bot.html)"
66.249.74.38 - - [23/Dec/2025:20:58:50 +0800] "GET /760654/De-Vinilo-Transparente-A4-Imprime-Etiquetas-Que-Pegan-En-Todo HTTP/1.1" 200 1 "-" "Mozilla/5.0 (Linux; Android 6.0.1; Nexus 5X Build/MMB29P) AppleWebKit/537.36 (KHTML, like Gecko) Chrome/141.0.7390.122 Mobile Safari/537.36 (compatible; Googlebot/2.1; +http://www.google.com/bot.html)"
43.173.175.215 - - [23/Dec/2025:20:58:55 +0800] "GET /bf1-pencuci-tangan-sanitizer-alkohol-orang-ramai-malaysia-4/ HTTP/1.1" 200 1 "-" "Mozilla/5.0 (Windows NT 6.1; Win64; x64) AppleWebKit/537.36 (KHTML, like Gecko) Chrome/126.0.6478.114 Safari/537.36"
66.249.74.38 - - [23/Dec/2025:20:58:59 +0800] "GET /392873/Dometic-Para-Nevera-congelador-Original-Modelo HTTP/1.1" 200 1 "-" "Mozilla/5.0 (Linux; Android 6.0.1; Nexus 5X Build/MMB29P) AppleWebKit/537.36 (KHTML, like Gecko) Chrome/141.0.7390.122 Mobile Safari/537.36 (compatible; Googlebot/2.1; +http://www.google.com/bot.html)"
66.249.74.39 - - [23/Dec/2025:20:59:03 +0800] "GET /CP-Winter-Wood-Aromatic-Car-Perfume-Oil-250ml-p474727233 HTTP/1.1" 200 1 "-" "Mozilla/5.0 (Linux; Android 6.0.1; Nexus 5X Build/MMB29P) AppleWebKit/537.36 (KHTML, like Gecko) Chrome/141.0.7390.122 Mobile Safari/537.36 (compatible; Googlebot/2.1; +http://www.google.com/bot.html)"
66.249.74.40 - - [23/Dec/2025:20:59:04 +0800] "GET /948676/De-Bajo-4-Unidades-Compatibles-Con-Jazz-Bass-O-P-Bass HTTP/1.1" 200 1 "-" "Mozilla/5.0 (Linux; Android 6.0.1; Nexus 5X Build/MMB29P) AppleWebKit/537.36 (KHTML, like Gecko) Chrome/141.0.7390.122 Mobile Safari/537.36 (compatible; Googlebot/2.1; +http://www.google.com/bot.html)"
66.249.74.40 - - [23/Dec/2025:20:59:05 +0800] "GET /1026450/Bares-Negro-60x102-Cm-MDF-Y-Metal HTTP/1.1" 200 1 "-" "Mozilla/5.0 (Linux; Android 6.0.1; Nexus 5X Build/MMB29P) AppleWebKit/537.36 (KHTML, like Gecko) Chrome/141.0.7390.122 Mobile Safari/537.36 (compatible; Googlebot/2.1; +http://www.google.com/bot.html)"
66.249.74.38 - - [23/Dec/2025:20:59:09 +0800] "GET /662725/Vestido-Largo-Para-Mujer-Cuello-En-V-Mangas-Abullonadas-Y HTTP/1.1" 200 1 "-" "Mozilla/5.0 (Linux; Android 6.0.1; Nexus 5X Build/MMB29P) AppleWebKit/537.36 (KHTML, like Gecko) Chrome/141.0.7390.122 Mobile Safari/537.36 (compatible; Googlebot/2.1; +http://www.google.com/bot.html)"
66.249.74.39 - - [23/Dec/2025:20:59:12 +0800] "GET /843958/Cer-mica-Ramble-a-Modelo-D42-21x21-Cm-Hecho-A-Mano-En HTTP/1.1" 200 1 "-" "Mozilla/5.0 (Linux; Android 6.0.1; Nexus 5X Build/MMB29P) AppleWebKit/537.36 (KHTML, like Gecko) Chrome/141.0.7390.122 Mobile Safari/537.36 (compatible; Googlebot/2.1; +http://www.google.com/bot.html)"
66.249.74.38 - - [23/Dec/2025:20:59:20 +0800] "GET /544034/Nerf-Super-Soaker-Mini-Dunk-Fill-100ml-Llenado-R-pido HTTP/1.1" 200 1 "-" "Mozilla/5.0 (Linux; Android 6.0.1; Nexus 5X Build/MMB29P) AppleWebKit/537.36 (KHTML, like Gecko) Chrome/141.0.7390.122 Mobile Safari/537.36 (compatible; Googlebot/2.1; +http://www.google.com/bot.html)"
66.249.74.38 - - [23/Dec/2025:20:59:21 +0800] "GET /923256/Para-Llenar-Botellas-De-Agua-Cerveza-Y-M-s HTTP/1.1" 200 1 "-" "Mozilla/5.0 (Linux; Android 6.0.1; Nexus 5X Build/MMB29P) AppleWebKit/537.36 (KHTML, like Gecko) Chrome/141.0.7390.122 Mobile Safari/537.36 (compatible; Googlebot/2.1; +http://www.google.com/bot.html)"
66.249.74.38 - - [23/Dec/2025:20:59:24 +0800] "GET /400993/Plazas-365x365x250cm-Resistente-Al-Agua-Con-Mosquiteras HTTP/1.1" 200 1 "-" "Mozilla/5.0 (Linux; Android 6.0.1; Nexus 5X Build/MMB29P) AppleWebKit/537.36 (KHTML, like Gecko) Chrome/141.0.7390.122 Mobile Safari/537.36 (compatible; Googlebot/2.1; +http://www.google.com/bot.html)"
66.249.74.38 - - [23/Dec/2025:20:59:27 +0800] "GET /765160/Park-quot-They-Killed-Kenny-quot-Oficial-100-Algod-n HTTP/1.1" 200 1 "-" "Mozilla/5.0 (Linux; Android 6.0.1; Nexus 5X Build/MMB29P) AppleWebKit/537.36 (KHTML, like Gecko) Chrome/141.0.7390.122 Mobile Safari/537.36 (compatible; Googlebot/2.1; +http://www.google.com/bot.html)"
66.249.74.38 - - [23/Dec/2025:20:59:27 +0800] "GET /745234/70x120-Cm-100-Algod-n-Interlock HTTP/1.1" 200 1 "-" "Mozilla/5.0 (Linux; Android 6.0.1; Nexus 5X Build/MMB29P) AppleWebKit/537.36 (KHTML, like Gecko) Chrome/141.0.7390.122 Mobile Safari/537.36 (compatible; Googlebot/2.1; +http://www.google.com/bot.html)"
66.249.74.38 - - [23/Dec/2025:20:59:33 +0800] "GET /772647/Actuador-De-Bloqueo-Para-Seat-Leon-Altea-9-Pines-OEM-1P1837015 HTTP/1.1" 200 1 "-" "Mozilla/5.0 (Linux; Android 6.0.1; Nexus 5X Build/MMB29P) AppleWebKit/537.36 (KHTML, like Gecko) Chrome/141.0.7390.122 Mobile Safari/537.36 (compatible; Googlebot/2.1; +http://www.google.com/bot.html)"
66.249.74.38 - - [23/Dec/2025:20:59:37 +0800] "GET /346238/Banda-Para-85-Cumplea-os-Celebra-Como-Una-Reina HTTP/1.1" 200 1 "-" "Mozilla/5.0 (Linux; Android 6.0.1; Nexus 5X Build/MMB29P) AppleWebKit/537.36 (KHTML, like Gecko) Chrome/141.0.7390.122 Mobile Safari/537.36 (compatible; Googlebot/2.1; +http://www.google.com/bot.html)"
66.249.74.38 - - [23/Dec/2025:20:59:40 +0800] "GET /BFO-The-Body-Shop-White-Musk-W-5KG-100KG-p160347580 HTTP/1.1" 200 1 "-" "Mozilla/5.0 (Linux; Android 6.0.1; Nexus 5X Build/MMB29P) AppleWebKit/537.36 (KHTML, like Gecko) Chrome/141.0.7390.122 Mobile Safari/537.36 (compatible; Googlebot/2.1; +http://www.google.com/bot.html)"
66.249.74.40 - - [23/Dec/2025:21:00:46 +0800] "GET /844321/Carrito-De-Compras-DLP-Tama-o-34x23-5x63cm-Estilo-Exhaustive HTTP/1.1" 200 1 "-" "Mozilla/5.0 (Linux; Android 6.0.1; Nexus 5X Build/MMB29P) AppleWebKit/537.36 (KHTML, like Gecko) Chrome/141.0.7390.122 Mobile Safari/537.36 (compatible; Googlebot/2.1; +http://www.google.com/bot.html)"
66.249.74.39 - - [23/Dec/2025:21:00:55 +0800] "GET /1023357/banas-Hot-Wheels-Microfibra-180x220cm-2-Fundas-50x75cm HTTP/1.1" 200 1 "-" "Mozilla/5.0 (Linux; Android 6.0.1; Nexus 5X Build/MMB29P) AppleWebKit/537.36 (KHTML, like Gecko) Chrome/141.0.7390.122 Mobile Safari/537.36 (compatible; Googlebot/2.1; +http://www.google.com/bot.html)"
66.249.74.38 - - [23/Dec/2025:21:01:32 +0800] "GET /390940/Ciclismo-ABUS-StormChaser-ACE-Ligero-Y-Aerodin-mico-Para HTTP/1.1" 200 1 "-" "Mozilla/5.0 (Linux; Android 6.0.1; Nexus 5X Build/MMB29P) AppleWebKit/537.36 (KHTML, like Gecko) Chrome/141.0.7390.122 Mobile Safari/537.36 (compatible; Googlebot/2.1; +http://www.google.com/bot.html)"
66.249.74.38 - - [23/Dec/2025:21:01:35 +0800] "GET /lemongrass-essential-oil-10ml/DS-Bebe-Wishes-&-Dreams-Deodorant-Spray-5L-%E5%A5%B3%E5%A6%96-p317928210 HTTP/1.1" 200 1 "-" "Mozilla/5.0 (Linux; Android 6.0.1; Nexus 5X Build/MMB29P) AppleWebKit/537.36 (KHTML, like Gecko) Chrome/141.0.7390.122 Mobile Safari/537.36 (compatible; Googlebot/2.1; +http://www.google.com/bot.html)"
66.249.74.38 - - [23/Dec/2025:21:01:40 +0800] "GET /947193/Kobe-Bryant-38x58cm-Tributo-Al-dolo-Del-Basketball HTTP/1.1" 200 1 "-" "Mozilla/5.0 (Linux; Android 6.0.1; Nexus 5X Build/MMB29P) AppleWebKit/537.36 (KHTML, like Gecko) Chrome/141.0.7390.122 Mobile Safari/537.36 (compatible; Googlebot/2.1; +http://www.google.com/bot.html)"
66.249.74.38 - - [23/Dec/2025:21:01:41 +0800] "GET /945849/Gemas-Para-Yamaha-Aerox-MBK-Nitro-50-100-1997-1998 HTTP/1.1" 200 1 "-" "Mozilla/5.0 (Linux; Android 6.0.1; Nexus 5X Build/MMB29P) AppleWebKit/537.36 (KHTML, like Gecko) Chrome/141.0.7390.122 Mobile Safari/537.36 (compatible; Googlebot/2.1; +http://www.google.com/bot.html)"
66.249.74.38 - - [23/Dec/2025:21:01:46 +0800] "GET /1026224/Lenco-L-85-USB-33-45-RPM-Semiautom-tico-Blanco HTTP/1.1" 200 1 "-" "Mozilla/5.0 (Linux; Android 6.0.1; Nexus 5X Build/MMB29P) AppleWebKit/537.36 (KHTML, like Gecko) Chrome/141.0.7390.122 Mobile Safari/537.36 (compatible; Googlebot/2.1; +http://www.google.com/bot.html)"
66.249.74.38 - - [23/Dec/2025:21:01:48 +0800] "GET /jenama-minyak-wangi-adidas/Blended-Essential-Oil-BO-Face-Anti-Wrinkle-Essential-Oil-500ml-p154181597 HTTP/1.1" 200 1 "-" "Mozilla/5.0 (Linux; Android 6.0.1; Nexus 5X Build/MMB29P) AppleWebKit/537.36 (KHTML, like Gecko) Chrome/141.0.7390.122 Mobile Safari/537.36 (compatible; Googlebot/2.1; +http://www.google.com/bot.html)"
66.249.74.38 - - [23/Dec/2025:21:01:53 +0800] "GET /385783/C6N-Tama-o-Cadete-1-4-75-Cm-Azul HTTP/1.1" 200 1 "-" "Mozilla/5.0 (Linux; Android 6.0.1; Nexus 5X Build/MMB29P) AppleWebKit/537.36 (KHTML, like Gecko) Chrome/141.0.7390.122 Mobile Safari/537.36 (compatible; Googlebot/2.1; +http://www.google.com/bot.html)"
66.249.74.38 - - [23/Dec/2025:21:01:59 +0800] "GET /498387/Decoraci-n-Infantil-De-Globos-Aerost-ticos-Colgante-De-Pared HTTP/1.1" 200 1 "-" "Mozilla/5.0 (Linux; Android 6.0.1; Nexus 5X Build/MMB29P) AppleWebKit/537.36 (KHTML, like Gecko) Chrome/141.0.7390.122 Mobile Safari/537.36 (compatible; Googlebot/2.1; +http://www.google.com/bot.html)"
66.249.74.39 - - [23/Dec/2025:21:02:11 +0800] "GET /987864/A-os-60-6-Accesorios-diademas-Collares-Y-Gafas-Para-Fiestas HTTP/1.1" 200 1 "-" "Mozilla/5.0 (Linux; Android 6.0.1; Nexus 5X Build/MMB29P) AppleWebKit/537.36 (KHTML, like Gecko) Chrome/141.0.7390.122 Mobile Safari/537.36 (compatible; Googlebot/2.1; +http://www.google.com/bot.html)"
66.249.74.38 - - [23/Dec/2025:21:02:12 +0800] "GET /377082/4-Diademas-Con-Diamantes-De-Imitaci-n-Bodas-Fiestas-Aleaci HTTP/1.1" 200 1 "-" "Mozilla/5.0 (Linux; Android 6.0.1; Nexus 5X Build/MMB29P) AppleWebKit/537.36 (KHTML, like Gecko) Chrome/141.0.7390.122 Mobile Safari/537.36 (compatible; Googlebot/2.1; +http://www.google.com/bot.html)"
66.249.74.38 - - [23/Dec/2025:21:02:23 +0800] "GET /507260/CNC-Boquillas-Planas-redondas-1-4PT-Flexible-Para-Agua-O HTTP/1.1" 200 1 "-" "Mozilla/5.0 (Linux; Android 6.0.1; Nexus 5X Build/MMB29P) AppleWebKit/537.36 (KHTML, like Gecko) Chrome/141.0.7390.122 Mobile Safari/537.36 (compatible; Googlebot/2.1; +http://www.google.com/bot.html)"
66.249.74.38 - - [23/Dec/2025:21:02:34 +0800] "GET /CP-Winter-Lily-Aromatic-Car-Perfume-Oil-250ml-p474743196 HTTP/1.1" 200 1 "-" "Mozilla/5.0 (Linux; Android 6.0.1; Nexus 5X Build/MMB29P) AppleWebKit/537.36 (KHTML, like Gecko) Chrome/141.0.7390.122 Mobile Safari/537.36 (compatible; Googlebot/2.1; +http://www.google.com/bot.html)"
66.249.74.38 - - [23/Dec/2025:21:02:39 +0800] "GET /465649/Cajones-INDAUX-Extracci-n-Total-600mm-50kg-Carga HTTP/1.1" 200 1 "-" "Mozilla/5.0 (Linux; Android 6.0.1; Nexus 5X Build/MMB29P) AppleWebKit/537.36 (KHTML, like Gecko) Chrome/141.0.7390.122 Mobile Safari/537.36 (compatible; Googlebot/2.1; +http://www.google.com/bot.html)"
66.249.74.38 - - [23/Dec/2025:21:02:57 +0800] "GET /836733/1-400-Del-Airbus-A380-6-Pulgadas-Incluye-Soporte-Ideal HTTP/1.1" 200 1 "-" "Mozilla/5.0 (Linux; Android 6.0.1; Nexus 5X Build/MMB29P) AppleWebKit/537.36 (KHTML, like Gecko) Chrome/141.0.7390.122 Mobile Safari/537.36 (compatible; Googlebot/2.1; +http://www.google.com/bot.html)"
66.249.74.38 - - [23/Dec/2025:21:02:59 +0800] "GET /900065/Adornos-Con-Diamantes-Para-Zapatos-DIY-Decorativo HTTP/1.1" 200 1 "-" "Mozilla/5.0 (Linux; Android 6.0.1; Nexus 5X Build/MMB29P) AppleWebKit/537.36 (KHTML, like Gecko) Chrome/141.0.7390.122 Mobile Safari/537.36 (compatible; Googlebot/2.1; +http://www.google.com/bot.html)"
66.249.74.38 - - [23/Dec/2025:21:03:04 +0800] "GET /885834/Diversi-n-Y-Aprendizaje-Para-Ni-os HTTP/1.1" 200 1 "-" "Mozilla/5.0 (Linux; Android 6.0.1; Nexus 5X Build/MMB29P) AppleWebKit/537.36 (KHTML, like Gecko) Chrome/141.0.7390.122 Mobile Safari/537.36 (compatible; Googlebot/2.1; +http://www.google.com/bot.html)"
66.249.74.38 - - [23/Dec/2025:21:03:05 +0800] "GET /523345/Compatible-Con-Audi-A1-A3-A4-A5-A6-1-6-2-0-TDI-03L198070 HTTP/1.1" 200 1 "-" "Mozilla/5.0 (Linux; Android 6.0.1; Nexus 5X Build/MMB29P) AppleWebKit/537.36 (KHTML, like Gecko) Chrome/141.0.7390.122 Mobile Safari/537.36 (compatible; Googlebot/2.1; +http://www.google.com/bot.html)"
66.249.74.39 - - [23/Dec/2025:21:03:14 +0800] "GET /225815/50cm-Soporte-Vers-til-Para-C-maras-GoPro-Y-Accesorios-Fotogr HTTP/1.1" 200 1 "-" "Mozilla/5.0 (Linux; Android 6.0.1; Nexus 5X Build/MMB29P) AppleWebKit/537.36 (KHTML, like Gecko) Chrome/141.0.7390.122 Mobile Safari/537.36 (compatible; Googlebot/2.1; +http://www.google.com/bot.html)"
66.249.74.38 - - [23/Dec/2025:21:03:34 +0800] "GET /410978/KASESSS-3-Unid-220cm-Decoraci-n-Rom-ntica-Todo-El-A-o HTTP/1.1" 200 1 "-" "Mozilla/5.0 (Linux; Android 6.0.1; Nexus 5X Build/MMB29P) AppleWebKit/537.36 (KHTML, like Gecko) Chrome/141.0.7390.122 Mobile Safari/537.36 (compatible; Googlebot/2.1; +http://www.google.com/bot.html)"
66.249.74.38 - - [23/Dec/2025:21:03:39 +0800] "GET /485803/Gran-Capacidad-23-5x10-5-Cm-Morado HTTP/1.1" 200 1 "-" "Mozilla/5.0 (Linux; Android 6.0.1; Nexus 5X Build/MMB29P) AppleWebKit/537.36 (KHTML, like Gecko) Chrome/141.0.7390.122 Mobile Safari/537.36 (compatible; Googlebot/2.1; +http://www.google.com/bot.html)"
66.249.74.38 - - [23/Dec/2025:21:03:40 +0800] "GET /901831/Adaptadores-Para-Tweeter-Zhiyavex-2-Piezas-ABS HTTP/1.1" 200 1 "-" "Mozilla/5.0 (Linux; Android 6.0.1; Nexus 5X Build/MMB29P) AppleWebKit/537.36 (KHTML, like Gecko) Chrome/141.0.7390.122 Mobile Safari/537.36 (compatible; Googlebot/2.1; +http://www.google.com/bot.html)"
66.249.74.38 - - [23/Dec/2025:21:03:42 +0800] "GET /755391/Disfraz-De-Caperucita-Roja-Para-Ni-a-Incluye-Vestido-Y-Capa HTTP/1.1" 200 1 "-" "Mozilla/5.0 (Linux; Android 6.0.1; Nexus 5X Build/MMB29P) AppleWebKit/537.36 (KHTML, like Gecko) Chrome/141.0.7390.122 Mobile Safari/537.36 (compatible; Googlebot/2.1; +http://www.google.com/bot.html)"
66.249.74.38 - - [23/Dec/2025:21:03:55 +0800] "GET /895587/Diadema-De-Orejas-De-Rat-n-ZLKSKER-Felpa-Negra-Para-Fiestas HTTP/1.1" 200 1 "-" "Mozilla/5.0 (Linux; Android 6.0.1; Nexus 5X Build/MMB29P) AppleWebKit/537.36 (KHTML, like Gecko) Chrome/141.0.7390.122 Mobile Safari/537.36 (compatible; Googlebot/2.1; +http://www.google.com/bot.html)"
66.249.74.38 - - [23/Dec/2025:21:03:56 +0800] "GET /429776/Transparentes-Para-Dulces-Ideales-Para-Galletas-Chocolates-Y HTTP/1.1" 200 1 "-" "Mozilla/5.0 (Linux; Android 6.0.1; Nexus 5X Build/MMB29P) AppleWebKit/537.36 (KHTML, like Gecko) Chrome/141.0.7390.122 Mobile Safari/537.36 (compatible; Googlebot/2.1; +http://www.google.com/bot.html)"
66.249.74.38 - - [23/Dec/2025:21:03:58 +0800] "GET /947599/Adaptadores-BNC-A-Jack-3-5mm-Para-CCTV-C-maras-Y-Radios HTTP/1.1" 200 1 "-" "Mozilla/5.0 (Linux; Android 6.0.1; Nexus 5X Build/MMB29P) AppleWebKit/537.36 (KHTML, like Gecko) Chrome/141.0.7390.122 Mobile Safari/537.36 (compatible; Googlebot/2.1; +http://www.google.com/bot.html)"
66.249.74.40 - - [23/Dec/2025:21:04:03 +0800] "GET /952781/VAN17-Para-Riego-Ajustables-Y-F-ciles-De-Usar HTTP/1.1" 200 1 "-" "Mozilla/5.0 (Linux; Android 6.0.1; Nexus 5X Build/MMB29P) AppleWebKit/537.36 (KHTML, like Gecko) Chrome/141.0.7390.122 Mobile Safari/537.36 (compatible; Googlebot/2.1; +http://www.google.com/bot.html)"
66.249.74.38 - - [23/Dec/2025:21:04:07 +0800] "GET /330278/Ara-a-Sputnik-6-Luces-Estilo-Vintage-Industrial-Dorado-Para HTTP/1.1" 200 1 "-" "Mozilla/5.0 (Linux; Android 6.0.1; Nexus 5X Build/MMB29P) AppleWebKit/537.36 (KHTML, like Gecko) Chrome/141.0.7390.122 Mobile Safari/537.36 (compatible; Googlebot/2.1; +http://www.google.com/bot.html)"
66.249.74.38 - - [23/Dec/2025:21:04:13 +0800] "GET /283833/Capezio-Fierce-Tech-Mesh-Mujer HTTP/1.1" 200 1 "-" "Mozilla/5.0 (Linux; Android 6.0.1; Nexus 5X Build/MMB29P) AppleWebKit/537.36 (KHTML, like Gecko) Chrome/141.0.7390.122 Mobile Safari/537.36 (compatible; Googlebot/2.1; +http://www.google.com/bot.html)"
66.249.74.39 - - [23/Dec/2025:21:04:15 +0800] "GET /445551/Set-De-4-Bolsas-De-Lino-Para-Pan-Mant-n-Fresco-El-Pan HTTP/1.1" 200 1 "-" "Mozilla/5.0 (Linux; Android 6.0.1; Nexus 5X Build/MMB29P) AppleWebKit/537.36 (KHTML, like Gecko) Chrome/141.0.7390.122 Mobile Safari/537.36 (compatible; Googlebot/2.1; +http://www.google.com/bot.html)"
66.249.74.38 - - [23/Dec/2025:21:04:19 +0800] "GET /532677/Casco-AUTOMONESS-Multideporte-3-Tallas HTTP/1.1" 200 1 "-" "Mozilla/5.0 (Linux; Android 6.0.1; Nexus 5X Build/MMB29P) AppleWebKit/537.36 (KHTML, like Gecko) Chrome/141.0.7390.122 Mobile Safari/537.36 (compatible; Googlebot/2.1; +http://www.google.com/bot.html)"
66.249.74.38 - - [23/Dec/2025:21:04:28 +0800] "GET /981016/Original-Con-Chip-Compatible-Beverly-X9 HTTP/1.1" 200 1 "-" "Mozilla/5.0 (Linux; Android 6.0.1; Nexus 5X Build/MMB29P) AppleWebKit/537.36 (KHTML, like Gecko) Chrome/141.0.7390.122 Mobile Safari/537.36 (compatible; Googlebot/2.1; +http://www.google.com/bot.html)"
74.7.244.13 - - [23/Dec/2025:21:04:36 +0800] "GET /robots.txt HTTP/1.1" 200 1 "-" "Mozilla/5.0 (Macintosh; Intel Mac OS X 10_15_7) AppleWebKit/537.36 (KHTML, like Gecko) Chrome/131.0.0.0 Safari/537.36; compatible; OAI-SearchBot/1.3; robots.txt; +https://openai.com/searchbot"
74.7.242.137 - - [23/Dec/2025:21:04:37 +0800] "GET /wp-sitemap.xml HTTP/1.1" 200 1 "-" "Mozilla/5.0 (Macintosh; Intel Mac OS X 10_15_7) AppleWebKit/537.36 (KHTML, like Gecko) Chrome/131.0.0.0 Safari/537.36; compatible; OAI-SearchBot/1.3; +https://openai.com/searchbot"
66.249.74.38 - - [23/Dec/2025:21:04:47 +0800] "GET /352081/Lavafaros-Para-Volvo-C30-2007-2008-policarbonato HTTP/1.1" 200 1 "-" "Mozilla/5.0 (Linux; Android 6.0.1; Nexus 5X Build/MMB29P) AppleWebKit/537.36 (KHTML, like Gecko) Chrome/141.0.7390.122 Mobile Safari/537.36 (compatible; Googlebot/2.1; +http://www.google.com/bot.html)"
66.249.74.38 - - [23/Dec/2025:21:04:56 +0800] "GET /537275/Camello-Moranduzzo-Figuras-Para-Bel-n-3-5cm-Escala-1 HTTP/1.1" 200 1 "-" "Mozilla/5.0 (Linux; Android 6.0.1; Nexus 5X Build/MMB29P) AppleWebKit/537.36 (KHTML, like Gecko) Chrome/141.0.7390.122 Mobile Safari/537.36 (compatible; Googlebot/2.1; +http://www.google.com/bot.html)"
198.235.24.38 - - [23/Dec/2025:21:05:16 +0800] "GET / HTTP/1.1" 200 1 "-" "Hello from Palo Alto Networks, find out more about our scans in https://docs-cortex.paloaltonetworks.com/r/1/Cortex-Xpanse/Scanning-activity"
66.249.74.40 - - [23/Dec/2025:21:05:30 +0800] "GET /533576/Para-Yeso-Rubi-30x14cm-Mango-De-Pl-stico HTTP/1.1" 200 1 "-" "Mozilla/5.0 (Linux; Android 6.0.1; Nexus 5X Build/MMB29P) AppleWebKit/537.36 (KHTML, like Gecko) Chrome/141.0.7390.122 Mobile Safari/537.36 (compatible; Googlebot/2.1; +http://www.google.com/bot.html)"
66.249.74.38 - - [23/Dec/2025:21:05:40 +0800] "GET /810587/Disfraz-Hippie-A-os-70-Para-Mujer-Vestido-Gafas-Collar HTTP/1.1" 200 1 "-" "Mozilla/5.0 (Linux; Android 6.0.1; Nexus 5X Build/MMB29P) AppleWebKit/537.36 (KHTML, like Gecko) Chrome/141.0.7390.122 Mobile Safari/537.36 (compatible; Googlebot/2.1; +http://www.google.com/bot.html)"
52.167.144.214 - - [23/Dec/2025:21:05:44 +0800] "GET /pineapple-essential-oil-10ml/DS-DKNY-Delicious-Night-Deodorant-Spray-100L-%E5%A5%B3%E5%A6%96-p318186630 HTTP/1.1" 200 1 "-" "Mozilla/5.0 AppleWebKit/537.36 (KHTML, like Gecko; compatible; bingbot/2.0; +http://www.bing.com/bingbot.htm) Chrome/116.0.1938.76 Safari/537.36"
