74.7.241.30 - - [23/Dec/2025:20:55:25 +0800] "GET /pages.php?surprise/c260?pid=313 HTTP/1.1" 200 153474 "-" "Mozilla/5.0 AppleWebKit/537.36 (KHTML, like Gecko; compatible; GPTBot/1.3; +https://openai.com/gptbot)"
66.249.74.162 - - [23/Dec/2025:20:55:26 +0800] "GET /?products/10372574 HTTP/1.1" 200 164765 "-" "Mozilla/5.0 (Linux; Android 6.0.1; Nexus 5X Build/MMB29P) AppleWebKit/537.36 (KHTML, like Gecko) Chrome/141.0.7390.122 Mobile Safari/537.36 (compatible; GoogleOther)"
66.249.74.163 - - [23/Dec/2025:20:55:26 +0800] "GET /?products/28759130 HTTP/1.1" 200 163550 "-" "Mozilla/5.0 (Linux; Android 6.0.1; Nexus 5X Build/MMB29P) AppleWebKit/537.36 (KHTML, like Gecko) Chrome/141.0.7390.122 Mobile Safari/537.36 (compatible; GoogleOther)"
66.249.74.160 - - [23/Dec/2025:20:55:27 +0800] "GET /?products/10176218 HTTP/1.1" 200 145391 "-" "Mozilla/5.0 (Linux; Android 6.0.1; Nexus 5X Build/MMB29P) AppleWebKit/537.36 (KHTML, like Gecko) Chrome/141.0.7390.122 Mobile Safari/537.36 (compatible; GoogleOther)"
74.7.241.30 - - [23/Dec/2025:20:55:26 +0800] "GET /pages.php?blessing/b260?pid=411 HTTP/1.1" 200 155890 "-" "Mozilla/5.0 AppleWebKit/537.36 (KHTML, like Gecko; compatible; GPTBot/1.3; +https://openai.com/gptbot)"
66.249.74.161 - - [23/Dec/2025:20:55:27 +0800] "GET /?products/24602263 HTTP/1.1" 200 149896 "-" "Mozilla/5.0 (Linux; Android 6.0.1; Nexus 5X Build/MMB29P) AppleWebKit/537.36 (KHTML, like Gecko) Chrome/141.0.7390.122 Mobile Safari/537.36 (compatible; GoogleOther)"
74.7.241.30 - - [23/Dec/2025:20:55:27 +0800] "GET /pages.php?label/g260?pid=431 HTTP/1.1" 200 153393 "-" "Mozilla/5.0 AppleWebKit/537.36 (KHTML, like Gecko; compatible; GPTBot/1.3; +https://openai.com/gptbot)"
66.249.74.164 - - [23/Dec/2025:20:55:28 +0800] "GET /?products/19700674 HTTP/1.1" 200 174335 "-" "Mozilla/5.0 (Linux; Android 6.0.1; Nexus 5X Build/MMB29P) AppleWebKit/537.36 (KHTML, like Gecko) Chrome/141.0.7390.122 Mobile Safari/537.36 (compatible; GoogleOther)"
66.249.74.161 - - [23/Dec/2025:20:55:28 +0800] "GET /?products/5436230 HTTP/1.1" 200 146821 "-" "Mozilla/5.0 (Linux; Android 6.0.1; Nexus 5X Build/MMB29P) AppleWebKit/537.36 (KHTML, like Gecko) Chrome/141.0.7390.122 Mobile Safari/537.36 (compatible; GoogleOther)"
66.249.74.162 - - [23/Dec/2025:20:55:29 +0800] "GET /?products/9498252 HTTP/1.1" 200 167948 "-" "Mozilla/5.0 (Linux; Android 6.0.1; Nexus 5X Build/MMB29P) AppleWebKit/537.36 (KHTML, like Gecko) Chrome/141.0.7390.122 Mobile Safari/537.36 (compatible; GoogleOther)"
74.7.241.30 - - [23/Dec/2025:20:55:28 +0800] "GET /pages.php?spite/c260?pid=313 HTTP/1.1" 200 153282 "-" "Mozilla/5.0 AppleWebKit/537.36 (KHTML, like Gecko; compatible; GPTBot/1.3; +https://openai.com/gptbot)"
66.249.74.169 - - [23/Dec/2025:20:55:29 +0800] "GET /?products/3040207 HTTP/1.1" 200 164051 "-" "Mozilla/5.0 (Linux; Android 6.0.1; Nexus 5X Build/MMB29P) AppleWebKit/537.36 (KHTML, like Gecko) Chrome/141.0.7390.122 Mobile Safari/537.36 (compatible; GoogleOther)"
74.7.241.30 - - [23/Dec/2025:20:55:29 +0800] "GET /pages.php?headache/v230?pid=439 HTTP/1.1" 200 152549 "-" "Mozilla/5.0 AppleWebKit/537.36 (KHTML, like Gecko; compatible; GPTBot/1.3; +https://openai.com/gptbot)"
66.249.74.162 - - [23/Dec/2025:20:55:30 +0800] "GET /?products/17398552 HTTP/1.1" 200 163540 "-" "Mozilla/5.0 (Linux; Android 6.0.1; Nexus 5X Build/MMB29P) AppleWebKit/537.36 (KHTML, like Gecko) Chrome/141.0.7390.122 Mobile Safari/537.36 (compatible; GoogleOther)"
66.249.74.161 - - [23/Dec/2025:20:55:30 +0800] "GET /?products/19620374 HTTP/1.1" 200 158209 "-" "Mozilla/5.0 (Linux; Android 6.0.1; Nexus 5X Build/MMB29P) AppleWebKit/537.36 (KHTML, like Gecko) Chrome/141.0.7390.122 Mobile Safari/537.36 (compatible; GoogleOther)"
74.7.241.30 - - [23/Dec/2025:20:55:30 +0800] "GET /pages.php?list/y171?pid=3148 HTTP/1.1" 200 142958 "-" "Mozilla/5.0 AppleWebKit/537.36 (KHTML, like Gecko; compatible; GPTBot/1.3; +https://openai.com/gptbot)"
66.249.74.164 - - [23/Dec/2025:20:55:31 +0800] "GET /?products/18240885 HTTP/1.1" 200 173175 "-" "Mozilla/5.0 (Linux; Android 6.0.1; Nexus 5X Build/MMB29P) AppleWebKit/537.36 (KHTML, like Gecko) Chrome/141.0.7390.122 Mobile Safari/537.36 (compatible; GoogleOther)"
66.249.74.169 - - [23/Dec/2025:20:55:31 +0800] "GET /?products/2945163 HTTP/1.1" 200 146393 "-" "Mozilla/5.0 (Linux; Android 6.0.1; Nexus 5X Build/MMB29P) AppleWebKit/537.36 (KHTML, like Gecko) Chrome/141.0.7390.122 Mobile Safari/537.36 (compatible; GoogleOther)"
74.7.241.30 - - [23/Dec/2025:20:55:31 +0800] "GET /pages.php?operating/j260?pid=307 HTTP/1.1" 200 152896 "-" "Mozilla/5.0 AppleWebKit/537.36 (KHTML, like Gecko; compatible; GPTBot/1.3; +https://openai.com/gptbot)"
66.249.74.160 - - [23/Dec/2025:20:55:32 +0800] "GET /?products/3297829 HTTP/1.1" 200 165227 "-" "Mozilla/5.0 (Linux; Android 6.0.1; Nexus 5X Build/MMB29P) AppleWebKit/537.36 (KHTML, like Gecko) Chrome/141.0.7390.122 Mobile Safari/537.36 (compatible; GoogleOther)"
74.7.241.30 - - [23/Dec/2025:20:55:32 +0800] "GET /pages.php?repeatedly/a230?pid=505 HTTP/1.1" 200 152321 "-" "Mozilla/5.0 AppleWebKit/537.36 (KHTML, like Gecko; compatible; GPTBot/1.3; +https://openai.com/gptbot)"
66.249.74.160 - - [23/Dec/2025:20:55:32 +0800] "GET /?products/19615085 HTTP/1.1" 200 150026 "-" "Mozilla/5.0 (Linux; Android 6.0.1; Nexus 5X Build/MMB29P) AppleWebKit/537.36 (KHTML, like Gecko) Chrome/141.0.7390.122 Mobile Safari/537.36 (compatible; GoogleOther)"
66.249.74.162 - - [23/Dec/2025:20:55:33 +0800] "GET /?products/30553163 HTTP/1.1" 200 153949 "-" "Mozilla/5.0 (Linux; Android 6.0.1; Nexus 5X Build/MMB29P) AppleWebKit/537.36 (KHTML, like Gecko) Chrome/141.0.7390.122 Mobile Safari/537.36 (compatible; GoogleOther)"
74.7.241.30 - - [23/Dec/2025:20:55:33 +0800] "GET /pages.php?speculation/z231?pid=46646 HTTP/1.1" 200 144064 "-" "Mozilla/5.0 AppleWebKit/537.36 (KHTML, like Gecko; compatible; GPTBot/1.3; +https://openai.com/gptbot)"
66.249.74.161 - - [23/Dec/2025:20:55:33 +0800] "GET /?products/5795463 HTTP/1.1" 200 149368 "-" "Mozilla/5.0 (Linux; Android 6.0.1; Nexus 5X Build/MMB29P) AppleWebKit/537.36 (KHTML, like Gecko) Chrome/141.0.7390.122 Mobile Safari/537.36 (compatible; GoogleOther)"
74.7.241.30 - - [23/Dec/2025:20:55:33 +0800] "GET /pages.php?hunt/k215?pid=4748 HTTP/1.1" 200 157470 "-" "Mozilla/5.0 AppleWebKit/537.36 (KHTML, like Gecko; compatible; GPTBot/1.3; +https://openai.com/gptbot)"
66.249.74.162 - - [23/Dec/2025:20:55:34 +0800] "GET /?products/11716129 HTTP/1.1" 200 175308 "-" "Mozilla/5.0 (Linux; Android 6.0.1; Nexus 5X Build/MMB29P) AppleWebKit/537.36 (KHTML, like Gecko) Chrome/141.0.7390.122 Mobile Safari/537.36 (compatible; GoogleOther)"
66.249.74.160 - - [23/Dec/2025:20:55:34 +0800] "GET /?products/5947818 HTTP/1.1" 200 151217 "-" "Mozilla/5.0 (Linux; Android 6.0.1; Nexus 5X Build/MMB29P) AppleWebKit/537.36 (KHTML, like Gecko) Chrome/141.0.7390.122 Mobile Safari/537.36 (compatible; GoogleOther)"
74.7.241.30 - - [23/Dec/2025:20:55:34 +0800] "GET /pages.php?deserve/f215?pid=4148 HTTP/1.1" 200 166697 "-" "Mozilla/5.0 AppleWebKit/537.36 (KHTML, like Gecko; compatible; GPTBot/1.3; +https://openai.com/gptbot)"
66.249.74.160 - - [23/Dec/2025:20:55:35 +0800] "GET /?products/14600096 HTTP/1.1" 200 149101 "-" "Mozilla/5.0 (Linux; Android 6.0.1; Nexus 5X Build/MMB29P) AppleWebKit/537.36 (KHTML, like Gecko) Chrome/141.0.7390.122 Mobile Safari/537.36 (compatible; GoogleOther)"
74.7.241.30 - - [23/Dec/2025:20:55:35 +0800] "GET /pages.php?hand/a230?pid=505 HTTP/1.1" 200 152228 "-" "Mozilla/5.0 AppleWebKit/537.36 (KHTML, like Gecko; compatible; GPTBot/1.3; +https://openai.com/gptbot)"
66.249.74.161 - - [23/Dec/2025:20:55:35 +0800] "GET /?products/25361807 HTTP/1.1" 200 167772 "-" "Mozilla/5.0 (Linux; Android 6.0.1; Nexus 5X Build/MMB29P) AppleWebKit/537.36 (KHTML, like Gecko) Chrome/141.0.7390.122 Mobile Safari/537.36 (compatible; GoogleOther)"
66.249.74.169 - - [23/Dec/2025:20:55:36 +0800] "GET /?products/15530218 HTTP/1.1" 200 166786 "-" "Mozilla/5.0 (Linux; Android 6.0.1; Nexus 5X Build/MMB29P) AppleWebKit/537.36 (KHTML, like Gecko) Chrome/141.0.7390.122 Mobile Safari/537.36 (compatible; GoogleOther)"
74.7.241.30 - - [23/Dec/2025:20:55:36 +0800] "GET /pages.php?pond/f260?pid=229 HTTP/1.1" 200 152929 "-" "Mozilla/5.0 AppleWebKit/537.36 (KHTML, like Gecko; compatible; GPTBot/1.3; +https://openai.com/gptbot)"
66.249.74.164 - - [23/Dec/2025:20:55:36 +0800] "GET /?products/17500541 HTTP/1.1" 200 171213 "-" "Mozilla/5.0 (Linux; Android 6.0.1; Nexus 5X Build/MMB29P) AppleWebKit/537.36 (KHTML, like Gecko) Chrome/141.0.7390.122 Mobile Safari/537.36 (compatible; GoogleOther)"
66.249.74.167 - - [23/Dec/2025:20:55:37 +0800] "GET /?products/9872585 HTTP/1.1" 200 154423 "-" "Mozilla/5.0 (Linux; Android 6.0.1; Nexus 5X Build/MMB29P) AppleWebKit/537.36 (KHTML, like Gecko) Chrome/141.0.7390.122 Mobile Safari/537.36 (compatible; GoogleOther)"
74.7.241.30 - - [23/Dec/2025:20:55:37 +0800] "GET /pages.php?foreigner/q260?pid=299 HTTP/1.1" 200 153076 "-" "Mozilla/5.0 AppleWebKit/537.36 (KHTML, like Gecko; compatible; GPTBot/1.3; +https://openai.com/gptbot)"
66.249.74.164 - - [23/Dec/2025:20:55:37 +0800] "GET /?products/28854263 HTTP/1.1" 200 158066 "-" "Mozilla/5.0 (Linux; Android 6.0.1; Nexus 5X Build/MMB29P) AppleWebKit/537.36 (KHTML, like Gecko) Chrome/141.0.7390.122 Mobile Safari/537.36 (compatible; GoogleOther)"
74.7.241.30 - - [23/Dec/2025:20:55:38 +0800] "GET /pages.php?grand/i230?pid=417 HTTP/1.1" 200 152506 "-" "Mozilla/5.0 AppleWebKit/537.36 (KHTML, like Gecko; compatible; GPTBot/1.3; +https://openai.com/gptbot)"
66.249.74.163 - - [23/Dec/2025:20:55:38 +0800] "GET /?products/13458330 HTTP/1.1" 200 151494 "-" "Mozilla/5.0 (Linux; Android 6.0.1; Nexus 5X Build/MMB29P) AppleWebKit/537.36 (KHTML, like Gecko) Chrome/141.0.7390.122 Mobile Safari/537.36 (compatible; GoogleOther)"
66.249.74.163 - - [23/Dec/2025:20:55:38 +0800] "GET /?products/5325874 HTTP/1.1" 200 163164 "-" "Mozilla/5.0 (Linux; Android 6.0.1; Nexus 5X Build/MMB29P) AppleWebKit/537.36 (KHTML, like Gecko) Chrome/141.0.7390.122 Mobile Safari/537.36 (compatible; GoogleOther)"
74.7.241.30 - - [23/Dec/2025:20:55:38 +0800] "GET /pages.php?chill/h260?pid=335 HTTP/1.1" 200 151954 "-" "Mozilla/5.0 AppleWebKit/537.36 (KHTML, like Gecko; compatible; GPTBot/1.3; +https://openai.com/gptbot)"
66.249.74.164 - - [23/Dec/2025:20:55:39 +0800] "GET /?products/19770485 HTTP/1.1" 200 144979 "-" "Mozilla/5.0 (Linux; Android 6.0.1; Nexus 5X Build/MMB29P) AppleWebKit/537.36 (KHTML, like Gecko) Chrome/141.0.7390.122 Mobile Safari/537.36 (compatible; GoogleOther)"
66.249.74.161 - - [23/Dec/2025:20:55:39 +0800] "GET /?products/13190463 HTTP/1.1" 200 155615 "-" "Mozilla/5.0 (Linux; Android 6.0.1; Nexus 5X Build/MMB29P) AppleWebKit/537.36 (KHTML, like Gecko) Chrome/141.0.7390.122 Mobile Safari/537.36 (compatible; GoogleOther)"
74.7.241.30 - - [23/Dec/2025:20:55:39 +0800] "GET /pages.php?attention/t260?pid=321 HTTP/1.1" 200 153567 "-" "Mozilla/5.0 AppleWebKit/537.36 (KHTML, like Gecko; compatible; GPTBot/1.3; +https://openai.com/gptbot)"
66.249.74.162 - - [23/Dec/2025:20:55:40 +0800] "GET /?products/8883274 HTTP/1.1" 200 161497 "-" "Mozilla/5.0 (Linux; Android 6.0.1; Nexus 5X Build/MMB29P) AppleWebKit/537.36 (KHTML, like Gecko) Chrome/141.0.7390.122 Mobile Safari/537.36 (compatible; GoogleOther)"
74.7.241.30 - - [23/Dec/2025:20:55:40 +0800] "GET /pages.php?cost/h260?pid=119 HTTP/1.1" 200 153992 "-" "Mozilla/5.0 AppleWebKit/537.36 (KHTML, like Gecko; compatible; GPTBot/1.3; +https://openai.com/gptbot)"
66.249.74.169 - - [23/Dec/2025:20:55:40 +0800] "GET /?products/4312230 HTTP/1.1" 200 163082 "-" "Mozilla/5.0 (Linux; Android 6.0.1; Nexus 5X Build/MMB29P) AppleWebKit/537.36 (KHTML, like Gecko) Chrome/141.0.7390.122 Mobile Safari/537.36 (compatible; GoogleOther)"
66.249.74.160 - - [23/Dec/2025:20:55:41 +0800] "GET /?products/9058807 HTTP/1.1" 200 149333 "-" "Mozilla/5.0 (Linux; Android 6.0.1; Nexus 5X Build/MMB29P) AppleWebKit/537.36 (KHTML, like Gecko) Chrome/141.0.7390.122 Mobile Safari/537.36 (compatible; GoogleOther)"
74.7.241.30 - - [23/Dec/2025:20:55:41 +0800] "GET /pages.php?bare/o230?pid=397 HTTP/1.1" 200 152016 "-" "Mozilla/5.0 AppleWebKit/537.36 (KHTML, like Gecko; compatible; GPTBot/1.3; +https://openai.com/gptbot)"
66.249.74.162 - - [23/Dec/2025:20:55:41 +0800] "GET /?products/5259152 HTTP/1.1" 200 157640 "-" "Mozilla/5.0 (Linux; Android 6.0.1; Nexus 5X Build/MMB29P) AppleWebKit/537.36 (KHTML, like Gecko) Chrome/141.0.7390.122 Mobile Safari/537.36 (compatible; GoogleOther)"
74.7.241.30 - - [23/Dec/2025:20:55:41 +0800] "GET /pages.php?touchdown/k215?pid=4748 HTTP/1.1" 200 157599 "-" "Mozilla/5.0 AppleWebKit/537.36 (KHTML, like Gecko; compatible; GPTBot/1.3; +https://openai.com/gptbot)"
66.249.74.166 - - [23/Dec/2025:20:55:42 +0800] "GET /?products/28751452 HTTP/1.1" 200 147929 "-" "Mozilla/5.0 (Linux; Android 6.0.1; Nexus 5X Build/MMB29P) AppleWebKit/537.36 (KHTML, like Gecko) Chrome/141.0.7390.122 Mobile Safari/537.36 (compatible; GoogleOther)"
66.249.74.163 - - [23/Dec/2025:20:55:42 +0800] "GET /?products/13288129 HTTP/1.1" 200 149900 "-" "Mozilla/5.0 (Linux; Android 6.0.1; Nexus 5X Build/MMB29P) AppleWebKit/537.36 (KHTML, like Gecko) Chrome/141.0.7390.122 Mobile Safari/537.36 (compatible; GoogleOther)"
74.7.241.30 - - [23/Dec/2025:20:55:42 +0800] "GET /pages.php?patch/g260?pid=431 HTTP/1.1" 200 153066 "-" "Mozilla/5.0 AppleWebKit/537.36 (KHTML, like Gecko; compatible; GPTBot/1.3; +https://openai.com/gptbot)"
66.249.74.164 - - [23/Dec/2025:20:55:43 +0800] "GET /?products/22080629 HTTP/1.1" 200 166570 "-" "Mozilla/5.0 (Linux; Android 6.0.1; Nexus 5X Build/MMB29P) AppleWebKit/537.36 (KHTML, like Gecko) Chrome/141.0.7390.122 Mobile Safari/537.36 (compatible; GoogleOther)"
74.7.241.30 - - [23/Dec/2025:20:55:43 +0800] "GET /pages.php?which/h260?pid=119 HTTP/1.1" 200 154372 "-" "Mozilla/5.0 AppleWebKit/537.36 (KHTML, like Gecko; compatible; GPTBot/1.3; +https://openai.com/gptbot)"
66.249.74.163 - - [23/Dec/2025:20:55:43 +0800] "GET /?products/19325329 HTTP/1.1" 200 162859 "-" "Mozilla/5.0 (Linux; Android 6.0.1; Nexus 5X Build/MMB29P) AppleWebKit/537.36 (KHTML, like Gecko) Chrome/141.0.7390.122 Mobile Safari/537.36 (compatible; GoogleOther)"
74.7.241.30 - - [23/Dec/2025:20:55:43 +0800] "GET /pages.php?gaze/t260?pid=321 HTTP/1.1" 200 151673 "-" "Mozilla/5.0 AppleWebKit/537.36 (KHTML, like Gecko; compatible; GPTBot/1.3; +https://openai.com/gptbot)"
66.249.74.163 - - [23/Dec/2025:20:55:44 +0800] "GET /?products/4963407 HTTP/1.1" 200 163250 "-" "Mozilla/5.0 (Linux; Android 6.0.1; Nexus 5X Build/MMB29P) AppleWebKit/537.36 (KHTML, like Gecko) Chrome/141.0.7390.122 Mobile Safari/537.36 (compatible; GoogleOther)"
66.249.74.165 - - [23/Dec/2025:20:55:44 +0800] "GET /?products/23916574 HTTP/1.1" 200 150916 "-" "Mozilla/5.0 (Linux; Android 6.0.1; Nexus 5X Build/MMB29P) AppleWebKit/537.36 (KHTML, like Gecko) Chrome/141.0.7390.122 Mobile Safari/537.36 (compatible; GoogleOther)"
74.7.241.30 - - [23/Dec/2025:20:55:44 +0800] "GET /pages.php?tolerance/h260?pid=335 HTTP/1.1" 200 153429 "-" "Mozilla/5.0 AppleWebKit/537.36 (KHTML, like Gecko; compatible; GPTBot/1.3; +https://openai.com/gptbot)"
66.249.74.165 - - [23/Dec/2025:20:55:45 +0800] "GET /?products/7560152 HTTP/1.1" 200 173858 "-" "Mozilla/5.0 (Linux; Android 6.0.1; Nexus 5X Build/MMB29P) AppleWebKit/537.36 (KHTML, like Gecko) Chrome/141.0.7390.122 Mobile Safari/537.36 (compatible; GoogleOther)"
74.7.241.30 - - [23/Dec/2025:20:55:45 +0800] "GET /pages.php?condition/a230?pid=505 HTTP/1.1" 200 152142 "-" "Mozilla/5.0 AppleWebKit/537.36 (KHTML, like Gecko; compatible; GPTBot/1.3; +https://openai.com/gptbot)"
66.249.74.169 - - [23/Dec/2025:20:55:45 +0800] "GET /?products/25505974 HTTP/1.1" 200 166233 "-" "Mozilla/5.0 (Linux; Android 6.0.1; Nexus 5X Build/MMB29P) AppleWebKit/537.36 (KHTML, like Gecko) Chrome/141.0.7390.122 Mobile Safari/537.36 (compatible; GoogleOther)"
66.249.74.164 - - [23/Dec/2025:20:55:46 +0800] "GET /?products/12952096 HTTP/1.1" 200 146222 "-" "Mozilla/5.0 (Linux; Android 6.0.1; Nexus 5X Build/MMB29P) AppleWebKit/537.36 (KHTML, like Gecko) Chrome/141.0.7390.122 Mobile Safari/537.36 (compatible; GoogleOther)"
74.7.241.30 - - [23/Dec/2025:20:55:46 +0800] "GET /pages.php?retreat/g5?pid=456 HTTP/1.1" 200 143030 "-" "Mozilla/5.0 AppleWebKit/537.36 (KHTML, like Gecko; compatible; GPTBot/1.3; +https://openai.com/gptbot)"
66.249.69.140 - - [23/Dec/2025:20:55:46 +0800] "GET /?products/3548729 HTTP/1.1" 200 161142 "-" "Mozilla/5.0 (Linux; Android 6.0.1; Nexus 5X Build/MMB29P) AppleWebKit/537.36 (KHTML, like Gecko) Chrome/141.0.7390.122 Mobile Safari/537.36 (compatible; GoogleOther)"
66.249.74.169 - - [23/Dec/2025:20:55:47 +0800] "GET /?products/25394618 HTTP/1.1" 200 163837 "-" "Mozilla/5.0 (Linux; Android 6.0.1; Nexus 5X Build/MMB29P) AppleWebKit/537.36 (KHTML, like Gecko) Chrome/141.0.7390.122 Mobile Safari/537.36 (compatible; GoogleOther)"
74.7.241.30 - - [23/Dec/2025:20:55:46 +0800] "GET /pages.php?chaos/z260?pid=323 HTTP/1.1" 200 152354 "-" "Mozilla/5.0 AppleWebKit/537.36 (KHTML, like Gecko; compatible; GPTBot/1.3; +https://openai.com/gptbot)"
66.249.74.160 - - [23/Dec/2025:20:55:47 +0800] "GET /?products/11844418 HTTP/1.1" 200 155149 "-" "Mozilla/5.0 (Linux; Android 6.0.1; Nexus 5X Build/MMB29P) AppleWebKit/537.36 (KHTML, like Gecko) Chrome/141.0.7390.122 Mobile Safari/537.36 (compatible; GoogleOther)"
74.7.241.30 - - [23/Dec/2025:20:55:47 +0800] "GET /pages.php?sign/g260?pid=201 HTTP/1.1" 200 152838 "-" "Mozilla/5.0 AppleWebKit/537.36 (KHTML, like Gecko; compatible; GPTBot/1.3; +https://openai.com/gptbot)"
66.249.74.166 - - [23/Dec/2025:20:55:48 +0800] "GET /?products/25433441 HTTP/1.1" 200 148395 "-" "Mozilla/5.0 (Linux; Android 6.0.1; Nexus 5X Build/MMB29P) AppleWebKit/537.36 (KHTML, like Gecko) Chrome/141.0.7390.122 Mobile Safari/537.36 (compatible; GoogleOther)"
74.7.241.30 - - [23/Dec/2025:20:55:48 +0800] "GET /pages.php?stair/v230?pid=439 HTTP/1.1" 200 151976 "-" "Mozilla/5.0 AppleWebKit/537.36 (KHTML, like Gecko; compatible; GPTBot/1.3; +https://openai.com/gptbot)"
66.249.74.161 - - [23/Dec/2025:20:55:49 +0800] "GET /?products/9264507 HTTP/1.1" 200 153303 "-" "Mozilla/5.0 (Linux; Android 6.0.1; Nexus 5X Build/MMB29P) AppleWebKit/537.36 (KHTML, like Gecko) Chrome/141.0.7390.122 Mobile Safari/537.36 (compatible; GoogleOther)"
66.249.74.167 - - [23/Dec/2025:20:55:49 +0800] "GET /?products/28012707 HTTP/1.1" 200 164969 "-" "Mozilla/5.0 (Linux; Android 6.0.1; Nexus 5X Build/MMB29P) AppleWebKit/537.36 (KHTML, like Gecko) Chrome/141.0.7390.122 Mobile Safari/537.36 (compatible; GoogleOther)"
74.7.241.30 - - [23/Dec/2025:20:55:49 +0800] "GET /pages.php?grace/l260?pid=333 HTTP/1.1" 200 154850 "-" "Mozilla/5.0 AppleWebKit/537.36 (KHTML, like Gecko; compatible; GPTBot/1.3; +https://openai.com/gptbot)"
66.249.74.166 - - [23/Dec/2025:20:55:50 +0800] "GET /?products/16504118 HTTP/1.1" 200 147868 "-" "Mozilla/5.0 (Linux; Android 6.0.1; Nexus 5X Build/MMB29P) AppleWebKit/537.36 (KHTML, like Gecko) Chrome/141.0.7390.122 Mobile Safari/537.36 (compatible; GoogleOther)"
66.249.74.164 - - [23/Dec/2025:20:55:50 +0800] "GET /?products/2829807 HTTP/1.1" 200 180363 "-" "Mozilla/5.0 (Linux; Android 6.0.1; Nexus 5X Build/MMB29P) AppleWebKit/537.36 (KHTML, like Gecko) Chrome/141.0.7390.122 Mobile Safari/537.36 (compatible; GoogleOther)"
74.7.241.30 - - [23/Dec/2025:20:55:50 +0800] "GET /pages.php?stem/z260?pid=613 HTTP/1.1" 200 152942 "-" "Mozilla/5.0 AppleWebKit/537.36 (KHTML, like Gecko; compatible; GPTBot/1.3; +https://openai.com/gptbot)"
66.249.74.165 - - [23/Dec/2025:20:55:51 +0800] "GET /?products/4837029 HTTP/1.1" 200 166956 "-" "Mozilla/5.0 (Linux; Android 6.0.1; Nexus 5X Build/MMB29P) AppleWebKit/537.36 (KHTML, like Gecko) Chrome/141.0.7390.122 Mobile Safari/537.36 (compatible; GoogleOther)"
66.249.74.164 - - [23/Dec/2025:20:55:51 +0800] "GET /?products/21841852 HTTP/1.1" 200 148411 "-" "Mozilla/5.0 (Linux; Android 6.0.1; Nexus 5X Build/MMB29P) AppleWebKit/537.36 (KHTML, like Gecko) Chrome/141.0.7390.122 Mobile Safari/537.36 (compatible; GoogleOther)"
66.249.74.166 - - [23/Dec/2025:20:55:52 +0800] "GET /?products/7518529 HTTP/1.1" 200 157299 "-" "Mozilla/5.0 (Linux; Android 6.0.1; Nexus 5X Build/MMB29P) AppleWebKit/537.36 (KHTML, like Gecko) Chrome/141.0.7390.122 Mobile Safari/537.36 (compatible; GoogleOther)"
74.7.241.30 - - [23/Dec/2025:20:55:51 +0800] "GET /pages.php?adequate/h260?pid=119 HTTP/1.1" 200 156964 "-" "Mozilla/5.0 AppleWebKit/537.36 (KHTML, like Gecko; compatible; GPTBot/1.3; +https://openai.com/gptbot)"
66.249.74.163 - - [23/Dec/2025:20:55:52 +0800] "GET /?products/4141907 HTTP/1.1" 200 163020 "-" "Mozilla/5.0 (Linux; Android 6.0.1; Nexus 5X Build/MMB29P) AppleWebKit/537.36 (KHTML, like Gecko) Chrome/141.0.7390.122 Mobile Safari/537.36 (compatible; GoogleOther)"
74.7.241.30 - - [23/Dec/2025:20:55:52 +0800] "GET /pages.php?item/u297/38439/ HTTP/1.1" 200 145628 "-" "Mozilla/5.0 AppleWebKit/537.36 (KHTML, like Gecko; compatible; GPTBot/1.3; +https://openai.com/gptbot)"
66.249.74.165 - - [23/Dec/2025:20:55:53 +0800] "GET /?products/23597074 HTTP/1.1" 200 153007 "-" "Mozilla/5.0 (Linux; Android 6.0.1; Nexus 5X Build/MMB29P) AppleWebKit/537.36 (KHTML, like Gecko) Chrome/141.0.7390.122 Mobile Safari/537.36 (compatible; GoogleOther)"
66.249.74.162 - - [23/Dec/2025:20:55:53 +0800] "GET /?products/27336518 HTTP/1.1" 200 156495 "-" "Mozilla/5.0 (Linux; Android 6.0.1; Nexus 5X Build/MMB29P) AppleWebKit/537.36 (KHTML, like Gecko) Chrome/141.0.7390.122 Mobile Safari/537.36 (compatible; GoogleOther)"
66.249.74.165 - - [23/Dec/2025:20:55:54 +0800] "GET /?products/27373196 HTTP/1.1" 200 164274 "-" "Mozilla/5.0 (Linux; Android 6.0.1; Nexus 5X Build/MMB29P) AppleWebKit/537.36 (KHTML, like Gecko) Chrome/141.0.7390.122 Mobile Safari/537.36 (compatible; GoogleOther)"
74.7.241.30 - - [23/Dec/2025:20:55:53 +0800] "GET /pages.php?pose/g260?pid=319 HTTP/1.1" 200 152093 "-" "Mozilla/5.0 AppleWebKit/537.36 (KHTML, like Gecko; compatible; GPTBot/1.3; +https://openai.com/gptbot)"
66.249.74.163 - - [23/Dec/2025:20:55:54 +0800] "GET /?products/14951152 HTTP/1.1" 200 158043 "-" "Mozilla/5.0 (Linux; Android 6.0.1; Nexus 5X Build/MMB29P) AppleWebKit/537.36 (KHTML, like Gecko) Chrome/141.0.7390.122 Mobile Safari/537.36 (compatible; GoogleOther)"
66.249.74.169 - - [23/Dec/2025:20:55:55 +0800] "GET /?products/25251596 HTTP/1.1" 200 149098 "-" "Mozilla/5.0 (Linux; Android 6.0.1; Nexus 5X Build/MMB29P) AppleWebKit/537.36 (KHTML, like Gecko) Chrome/141.0.7390.122 Mobile Safari/537.36 (compatible; GoogleOther)"
74.7.241.30 - - [23/Dec/2025:20:55:54 +0800] "GET /pages.php?southeast/a230?pid=505 HTTP/1.1" 200 152239 "-" "Mozilla/5.0 AppleWebKit/537.36 (KHTML, like Gecko; compatible; GPTBot/1.3; +https://openai.com/gptbot)"
66.249.74.160 - - [23/Dec/2025:20:55:55 +0800] "GET /?products/20647341 HTTP/1.1" 200 161701 "-" "Mozilla/5.0 (Linux; Android 6.0.1; Nexus 5X Build/MMB29P) AppleWebKit/537.36 (KHTML, like Gecko) Chrome/141.0.7390.122 Mobile Safari/537.36 (compatible; GoogleOther)"
66.249.74.166 - - [23/Dec/2025:20:55:56 +0800] "GET /?products/24042574 HTTP/1.1" 200 151387 "-" "Mozilla/5.0 (Linux; Android 6.0.1; Nexus 5X Build/MMB29P) AppleWebKit/537.36 (KHTML, like Gecko) Chrome/141.0.7390.122 Mobile Safari/537.36 (compatible; GoogleOther)"
74.7.241.30 - - [23/Dec/2025:20:55:55 +0800] "GET /pages.php?twentieth/e75?pid=22492 HTTP/1.1" 200 142800 "-" "Mozilla/5.0 AppleWebKit/537.36 (KHTML, like Gecko; compatible; GPTBot/1.3; +https://openai.com/gptbot)"
66.249.74.161 - - [23/Dec/2025:20:55:56 +0800] "GET /?products/30289429 HTTP/1.1" 200 154759 "-" "Mozilla/5.0 (Linux; Android 6.0.1; Nexus 5X Build/MMB29P) AppleWebKit/537.36 (KHTML, like Gecko) Chrome/141.0.7390.122 Mobile Safari/537.36 (compatible; GoogleOther)"
66.249.74.162 - - [23/Dec/2025:20:55:57 +0800] "GET /?products/9828429 HTTP/1.1" 200 166877 "-" "Mozilla/5.0 (Linux; Android 6.0.1; Nexus 5X Build/MMB29P) AppleWebKit/537.36 (KHTML, like Gecko) Chrome/141.0.7390.122 Mobile Safari/537.36 (compatible; GoogleOther)"
74.7.241.30 - - [23/Dec/2025:20:55:56 +0800] "GET /pages.php?tell/z260?pid=323 HTTP/1.1" 200 153943 "-" "Mozilla/5.0 AppleWebKit/537.36 (KHTML, like Gecko; compatible; GPTBot/1.3; +https://openai.com/gptbot)"
66.249.74.166 - - [23/Dec/2025:20:55:57 +0800] "GET /?products/25664529 HTTP/1.1" 200 182140 "-" "Mozilla/5.0 (Linux; Android 6.0.1; Nexus 5X Build/MMB29P) AppleWebKit/537.36 (KHTML, like Gecko) Chrome/141.0.7390.122 Mobile Safari/537.36 (compatible; GoogleOther)"
74.7.241.30 - - [23/Dec/2025:20:55:57 +0800] "GET /pages.php?financial/g260?pid=201 HTTP/1.1" 200 152544 "-" "Mozilla/5.0 AppleWebKit/537.36 (KHTML, like Gecko; compatible; GPTBot/1.3; +https://openai.com/gptbot)"
66.249.74.163 - - [23/Dec/2025:20:55:58 +0800] "GET /?products/9231941 HTTP/1.1" 200 155409 "-" "Mozilla/5.0 (Linux; Android 6.0.1; Nexus 5X Build/MMB29P) AppleWebKit/537.36 (KHTML, like Gecko) Chrome/141.0.7390.122 Mobile Safari/537.36 (compatible; GoogleOther)"
66.249.74.168 - - [23/Dec/2025:20:55:59 +0800] "GET /?products/24972130 HTTP/1.1" 200 163648 "-" "Mozilla/5.0 (Linux; Android 6.0.1; Nexus 5X Build/MMB29P) AppleWebKit/537.36 (KHTML, like Gecko) Chrome/141.0.7390.122 Mobile Safari/537.36 (compatible; GoogleOther)"
74.7.241.30 - - [23/Dec/2025:20:55:58 +0800] "GET /pages.php?opposed/u148?pid=2029 HTTP/1.1" 200 141177 "-" "Mozilla/5.0 AppleWebKit/537.36 (KHTML, like Gecko; compatible; GPTBot/1.3; +https://openai.com/gptbot)"
66.249.74.160 - - [23/Dec/2025:20:55:59 +0800] "GET /?products/23180230 HTTP/1.1" 200 157054 "-" "Mozilla/5.0 (Linux; Android 6.0.1; Nexus 5X Build/MMB29P) AppleWebKit/537.36 (KHTML, like Gecko) Chrome/141.0.7390.122 Mobile Safari/537.36 (compatible; GoogleOther)"
74.7.241.30 - - [23/Dec/2025:20:55:59 +0800] "GET /pages.php?net/c210?pid=9061 HTTP/1.1" 200 153046 "-" "Mozilla/5.0 AppleWebKit/537.36 (KHTML, like Gecko; compatible; GPTBot/1.3; +https://openai.com/gptbot)"
66.249.74.169 - - [23/Dec/2025:20:56:00 +0800] "GET /?products/14803618 HTTP/1.1" 200 156435 "-" "Mozilla/5.0 (Linux; Android 6.0.1; Nexus 5X Build/MMB29P) AppleWebKit/537.36 (KHTML, like Gecko) Chrome/141.0.7390.122 Mobile Safari/537.36 (compatible; GoogleOther)"
66.249.74.161 - - [23/Dec/2025:20:56:00 +0800] "GET /?products/3556530 HTTP/1.1" 200 159359 "-" "Mozilla/5.0 (Linux; Android 6.0.1; Nexus 5X Build/MMB29P) AppleWebKit/537.36 (KHTML, like Gecko) Chrome/141.0.7390.122 Mobile Safari/537.36 (compatible; GoogleOther)"
74.7.241.30 - - [23/Dec/2025:20:56:00 +0800] "GET /pages.php?minimal/l70?pid=26373 HTTP/1.1" 200 144241 "-" "Mozilla/5.0 AppleWebKit/537.36 (KHTML, like Gecko; compatible; GPTBot/1.3; +https://openai.com/gptbot)"
66.249.74.161 - - [23/Dec/2025:20:56:01 +0800] "GET /?products/7908974 HTTP/1.1" 200 168149 "-" "Mozilla/5.0 (Linux; Android 6.0.1; Nexus 5X Build/MMB29P) AppleWebKit/537.36 (KHTML, like Gecko) Chrome/141.0.7390.122 Mobile Safari/537.36 (compatible; GoogleOther)"
66.249.74.160 - - [23/Dec/2025:20:56:01 +0800] "GET /?products/1832496 HTTP/1.1" 200 162612 "-" "Mozilla/5.0 (Linux; Android 6.0.1; Nexus 5X Build/MMB29P) AppleWebKit/537.36 (KHTML, like Gecko) Chrome/141.0.7390.122 Mobile Safari/537.36 (compatible; GoogleOther)"
74.7.241.30 - - [23/Dec/2025:20:56:01 +0800] "GET /pages.php?observer/a230?pid=505 HTTP/1.1" 200 151963 "-" "Mozilla/5.0 AppleWebKit/537.36 (KHTML, like Gecko; compatible; GPTBot/1.3; +https://openai.com/gptbot)"
66.249.74.167 - - [23/Dec/2025:20:56:02 +0800] "GET /?products/12040996 HTTP/1.1" 200 170701 "-" "Mozilla/5.0 (Linux; Android 6.0.1; Nexus 5X Build/MMB29P) AppleWebKit/537.36 (KHTML, like Gecko) Chrome/141.0.7390.122 Mobile Safari/537.36 (compatible; GoogleOther)"
74.7.241.30 - - [23/Dec/2025:20:56:02 +0800] "GET /pages.php?cha_000038 HTTP/1.1" 200 144152 "-" "Mozilla/5.0 AppleWebKit/537.36 (KHTML, like Gecko; compatible; GPTBot/1.3; +https://openai.com/gptbot)"
66.249.74.162 - - [23/Dec/2025:20:56:02 +0800] "GET /?products/7303996 HTTP/1.1" 200 145700 "-" "Mozilla/5.0 (Linux; Android 6.0.1; Nexus 5X Build/MMB29P) AppleWebKit/537.36 (KHTML, like Gecko) Chrome/141.0.7390.122 Mobile Safari/537.36 (compatible; GoogleOther)"
66.249.74.165 - - [23/Dec/2025:20:56:03 +0800] "GET /?products/5295229 HTTP/1.1" 200 145800 "-" "Mozilla/5.0 (Linux; Android 6.0.1; Nexus 5X Build/MMB29P) AppleWebKit/537.36 (KHTML, like Gecko) Chrome/141.0.7390.122 Mobile Safari/537.36 (compatible; GoogleOther)"
74.7.241.30 - - [23/Dec/2025:20:56:02 +0800] "GET /pages.php?terrorist/d260?pid=303 HTTP/1.1" 200 153194 "-" "Mozilla/5.0 AppleWebKit/537.36 (KHTML, like Gecko; compatible; GPTBot/1.3; +https://openai.com/gptbot)"
66.249.74.163 - - [23/Dec/2025:20:56:03 +0800] "GET /?products/18502374 HTTP/1.1" 200 149186 "-" "Mozilla/5.0 (Linux; Android 6.0.1; Nexus 5X Build/MMB29P) AppleWebKit/537.36 (KHTML, like Gecko) Chrome/141.0.7390.122 Mobile Safari/537.36 (compatible; GoogleOther)"
66.249.74.169 - - [23/Dec/2025:20:56:04 +0800] "GET /?products/18569096 HTTP/1.1" 200 159753 "-" "Mozilla/5.0 (Linux; Android 6.0.1; Nexus 5X Build/MMB29P) AppleWebKit/537.36 (KHTML, like Gecko) Chrome/141.0.7390.122 Mobile Safari/537.36 (compatible; GoogleOther)"
74.7.241.30 - - [23/Dec/2025:20:56:03 +0800] "GET /pages.php?regulator/v230?pid=439 HTTP/1.1" 200 152498 "-" "Mozilla/5.0 AppleWebKit/537.36 (KHTML, like Gecko; compatible; GPTBot/1.3; +https://openai.com/gptbot)"
66.249.74.160 - - [23/Dec/2025:20:56:04 +0800] "GET /?products/23875330 HTTP/1.1" 200 152533 "-" "Mozilla/5.0 (Linux; Android 6.0.1; Nexus 5X Build/MMB29P) AppleWebKit/537.36 (KHTML, like Gecko) Chrome/141.0.7390.122 Mobile Safari/537.36 (compatible; GoogleOther)"
66.249.74.161 - - [23/Dec/2025:20:56:05 +0800] "GET /?products/14485307 HTTP/1.1" 200 145830 "-" "Mozilla/5.0 (Linux; Android 6.0.1; Nexus 5X Build/MMB29P) AppleWebKit/537.36 (KHTML, like Gecko) Chrome/141.0.7390.122 Mobile Safari/537.36 (compatible; GoogleOther)"
74.7.241.30 - - [23/Dec/2025:20:56:04 +0800] "GET /pages.php?elder/a230?pid=505 HTTP/1.1" 200 152131 "-" "Mozilla/5.0 AppleWebKit/537.36 (KHTML, like Gecko; compatible; GPTBot/1.3; +https://openai.com/gptbot)"
66.249.74.165 - - [23/Dec/2025:20:56:05 +0800] "GET /?products/18581229 HTTP/1.1" 200 143834 "-" "Mozilla/5.0 (Linux; Android 6.0.1; Nexus 5X Build/MMB29P) AppleWebKit/537.36 (KHTML, like Gecko) Chrome/141.0.7390.122 Mobile Safari/537.36 (compatible; GoogleOther)"
74.7.241.30 - - [23/Dec/2025:20:56:05 +0800] "GET /pages.php?anger/o230?pid=397 HTTP/1.1" 200 151745 "-" "Mozilla/5.0 AppleWebKit/537.36 (KHTML, like Gecko; compatible; GPTBot/1.3; +https://openai.com/gptbot)"
66.249.74.168 - - [23/Dec/2025:20:56:06 +0800] "GET /?products/7755429 HTTP/1.1" 200 185177 "-" "Mozilla/5.0 (Linux; Android 6.0.1; Nexus 5X Build/MMB29P) AppleWebKit/537.36 (KHTML, like Gecko) Chrome/141.0.7390.122 Mobile Safari/537.36 (compatible; GoogleOther)"
66.249.74.165 - - [23/Dec/2025:20:56:06 +0800] "GET /?products/25185174 HTTP/1.1" 200 152179 "-" "Mozilla/5.0 (Linux; Android 6.0.1; Nexus 5X Build/MMB29P) AppleWebKit/537.36 (KHTML, like Gecko) Chrome/141.0.7390.122 Mobile Safari/537.36 (compatible; GoogleOther)"
74.7.241.30 - - [23/Dec/2025:20:56:06 +0800] "GET /pages.php?arena/d260?pid=615 HTTP/1.1" 200 155826 "-" "Mozilla/5.0 AppleWebKit/537.36 (KHTML, like Gecko; compatible; GPTBot/1.3; +https://openai.com/gptbot)"
66.249.74.164 - - [23/Dec/2025:20:56:07 +0800] "GET /?products/29188874 HTTP/1.1" 200 165820 "-" "Mozilla/5.0 (Linux; Android 6.0.1; Nexus 5X Build/MMB29P) AppleWebKit/537.36 (KHTML, like Gecko) Chrome/141.0.7390.122 Mobile Safari/537.36 (compatible; GoogleOther)"
66.249.74.168 - - [23/Dec/2025:20:56:07 +0800] "GET /?products/15460563 HTTP/1.1" 200 149127 "-" "Mozilla/5.0 (Linux; Android 6.0.1; Nexus 5X Build/MMB29P) AppleWebKit/537.36 (KHTML, like Gecko) Chrome/141.0.7390.122 Mobile Safari/537.36 (compatible; Googlebot/2.1; +http://www.google.com/bot.html)"
66.249.74.163 - - [23/Dec/2025:20:56:07 +0800] "GET /?products/19300530 HTTP/1.1" 200 166078 "-" "Mozilla/5.0 (Linux; Android 6.0.1; Nexus 5X Build/MMB29P) AppleWebKit/537.36 (KHTML, like Gecko) Chrome/141.0.7390.122 Mobile Safari/537.36 (compatible; GoogleOther)"
74.7.241.30 - - [23/Dec/2025:20:56:07 +0800] "GET /pages.php?loop/e260?pid=479 HTTP/1.1" 200 154002 "-" "Mozilla/5.0 AppleWebKit/537.36 (KHTML, like Gecko; compatible; GPTBot/1.3; +https://openai.com/gptbot)"
66.249.74.164 - - [23/Dec/2025:20:56:08 +0800] "GET /?products/21589729 HTTP/1.1" 200 157545 "-" "Mozilla/5.0 (Linux; Android 6.0.1; Nexus 5X Build/MMB29P) AppleWebKit/537.36 (KHTML, like Gecko) Chrome/141.0.7390.122 Mobile Safari/537.36 (compatible; GoogleOther)"
74.7.241.30 - - [23/Dec/2025:20:56:07 +0800] "GET /pages.php?neighbor/k92?pid=13601 HTTP/1.1" 200 142873 "-" "Mozilla/5.0 AppleWebKit/537.36 (KHTML, like Gecko; compatible; GPTBot/1.3; +https://openai.com/gptbot)"
66.249.74.167 - - [23/Dec/2025:20:56:08 +0800] "GET /?products/21323529 HTTP/1.1" 200 163207 "-" "Mozilla/5.0 (Linux; Android 6.0.1; Nexus 5X Build/MMB29P) AppleWebKit/537.36 (KHTML, like Gecko) Chrome/141.0.7390.122 Mobile Safari/537.36 (compatible; GoogleOther)"
66.249.74.161 - - [23/Dec/2025:20:56:09 +0800] "GET /?products/3338618 HTTP/1.1" 200 176434 "-" "Mozilla/5.0 (Linux; Android 6.0.1; Nexus 5X Build/MMB29P) AppleWebKit/537.36 (KHTML, like Gecko) Chrome/141.0.7390.122 Mobile Safari/537.36 (compatible; GoogleOther)"
74.7.241.30 - - [23/Dec/2025:20:56:08 +0800] "GET /pages.php?criminal/t12?pid=36165 HTTP/1.1" 200 155626 "-" "Mozilla/5.0 AppleWebKit/537.36 (KHTML, like Gecko; compatible; GPTBot/1.3; +https://openai.com/gptbot)"
66.249.74.167 - - [23/Dec/2025:20:56:09 +0800] "GET /?products/21671430 HTTP/1.1" 200 166612 "-" "Mozilla/5.0 (Linux; Android 6.0.1; Nexus 5X Build/MMB29P) AppleWebKit/537.36 (KHTML, like Gecko) Chrome/141.0.7390.122 Mobile Safari/537.36 (compatible; GoogleOther)"
66.249.74.169 - - [23/Dec/2025:20:56:10 +0800] "GET /?products/18546818 HTTP/1.1" 200 144567 "-" "Mozilla/5.0 (Linux; Android 6.0.1; Nexus 5X Build/MMB29P) AppleWebKit/537.36 (KHTML, like Gecko) Chrome/141.0.7390.122 Mobile Safari/537.36 (compatible; GoogleOther)"
74.7.241.30 - - [23/Dec/2025:20:56:09 +0800] "GET /pages.php?silly/a230?pid=505 HTTP/1.1" 200 151652 "-" "Mozilla/5.0 AppleWebKit/537.36 (KHTML, like Gecko; compatible; GPTBot/1.3; +https://openai.com/gptbot)"
66.249.74.163 - - [23/Dec/2025:20:56:10 +0800] "GET /?products/23116296 HTTP/1.1" 200 154146 "-" "Mozilla/5.0 (Linux; Android 6.0.1; Nexus 5X Build/MMB29P) AppleWebKit/537.36 (KHTML, like Gecko) Chrome/141.0.7390.122 Mobile Safari/537.36 (compatible; GoogleOther)"
66.249.74.167 - - [23/Dec/2025:20:56:10 +0800] "GET /?products/28160530 HTTP/1.1" 200 150200 "-" "Mozilla/5.0 (Linux; Android 6.0.1; Nexus 5X Build/MMB29P) AppleWebKit/537.36 (KHTML, like Gecko) Chrome/141.0.7390.122 Mobile Safari/537.36 (compatible; GoogleOther)"
74.7.241.30 - - [23/Dec/2025:20:56:10 +0800] "GET /pages.php?gate/a230?pid=505 HTTP/1.1" 200 152684 "-" "Mozilla/5.0 AppleWebKit/537.36 (KHTML, like Gecko; compatible; GPTBot/1.3; +https://openai.com/gptbot)"
66.249.74.166 - - [23/Dec/2025:20:56:11 +0800] "GET /?products/8645685 HTTP/1.1" 200 150882 "-" "Mozilla/5.0 (Linux; Android 6.0.1; Nexus 5X Build/MMB29P) AppleWebKit/537.36 (KHTML, like Gecko) Chrome/141.0.7390.122 Mobile Safari/537.36 (compatible; GoogleOther)"
74.7.241.30 - - [23/Dec/2025:20:56:11 +0800] "GET /pages.php?impossible/d260?pid=303 HTTP/1.1" 200 152646 "-" "Mozilla/5.0 AppleWebKit/537.36 (KHTML, like Gecko; compatible; GPTBot/1.3; +https://openai.com/gptbot)"
66.249.74.163 - - [23/Dec/2025:20:56:12 +0800] "GET /?products/8427318 HTTP/1.1" 200 148585 "-" "Mozilla/5.0 (Linux; Android 6.0.1; Nexus 5X Build/MMB29P) AppleWebKit/537.36 (KHTML, like Gecko) Chrome/141.0.7390.122 Mobile Safari/537.36 (compatible; GoogleOther)"
74.7.241.30 - - [23/Dec/2025:20:56:12 +0800] "GET /pages.php?icon/c260?pid=313 HTTP/1.1" 200 152913 "-" "Mozilla/5.0 AppleWebKit/537.36 (KHTML, like Gecko; compatible; GPTBot/1.3; +https://openai.com/gptbot)"
66.249.74.164 - - [23/Dec/2025:20:56:13 +0800] "GET /?products/18004007 HTTP/1.1" 200 149879 "-" "Mozilla/5.0 (Linux; Android 6.0.1; Nexus 5X Build/MMB29P) AppleWebKit/537.36 (KHTML, like Gecko) Chrome/141.0.7390.122 Mobile Safari/537.36 (compatible; GoogleOther)"
66.249.74.166 - - [23/Dec/2025:20:56:13 +0800] "GET /?products/4941574 HTTP/1.1" 200 167561 "-" "Mozilla/5.0 (compatible; Googlebot/2.1; +http://www.google.com/bot.html)"
66.249.74.169 - - [23/Dec/2025:20:56:13 +0800] "GET /?products/12409663 HTTP/1.1" 200 159664 "-" "Mozilla/5.0 (Linux; Android 6.0.1; Nexus 5X Build/MMB29P) AppleWebKit/537.36 (KHTML, like Gecko) Chrome/141.0.7390.122 Mobile Safari/537.36 (compatible; GoogleOther)"
66.249.74.166 - - [23/Dec/2025:20:56:13 +0800] "GET /?products/23275829 HTTP/1.1" 200 162136 "-" "Mozilla/5.0 (compatible; Googlebot/2.1; +http://www.google.com/bot.html)"
74.7.241.30 - - [23/Dec/2025:20:56:13 +0800] "GET /pages.php?such/v230?pid=439 HTTP/1.1" 200 152498 "-" "Mozilla/5.0 AppleWebKit/537.36 (KHTML, like Gecko; compatible; GPTBot/1.3; +https://openai.com/gptbot)"
66.249.74.169 - - [23/Dec/2025:20:56:13 +0800] "GET /?products/24498829 HTTP/1.1" 200 158726 "-" "Mozilla/5.0 (Linux; Android 6.0.1; Nexus 5X Build/MMB29P) AppleWebKit/537.36 (KHTML, like Gecko) Chrome/141.0.7390.122 Mobile Safari/537.36 (compatible; GoogleOther)"
66.249.74.166 - - [23/Dec/2025:20:56:14 +0800] "GET /?products/2745852 HTTP/1.1" 200 169237 "-" "Mozilla/5.0 (Linux; Android 6.0.1; Nexus 5X Build/MMB29P) AppleWebKit/537.36 (KHTML, like Gecko) Chrome/141.0.7390.122 Mobile Safari/537.36 (compatible; GoogleOther)"
74.7.241.30 - - [23/Dec/2025:20:56:14 +0800] "GET /pages.php?equity/z122?pid=48665 HTTP/1.1" 200 144979 "-" "Mozilla/5.0 AppleWebKit/537.36 (KHTML, like Gecko; compatible; GPTBot/1.3; +https://openai.com/gptbot)"
66.249.74.164 - - [23/Dec/2025:20:56:14 +0800] "GET /?products/30341141 HTTP/1.1" 200 173147 "-" "Mozilla/5.0 (Linux; Android 6.0.1; Nexus 5X Build/MMB29P) AppleWebKit/537.36 (KHTML, like Gecko) Chrome/141.0.7390.122 Mobile Safari/537.36 (compatible; GoogleOther)"
66.249.74.162 - - [23/Dec/2025:20:56:15 +0800] "GET /?products/23165007 HTTP/1.1" 200 156992 "-" "Mozilla/5.0 (Linux; Android 6.0.1; Nexus 5X Build/MMB29P) AppleWebKit/537.36 (KHTML, like Gecko) Chrome/141.0.7390.122 Mobile Safari/537.36 (compatible; GoogleOther)"
74.7.241.30 - - [23/Dec/2025:20:56:15 +0800] "GET /pages.php?item/u162/846/ HTTP/1.1" 200 143127 "-" "Mozilla/5.0 AppleWebKit/537.36 (KHTML, like Gecko; compatible; GPTBot/1.3; +https://openai.com/gptbot)"
66.249.74.160 - - [23/Dec/2025:20:56:16 +0800] "GET /?products/12996863 HTTP/1.1" 200 158936 "-" "Mozilla/5.0 (Linux; Android 6.0.1; Nexus 5X Build/MMB29P) AppleWebKit/537.36 (KHTML, like Gecko) Chrome/141.0.7390.122 Mobile Safari/537.36 (compatible; GoogleOther)"
66.249.74.169 - - [23/Dec/2025:20:56:16 +0800] "GET /?products/6319474 HTTP/1.1" 200 166869 "-" "Mozilla/5.0 (Linux; Android 6.0.1; Nexus 5X Build/MMB29P) AppleWebKit/537.36 (KHTML, like Gecko) Chrome/141.0.7390.122 Mobile Safari/537.36 (compatible; GoogleOther)"
74.7.241.30 - - [23/Dec/2025:20:56:16 +0800] "GET /pages.php?kitchen/a281?pid=10758 HTTP/1.1" 200 146291 "-" "Mozilla/5.0 AppleWebKit/537.36 (KHTML, like Gecko; compatible; GPTBot/1.3; +https://openai.com/gptbot)"
66.249.74.160 - - [23/Dec/2025:20:56:16 +0800] "GET /?products/11572263 HTTP/1.1" 200 149671 "-" "Mozilla/5.0 (Linux; Android 6.0.1; Nexus 5X Build/MMB29P) AppleWebKit/537.36 (KHTML, like Gecko) Chrome/141.0.7390.122 Mobile Safari/537.36 (compatible; GoogleOther)"
66.249.74.162 - - [23/Dec/2025:20:56:17 +0800] "GET /?products/29749263 HTTP/1.1" 200 169637 "-" "Mozilla/5.0 (Linux; Android 6.0.1; Nexus 5X Build/MMB29P) AppleWebKit/537.36 (KHTML, like Gecko) Chrome/141.0.7390.122 Mobile Safari/537.36 (compatible; GoogleOther)"
74.7.241.30 - - [23/Dec/2025:20:56:17 +0800] "GET /pages.php?news/a10?pid=20995 HTTP/1.1" 200 148509 "-" "Mozilla/5.0 AppleWebKit/537.36 (KHTML, like Gecko; compatible; GPTBot/1.3; +https://openai.com/gptbot)"
66.249.74.163 - - [23/Dec/2025:20:56:17 +0800] "GET /?products/15356263 HTTP/1.1" 200 147216 "-" "Mozilla/5.0 (Linux; Android 6.0.1; Nexus 5X Build/MMB29P) AppleWebKit/537.36 (KHTML, like Gecko) Chrome/141.0.7390.122 Mobile Safari/537.36 (compatible; GoogleOther)"
66.249.74.162 - - [23/Dec/2025:20:56:18 +0800] "GET /?products/17837407 HTTP/1.1" 200 158135 "-" "Mozilla/5.0 (Linux; Android 6.0.1; Nexus 5X Build/MMB29P) AppleWebKit/537.36 (KHTML, like Gecko) Chrome/141.0.7390.122 Mobile Safari/537.36 (compatible; GoogleOther)"
74.7.241.30 - - [23/Dec/2025:20:56:18 +0800] "GET /pages.php?duck/h260?pid=119 HTTP/1.1" 200 154774 "-" "Mozilla/5.0 AppleWebKit/537.36 (KHTML, like Gecko; compatible; GPTBot/1.3; +https://openai.com/gptbot)"
66.249.74.163 - - [23/Dec/2025:20:56:18 +0800] "GET /?products/5366674 HTTP/1.1" 200 164332 "-" "Mozilla/5.0 (Linux; Android 6.0.1; Nexus 5X Build/MMB29P) AppleWebKit/537.36 (KHTML, like Gecko) Chrome/141.0.7390.122 Mobile Safari/537.36 (compatible; GoogleOther)"
66.249.74.164 - - [23/Dec/2025:20:56:19 +0800] "GET /?products/21794930 HTTP/1.1" 200 162996 "-" "Mozilla/5.0 (Linux; Android 6.0.1; Nexus 5X Build/MMB29P) AppleWebKit/537.36 (KHTML, like Gecko) Chrome/141.0.7390.122 Mobile Safari/537.36 (compatible; GoogleOther)"
74.7.241.30 - - [23/Dec/2025:20:56:19 +0800] "GET /pages.php?short/r14?pid=5179 HTTP/1.1" 200 148254 "-" "Mozilla/5.0 AppleWebKit/537.36 (KHTML, like Gecko; compatible; GPTBot/1.3; +https://openai.com/gptbot)"
66.249.74.160 - - [23/Dec/2025:20:56:19 +0800] "GET /?products/9421430 HTTP/1.1" 200 177694 "-" "Mozilla/5.0 (Linux; Android 6.0.1; Nexus 5X Build/MMB29P) AppleWebKit/537.36 (KHTML, like Gecko) Chrome/141.0.7390.122 Mobile Safari/537.36 (compatible; GoogleOther)"
66.249.74.163 - - [23/Dec/2025:20:56:20 +0800] "GET /?products/19328252 HTTP/1.1" 200 153213 "-" "Mozilla/5.0 (Linux; Android 6.0.1; Nexus 5X Build/MMB29P) AppleWebKit/537.36 (KHTML, like Gecko) Chrome/141.0.7390.122 Mobile Safari/537.36 (compatible; GoogleOther)"
74.7.241.30 - - [23/Dec/2025:20:56:19 +0800] "GET /pages.php?warehouse/a230?pid=505 HTTP/1.1" 200 152195 "-" "Mozilla/5.0 AppleWebKit/537.36 (KHTML, like Gecko; compatible; GPTBot/1.3; +https://openai.com/gptbot)"
66.249.74.161 - - [23/Dec/2025:20:56:20 +0800] "GET /?products/20023474 HTTP/1.1" 200 191009 "-" "Mozilla/5.0 (Linux; Android 6.0.1; Nexus 5X Build/MMB29P) AppleWebKit/537.36 (KHTML, like Gecko) Chrome/141.0.7390.122 Mobile Safari/537.36 (compatible; GoogleOther)"
66.249.74.160 - - [23/Dec/2025:20:56:21 +0800] "GET /?products/25703518 HTTP/1.1" 200 154397 "-" "Mozilla/5.0 (Linux; Android 6.0.1; Nexus 5X Build/MMB29P) AppleWebKit/537.36 (KHTML, like Gecko) Chrome/141.0.7390.122 Mobile Safari/537.36 (compatible; GoogleOther)"
74.7.241.30 - - [23/Dec/2025:20:56:21 +0800] "GET /pages.php?happiness/d260?pid=303 HTTP/1.1" 200 155695 "-" "Mozilla/5.0 AppleWebKit/537.36 (KHTML, like Gecko; compatible; GPTBot/1.3; +https://openai.com/gptbot)"
66.249.74.169 - - [23/Dec/2025:20:56:21 +0800] "GET /?products/6484218 HTTP/1.1" 200 161155 "-" "Mozilla/5.0 (Linux; Android 6.0.1; Nexus 5X Build/MMB29P) AppleWebKit/537.36 (KHTML, like Gecko) Chrome/141.0.7390.122 Mobile Safari/537.36 (compatible; GoogleOther)"
66.249.74.169 - - [23/Dec/2025:20:56:22 +0800] "GET /?products/17155663 HTTP/1.1" 200 177755 "-" "Mozilla/5.0 (Linux; Android 6.0.1; Nexus 5X Build/MMB29P) AppleWebKit/537.36 (KHTML, like Gecko) Chrome/141.0.7390.122 Mobile Safari/537.36 (compatible; GoogleOther)"
74.7.241.30 - - [23/Dec/2025:20:56:22 +0800] "GET /pages.php?fresh/a230?pid=505 HTTP/1.1" 200 152621 "-" "Mozilla/5.0 AppleWebKit/537.36 (KHTML, like Gecko; compatible; GPTBot/1.3; +https://openai.com/gptbot)"
66.249.74.162 - - [23/Dec/2025:20:56:22 +0800] "GET /?products/8025052 HTTP/1.1" 200 145184 "-" "Mozilla/5.0 (Linux; Android 6.0.1; Nexus 5X Build/MMB29P) AppleWebKit/537.36 (KHTML, like Gecko) Chrome/141.0.7390.122 Mobile Safari/537.36 (compatible; GoogleOther)"
74.7.241.30 - - [23/Dec/2025:20:56:22 +0800] "GET /pages.php?grand/v230?pid=439 HTTP/1.1" 200 152385 "-" "Mozilla/5.0 AppleWebKit/537.36 (KHTML, like Gecko; compatible; GPTBot/1.3; +https://openai.com/gptbot)"
66.249.74.163 - - [23/Dec/2025:20:56:23 +0800] "GET /?products/28278930 HTTP/1.1" 200 173951 "-" "Mozilla/5.0 (Linux; Android 6.0.1; Nexus 5X Build/MMB29P) AppleWebKit/537.36 (KHTML, like Gecko) Chrome/141.0.7390.122 Mobile Safari/537.36 (compatible; GoogleOther)"
66.249.74.161 - - [23/Dec/2025:20:56:23 +0800] "GET /?products/23960085 HTTP/1.1" 200 163806 "-" "Mozilla/5.0 (Linux; Android 6.0.1; Nexus 5X Build/MMB29P) AppleWebKit/537.36 (KHTML, like Gecko) Chrome/141.0.7390.122 Mobile Safari/537.36 (compatible; GoogleOther)"
74.7.241.30 - - [23/Dec/2025:20:56:23 +0800] "GET /pages.php?ritual/j285?pid=2758 HTTP/1.1" 200 141615 "-" "Mozilla/5.0 AppleWebKit/537.36 (KHTML, like Gecko; compatible; GPTBot/1.3; +https://openai.com/gptbot)"
66.249.74.163 - - [23/Dec/2025:20:56:24 +0800] "GET /?products/27830796 HTTP/1.1" 200 147530 "-" "Mozilla/5.0 (Linux; Android 6.0.1; Nexus 5X Build/MMB29P) AppleWebKit/537.36 (KHTML, like Gecko) Chrome/141.0.7390.122 Mobile Safari/537.36 (compatible; GoogleOther)"
66.249.74.165 - - [23/Dec/2025:20:56:24 +0800] "GET /?products/8246107 HTTP/1.1" 200 157096 "-" "Mozilla/5.0 (Linux; Android 6.0.1; Nexus 5X Build/MMB29P) AppleWebKit/537.36 (KHTML, like Gecko) Chrome/141.0.7390.122 Mobile Safari/537.36 (compatible; GoogleOther)"
74.7.241.30 - - [23/Dec/2025:20:56:24 +0800] "GET /pages.php?cha_sv116 HTTP/1.1" 200 147121 "-" "Mozilla/5.0 AppleWebKit/537.36 (KHTML, like Gecko; compatible; GPTBot/1.3; +https://openai.com/gptbot)"
66.249.74.161 - - [23/Dec/2025:20:56:25 +0800] "GET /?products/28088630 HTTP/1.1" 200 151113 "-" "Mozilla/5.0 (Linux; Android 6.0.1; Nexus 5X Build/MMB29P) AppleWebKit/537.36 (KHTML, like Gecko) Chrome/141.0.7390.122 Mobile Safari/537.36 (compatible; GoogleOther)"
66.249.74.162 - - [23/Dec/2025:20:56:25 +0800] "GET /?products/20464107 HTTP/1.1" 200 163153 "-" "Mozilla/5.0 (Linux; Android 6.0.1; Nexus 5X Build/MMB29P) AppleWebKit/537.36 (KHTML, like Gecko) Chrome/141.0.7390.122 Mobile Safari/537.36 (compatible; GoogleOther)"
74.7.241.30 - - [23/Dec/2025:20:56:25 +0800] "GET /pages.php?legal/r48?pid=32733 HTTP/1.1" 200 147715 "-" "Mozilla/5.0 AppleWebKit/537.36 (KHTML, like Gecko; compatible; GPTBot/1.3; +https://openai.com/gptbot)"
66.249.74.163 - - [23/Dec/2025:20:56:26 +0800] "GET /?products/30587863 HTTP/1.1" 200 169538 "-" "Mozilla/5.0 (Linux; Android 6.0.1; Nexus 5X Build/MMB29P) AppleWebKit/537.36 (KHTML, like Gecko) Chrome/141.0.7390.122 Mobile Safari/537.36 (compatible; GoogleOther)"
66.249.74.162 - - [23/Dec/2025:20:56:26 +0800] "GET /?products/3473329 HTTP/1.1" 200 169855 "-" "Mozilla/5.0 (Linux; Android 6.0.1; Nexus 5X Build/MMB29P) AppleWebKit/537.36 (KHTML, like Gecko) Chrome/141.0.7390.122 Mobile Safari/537.36 (compatible; GoogleOther)"
74.7.241.30 - - [23/Dec/2025:20:56:26 +0800] "GET /pages.php?drink/e230?pid=509 HTTP/1.1" 200 152657 "-" "Mozilla/5.0 AppleWebKit/537.36 (KHTML, like Gecko; compatible; GPTBot/1.3; +https://openai.com/gptbot)"
66.249.74.163 - - [23/Dec/2025:20:56:27 +0800] "GET /?products/9188663 HTTP/1.1" 200 174335 "-" "Mozilla/5.0 (Linux; Android 6.0.1; Nexus 5X Build/MMB29P) AppleWebKit/537.36 (KHTML, like Gecko) Chrome/141.0.7390.122 Mobile Safari/537.36 (compatible; GoogleOther)"
66.249.74.162 - - [23/Dec/2025:20:56:27 +0800] "GET /?products/8373918 HTTP/1.1" 200 159180 "-" "Mozilla/5.0 (Linux; Android 6.0.1; Nexus 5X Build/MMB29P) AppleWebKit/537.36 (KHTML, like Gecko) Chrome/141.0.7390.122 Mobile Safari/537.36 (compatible; GoogleOther)"
74.7.241.30 - - [23/Dec/2025:20:56:27 +0800] "GET /pages.php?apparent/b260?pid=309 HTTP/1.1" 200 156427 "-" "Mozilla/5.0 AppleWebKit/537.36 (KHTML, like Gecko; compatible; GPTBot/1.3; +https://openai.com/gptbot)"
66.249.74.165 - - [23/Dec/2025:20:56:28 +0800] "GET /?products/18840496 HTTP/1.1" 200 147366 "-" "Mozilla/5.0 (Linux; Android 6.0.1; Nexus 5X Build/MMB29P) AppleWebKit/537.36 (KHTML, like Gecko) Chrome/141.0.7390.122 Mobile Safari/537.36 (compatible; GoogleOther)"
66.249.74.165 - - [23/Dec/2025:20:56:28 +0800] "GET /?products/8588396 HTTP/1.1" 200 149535 "-" "Mozilla/5.0 (Linux; Android 6.0.1; Nexus 5X Build/MMB29P) AppleWebKit/537.36 (KHTML, like Gecko) Chrome/141.0.7390.122 Mobile Safari/537.36 (compatible; GoogleOther)"
74.7.241.30 - - [23/Dec/2025:20:56:28 +0800] "GET /pages.php?date/h260?pid=119 HTTP/1.1" 200 153930 "-" "Mozilla/5.0 AppleWebKit/537.36 (KHTML, like Gecko; compatible; GPTBot/1.3; +https://openai.com/gptbot)"
66.249.74.163 - - [23/Dec/2025:20:56:29 +0800] "GET /?products/11806130 HTTP/1.1" 200 162237 "-" "Mozilla/5.0 (Linux; Android 6.0.1; Nexus 5X Build/MMB29P) AppleWebKit/537.36 (KHTML, like Gecko) Chrome/141.0.7390.122 Mobile Safari/537.36 (compatible; GoogleOther)"
66.249.74.164 - - [23/Dec/2025:20:56:29 +0800] "GET /?products/8978074 HTTP/1.1" 200 157197 "-" "Mozilla/5.0 (Linux; Android 6.0.1; Nexus 5X Build/MMB29P) AppleWebKit/537.36 (KHTML, like Gecko) Chrome/141.0.7390.122 Mobile Safari/537.36 (compatible; GoogleOther)"
74.7.241.30 - - [23/Dec/2025:20:56:29 +0800] "GET /pages.php?severely/a230?pid=505 HTTP/1.1" 200 152656 "-" "Mozilla/5.0 AppleWebKit/537.36 (KHTML, like Gecko; compatible; GPTBot/1.3; +https://openai.com/gptbot)"
66.249.74.162 - - [23/Dec/2025:20:56:30 +0800] "GET /?products/11905030 HTTP/1.1" 200 162580 "-" "Mozilla/5.0 (Linux; Android 6.0.1; Nexus 5X Build/MMB29P) AppleWebKit/537.36 (KHTML, like Gecko) Chrome/141.0.7390.122 Mobile Safari/537.36 (compatible; GoogleOther)"
74.7.241.30 - - [23/Dec/2025:20:56:30 +0800] "GET /pages.php?shove/r14?pid=5179 HTTP/1.1" 200 148349 "-" "Mozilla/5.0 AppleWebKit/537.36 (KHTML, like Gecko; compatible; GPTBot/1.3; +https://openai.com/gptbot)"
