66.249.74.168 - - [23/Dec/2025:20:20:43 +0800] "GET /?products/29596896 HTTP/1.1" 200 171776 "-" "Mozilla/5.0 (Linux; Android 6.0.1; Nexus 5X Build/MMB29P) AppleWebKit/537.36 (KHTML, like Gecko) Chrome/141.0.7390.122 Mobile Safari/537.36 (compatible; GoogleOther)"
66.249.74.161 - - [23/Dec/2025:20:20:43 +0800] "GET /?products/13300474 HTTP/1.1" 200 164746 "-" "Mozilla/5.0 (Linux; Android 6.0.1; Nexus 5X Build/MMB29P) AppleWebKit/537.36 (KHTML, like Gecko) Chrome/141.0.7390.122 Mobile Safari/537.36 (compatible; GoogleOther)"
74.7.241.30 - - [23/Dec/2025:20:20:43 +0800] "GET /pages.php?take/b272?pid=773 HTTP/1.1" 200 167393 "-" "Mozilla/5.0 AppleWebKit/537.36 (KHTML, like Gecko; compatible; GPTBot/1.3; +https://openai.com/gptbot)"
66.249.74.166 - - [23/Dec/2025:20:20:44 +0800] "GET /?products/11842174 HTTP/1.1" 200 175656 "-" "Mozilla/5.0 (Linux; Android 6.0.1; Nexus 5X Build/MMB29P) AppleWebKit/537.36 (KHTML, like Gecko) Chrome/141.0.7390.122 Mobile Safari/537.36 (compatible; GoogleOther)"
66.249.74.161 - - [23/Dec/2025:20:20:44 +0800] "GET /?products/28307152 HTTP/1.1" 200 166077 "-" "Mozilla/5.0 (Linux; Android 6.0.1; Nexus 5X Build/MMB29P) AppleWebKit/537.36 (KHTML, like Gecko) Chrome/141.0.7390.122 Mobile Safari/537.36 (compatible; GoogleOther)"
74.7.241.30 - - [23/Dec/2025:20:20:44 +0800] "GET /pages.php?instead/d29?pid=23526 HTTP/1.1" 200 151047 "-" "Mozilla/5.0 AppleWebKit/537.36 (KHTML, like Gecko; compatible; GPTBot/1.3; +https://openai.com/gptbot)"
66.249.74.166 - - [23/Dec/2025:20:20:45 +0800] "GET /?products/18796230 HTTP/1.1" 200 159074 "-" "Mozilla/5.0 (Linux; Android 6.0.1; Nexus 5X Build/MMB29P) AppleWebKit/537.36 (KHTML, like Gecko) Chrome/141.0.7390.122 Mobile Safari/537.36 (compatible; GoogleOther)"
66.249.74.160 - - [23/Dec/2025:20:20:45 +0800] "GET /?products/20702129 HTTP/1.1" 200 159950 "-" "Mozilla/5.0 (Linux; Android 6.0.1; Nexus 5X Build/MMB29P) AppleWebKit/537.36 (KHTML, like Gecko) Chrome/141.0.7390.122 Mobile Safari/537.36 (compatible; GoogleOther)"
74.7.241.30 - - [23/Dec/2025:20:20:45 +0800] "GET /pages.php?treat/b272?pid=773 HTTP/1.1" 200 167733 "-" "Mozilla/5.0 AppleWebKit/537.36 (KHTML, like Gecko; compatible; GPTBot/1.3; +https://openai.com/gptbot)"
66.249.74.169 - - [23/Dec/2025:20:20:46 +0800] "GET /?products/11476396 HTTP/1.1" 200 156055 "-" "Mozilla/5.0 (Linux; Android 6.0.1; Nexus 5X Build/MMB29P) AppleWebKit/537.36 (KHTML, like Gecko) Chrome/141.0.7390.122 Mobile Safari/537.36 (compatible; GoogleOther)"
66.249.74.168 - - [23/Dec/2025:20:20:46 +0800] "GET /?products/30868485 HTTP/1.1" 200 155728 "-" "Mozilla/5.0 (Linux; Android 6.0.1; Nexus 5X Build/MMB29P) AppleWebKit/537.36 (KHTML, like Gecko) Chrome/141.0.7390.122 Mobile Safari/537.36 (compatible; GoogleOther)"
74.7.241.30 - - [23/Dec/2025:20:20:46 +0800] "GET /pages.php?whenever/b272?pid=773 HTTP/1.1" 200 167748 "-" "Mozilla/5.0 AppleWebKit/537.36 (KHTML, like Gecko; compatible; GPTBot/1.3; +https://openai.com/gptbot)"
66.249.74.164 - - [23/Dec/2025:20:20:47 +0800] "GET /?products/21910196 HTTP/1.1" 200 147509 "-" "Mozilla/5.0 (Linux; Android 6.0.1; Nexus 5X Build/MMB29P) AppleWebKit/537.36 (KHTML, like Gecko) Chrome/141.0.7390.122 Mobile Safari/537.36 (compatible; GoogleOther)"
66.249.74.169 - - [23/Dec/2025:20:20:47 +0800] "GET /?products/27415507 HTTP/1.1" 200 170742 "-" "Mozilla/5.0 (Linux; Android 6.0.1; Nexus 5X Build/MMB29P) AppleWebKit/537.36 (KHTML, like Gecko) Chrome/141.0.7390.122 Mobile Safari/537.36 (compatible; GoogleOther)"
66.249.74.167 - - [23/Dec/2025:20:20:48 +0800] "GET /?products/6789730 HTTP/1.1" 200 153841 "-" "Mozilla/5.0 (Linux; Android 6.0.1; Nexus 5X Build/MMB29P) AppleWebKit/537.36 (KHTML, like Gecko) Chrome/141.0.7390.122 Mobile Safari/537.36 (compatible; GoogleOther)"
74.7.241.30 - - [23/Dec/2025:20:20:47 +0800] "GET /pages.php?scent/b272?pid=773 HTTP/1.1" 200 167918 "-" "Mozilla/5.0 AppleWebKit/537.36 (KHTML, like Gecko; compatible; GPTBot/1.3; +https://openai.com/gptbot)"
66.249.74.162 - - [23/Dec/2025:20:20:48 +0800] "GET /?products/27288329 HTTP/1.1" 200 157128 "-" "Mozilla/5.0 (Linux; Android 6.0.1; Nexus 5X Build/MMB29P) AppleWebKit/537.36 (KHTML, like Gecko) Chrome/141.0.7390.122 Mobile Safari/537.36 (compatible; GoogleOther)"
66.249.74.169 - - [23/Dec/2025:20:20:49 +0800] "GET /?products/19944052 HTTP/1.1" 200 158262 "-" "Mozilla/5.0 (Linux; Android 6.0.1; Nexus 5X Build/MMB29P) AppleWebKit/537.36 (KHTML, like Gecko) Chrome/141.0.7390.122 Mobile Safari/537.36 (compatible; GoogleOther)"
74.7.241.30 - - [23/Dec/2025:20:20:49 +0800] "GET /pages.php?glass/b272?pid=773 HTTP/1.1" 200 167733 "-" "Mozilla/5.0 AppleWebKit/537.36 (KHTML, like Gecko; compatible; GPTBot/1.3; +https://openai.com/gptbot)"
66.249.74.169 - - [23/Dec/2025:20:20:50 +0800] "GET /?products/21996563 HTTP/1.1" 200 173551 "-" "Mozilla/5.0 (Linux; Android 6.0.1; Nexus 5X Build/MMB29P) AppleWebKit/537.36 (KHTML, like Gecko) Chrome/141.0.7390.122 Mobile Safari/537.36 (compatible; GoogleOther)"
66.249.74.162 - - [23/Dec/2025:20:20:51 +0800] "GET /?m=169800624 HTTP/1.1" 200 148084 "-" "Mozilla/5.0 (Linux; Android 6.0.1; Nexus 5X Build/MMB29P) AppleWebKit/537.36 (KHTML, like Gecko) Chrome/141.0.7390.122 Mobile Safari/537.36 (compatible; Googlebot/2.1; +http://www.google.com/bot.html)"
66.249.74.160 - - [23/Dec/2025:20:20:51 +0800] "GET /?products/6113318 HTTP/1.1" 200 147124 "-" "Mozilla/5.0 (Linux; Android 6.0.1; Nexus 5X Build/MMB29P) AppleWebKit/537.36 (KHTML, like Gecko) Chrome/141.0.7390.122 Mobile Safari/537.36 (compatible; GoogleOther)"
66.249.74.162 - - [23/Dec/2025:20:20:52 +0800] "GET /?products/10871896 HTTP/1.1" 200 169543 "-" "Mozilla/5.0 (Linux; Android 6.0.1; Nexus 5X Build/MMB29P) AppleWebKit/537.36 (KHTML, like Gecko) Chrome/141.0.7390.122 Mobile Safari/537.36 (compatible; GoogleOther)"
74.7.241.30 - - [23/Dec/2025:20:20:51 +0800] "GET /pages.php?minor/m272?pid=771 HTTP/1.1" 200 168208 "-" "Mozilla/5.0 AppleWebKit/537.36 (KHTML, like Gecko; compatible; GPTBot/1.3; +https://openai.com/gptbot)"
66.249.74.168 - - [23/Dec/2025:20:20:52 +0800] "GET /?products/16239007 HTTP/1.1" 200 146814 "-" "Mozilla/5.0 (Linux; Android 6.0.1; Nexus 5X Build/MMB29P) AppleWebKit/537.36 (KHTML, like Gecko) Chrome/141.0.7390.122 Mobile Safari/537.36 (compatible; GoogleOther)"
66.249.74.166 - - [23/Dec/2025:20:20:53 +0800] "GET /?m=433886224 HTTP/1.1" 200 167655 "-" "Mozilla/5.0 (Linux; Android 6.0.1; Nexus 5X Build/MMB29P) AppleWebKit/537.36 (KHTML, like Gecko) Chrome/141.0.7390.122 Mobile Safari/537.36 (compatible; Googlebot/2.1; +http://www.google.com/bot.html)"
74.7.241.30 - - [23/Dec/2025:20:20:53 +0800] "GET /pages.php?drinking/t272?pid=775 HTTP/1.1" 200 167705 "-" "Mozilla/5.0 AppleWebKit/537.36 (KHTML, like Gecko; compatible; GPTBot/1.3; +https://openai.com/gptbot)"
66.249.74.166 - - [23/Dec/2025:20:20:54 +0800] "GET /?m=57399024 HTTP/1.1" 200 152702 "-" "Mozilla/5.0 (Linux; Android 6.0.1; Nexus 5X Build/MMB29P) AppleWebKit/537.36 (KHTML, like Gecko) Chrome/141.0.7390.122 Mobile Safari/537.36 (compatible; Googlebot/2.1; +http://www.google.com/bot.html)"
66.249.74.163 - - [23/Dec/2025:20:20:54 +0800] "GET /?products/4920841 HTTP/1.1" 200 158496 "-" "Mozilla/5.0 (Linux; Android 6.0.1; Nexus 5X Build/MMB29P) AppleWebKit/537.36 (KHTML, like Gecko) Chrome/141.0.7390.122 Mobile Safari/537.36 (compatible; GoogleOther)"
66.249.74.166 - - [23/Dec/2025:20:20:54 +0800] "GET /?products/1463930 HTTP/1.1" 200 181527 "-" "Mozilla/5.0 (Linux; Android 6.0.1; Nexus 5X Build/MMB29P) AppleWebKit/537.36 (KHTML, like Gecko) Chrome/141.0.7390.122 Mobile Safari/537.36 (compatible; GoogleOther)"
74.7.241.30 - - [23/Dec/2025:20:20:54 +0800] "GET /pages.php?associate/m272?pid=771 HTTP/1.1" 200 167610 "-" "Mozilla/5.0 AppleWebKit/537.36 (KHTML, like Gecko; compatible; GPTBot/1.3; +https://openai.com/gptbot)"
66.249.74.165 - - [23/Dec/2025:20:20:55 +0800] "GET /?products/11540074 HTTP/1.1" 200 162331 "-" "Mozilla/5.0 (Linux; Android 6.0.1; Nexus 5X Build/MMB29P) AppleWebKit/537.36 (KHTML, like Gecko) Chrome/141.0.7390.122 Mobile Safari/537.36 (compatible; GoogleOther)"
66.249.74.169 - - [23/Dec/2025:20:20:56 +0800] "GET /?products/14581252 HTTP/1.1" 200 184875 "-" "Mozilla/5.0 (Linux; Android 6.0.1; Nexus 5X Build/MMB29P) AppleWebKit/537.36 (KHTML, like Gecko) Chrome/141.0.7390.122 Mobile Safari/537.36 (compatible; GoogleOther)"
66.249.74.165 - - [23/Dec/2025:20:20:57 +0800] "GET /?products/21332385 HTTP/1.1" 200 190115 "-" "Mozilla/5.0 (Linux; Android 6.0.1; Nexus 5X Build/MMB29P) AppleWebKit/537.36 (KHTML, like Gecko) Chrome/141.0.7390.122 Mobile Safari/537.36 (compatible; GoogleOther)"
74.7.241.30 - - [23/Dec/2025:20:20:56 +0800] "GET /pages.php?calendar/p272?pid=769 HTTP/1.1" 200 168565 "-" "Mozilla/5.0 AppleWebKit/537.36 (KHTML, like Gecko; compatible; GPTBot/1.3; +https://openai.com/gptbot)"
66.249.74.164 - - [23/Dec/2025:20:20:57 +0800] "GET /?products/29119652 HTTP/1.1" 200 146148 "-" "Mozilla/5.0 (Linux; Android 6.0.1; Nexus 5X Build/MMB29P) AppleWebKit/537.36 (KHTML, like Gecko) Chrome/141.0.7390.122 Mobile Safari/537.36 (compatible; GoogleOther)"
66.249.74.161 - - [23/Dec/2025:20:20:58 +0800] "GET /?products/16627041 HTTP/1.1" 200 152063 "-" "Mozilla/5.0 (Linux; Android 6.0.1; Nexus 5X Build/MMB29P) AppleWebKit/537.36 (KHTML, like Gecko) Chrome/141.0.7390.122 Mobile Safari/537.36 (compatible; GoogleOther)"
74.7.241.30 - - [23/Dec/2025:20:20:57 +0800] "GET /pages.php?taste/m272?pid=771 HTTP/1.1" 200 167873 "-" "Mozilla/5.0 AppleWebKit/537.36 (KHTML, like Gecko; compatible; GPTBot/1.3; +https://openai.com/gptbot)"
66.249.74.162 - - [23/Dec/2025:20:20:58 +0800] "GET /?products/5524274 HTTP/1.1" 200 180101 "-" "Mozilla/5.0 (Linux; Android 6.0.1; Nexus 5X Build/MMB29P) AppleWebKit/537.36 (KHTML, like Gecko) Chrome/141.0.7390.122 Mobile Safari/537.36 (compatible; GoogleOther)"
66.249.74.165 - - [23/Dec/2025:20:20:59 +0800] "GET /?products/4843930 HTTP/1.1" 200 163208 "-" "Mozilla/5.0 (Linux; Android 6.0.1; Nexus 5X Build/MMB29P) AppleWebKit/537.36 (KHTML, like Gecko) Chrome/141.0.7390.122 Mobile Safari/537.36 (compatible; GoogleOther)"
74.7.241.30 - - [23/Dec/2025:20:20:58 +0800] "GET /pages.php?mine/n272?pid=795 HTTP/1.1" 200 153417 "-" "Mozilla/5.0 AppleWebKit/537.36 (KHTML, like Gecko; compatible; GPTBot/1.3; +https://openai.com/gptbot)"
66.249.74.163 - - [23/Dec/2025:20:20:59 +0800] "GET /?products/23158441 HTTP/1.1" 200 171067 "-" "Mozilla/5.0 (Linux; Android 6.0.1; Nexus 5X Build/MMB29P) AppleWebKit/537.36 (KHTML, like Gecko) Chrome/141.0.7390.122 Mobile Safari/537.36 (compatible; GoogleOther)"
66.249.74.164 - - [23/Dec/2025:20:21:00 +0800] "GET /?products/20190207 HTTP/1.1" 200 144098 "-" "Mozilla/5.0 (Linux; Android 6.0.1; Nexus 5X Build/MMB29P) AppleWebKit/537.36 (KHTML, like Gecko) Chrome/141.0.7390.122 Mobile Safari/537.36 (compatible; GoogleOther)"
74.7.241.30 - - [23/Dec/2025:20:20:59 +0800] "GET /pages.php?upstairs/b272?pid=773 HTTP/1.1" 200 167187 "-" "Mozilla/5.0 AppleWebKit/537.36 (KHTML, like Gecko; compatible; GPTBot/1.3; +https://openai.com/gptbot)"
66.249.74.166 - - [23/Dec/2025:20:21:00 +0800] "GET /?products/29180918 HTTP/1.1" 200 147043 "-" "Mozilla/5.0 (Linux; Android 6.0.1; Nexus 5X Build/MMB29P) AppleWebKit/537.36 (KHTML, like Gecko) Chrome/141.0.7390.122 Mobile Safari/537.36 (compatible; GoogleOther)"
74.7.241.30 - - [23/Dec/2025:20:21:00 +0800] "GET /pages.php?lose/n272?pid=795 HTTP/1.1" 200 153681 "-" "Mozilla/5.0 AppleWebKit/537.36 (KHTML, like Gecko; compatible; GPTBot/1.3; +https://openai.com/gptbot)"
66.249.74.165 - - [23/Dec/2025:20:21:01 +0800] "GET /?products/2584274 HTTP/1.1" 200 145509 "-" "Mozilla/5.0 (Linux; Android 6.0.1; Nexus 5X Build/MMB29P) AppleWebKit/537.36 (KHTML, like Gecko) Chrome/141.0.7390.122 Mobile Safari/537.36 (compatible; GoogleOther)"
66.249.74.160 - - [23/Dec/2025:20:21:01 +0800] "GET /?products/17981230 HTTP/1.1" 200 179192 "-" "Mozilla/5.0 (Linux; Android 6.0.1; Nexus 5X Build/MMB29P) AppleWebKit/537.36 (KHTML, like Gecko) Chrome/141.0.7390.122 Mobile Safari/537.36 (compatible; GoogleOther)"
74.7.241.30 - - [23/Dec/2025:20:21:01 +0800] "GET /pages.php?mail/q272?pid=859 HTTP/1.1" 200 168388 "-" "Mozilla/5.0 AppleWebKit/537.36 (KHTML, like Gecko; compatible; GPTBot/1.3; +https://openai.com/gptbot)"
66.249.74.164 - - [23/Dec/2025:20:21:02 +0800] "GET /?products/26247230 HTTP/1.1" 200 171179 "-" "Mozilla/5.0 (Linux; Android 6.0.1; Nexus 5X Build/MMB29P) AppleWebKit/537.36 (KHTML, like Gecko) Chrome/141.0.7390.122 Mobile Safari/537.36 (compatible; GoogleOther)"
66.249.74.161 - - [23/Dec/2025:20:21:02 +0800] "GET /?products/29613530 HTTP/1.1" 200 155250 "-" "Mozilla/5.0 (Linux; Android 6.0.1; Nexus 5X Build/MMB29P) AppleWebKit/537.36 (KHTML, like Gecko) Chrome/141.0.7390.122 Mobile Safari/537.36 (compatible; GoogleOther)"
74.7.241.30 - - [23/Dec/2025:20:21:02 +0800] "GET /pages.php?possibly/m272?pid=771 HTTP/1.1" 200 167348 "-" "Mozilla/5.0 AppleWebKit/537.36 (KHTML, like Gecko; compatible; GPTBot/1.3; +https://openai.com/gptbot)"
66.249.74.162 - - [23/Dec/2025:20:21:03 +0800] "GET /?products/7827685 HTTP/1.1" 200 157923 "-" "Mozilla/5.0 (Linux; Android 6.0.1; Nexus 5X Build/MMB29P) AppleWebKit/537.36 (KHTML, like Gecko) Chrome/141.0.7390.122 Mobile Safari/537.36 (compatible; GoogleOther)"
74.7.241.30 - - [23/Dec/2025:20:21:03 +0800] "GET /pages.php?birthday/b272?pid=773 HTTP/1.1" 200 167464 "-" "Mozilla/5.0 AppleWebKit/537.36 (KHTML, like Gecko; compatible; GPTBot/1.3; +https://openai.com/gptbot)"
66.249.74.167 - - [23/Dec/2025:20:21:03 +0800] "GET /?products/13664130 HTTP/1.1" 200 144105 "-" "Mozilla/5.0 (Linux; Android 6.0.1; Nexus 5X Build/MMB29P) AppleWebKit/537.36 (KHTML, like Gecko) Chrome/141.0.7390.122 Mobile Safari/537.36 (compatible; GoogleOther)"
66.249.74.167 - - [23/Dec/2025:20:21:04 +0800] "GET /?products/6459863 HTTP/1.1" 200 141905 "-" "Mozilla/5.0 (Linux; Android 6.0.1; Nexus 5X Build/MMB29P) AppleWebKit/537.36 (KHTML, like Gecko) Chrome/141.0.7390.122 Mobile Safari/537.36 (compatible; GoogleOther)"
66.249.74.166 - - [23/Dec/2025:20:21:04 +0800] "GET /?products/14357341 HTTP/1.1" 200 154538 "-" "Mozilla/5.0 (Linux; Android 6.0.1; Nexus 5X Build/MMB29P) AppleWebKit/537.36 (KHTML, like Gecko) Chrome/141.0.7390.122 Mobile Safari/537.36 (compatible; GoogleOther)"
74.7.241.30 - - [23/Dec/2025:20:21:03 +0800] "GET /pages.php?range/b272?pid=773 HTTP/1.1" 200 167730 "-" "Mozilla/5.0 AppleWebKit/537.36 (KHTML, like Gecko; compatible; GPTBot/1.3; +https://openai.com/gptbot)"
66.249.74.161 - - [23/Dec/2025:20:21:04 +0800] "GET /?products/26795018 HTTP/1.1" 200 148676 "-" "Mozilla/5.0 (Linux; Android 6.0.1; Nexus 5X Build/MMB29P) AppleWebKit/537.36 (KHTML, like Gecko) Chrome/141.0.7390.122 Mobile Safari/537.36 (compatible; GoogleOther)"
66.249.74.167 - - [23/Dec/2025:20:21:05 +0800] "GET /?products/4113430 HTTP/1.1" 200 159661 "-" "Mozilla/5.0 (Linux; Android 6.0.1; Nexus 5X Build/MMB29P) AppleWebKit/537.36 (KHTML, like Gecko) Chrome/141.0.7390.122 Mobile Safari/537.36 (compatible; GoogleOther)"
74.7.241.30 - - [23/Dec/2025:20:21:05 +0800] "GET /pages.php?guilty/m272?pid=771 HTTP/1.1" 200 167948 "-" "Mozilla/5.0 AppleWebKit/537.36 (KHTML, like Gecko; compatible; GPTBot/1.3; +https://openai.com/gptbot)"
66.249.74.165 - - [23/Dec/2025:20:21:05 +0800] "GET /?products/4084129 HTTP/1.1" 200 178860 "-" "Mozilla/5.0 (compatible; Googlebot/2.1; +http://www.google.com/bot.html)"
66.249.74.161 - - [23/Dec/2025:20:21:05 +0800] "GET /?products/5722429 HTTP/1.1" 200 147085 "-" "Mozilla/5.0 (Linux; Android 6.0.1; Nexus 5X Build/MMB29P) AppleWebKit/537.36 (KHTML, like Gecko) Chrome/141.0.7390.122 Mobile Safari/537.36 (compatible; GoogleOther)"
74.7.241.30 - - [23/Dec/2025:20:21:05 +0800] "GET /pages.php?reporting/t272?pid=775 HTTP/1.1" 200 168663 "-" "Mozilla/5.0 AppleWebKit/537.36 (KHTML, like Gecko; compatible; GPTBot/1.3; +https://openai.com/gptbot)"
66.249.74.167 - - [23/Dec/2025:20:21:06 +0800] "GET /?products/16024829 HTTP/1.1" 200 166080 "-" "Mozilla/5.0 (Linux; Android 6.0.1; Nexus 5X Build/MMB29P) AppleWebKit/537.36 (KHTML, like Gecko) Chrome/141.0.7390.122 Mobile Safari/537.36 (compatible; GoogleOther)"
66.249.74.167 - - [23/Dec/2025:20:21:06 +0800] "GET /?products/20522974 HTTP/1.1" 200 146312 "-" "Mozilla/5.0 (Linux; Android 6.0.1; Nexus 5X Build/MMB29P) AppleWebKit/537.36 (KHTML, like Gecko) Chrome/141.0.7390.122 Mobile Safari/537.36 (compatible; GoogleOther)"
74.7.241.30 - - [23/Dec/2025:20:21:06 +0800] "GET /pages.php?general/z51?pid=3586 HTTP/1.1" 200 142887 "-" "Mozilla/5.0 AppleWebKit/537.36 (KHTML, like Gecko; compatible; GPTBot/1.3; +https://openai.com/gptbot)"
66.249.74.164 - - [23/Dec/2025:20:21:07 +0800] "GET /?products/7804396 HTTP/1.1" 200 174444 "-" "Mozilla/5.0 (Linux; Android 6.0.1; Nexus 5X Build/MMB29P) AppleWebKit/537.36 (KHTML, like Gecko) Chrome/141.0.7390.122 Mobile Safari/537.36 (compatible; GoogleOther)"
74.7.241.30 - - [23/Dec/2025:20:21:07 +0800] "GET /pages.php?content/n272?pid=795 HTTP/1.1" 200 153087 "-" "Mozilla/5.0 AppleWebKit/537.36 (KHTML, like Gecko; compatible; GPTBot/1.3; +https://openai.com/gptbot)"
66.249.74.164 - - [23/Dec/2025:20:21:07 +0800] "GET /?products/22727118 HTTP/1.1" 200 152746 "-" "Mozilla/5.0 (Linux; Android 6.0.1; Nexus 5X Build/MMB29P) AppleWebKit/537.36 (KHTML, like Gecko) Chrome/141.0.7390.122 Mobile Safari/537.36 (compatible; GoogleOther)"
66.249.74.166 - - [23/Dec/2025:20:21:08 +0800] "GET /?products/3543829 HTTP/1.1" 200 171781 "-" "Mozilla/5.0 (Linux; Android 6.0.1; Nexus 5X Build/MMB29P) AppleWebKit/537.36 (KHTML, like Gecko) Chrome/141.0.7390.122 Mobile Safari/537.36 (compatible; GoogleOther)"
74.7.241.30 - - [23/Dec/2025:20:21:08 +0800] "GET /pages.php?equipment/m272?pid=771 HTTP/1.1" 200 168006 "-" "Mozilla/5.0 AppleWebKit/537.36 (KHTML, like Gecko; compatible; GPTBot/1.3; +https://openai.com/gptbot)"
66.249.74.168 - - [23/Dec/2025:20:21:09 +0800] "GET /?products/10301529 HTTP/1.1" 200 172322 "-" "Mozilla/5.0 (Linux; Android 6.0.1; Nexus 5X Build/MMB29P) AppleWebKit/537.36 (KHTML, like Gecko) Chrome/141.0.7390.122 Mobile Safari/537.36 (compatible; GoogleOther)"
74.7.241.30 - - [23/Dec/2025:20:21:09 +0800] "GET /pages.php?business/e142?pid=6547 HTTP/1.1" 200 146126 "-" "Mozilla/5.0 AppleWebKit/537.36 (KHTML, like Gecko; compatible; GPTBot/1.3; +https://openai.com/gptbot)"
66.249.74.164 - - [23/Dec/2025:20:21:09 +0800] "GET /?products/12629607 HTTP/1.1" 200 149269 "-" "Mozilla/5.0 (Linux; Android 6.0.1; Nexus 5X Build/MMB29P) AppleWebKit/537.36 (KHTML, like Gecko) Chrome/141.0.7390.122 Mobile Safari/537.36 (compatible; GoogleOther)"
66.249.74.163 - - [23/Dec/2025:20:21:10 +0800] "GET /?products/23003129 HTTP/1.1" 200 144455 "-" "Mozilla/5.0 (Linux; Android 6.0.1; Nexus 5X Build/MMB29P) AppleWebKit/537.36 (KHTML, like Gecko) Chrome/141.0.7390.122 Mobile Safari/537.36 (compatible; GoogleOther)"
74.7.241.30 - - [23/Dec/2025:20:21:09 +0800] "GET /pages.php?trading/s116?pid=8189 HTTP/1.1" 200 148535 "-" "Mozilla/5.0 AppleWebKit/537.36 (KHTML, like Gecko; compatible; GPTBot/1.3; +https://openai.com/gptbot)"
66.249.74.165 - - [23/Dec/2025:20:21:10 +0800] "GET /?products/4926374 HTTP/1.1" 200 143881 "-" "Mozilla/5.0 (Linux; Android 6.0.1; Nexus 5X Build/MMB29P) AppleWebKit/537.36 (KHTML, like Gecko) Chrome/141.0.7390.122 Mobile Safari/537.36 (compatible; GoogleOther)"
74.7.241.30 - - [23/Dec/2025:20:21:10 +0800] "GET /pages.php?although/t272?pid=775 HTTP/1.1" 200 168330 "-" "Mozilla/5.0 AppleWebKit/537.36 (KHTML, like Gecko; compatible; GPTBot/1.3; +https://openai.com/gptbot)"
66.249.74.163 - - [23/Dec/2025:20:21:10 +0800] "GET /?products/18022063 HTTP/1.1" 200 159583 "-" "Mozilla/5.0 (Linux; Android 6.0.1; Nexus 5X Build/MMB29P) AppleWebKit/537.36 (KHTML, like Gecko) Chrome/141.0.7390.122 Mobile Safari/537.36 (compatible; GoogleOther)"
74.7.241.30 - - [23/Dec/2025:20:21:11 +0800] "GET /pages.php?expected/m272?pid=771 HTTP/1.1" 200 168081 "-" "Mozilla/5.0 AppleWebKit/537.36 (KHTML, like Gecko; compatible; GPTBot/1.3; +https://openai.com/gptbot)"
66.249.74.162 - - [23/Dec/2025:20:21:11 +0800] "GET /?products/23063107 HTTP/1.1" 200 154811 "-" "Mozilla/5.0 (Linux; Android 6.0.1; Nexus 5X Build/MMB29P) AppleWebKit/537.36 (KHTML, like Gecko) Chrome/141.0.7390.122 Mobile Safari/537.36 (compatible; GoogleOther)"
66.249.74.166 - - [23/Dec/2025:20:21:11 +0800] "GET /?products/16118630 HTTP/1.1" 200 148905 "-" "Mozilla/5.0 (Linux; Android 6.0.1; Nexus 5X Build/MMB29P) AppleWebKit/537.36 (KHTML, like Gecko) Chrome/141.0.7390.122 Mobile Safari/537.36 (compatible; GoogleOther)"
74.7.241.30 - - [23/Dec/2025:20:21:11 +0800] "GET /pages.php?fraud/n272?pid=795 HTTP/1.1" 200 153644 "-" "Mozilla/5.0 AppleWebKit/537.36 (KHTML, like Gecko; compatible; GPTBot/1.3; +https://openai.com/gptbot)"
66.249.74.162 - - [23/Dec/2025:20:21:12 +0800] "GET /?products/4937218 HTTP/1.1" 200 144976 "-" "Mozilla/5.0 (Linux; Android 6.0.1; Nexus 5X Build/MMB29P) AppleWebKit/537.36 (KHTML, like Gecko) Chrome/141.0.7390.122 Mobile Safari/537.36 (compatible; GoogleOther)"
74.7.241.30 - - [23/Dec/2025:20:21:12 +0800] "GET /pages.php?sculpture/p272?pid=769 HTTP/1.1" 200 168458 "-" "Mozilla/5.0 AppleWebKit/537.36 (KHTML, like Gecko; compatible; GPTBot/1.3; +https://openai.com/gptbot)"
66.249.74.169 - - [23/Dec/2025:20:21:12 +0800] "GET /?products/25946129 HTTP/1.1" 200 146497 "-" "Mozilla/5.0 (Linux; Android 6.0.1; Nexus 5X Build/MMB29P) AppleWebKit/537.36 (KHTML, like Gecko) Chrome/141.0.7390.122 Mobile Safari/537.36 (compatible; GoogleOther)"
66.249.74.163 - - [23/Dec/2025:20:21:13 +0800] "GET /?products/21723730 HTTP/1.1" 200 171982 "-" "Mozilla/5.0 (Linux; Android 6.0.1; Nexus 5X Build/MMB29P) AppleWebKit/537.36 (KHTML, like Gecko) Chrome/141.0.7390.122 Mobile Safari/537.36 (compatible; GoogleOther)"
66.249.74.162 - - [23/Dec/2025:20:21:13 +0800] "GET /?products/24996518 HTTP/1.1" 200 155143 "-" "Mozilla/5.0 (Linux; Android 6.0.1; Nexus 5X Build/MMB29P) AppleWebKit/537.36 (KHTML, like Gecko) Chrome/141.0.7390.122 Mobile Safari/537.36 (compatible; GoogleOther)"
74.7.241.30 - - [23/Dec/2025:20:21:13 +0800] "GET /pages.php?score/d5?pid=22484 HTTP/1.1" 200 148714 "-" "Mozilla/5.0 AppleWebKit/537.36 (KHTML, like Gecko; compatible; GPTBot/1.3; +https://openai.com/gptbot)"
66.249.74.160 - - [23/Dec/2025:20:21:14 +0800] "GET /?products/28161574 HTTP/1.1" 200 154483 "-" "Mozilla/5.0 (Linux; Android 6.0.1; Nexus 5X Build/MMB29P) AppleWebKit/537.36 (KHTML, like Gecko) Chrome/141.0.7390.122 Mobile Safari/537.36 (compatible; GoogleOther)"
74.7.241.30 - - [23/Dec/2025:20:21:14 +0800] "GET /pages.php?young/t272?pid=775 HTTP/1.1" 200 167523 "-" "Mozilla/5.0 AppleWebKit/537.36 (KHTML, like Gecko; compatible; GPTBot/1.3; +https://openai.com/gptbot)"
66.249.74.163 - - [23/Dec/2025:20:21:14 +0800] "GET /?products/5531452 HTTP/1.1" 200 147615 "-" "Mozilla/5.0 (Linux; Android 6.0.1; Nexus 5X Build/MMB29P) AppleWebKit/537.36 (KHTML, like Gecko) Chrome/141.0.7390.122 Mobile Safari/537.36 (compatible; GoogleOther)"
66.249.74.162 - - [23/Dec/2025:20:21:15 +0800] "GET /?products/15675229 HTTP/1.1" 200 165116 "-" "Mozilla/5.0 (Linux; Android 6.0.1; Nexus 5X Build/MMB29P) AppleWebKit/537.36 (KHTML, like Gecko) Chrome/141.0.7390.122 Mobile Safari/537.36 (compatible; GoogleOther)"
74.7.241.30 - - [23/Dec/2025:20:21:15 +0800] "GET /pages.php?plot/t272?pid=775 HTTP/1.1" 200 167954 "-" "Mozilla/5.0 AppleWebKit/537.36 (KHTML, like Gecko; compatible; GPTBot/1.3; +https://openai.com/gptbot)"
66.249.74.162 - - [23/Dec/2025:20:21:15 +0800] "GET /?products/21761618 HTTP/1.1" 200 164521 "-" "Mozilla/5.0 (Linux; Android 6.0.1; Nexus 5X Build/MMB29P) AppleWebKit/537.36 (KHTML, like Gecko) Chrome/141.0.7390.122 Mobile Safari/537.36 (compatible; GoogleOther)"
74.7.241.30 - - [23/Dec/2025:20:21:16 +0800] "GET /pages.php?shrug/m272?pid=771 HTTP/1.1" 200 167816 "-" "Mozilla/5.0 AppleWebKit/537.36 (KHTML, like Gecko; compatible; GPTBot/1.3; +https://openai.com/gptbot)"
66.249.74.164 - - [23/Dec/2025:20:21:16 +0800] "GET /?products/20793463 HTTP/1.1" 200 162233 "-" "Mozilla/5.0 (Linux; Android 6.0.1; Nexus 5X Build/MMB29P) AppleWebKit/537.36 (KHTML, like Gecko) Chrome/141.0.7390.122 Mobile Safari/537.36 (compatible; GoogleOther)"
66.249.74.161 - - [23/Dec/2025:20:21:16 +0800] "GET /?products/5702563 HTTP/1.1" 200 165162 "-" "Mozilla/5.0 (Linux; Android 6.0.1; Nexus 5X Build/MMB29P) AppleWebKit/537.36 (KHTML, like Gecko) Chrome/141.0.7390.122 Mobile Safari/537.36 (compatible; GoogleOther)"
74.7.241.30 - - [23/Dec/2025:20:21:16 +0800] "GET /pages.php?honor/n272?pid=795 HTTP/1.1" 200 153395 "-" "Mozilla/5.0 AppleWebKit/537.36 (KHTML, like Gecko; compatible; GPTBot/1.3; +https://openai.com/gptbot)"
66.249.74.160 - - [23/Dec/2025:20:21:17 +0800] "GET /?products/19826696 HTTP/1.1" 200 149726 "-" "Mozilla/5.0 (Linux; Android 6.0.1; Nexus 5X Build/MMB29P) AppleWebKit/537.36 (KHTML, like Gecko) Chrome/141.0.7390.122 Mobile Safari/537.36 (compatible; GoogleOther)"
74.7.241.30 - - [23/Dec/2025:20:21:17 +0800] "GET /pages.php?trip/q272?pid=859 HTTP/1.1" 200 168121 "-" "Mozilla/5.0 AppleWebKit/537.36 (KHTML, like Gecko; compatible; GPTBot/1.3; +https://openai.com/gptbot)"
66.249.74.164 - - [23/Dec/2025:20:21:17 +0800] "GET /?products/17850029 HTTP/1.1" 200 157472 "-" "Mozilla/5.0 (Linux; Android 6.0.1; Nexus 5X Build/MMB29P) AppleWebKit/537.36 (KHTML, like Gecko) Chrome/141.0.7390.122 Mobile Safari/537.36 (compatible; GoogleOther)"
66.249.74.163 - - [23/Dec/2025:20:21:18 +0800] "GET /?products/9914852 HTTP/1.1" 200 161637 "-" "Mozilla/5.0 (Linux; Android 6.0.1; Nexus 5X Build/MMB29P) AppleWebKit/537.36 (KHTML, like Gecko) Chrome/141.0.7390.122 Mobile Safari/537.36 (compatible; GoogleOther)"
74.7.241.30 - - [23/Dec/2025:20:21:18 +0800] "GET /pages.php?learn/t272?pid=775 HTTP/1.1" 200 168143 "-" "Mozilla/5.0 AppleWebKit/537.36 (KHTML, like Gecko; compatible; GPTBot/1.3; +https://openai.com/gptbot)"
66.249.74.162 - - [23/Dec/2025:20:21:18 +0800] "GET /?products/18312952 HTTP/1.1" 200 153572 "-" "Mozilla/5.0 (Linux; Android 6.0.1; Nexus 5X Build/MMB29P) AppleWebKit/537.36 (KHTML, like Gecko) Chrome/141.0.7390.122 Mobile Safari/537.36 (compatible; GoogleOther)"
66.249.74.164 - - [23/Dec/2025:20:21:19 +0800] "GET /?products/15457429 HTTP/1.1" 200 197163 "-" "Mozilla/5.0 (Linux; Android 6.0.1; Nexus 5X Build/MMB29P) AppleWebKit/537.36 (KHTML, like Gecko) Chrome/141.0.7390.122 Mobile Safari/537.36 (compatible; GoogleOther)"
74.7.241.30 - - [23/Dec/2025:20:21:19 +0800] "GET /pages.php?pregnancy/m272?pid=771 HTTP/1.1" 200 167606 "-" "Mozilla/5.0 AppleWebKit/537.36 (KHTML, like Gecko; compatible; GPTBot/1.3; +https://openai.com/gptbot)"
66.249.74.162 - - [23/Dec/2025:20:21:19 +0800] "GET /?products/27076441 HTTP/1.1" 200 145136 "-" "Mozilla/5.0 (Linux; Android 6.0.1; Nexus 5X Build/MMB29P) AppleWebKit/537.36 (KHTML, like Gecko) Chrome/141.0.7390.122 Mobile Safari/537.36 (compatible; GoogleOther)"
74.7.241.30 - - [23/Dec/2025:20:21:20 +0800] "GET /pages.php?cheat/t272?pid=775 HTTP/1.1" 200 167987 "-" "Mozilla/5.0 AppleWebKit/537.36 (KHTML, like Gecko; compatible; GPTBot/1.3; +https://openai.com/gptbot)"
66.249.74.165 - - [23/Dec/2025:20:21:20 +0800] "GET /?products/4910852 HTTP/1.1" 200 149719 "-" "Mozilla/5.0 (Linux; Android 6.0.1; Nexus 5X Build/MMB29P) AppleWebKit/537.36 (KHTML, like Gecko) Chrome/141.0.7390.122 Mobile Safari/537.36 (compatible; GoogleOther)"
66.249.74.169 - - [23/Dec/2025:20:21:20 +0800] "GET /?products/9508696 HTTP/1.1" 200 174507 "-" "Mozilla/5.0 (Linux; Android 6.0.1; Nexus 5X Build/MMB29P) AppleWebKit/537.36 (KHTML, like Gecko) Chrome/141.0.7390.122 Mobile Safari/537.36 (compatible; GoogleOther)"
66.249.74.162 - - [23/Dec/2025:20:21:21 +0800] "GET /?products/26921385 HTTP/1.1" 200 164469 "-" "Mozilla/5.0 (Linux; Android 6.0.1; Nexus 5X Build/MMB29P) AppleWebKit/537.36 (KHTML, like Gecko) Chrome/141.0.7390.122 Mobile Safari/537.36 (compatible; GoogleOther)"
74.7.241.30 - - [23/Dec/2025:20:21:20 +0800] "GET /pages.php?per/m278?pid=27077 HTTP/1.1" 200 147473 "-" "Mozilla/5.0 AppleWebKit/537.36 (KHTML, like Gecko; compatible; GPTBot/1.3; +https://openai.com/gptbot)"
66.249.74.162 - - [23/Dec/2025:20:21:21 +0800] "GET /?products/2405007 HTTP/1.1" 200 151188 "-" "Mozilla/5.0 (Linux; Android 6.0.1; Nexus 5X Build/MMB29P) AppleWebKit/537.36 (KHTML, like Gecko) Chrome/141.0.7390.122 Mobile Safari/537.36 (compatible; GoogleOther)"
66.249.74.164 - - [23/Dec/2025:20:21:22 +0800] "GET /?products/24451218 HTTP/1.1" 200 171432 "-" "Mozilla/5.0 (Linux; Android 6.0.1; Nexus 5X Build/MMB29P) AppleWebKit/537.36 (KHTML, like Gecko) Chrome/141.0.7390.122 Mobile Safari/537.36 (compatible; GoogleOther)"
74.7.241.30 - - [23/Dec/2025:20:21:21 +0800] "GET /pages.php?guarantee/s79?pid=7760 HTTP/1.1" 200 148500 "-" "Mozilla/5.0 AppleWebKit/537.36 (KHTML, like Gecko; compatible; GPTBot/1.3; +https://openai.com/gptbot)"
66.249.74.164 - - [23/Dec/2025:20:21:22 +0800] "GET /?products/13999396 HTTP/1.1" 200 148645 "-" "Mozilla/5.0 (Linux; Android 6.0.1; Nexus 5X Build/MMB29P) AppleWebKit/537.36 (KHTML, like Gecko) Chrome/141.0.7390.122 Mobile Safari/537.36 (compatible; GoogleOther)"
66.249.74.162 - - [23/Dec/2025:20:21:23 +0800] "GET /?products/21498396 HTTP/1.1" 200 153942 "-" "Mozilla/5.0 (Linux; Android 6.0.1; Nexus 5X Build/MMB29P) AppleWebKit/537.36 (KHTML, like Gecko) Chrome/141.0.7390.122 Mobile Safari/537.36 (compatible; GoogleOther)"
74.7.241.30 - - [23/Dec/2025:20:21:23 +0800] "GET /pages.php?radiation/b272?pid=773 HTTP/1.1" 200 167785 "-" "Mozilla/5.0 AppleWebKit/537.36 (KHTML, like Gecko; compatible; GPTBot/1.3; +https://openai.com/gptbot)"
66.249.74.169 - - [23/Dec/2025:20:21:23 +0800] "GET /?products/9755407 HTTP/1.1" 200 165487 "-" "Mozilla/5.0 (Linux; Android 6.0.1; Nexus 5X Build/MMB29P) AppleWebKit/537.36 (KHTML, like Gecko) Chrome/141.0.7390.122 Mobile Safari/537.36 (compatible; GoogleOther)"
66.249.74.164 - - [23/Dec/2025:20:21:24 +0800] "GET /?products/7042352 HTTP/1.1" 200 146279 "-" "Mozilla/5.0 (Linux; Android 6.0.1; Nexus 5X Build/MMB29P) AppleWebKit/537.36 (KHTML, like Gecko) Chrome/141.0.7390.122 Mobile Safari/537.36 (compatible; GoogleOther)"
74.7.241.30 - - [23/Dec/2025:20:21:24 +0800] "GET /pages.php?depending/d5?pid=22484 HTTP/1.1" 200 148672 "-" "Mozilla/5.0 AppleWebKit/537.36 (KHTML, like Gecko; compatible; GPTBot/1.3; +https://openai.com/gptbot)"
66.249.74.164 - - [23/Dec/2025:20:21:24 +0800] "GET /?products/21885507 HTTP/1.1" 200 145809 "-" "Mozilla/5.0 (Linux; Android 6.0.1; Nexus 5X Build/MMB29P) AppleWebKit/537.36 (KHTML, like Gecko) Chrome/141.0.7390.122 Mobile Safari/537.36 (compatible; GoogleOther)"
66.249.74.160 - - [23/Dec/2025:20:21:25 +0800] "GET /?products/4684341 HTTP/1.1" 200 180440 "-" "Mozilla/5.0 (Linux; Android 6.0.1; Nexus 5X Build/MMB29P) AppleWebKit/537.36 (KHTML, like Gecko) Chrome/141.0.7390.122 Mobile Safari/537.36 (compatible; GoogleOther)"
66.249.74.169 - - [23/Dec/2025:20:21:25 +0800] "GET /?products/23310318 HTTP/1.1" 200 165470 "-" "Mozilla/5.0 (Linux; Android 6.0.1; Nexus 5X Build/MMB29P) AppleWebKit/537.36 (KHTML, like Gecko) Chrome/141.0.7390.122 Mobile Safari/537.36 (compatible; GoogleOther)"
74.7.241.30 - - [23/Dec/2025:20:21:25 +0800] "GET /pages.php?none/n272?pid=795 HTTP/1.1" 200 153168 "-" "Mozilla/5.0 AppleWebKit/537.36 (KHTML, like Gecko; compatible; GPTBot/1.3; +https://openai.com/gptbot)"
66.249.74.169 - - [23/Dec/2025:20:21:26 +0800] "GET /?products/23907829 HTTP/1.1" 200 172084 "-" "Mozilla/5.0 (Linux; Android 6.0.1; Nexus 5X Build/MMB29P) AppleWebKit/537.36 (KHTML, like Gecko) Chrome/141.0.7390.122 Mobile Safari/537.36 (compatible; GoogleOther)"
66.249.74.161 - - [23/Dec/2025:20:21:26 +0800] "GET /?products/10862630 HTTP/1.1" 200 154285 "-" "Mozilla/5.0 (Linux; Android 6.0.1; Nexus 5X Build/MMB29P) AppleWebKit/537.36 (KHTML, like Gecko) Chrome/141.0.7390.122 Mobile Safari/537.36 (compatible; Googlebot/2.1; +http://www.google.com/bot.html)"
66.249.74.160 - - [23/Dec/2025:20:21:26 +0800] "GET /?products/4068018 HTTP/1.1" 200 160660 "-" "Mozilla/5.0 (Linux; Android 6.0.1; Nexus 5X Build/MMB29P) AppleWebKit/537.36 (KHTML, like Gecko) Chrome/141.0.7390.122 Mobile Safari/537.36 (compatible; GoogleOther)"
74.7.241.30 - - [23/Dec/2025:20:21:26 +0800] "GET /pages.php?inherent/u15?pid=16596 HTTP/1.1" 200 141791 "-" "Mozilla/5.0 AppleWebKit/537.36 (KHTML, like Gecko; compatible; GPTBot/1.3; +https://openai.com/gptbot)"
66.249.74.165 - - [23/Dec/2025:20:21:27 +0800] "GET /?products/5411507 HTTP/1.1" 200 166685 "-" "Mozilla/5.0 (Linux; Android 6.0.1; Nexus 5X Build/MMB29P) AppleWebKit/537.36 (KHTML, like Gecko) Chrome/141.0.7390.122 Mobile Safari/537.36 (compatible; GoogleOther)"
66.249.74.169 - - [23/Dec/2025:20:21:27 +0800] "GET /?products/11377174 HTTP/1.1" 200 157732 "-" "Mozilla/5.0 (Linux; Android 6.0.1; Nexus 5X Build/MMB29P) AppleWebKit/537.36 (KHTML, like Gecko) Chrome/141.0.7390.122 Mobile Safari/537.36 (compatible; GoogleOther)"
74.7.241.30 - - [23/Dec/2025:20:21:27 +0800] "GET /pages.php?blame/m272?pid=771 HTTP/1.1" 200 168502 "-" "Mozilla/5.0 AppleWebKit/537.36 (KHTML, like Gecko; compatible; GPTBot/1.3; +https://openai.com/gptbot)"
66.249.74.165 - - [23/Dec/2025:20:21:28 +0800] "GET /?products/15639785 HTTP/1.1" 200 169615 "-" "Mozilla/5.0 (Linux; Android 6.0.1; Nexus 5X Build/MMB29P) AppleWebKit/537.36 (KHTML, like Gecko) Chrome/141.0.7390.122 Mobile Safari/537.36 (compatible; GoogleOther)"
66.249.74.165 - - [23/Dec/2025:20:21:28 +0800] "GET /?products/6200796 HTTP/1.1" 200 157028 "-" "Mozilla/5.0 (Linux; Android 6.0.1; Nexus 5X Build/MMB29P) AppleWebKit/537.36 (KHTML, like Gecko) Chrome/141.0.7390.122 Mobile Safari/537.36 (compatible; GoogleOther)"
66.249.74.164 - - [23/Dec/2025:20:21:29 +0800] "GET /?products/30850185 HTTP/1.1" 200 151337 "-" "Mozilla/5.0 (Linux; Android 6.0.1; Nexus 5X Build/MMB29P) AppleWebKit/537.36 (KHTML, like Gecko) Chrome/141.0.7390.122 Mobile Safari/537.36 (compatible; GoogleOther)"
74.7.241.30 - - [23/Dec/2025:20:21:28 +0800] "GET /pages.php?pull/p272?pid=769 HTTP/1.1" 200 168620 "-" "Mozilla/5.0 AppleWebKit/537.36 (KHTML, like Gecko; compatible; GPTBot/1.3; +https://openai.com/gptbot)"
66.249.74.164 - - [23/Dec/2025:20:21:29 +0800] "GET /?products/25964274 HTTP/1.1" 200 154465 "-" "Mozilla/5.0 (Linux; Android 6.0.1; Nexus 5X Build/MMB29P) AppleWebKit/537.36 (KHTML, like Gecko) Chrome/141.0.7390.122 Mobile Safari/537.36 (compatible; GoogleOther)"
66.249.74.161 - - [23/Dec/2025:20:21:30 +0800] "GET /?products/5839496 HTTP/1.1" 200 161185 "-" "Mozilla/5.0 (Linux; Android 6.0.1; Nexus 5X Build/MMB29P) AppleWebKit/537.36 (KHTML, like Gecko) Chrome/141.0.7390.122 Mobile Safari/537.36 (compatible; GoogleOther)"
74.7.241.30 - - [23/Dec/2025:20:21:29 +0800] "GET /pages.php?educator/t272?pid=775 HTTP/1.1" 200 167949 "-" "Mozilla/5.0 AppleWebKit/537.36 (KHTML, like Gecko; compatible; GPTBot/1.3; +https://openai.com/gptbot)"
66.249.74.169 - - [23/Dec/2025:20:21:30 +0800] "GET /?products/30187274 HTTP/1.1" 200 189836 "-" "Mozilla/5.0 (Linux; Android 6.0.1; Nexus 5X Build/MMB29P) AppleWebKit/537.36 (KHTML, like Gecko) Chrome/141.0.7390.122 Mobile Safari/537.36 (compatible; GoogleOther)"
74.7.241.30 - - [23/Dec/2025:20:21:30 +0800] "GET /pages.php?colleague/p272?pid=769 HTTP/1.1" 200 168592 "-" "Mozilla/5.0 AppleWebKit/537.36 (KHTML, like Gecko; compatible; GPTBot/1.3; +https://openai.com/gptbot)"
66.249.74.164 - - [23/Dec/2025:20:21:31 +0800] "GET /?products/28489307 HTTP/1.1" 200 152444 "-" "Mozilla/5.0 (Linux; Android 6.0.1; Nexus 5X Build/MMB29P) AppleWebKit/537.36 (KHTML, like Gecko) Chrome/141.0.7390.122 Mobile Safari/537.36 (compatible; GoogleOther)"
66.249.74.163 - - [23/Dec/2025:20:21:31 +0800] "GET /?products/16464685 HTTP/1.1" 200 153606 "-" "Mozilla/5.0 (Linux; Android 6.0.1; Nexus 5X Build/MMB29P) AppleWebKit/537.36 (KHTML, like Gecko) Chrome/141.0.7390.122 Mobile Safari/537.36 (compatible; GoogleOther)"
74.7.241.30 - - [23/Dec/2025:20:21:31 +0800] "GET /pages.php?required/n272?pid=795 HTTP/1.1" 200 153176 "-" "Mozilla/5.0 AppleWebKit/537.36 (KHTML, like Gecko; compatible; GPTBot/1.3; +https://openai.com/gptbot)"
66.249.74.166 - - [23/Dec/2025:20:21:32 +0800] "GET /?products/15978452 HTTP/1.1" 200 165604 "-" "Mozilla/5.0 (Linux; Android 6.0.1; Nexus 5X Build/MMB29P) AppleWebKit/537.36 (KHTML, like Gecko) Chrome/141.0.7390.122 Mobile Safari/537.36 (compatible; GoogleOther)"
66.249.74.162 - - [23/Dec/2025:20:21:32 +0800] "GET /?products/10989930 HTTP/1.1" 200 189110 "-" "Mozilla/5.0 (Linux; Android 6.0.1; Nexus 5X Build/MMB29P) AppleWebKit/537.36 (KHTML, like Gecko) Chrome/141.0.7390.122 Mobile Safari/537.36 (compatible; GoogleOther)"
74.7.241.30 - - [23/Dec/2025:20:21:32 +0800] "GET /pages.php?wall/t272?pid=775 HTTP/1.1" 200 167795 "-" "Mozilla/5.0 AppleWebKit/537.36 (KHTML, like Gecko; compatible; GPTBot/1.3; +https://openai.com/gptbot)"
66.249.74.161 - - [23/Dec/2025:20:21:33 +0800] "GET /?products/15513918 HTTP/1.1" 200 151526 "-" "Mozilla/5.0 (Linux; Android 6.0.1; Nexus 5X Build/MMB29P) AppleWebKit/537.36 (KHTML, like Gecko) Chrome/141.0.7390.122 Mobile Safari/537.36 (compatible; GoogleOther)"
66.249.74.163 - - [23/Dec/2025:20:21:33 +0800] "GET /?products/24523307 HTTP/1.1" 200 147113 "-" "Mozilla/5.0 (Linux; Android 6.0.1; Nexus 5X Build/MMB29P) AppleWebKit/537.36 (KHTML, like Gecko) Chrome/141.0.7390.122 Mobile Safari/537.36 (compatible; GoogleOther)"
74.7.241.30 - - [23/Dec/2025:20:21:33 +0800] "GET /pages.php?refer/m272?pid=771 HTTP/1.1" 200 167739 "-" "Mozilla/5.0 AppleWebKit/537.36 (KHTML, like Gecko; compatible; GPTBot/1.3; +https://openai.com/gptbot)"
66.249.74.166 - - [23/Dec/2025:20:21:34 +0800] "GET /?products/30207418 HTTP/1.1" 200 150372 "-" "Mozilla/5.0 (Linux; Android 6.0.1; Nexus 5X Build/MMB29P) AppleWebKit/537.36 (KHTML, like Gecko) Chrome/141.0.7390.122 Mobile Safari/537.36 (compatible; GoogleOther)"
74.7.241.30 - - [23/Dec/2025:20:21:34 +0800] "GET /pages.php?hard/d5?pid=22484 HTTP/1.1" 200 148934 "-" "Mozilla/5.0 AppleWebKit/537.36 (KHTML, like Gecko; compatible; GPTBot/1.3; +https://openai.com/gptbot)"
66.249.74.167 - - [23/Dec/2025:20:21:34 +0800] "GET /?products/23578141 HTTP/1.1" 200 145327 "-" "Mozilla/5.0 (Linux; Android 6.0.1; Nexus 5X Build/MMB29P) AppleWebKit/537.36 (KHTML, like Gecko) Chrome/141.0.7390.122 Mobile Safari/537.36 (compatible; GoogleOther)"
66.249.74.161 - - [23/Dec/2025:20:21:35 +0800] "GET /?products/11893885 HTTP/1.1" 200 146845 "-" "Mozilla/5.0 (Linux; Android 6.0.1; Nexus 5X Build/MMB29P) AppleWebKit/537.36 (KHTML, like Gecko) Chrome/141.0.7390.122 Mobile Safari/537.36 (compatible; GoogleOther)"
74.7.241.30 - - [23/Dec/2025:20:21:35 +0800] "GET /pages.php?however/g211?pid=9918 HTTP/1.1" 200 142956 "-" "Mozilla/5.0 AppleWebKit/537.36 (KHTML, like Gecko; compatible; GPTBot/1.3; +https://openai.com/gptbot)"
66.249.74.162 - - [23/Dec/2025:20:21:35 +0800] "GET /?products/8386396 HTTP/1.1" 200 168328 "-" "Mozilla/5.0 (Linux; Android 6.0.1; Nexus 5X Build/MMB29P) AppleWebKit/537.36 (KHTML, like Gecko) Chrome/141.0.7390.122 Mobile Safari/537.36 (compatible; GoogleOther)"
66.249.74.164 - - [23/Dec/2025:20:21:36 +0800] "GET /?products/14403952 HTTP/1.1" 200 163705 "-" "Mozilla/5.0 (Linux; Android 6.0.1; Nexus 5X Build/MMB29P) AppleWebKit/537.36 (KHTML, like Gecko) Chrome/141.0.7390.122 Mobile Safari/537.36 (compatible; GoogleOther)"
74.7.241.30 - - [23/Dec/2025:20:21:36 +0800] "GET /pages.php?practical/v271?pid=4122 HTTP/1.1" 200 143472 "-" "Mozilla/5.0 AppleWebKit/537.36 (KHTML, like Gecko; compatible; GPTBot/1.3; +https://openai.com/gptbot)"
66.249.74.165 - - [23/Dec/2025:20:21:36 +0800] "GET /?products/15558718 HTTP/1.1" 200 147439 "-" "Mozilla/5.0 (Linux; Android 6.0.1; Nexus 5X Build/MMB29P) AppleWebKit/537.36 (KHTML, like Gecko) Chrome/141.0.7390.122 Mobile Safari/537.36 (compatible; GoogleOther)"
66.249.74.163 - - [23/Dec/2025:20:21:37 +0800] "GET /?products/12690718 HTTP/1.1" 200 145105 "-" "Mozilla/5.0 (Linux; Android 6.0.1; Nexus 5X Build/MMB29P) AppleWebKit/537.36 (KHTML, like Gecko) Chrome/141.0.7390.122 Mobile Safari/537.36 (compatible; GoogleOther)"
74.7.241.30 - - [23/Dec/2025:20:21:36 +0800] "GET /pages.php?call/n272?pid=795 HTTP/1.1" 200 153597 "-" "Mozilla/5.0 AppleWebKit/537.36 (KHTML, like Gecko; compatible; GPTBot/1.3; +https://openai.com/gptbot)"
66.249.74.163 - - [23/Dec/2025:20:21:37 +0800] "GET /?products/12347563 HTTP/1.1" 200 160072 "-" "Mozilla/5.0 (Linux; Android 6.0.1; Nexus 5X Build/MMB29P) AppleWebKit/537.36 (KHTML, like Gecko) Chrome/141.0.7390.122 Mobile Safari/537.36 (compatible; GoogleOther)"
66.249.74.162 - - [23/Dec/2025:20:21:38 +0800] "GET /?products/9729185 HTTP/1.1" 200 159564 "-" "Mozilla/5.0 (Linux; Android 6.0.1; Nexus 5X Build/MMB29P) AppleWebKit/537.36 (KHTML, like Gecko) Chrome/141.0.7390.122 Mobile Safari/537.36 (compatible; GoogleOther)"
74.7.241.30 - - [23/Dec/2025:20:21:37 +0800] "GET /pages.php?heat/m272?pid=771 HTTP/1.1" 200 167629 "-" "Mozilla/5.0 AppleWebKit/537.36 (KHTML, like Gecko; compatible; GPTBot/1.3; +https://openai.com/gptbot)"
66.249.74.167 - - [23/Dec/2025:20:21:38 +0800] "GET /?products/25342774 HTTP/1.1" 200 191066 "-" "Mozilla/5.0 (Linux; Android 6.0.1; Nexus 5X Build/MMB29P) AppleWebKit/537.36 (KHTML, like Gecko) Chrome/141.0.7390.122 Mobile Safari/537.36 (compatible; GoogleOther)"
66.249.74.163 - - [23/Dec/2025:20:21:39 +0800] "GET /?products/1571852 HTTP/1.1" 200 155459 "-" "Mozilla/5.0 (Linux; Android 6.0.1; Nexus 5X Build/MMB29P) AppleWebKit/537.36 (KHTML, like Gecko) Chrome/141.0.7390.122 Mobile Safari/537.36 (compatible; GoogleOther)"
74.7.241.30 - - [23/Dec/2025:20:21:38 +0800] "GET /pages.php?sensitive/t272?pid=775 HTTP/1.1" 200 167800 "-" "Mozilla/5.0 AppleWebKit/537.36 (KHTML, like Gecko; compatible; GPTBot/1.3; +https://openai.com/gptbot)"
66.249.74.166 - - [23/Dec/2025:20:21:39 +0800] "GET /?products/19696785 HTTP/1.1" 200 148810 "-" "Mozilla/5.0 (Linux; Android 6.0.1; Nexus 5X Build/MMB29P) AppleWebKit/537.36 (KHTML, like Gecko) Chrome/141.0.7390.122 Mobile Safari/537.36 (compatible; GoogleOther)"
74.7.241.30 - - [23/Dec/2025:20:21:39 +0800] "GET /pages.php?beast/n272?pid=795 HTTP/1.1" 200 153036 "-" "Mozilla/5.0 AppleWebKit/537.36 (KHTML, like Gecko; compatible; GPTBot/1.3; +https://openai.com/gptbot)"
66.249.74.165 - - [23/Dec/2025:20:21:40 +0800] "GET /?products/20435841 HTTP/1.1" 200 156275 "-" "Mozilla/5.0 (Linux; Android 6.0.1; Nexus 5X Build/MMB29P) AppleWebKit/537.36 (KHTML, like Gecko) Chrome/141.0.7390.122 Mobile Safari/537.36 (compatible; GoogleOther)"
66.249.74.161 - - [23/Dec/2025:20:21:40 +0800] "GET /?products/11344741 HTTP/1.1" 200 144283 "-" "Mozilla/5.0 (Linux; Android 6.0.1; Nexus 5X Build/MMB29P) AppleWebKit/537.36 (KHTML, like Gecko) Chrome/141.0.7390.122 Mobile Safari/537.36 (compatible; GoogleOther)"
74.7.241.30 - - [23/Dec/2025:20:21:40 +0800] "GET /pages.php?swallow/x14?pid=46433 HTTP/1.1" 200 145269 "-" "Mozilla/5.0 AppleWebKit/537.36 (KHTML, like Gecko; compatible; GPTBot/1.3; +https://openai.com/gptbot)"
66.249.74.168 - - [23/Dec/2025:20:21:41 +0800] "GET /?products/25905285 HTTP/1.1" 200 168434 "-" "Mozilla/5.0 (Linux; Android 6.0.1; Nexus 5X Build/MMB29P) AppleWebKit/537.36 (KHTML, like Gecko) Chrome/141.0.7390.122 Mobile Safari/537.36 (compatible; GoogleOther)"
66.249.74.166 - - [23/Dec/2025:20:21:41 +0800] "GET /?products/24667529 HTTP/1.1" 200 158672 "-" "Mozilla/5.0 (Linux; Android 6.0.1; Nexus 5X Build/MMB29P) AppleWebKit/537.36 (KHTML, like Gecko) Chrome/141.0.7390.122 Mobile Safari/537.36 (compatible; GoogleOther)"
66.249.74.168 - - [23/Dec/2025:20:21:42 +0800] "GET /?products/21557307 HTTP/1.1" 200 155321 "-" "Mozilla/5.0 (Linux; Android 6.0.1; Nexus 5X Build/MMB29P) AppleWebKit/537.36 (KHTML, like Gecko) Chrome/141.0.7390.122 Mobile Safari/537.36 (compatible; GoogleOther)"
74.7.241.30 - - [23/Dec/2025:20:21:41 +0800] "GET /pages.php?friendship/t272?pid=775 HTTP/1.1" 200 167428 "-" "Mozilla/5.0 AppleWebKit/537.36 (KHTML, like Gecko; compatible; GPTBot/1.3; +https://openai.com/gptbot)"
66.249.74.168 - - [23/Dec/2025:20:21:42 +0800] "GET /?products/21109729 HTTP/1.1" 200 150870 "-" "Mozilla/5.0 (Linux; Android 6.0.1; Nexus 5X Build/MMB29P) AppleWebKit/537.36 (KHTML, like Gecko) Chrome/141.0.7390.122 Mobile Safari/537.36 (compatible; GoogleOther)"
66.249.74.168 - - [23/Dec/2025:20:21:43 +0800] "GET /?products/15098474 HTTP/1.1" 200 147996 "-" "Mozilla/5.0 (Linux; Android 6.0.1; Nexus 5X Build/MMB29P) AppleWebKit/537.36 (KHTML, like Gecko) Chrome/141.0.7390.122 Mobile Safari/537.36 (compatible; GoogleOther)"
74.7.241.30 - - [23/Dec/2025:20:21:42 +0800] "GET /pages.php?railroad/n272?pid=795 HTTP/1.1" 200 154242 "-" "Mozilla/5.0 AppleWebKit/537.36 (KHTML, like Gecko; compatible; GPTBot/1.3; +https://openai.com/gptbot)"
66.249.74.161 - - [23/Dec/2025:20:21:43 +0800] "GET /?products/29816974 HTTP/1.1" 200 163865 "-" "Mozilla/5.0 (Linux; Android 6.0.1; Nexus 5X Build/MMB29P) AppleWebKit/537.36 (KHTML, like Gecko) Chrome/141.0.7390.122 Mobile Safari/537.36 (compatible; GoogleOther)"
74.7.241.30 - - [23/Dec/2025:20:21:43 +0800] "GET /pages.php?item/u214/30938/ HTTP/1.1" 200 160378 "-" "Mozilla/5.0 AppleWebKit/537.36 (KHTML, like Gecko; compatible; GPTBot/1.3; +https://openai.com/gptbot)"
66.249.74.160 - - [23/Dec/2025:20:21:44 +0800] "GET /?products/13268285 HTTP/1.1" 200 161360 "-" "Mozilla/5.0 (Linux; Android 6.0.1; Nexus 5X Build/MMB29P) AppleWebKit/537.36 (KHTML, like Gecko) Chrome/141.0.7390.122 Mobile Safari/537.36 (compatible; GoogleOther)"
66.249.74.163 - - [23/Dec/2025:20:21:44 +0800] "GET /?products/21628763 HTTP/1.1" 200 149021 "-" "Mozilla/5.0 (Linux; Android 6.0.1; Nexus 5X Build/MMB29P) AppleWebKit/537.36 (KHTML, like Gecko) Chrome/141.0.7390.122 Mobile Safari/537.36 (compatible; GoogleOther)"
74.7.241.30 - - [23/Dec/2025:20:21:44 +0800] "GET /pages.php?uncertain/p7?pid=37812 HTTP/1.1" 200 141643 "-" "Mozilla/5.0 AppleWebKit/537.36 (KHTML, like Gecko; compatible; GPTBot/1.3; +https://openai.com/gptbot)"
66.249.74.169 - - [23/Dec/2025:20:21:45 +0800] "GET /?products/7394707 HTTP/1.1" 200 152872 "-" "Mozilla/5.0 (Linux; Android 6.0.1; Nexus 5X Build/MMB29P) AppleWebKit/537.36 (KHTML, like Gecko) Chrome/141.0.7390.122 Mobile Safari/537.36 (compatible; GoogleOther)"
66.249.74.160 - - [23/Dec/2025:20:21:45 +0800] "GET /?products/1896330 HTTP/1.1" 200 153683 "-" "Mozilla/5.0 (Linux; Android 6.0.1; Nexus 5X Build/MMB29P) AppleWebKit/537.36 (KHTML, like Gecko) Chrome/141.0.7390.122 Mobile Safari/537.36 (compatible; GoogleOther)"
74.7.241.30 - - [23/Dec/2025:20:21:45 +0800] "GET /pages.php?resemble/v271?pid=4122 HTTP/1.1" 200 143959 "-" "Mozilla/5.0 AppleWebKit/537.36 (KHTML, like Gecko; compatible; GPTBot/1.3; +https://openai.com/gptbot)"
66.249.74.163 - - [23/Dec/2025:20:21:46 +0800] "GET /?products/17782330 HTTP/1.1" 200 177942 "-" "Mozilla/5.0 (Linux; Android 6.0.1; Nexus 5X Build/MMB29P) AppleWebKit/537.36 (KHTML, like Gecko) Chrome/141.0.7390.122 Mobile Safari/537.36 (compatible; GoogleOther)"
66.249.74.164 - - [23/Dec/2025:20:21:46 +0800] "GET /?products/17538141 HTTP/1.1" 200 153349 "-" "Mozilla/5.0 (Linux; Android 6.0.1; Nexus 5X Build/MMB29P) AppleWebKit/537.36 (KHTML, like Gecko) Chrome/141.0.7390.122 Mobile Safari/537.36 (compatible; GoogleOther)"
74.7.241.30 - - [23/Dec/2025:20:21:46 +0800] "GET /pages.php?expected/g36?pid=44471 HTTP/1.1" 200 148210 "-" "Mozilla/5.0 AppleWebKit/537.36 (KHTML, like Gecko; compatible; GPTBot/1.3; +https://openai.com/gptbot)"
66.249.74.166 - - [23/Dec/2025:20:21:47 +0800] "GET /?products/3014274 HTTP/1.1" 200 161575 "-" "Mozilla/5.0 (Linux; Android 6.0.1; Nexus 5X Build/MMB29P) AppleWebKit/537.36 (KHTML, like Gecko) Chrome/141.0.7390.122 Mobile Safari/537.36 (compatible; GoogleOther)"
66.249.74.165 - - [23/Dec/2025:20:21:47 +0800] "GET /?products/27806529 HTTP/1.1" 200 152828 "-" "Mozilla/5.0 (Linux; Android 6.0.1; Nexus 5X Build/MMB29P) AppleWebKit/537.36 (KHTML, like Gecko) Chrome/141.0.7390.122 Mobile Safari/537.36 (compatible; GoogleOther)"
66.249.74.167 - - [23/Dec/2025:20:21:48 +0800] "GET /?products/12261463 HTTP/1.1" 200 179201 "-" "Mozilla/5.0 (Linux; Android 6.0.1; Nexus 5X Build/MMB29P) AppleWebKit/537.36 (KHTML, like Gecko) Chrome/141.0.7390.122 Mobile Safari/537.36 (compatible; GoogleOther)"
74.7.241.30 - - [23/Dec/2025:20:21:47 +0800] "GET /pages.php?known/p272?pid=769 HTTP/1.1" 200 168251 "-" "Mozilla/5.0 AppleWebKit/537.36 (KHTML, like Gecko; compatible; GPTBot/1.3; +https://openai.com/gptbot)"
66.249.74.167 - - [23/Dec/2025:20:21:48 +0800] "GET /?products/30578130 HTTP/1.1" 200 150769 "-" "Mozilla/5.0 (Linux; Android 6.0.1; Nexus 5X Build/MMB29P) AppleWebKit/537.36 (KHTML, like Gecko) Chrome/141.0.7390.122 Mobile Safari/537.36 (compatible; GoogleOther)"
74.7.241.30 - - [23/Dec/2025:20:21:48 +0800] "GET /pages.php?like/n272?pid=795 HTTP/1.1" 200 153594 "-" "Mozilla/5.0 AppleWebKit/537.36 (KHTML, like Gecko; compatible; GPTBot/1.3; +https://openai.com/gptbot)"
66.249.74.168 - - [23/Dec/2025:20:21:49 +0800] "GET /?products/6141152 HTTP/1.1" 200 146956 "-" "Mozilla/5.0 (Linux; Android 6.0.1; Nexus 5X Build/MMB29P) AppleWebKit/537.36 (KHTML, like Gecko) Chrome/141.0.7390.122 Mobile Safari/537.36 (compatible; GoogleOther)"
66.249.74.165 - - [23/Dec/2025:20:21:49 +0800] "GET /?products/21819196 HTTP/1.1" 200 151175 "-" "Mozilla/5.0 (Linux; Android 6.0.1; Nexus 5X Build/MMB29P) AppleWebKit/537.36 (KHTML, like Gecko) Chrome/141.0.7390.122 Mobile Safari/537.36 (compatible; GoogleOther)"
74.7.241.30 - - [23/Dec/2025:20:21:49 +0800] "GET /pages.php?owner/n272?pid=795 HTTP/1.1" 200 153492 "-" "Mozilla/5.0 AppleWebKit/537.36 (KHTML, like Gecko; compatible; GPTBot/1.3; +https://openai.com/gptbot)"
66.249.74.165 - - [23/Dec/2025:20:21:50 +0800] "GET /?products/17451174 HTTP/1.1" 200 167376 "-" "Mozilla/5.0 (Linux; Android 6.0.1; Nexus 5X Build/MMB29P) AppleWebKit/537.36 (KHTML, like Gecko) Chrome/141.0.7390.122 Mobile Safari/537.36 (compatible; GoogleOther)"
