66.249.74.161 - - [23/Dec/2025:20:35:35 +0800] "GET /?products/10266296 HTTP/1.1" 200 147974 "-" "Mozilla/5.0 (Linux; Android 6.0.1; Nexus 5X Build/MMB29P) AppleWebKit/537.36 (KHTML, like Gecko) Chrome/141.0.7390.122 Mobile Safari/537.36 (compatible; GoogleOther)"
74.7.241.30 - - [23/Dec/2025:20:35:35 +0800] "GET /pages.php?wish/l38?pid=6807 HTTP/1.1" 200 141119 "-" "Mozilla/5.0 AppleWebKit/537.36 (KHTML, like Gecko; compatible; GPTBot/1.3; +https://openai.com/gptbot)"
66.249.74.162 - - [23/Dec/2025:20:35:36 +0800] "GET /?products/5121029 HTTP/1.1" 200 150877 "-" "Mozilla/5.0 (Linux; Android 6.0.1; Nexus 5X Build/MMB29P) AppleWebKit/537.36 (KHTML, like Gecko) Chrome/141.0.7390.122 Mobile Safari/537.36 (compatible; GoogleOther)"
66.249.74.165 - - [23/Dec/2025:20:35:36 +0800] "GET /?products/16084729 HTTP/1.1" 200 157773 "-" "Mozilla/5.0 (Linux; Android 6.0.1; Nexus 5X Build/MMB29P) AppleWebKit/537.36 (KHTML, like Gecko) Chrome/141.0.7390.122 Mobile Safari/537.36 (compatible; GoogleOther)"
74.7.241.30 - - [23/Dec/2025:20:35:36 +0800] "GET /pages.php?indeed/h65?pid=814 HTTP/1.1" 200 141070 "-" "Mozilla/5.0 AppleWebKit/537.36 (KHTML, like Gecko; compatible; GPTBot/1.3; +https://openai.com/gptbot)"
66.249.74.165 - - [23/Dec/2025:20:35:37 +0800] "GET /?products/20571685 HTTP/1.1" 200 150153 "-" "Mozilla/5.0 (Linux; Android 6.0.1; Nexus 5X Build/MMB29P) AppleWebKit/537.36 (KHTML, like Gecko) Chrome/141.0.7390.122 Mobile Safari/537.36 (compatible; GoogleOther)"
66.249.74.165 - - [23/Dec/2025:20:35:37 +0800] "GET /?products/27491741 HTTP/1.1" 200 163392 "-" "Mozilla/5.0 (Linux; Android 6.0.1; Nexus 5X Build/MMB29P) AppleWebKit/537.36 (KHTML, like Gecko) Chrome/141.0.7390.122 Mobile Safari/537.36 (compatible; GoogleOther)"
74.7.241.30 - - [23/Dec/2025:20:35:37 +0800] "GET /pages.php?reverse/j260?pid=41 HTTP/1.1" 200 154389 "-" "Mozilla/5.0 AppleWebKit/537.36 (KHTML, like Gecko; compatible; GPTBot/1.3; +https://openai.com/gptbot)"
66.249.74.165 - - [23/Dec/2025:20:35:38 +0800] "GET /?products/9254618 HTTP/1.1" 200 151516 "-" "Mozilla/5.0 (Linux; Android 6.0.1; Nexus 5X Build/MMB29P) AppleWebKit/537.36 (KHTML, like Gecko) Chrome/141.0.7390.122 Mobile Safari/537.36 (compatible; GoogleOther)"
66.249.74.166 - - [23/Dec/2025:20:35:38 +0800] "GET /?products/14411229 HTTP/1.1" 200 178245 "-" "Mozilla/5.0 (Linux; Android 6.0.1; Nexus 5X Build/MMB29P) AppleWebKit/537.36 (KHTML, like Gecko) Chrome/141.0.7390.122 Mobile Safari/537.36 (compatible; GoogleOther)"
74.7.241.30 - - [23/Dec/2025:20:35:38 +0800] "GET /pages.php?terrain/d260?pid=87 HTTP/1.1" 200 151793 "-" "Mozilla/5.0 AppleWebKit/537.36 (KHTML, like Gecko; compatible; GPTBot/1.3; +https://openai.com/gptbot)"
66.249.74.165 - - [23/Dec/2025:20:35:39 +0800] "GET /?products/26130963 HTTP/1.1" 200 160327 "-" "Mozilla/5.0 (Linux; Android 6.0.1; Nexus 5X Build/MMB29P) AppleWebKit/537.36 (KHTML, like Gecko) Chrome/141.0.7390.122 Mobile Safari/537.36 (compatible; GoogleOther)"
66.249.74.164 - - [23/Dec/2025:20:35:39 +0800] "GET /?products/23679363 HTTP/1.1" 200 171968 "-" "Mozilla/5.0 (Linux; Android 6.0.1; Nexus 5X Build/MMB29P) AppleWebKit/537.36 (KHTML, like Gecko) Chrome/141.0.7390.122 Mobile Safari/537.36 (compatible; GoogleOther)"
74.7.241.30 - - [23/Dec/2025:20:35:39 +0800] "GET /pages.php?funding/e260?pid=93 HTTP/1.1" 200 152249 "-" "Mozilla/5.0 AppleWebKit/537.36 (KHTML, like Gecko; compatible; GPTBot/1.3; +https://openai.com/gptbot)"
66.249.74.169 - - [23/Dec/2025:20:35:40 +0800] "GET /?products/8416030 HTTP/1.1" 200 181421 "-" "Mozilla/5.0 (Linux; Android 6.0.1; Nexus 5X Build/MMB29P) AppleWebKit/537.36 (KHTML, like Gecko) Chrome/141.0.7390.122 Mobile Safari/537.36 (compatible; GoogleOther)"
66.249.74.161 - - [23/Dec/2025:20:35:40 +0800] "GET /?products/17094074 HTTP/1.1" 200 143974 "-" "Mozilla/5.0 (Linux; Android 6.0.1; Nexus 5X Build/MMB29P) AppleWebKit/537.36 (KHTML, like Gecko) Chrome/141.0.7390.122 Mobile Safari/537.36 (compatible; GoogleOther)"
74.7.241.30 - - [23/Dec/2025:20:35:40 +0800] "GET /pages.php?reading/l260?pid=95 HTTP/1.1" 200 153254 "-" "Mozilla/5.0 AppleWebKit/537.36 (KHTML, like Gecko; compatible; GPTBot/1.3; +https://openai.com/gptbot)"
74.7.241.30 - - [23/Dec/2025:20:35:41 +0800] "GET /pages.php?sight/c23?pid=6360 HTTP/1.1" 200 145174 "-" "Mozilla/5.0 AppleWebKit/537.36 (KHTML, like Gecko; compatible; GPTBot/1.3; +https://openai.com/gptbot)"
66.249.74.166 - - [23/Dec/2025:20:35:41 +0800] "GET /?products/2057152 HTTP/1.1" 200 160662 "-" "Mozilla/5.0 (Linux; Android 6.0.1; Nexus 5X Build/MMB29P) AppleWebKit/537.36 (KHTML, like Gecko) Chrome/141.0.7390.122 Mobile Safari/537.36 (compatible; GoogleOther)"
66.249.74.166 - - [23/Dec/2025:20:35:42 +0800] "GET /?products/1808163 HTTP/1.1" 200 167897 "-" "Mozilla/5.0 (Linux; Android 6.0.1; Nexus 5X Build/MMB29P) AppleWebKit/537.36 (KHTML, like Gecko) Chrome/141.0.7390.122 Mobile Safari/537.36 (compatible; GoogleOther)"
74.7.241.30 - - [23/Dec/2025:20:35:42 +0800] "GET /pages.php?emotionally/l260?pid=95 HTTP/1.1" 200 153142 "-" "Mozilla/5.0 AppleWebKit/537.36 (KHTML, like Gecko; compatible; GPTBot/1.3; +https://openai.com/gptbot)"
66.249.74.165 - - [23/Dec/2025:20:35:42 +0800] "GET /?products/25460774 HTTP/1.1" 200 174681 "-" "Mozilla/5.0 (Linux; Android 6.0.1; Nexus 5X Build/MMB29P) AppleWebKit/537.36 (KHTML, like Gecko) Chrome/141.0.7390.122 Mobile Safari/537.36 (compatible; GoogleOther)"
66.249.74.169 - - [23/Dec/2025:20:35:43 +0800] "GET /?products/22487485 HTTP/1.1" 200 153553 "-" "Mozilla/5.0 (Linux; Android 6.0.1; Nexus 5X Build/MMB29P) AppleWebKit/537.36 (KHTML, like Gecko) Chrome/141.0.7390.122 Mobile Safari/537.36 (compatible; GoogleOther)"
66.249.74.165 - - [23/Dec/2025:20:35:43 +0800] "GET /?products/17121996 HTTP/1.1" 200 159572 "-" "Mozilla/5.0 (Linux; Android 6.0.1; Nexus 5X Build/MMB29P) AppleWebKit/537.36 (KHTML, like Gecko) Chrome/141.0.7390.122 Mobile Safari/537.36 (compatible; GoogleOther)"
74.7.241.30 - - [23/Dec/2025:20:35:43 +0800] "GET /pages.php?sensation/a20?pid=17331 HTTP/1.1" 200 149863 "-" "Mozilla/5.0 AppleWebKit/537.36 (KHTML, like Gecko; compatible; GPTBot/1.3; +https://openai.com/gptbot)"
66.249.74.165 - - [23/Dec/2025:20:35:44 +0800] "GET /?products/21454152 HTTP/1.1" 200 188725 "-" "Mozilla/5.0 (Linux; Android 6.0.1; Nexus 5X Build/MMB29P) AppleWebKit/537.36 (KHTML, like Gecko) Chrome/141.0.7390.122 Mobile Safari/537.36 (compatible; GoogleOther)"
74.7.241.30 - - [23/Dec/2025:20:35:44 +0800] "GET /pages.php?train/p260?pid=527 HTTP/1.1" 200 154410 "-" "Mozilla/5.0 AppleWebKit/537.36 (KHTML, like Gecko; compatible; GPTBot/1.3; +https://openai.com/gptbot)"
66.249.74.161 - - [23/Dec/2025:20:35:44 +0800] "GET /?products/14828330 HTTP/1.1" 200 189358 "-" "Mozilla/5.0 (Linux; Android 6.0.1; Nexus 5X Build/MMB29P) AppleWebKit/537.36 (KHTML, like Gecko) Chrome/141.0.7390.122 Mobile Safari/537.36 (compatible; GoogleOther)"
66.249.74.164 - - [23/Dec/2025:20:35:45 +0800] "GET /?products/12708229 HTTP/1.1" 200 149579 "-" "Mozilla/5.0 (Linux; Android 6.0.1; Nexus 5X Build/MMB29P) AppleWebKit/537.36 (KHTML, like Gecko) Chrome/141.0.7390.122 Mobile Safari/537.36 (compatible; GoogleOther)"
66.249.74.160 - - [23/Dec/2025:20:35:45 +0800] "GET /?products/8371829 HTTP/1.1" 200 148204 "-" "Mozilla/5.0 (compatible; Googlebot/2.1; +http://www.google.com/bot.html)"
66.249.74.166 - - [23/Dec/2025:20:35:45 +0800] "GET /?products/26781996 HTTP/1.1" 200 142886 "-" "Mozilla/5.0 (Linux; Android 6.0.1; Nexus 5X Build/MMB29P) AppleWebKit/537.36 (KHTML, like Gecko) Chrome/141.0.7390.122 Mobile Safari/537.36 (compatible; GoogleOther)"
74.7.241.30 - - [23/Dec/2025:20:35:45 +0800] "GET /pages.php?required/m90?pid=28453 HTTP/1.1" 200 141009 "-" "Mozilla/5.0 AppleWebKit/537.36 (KHTML, like Gecko; compatible; GPTBot/1.3; +https://openai.com/gptbot)"
66.249.74.169 - - [23/Dec/2025:20:35:46 +0800] "GET /?products/9072796 HTTP/1.1" 200 153148 "-" "Mozilla/5.0 (Linux; Android 6.0.1; Nexus 5X Build/MMB29P) AppleWebKit/537.36 (KHTML, like Gecko) Chrome/141.0.7390.122 Mobile Safari/537.36 (compatible; GoogleOther)"
66.249.74.161 - - [23/Dec/2025:20:35:46 +0800] "GET /?products/26703952 HTTP/1.1" 200 155437 "-" "Mozilla/5.0 (Linux; Android 6.0.1; Nexus 5X Build/MMB29P) AppleWebKit/537.36 (KHTML, like Gecko) Chrome/141.0.7390.122 Mobile Safari/537.36 (compatible; GoogleOther)"
74.7.241.30 - - [23/Dec/2025:20:35:46 +0800] "GET /pages.php?difficulty/k4?pid=2297 HTTP/1.1" 200 150697 "-" "Mozilla/5.0 AppleWebKit/537.36 (KHTML, like Gecko; compatible; GPTBot/1.3; +https://openai.com/gptbot)"
66.249.74.162 - - [23/Dec/2025:20:35:47 +0800] "GET /?products/23820374 HTTP/1.1" 200 189624 "-" "Mozilla/5.0 (Linux; Android 6.0.1; Nexus 5X Build/MMB29P) AppleWebKit/537.36 (KHTML, like Gecko) Chrome/141.0.7390.122 Mobile Safari/537.36 (compatible; GoogleOther)"
66.249.74.161 - - [23/Dec/2025:20:35:47 +0800] "GET /?products/28378674 HTTP/1.1" 200 163579 "-" "Mozilla/5.0 (Linux; Android 6.0.1; Nexus 5X Build/MMB29P) AppleWebKit/537.36 (KHTML, like Gecko) Chrome/141.0.7390.122 Mobile Safari/537.36 (compatible; GoogleOther)"
74.7.241.30 - - [23/Dec/2025:20:35:47 +0800] "GET /pages.php?generate/r260?pid=257 HTTP/1.1" 200 154125 "-" "Mozilla/5.0 AppleWebKit/537.36 (KHTML, like Gecko; compatible; GPTBot/1.3; +https://openai.com/gptbot)"
66.249.74.166 - - [23/Dec/2025:20:35:48 +0800] "GET /?products/29877485 HTTP/1.1" 200 168051 "-" "Mozilla/5.0 (Linux; Android 6.0.1; Nexus 5X Build/MMB29P) AppleWebKit/537.36 (KHTML, like Gecko) Chrome/141.0.7390.122 Mobile Safari/537.36 (compatible; GoogleOther)"
74.7.241.30 - - [23/Dec/2025:20:35:48 +0800] "GET /pages.php?scene/t260?pid=321 HTTP/1.1" 200 152494 "-" "Mozilla/5.0 AppleWebKit/537.36 (KHTML, like Gecko; compatible; GPTBot/1.3; +https://openai.com/gptbot)"
66.249.74.167 - - [23/Dec/2025:20:35:48 +0800] "GET /?products/24663763 HTTP/1.1" 200 165243 "-" "Mozilla/5.0 (Linux; Android 6.0.1; Nexus 5X Build/MMB29P) AppleWebKit/537.36 (KHTML, like Gecko) Chrome/141.0.7390.122 Mobile Safari/537.36 (compatible; GoogleOther)"
66.249.74.169 - - [23/Dec/2025:20:35:49 +0800] "GET /?products/7489263 HTTP/1.1" 200 150575 "-" "Mozilla/5.0 (Linux; Android 6.0.1; Nexus 5X Build/MMB29P) AppleWebKit/537.36 (KHTML, like Gecko) Chrome/141.0.7390.122 Mobile Safari/537.36 (compatible; GoogleOther)"
74.7.241.30 - - [23/Dec/2025:20:35:49 +0800] "GET /pages.php?also/b260?pid=309 HTTP/1.1" 200 152556 "-" "Mozilla/5.0 AppleWebKit/537.36 (KHTML, like Gecko; compatible; GPTBot/1.3; +https://openai.com/gptbot)"
66.249.74.168 - - [23/Dec/2025:20:35:49 +0800] "GET /?products/16809952 HTTP/1.1" 200 147613 "-" "Mozilla/5.0 (Linux; Android 6.0.1; Nexus 5X Build/MMB29P) AppleWebKit/537.36 (KHTML, like Gecko) Chrome/141.0.7390.122 Mobile Safari/537.36 (compatible; GoogleOther)"
74.7.241.30 - - [23/Dec/2025:20:35:49 +0800] "GET /pages.php?coup/f260?pid=229 HTTP/1.1" 200 154848 "-" "Mozilla/5.0 AppleWebKit/537.36 (KHTML, like Gecko; compatible; GPTBot/1.3; +https://openai.com/gptbot)"
66.249.74.160 - - [23/Dec/2025:20:35:50 +0800] "GET /?products/18450018 HTTP/1.1" 200 154488 "-" "Mozilla/5.0 (Linux; Android 6.0.1; Nexus 5X Build/MMB29P) AppleWebKit/537.36 (KHTML, like Gecko) Chrome/141.0.7390.122 Mobile Safari/537.36 (compatible; GoogleOther)"
66.249.74.166 - - [23/Dec/2025:20:35:50 +0800] "GET /?products/12874652 HTTP/1.1" 200 185625 "-" "Mozilla/5.0 (Linux; Android 6.0.1; Nexus 5X Build/MMB29P) AppleWebKit/537.36 (KHTML, like Gecko) Chrome/141.0.7390.122 Mobile Safari/537.36 (compatible; GoogleOther)"
74.7.241.30 - - [23/Dec/2025:20:35:50 +0800] "GET /pages.php?sick/c23?pid=6360 HTTP/1.1" 200 146323 "-" "Mozilla/5.0 AppleWebKit/537.36 (KHTML, like Gecko; compatible; GPTBot/1.3; +https://openai.com/gptbot)"
66.249.74.164 - - [23/Dec/2025:20:35:51 +0800] "GET /?products/17771463 HTTP/1.1" 200 193156 "-" "Mozilla/5.0 (Linux; Android 6.0.1; Nexus 5X Build/MMB29P) AppleWebKit/537.36 (KHTML, like Gecko) Chrome/141.0.7390.122 Mobile Safari/537.36 (compatible; GoogleOther)"
66.249.74.168 - - [23/Dec/2025:20:35:51 +0800] "GET /?products/28339463 HTTP/1.1" 200 167287 "-" "Mozilla/5.0 (Linux; Android 6.0.1; Nexus 5X Build/MMB29P) AppleWebKit/537.36 (KHTML, like Gecko) Chrome/141.0.7390.122 Mobile Safari/537.36 (compatible; GoogleOther)"
74.7.241.30 - - [23/Dec/2025:20:35:51 +0800] "GET /pages.php?swing/v260?pid=409 HTTP/1.1" 200 154491 "-" "Mozilla/5.0 AppleWebKit/537.36 (KHTML, like Gecko; compatible; GPTBot/1.3; +https://openai.com/gptbot)"
66.249.74.166 - - [23/Dec/2025:20:35:52 +0800] "GET /?products/7310218 HTTP/1.1" 200 157139 "-" "Mozilla/5.0 (Linux; Android 6.0.1; Nexus 5X Build/MMB29P) AppleWebKit/537.36 (KHTML, like Gecko) Chrome/141.0.7390.122 Mobile Safari/537.36 (compatible; GoogleOther)"
66.249.74.163 - - [23/Dec/2025:20:35:52 +0800] "GET /?products/11998685 HTTP/1.1" 200 164464 "-" "Mozilla/5.0 (Linux; Android 6.0.1; Nexus 5X Build/MMB29P) AppleWebKit/537.36 (KHTML, like Gecko) Chrome/141.0.7390.122 Mobile Safari/537.36 (compatible; GoogleOther)"
74.7.241.30 - - [23/Dec/2025:20:35:52 +0800] "GET /pages.php?want/z260?pid=323 HTTP/1.1" 200 153155 "-" "Mozilla/5.0 AppleWebKit/537.36 (KHTML, like Gecko; compatible; GPTBot/1.3; +https://openai.com/gptbot)"
66.249.74.162 - - [23/Dec/2025:20:35:53 +0800] "GET /?products/15561474 HTTP/1.1" 200 172570 "-" "Mozilla/5.0 (Linux; Android 6.0.1; Nexus 5X Build/MMB29P) AppleWebKit/537.36 (KHTML, like Gecko) Chrome/141.0.7390.122 Mobile Safari/537.36 (compatible; GoogleOther)"
74.7.241.30 - - [23/Dec/2025:20:35:53 +0800] "GET /pages.php?obligation/c1?pid=6748 HTTP/1.1" 200 152869 "-" "Mozilla/5.0 AppleWebKit/537.36 (KHTML, like Gecko; compatible; GPTBot/1.3; +https://openai.com/gptbot)"
66.249.74.160 - - [23/Dec/2025:20:35:53 +0800] "GET /?products/13634430 HTTP/1.1" 200 166124 "-" "Mozilla/5.0 (Linux; Android 6.0.1; Nexus 5X Build/MMB29P) AppleWebKit/537.36 (KHTML, like Gecko) Chrome/141.0.7390.122 Mobile Safari/537.36 (compatible; GoogleOther)"
66.249.74.164 - - [23/Dec/2025:20:35:54 +0800] "GET /?products/7199252 HTTP/1.1" 200 163560 "-" "Mozilla/5.0 (Linux; Android 6.0.1; Nexus 5X Build/MMB29P) AppleWebKit/537.36 (KHTML, like Gecko) Chrome/141.0.7390.122 Mobile Safari/537.36 (compatible; GoogleOther)"
74.7.241.30 - - [23/Dec/2025:20:35:54 +0800] "GET /pages.php?4635596 HTTP/1.1" 200 153026 "-" "Mozilla/5.0 AppleWebKit/537.36 (KHTML, like Gecko; compatible; GPTBot/1.3; +https://openai.com/gptbot)"
66.249.74.167 - - [23/Dec/2025:20:35:55 +0800] "GET /?products/29992474 HTTP/1.1" 200 147787 "-" "Mozilla/5.0 (Linux; Android 6.0.1; Nexus 5X Build/MMB29P) AppleWebKit/537.36 (KHTML, like Gecko) Chrome/141.0.7390.122 Mobile Safari/537.36 (compatible; GoogleOther)"
74.7.241.30 - - [23/Dec/2025:20:35:55 +0800] "GET /pages.php?external/g231?pid=5956 HTTP/1.1" 200 140966 "-" "Mozilla/5.0 AppleWebKit/537.36 (KHTML, like Gecko; compatible; GPTBot/1.3; +https://openai.com/gptbot)"
66.249.74.162 - - [23/Dec/2025:20:35:55 +0800] "GET /?products/13281074 HTTP/1.1" 200 150980 "-" "Mozilla/5.0 (Linux; Android 6.0.1; Nexus 5X Build/MMB29P) AppleWebKit/537.36 (KHTML, like Gecko) Chrome/141.0.7390.122 Mobile Safari/537.36 (compatible; GoogleOther)"
66.249.74.160 - - [23/Dec/2025:20:35:56 +0800] "GET /?products/11704874 HTTP/1.1" 200 191200 "-" "Mozilla/5.0 (Linux; Android 6.0.1; Nexus 5X Build/MMB29P) AppleWebKit/537.36 (KHTML, like Gecko) Chrome/141.0.7390.122 Mobile Safari/537.36 (compatible; GoogleOther)"
74.7.241.30 - - [23/Dec/2025:20:35:56 +0800] "GET /pages.php?sacrifice/d260?pid=303 HTTP/1.1" 200 153584 "-" "Mozilla/5.0 AppleWebKit/537.36 (KHTML, like Gecko; compatible; GPTBot/1.3; +https://openai.com/gptbot)"
66.249.74.161 - - [23/Dec/2025:20:35:56 +0800] "GET /?products/27793074 HTTP/1.1" 200 149604 "-" "Mozilla/5.0 (Linux; Android 6.0.1; Nexus 5X Build/MMB29P) AppleWebKit/537.36 (KHTML, like Gecko) Chrome/141.0.7390.122 Mobile Safari/537.36 (compatible; GoogleOther)"
74.7.241.30 - - [23/Dec/2025:20:35:56 +0800] "GET /pages.php?area/j260?pid=307 HTTP/1.1" 200 153264 "-" "Mozilla/5.0 AppleWebKit/537.36 (KHTML, like Gecko; compatible; GPTBot/1.3; +https://openai.com/gptbot)"
66.249.74.166 - - [23/Dec/2025:20:35:57 +0800] "GET /?products/12371530 HTTP/1.1" 200 165014 "-" "Mozilla/5.0 (Linux; Android 6.0.1; Nexus 5X Build/MMB29P) AppleWebKit/537.36 (KHTML, like Gecko) Chrome/141.0.7390.122 Mobile Safari/537.36 (compatible; GoogleOther)"
66.249.74.163 - - [23/Dec/2025:20:35:57 +0800] "GET /?products/10755852 HTTP/1.1" 200 174588 "-" "Mozilla/5.0 (Linux; Android 6.0.1; Nexus 5X Build/MMB29P) AppleWebKit/537.36 (KHTML, like Gecko) Chrome/141.0.7390.122 Mobile Safari/537.36 (compatible; GoogleOther)"
74.7.241.30 - - [23/Dec/2025:20:35:57 +0800] "GET /pages.php?pride/t260?pid=321 HTTP/1.1" 200 152384 "-" "Mozilla/5.0 AppleWebKit/537.36 (KHTML, like Gecko; compatible; GPTBot/1.3; +https://openai.com/gptbot)"
66.249.74.162 - - [23/Dec/2025:20:35:58 +0800] "GET /?products/15173052 HTTP/1.1" 200 148111 "-" "Mozilla/5.0 (Linux; Android 6.0.1; Nexus 5X Build/MMB29P) AppleWebKit/537.36 (KHTML, like Gecko) Chrome/141.0.7390.122 Mobile Safari/537.36 (compatible; GoogleOther)"
66.249.74.164 - - [23/Dec/2025:20:35:58 +0800] "GET /?products/3803452 HTTP/1.1" 200 153934 "-" "Mozilla/5.0 (Linux; Android 6.0.1; Nexus 5X Build/MMB29P) AppleWebKit/537.36 (KHTML, like Gecko) Chrome/141.0.7390.122 Mobile Safari/537.36 (compatible; GoogleOther)"
74.7.241.30 - - [23/Dec/2025:20:35:58 +0800] "GET /pages.php?mine/b260?pid=309 HTTP/1.1" 200 154110 "-" "Mozilla/5.0 AppleWebKit/537.36 (KHTML, like Gecko; compatible; GPTBot/1.3; +https://openai.com/gptbot)"
66.249.74.169 - - [23/Dec/2025:20:35:59 +0800] "GET /?products/22084496 HTTP/1.1" 200 149276 "-" "Mozilla/5.0 (Linux; Android 6.0.1; Nexus 5X Build/MMB29P) AppleWebKit/537.36 (KHTML, like Gecko) Chrome/141.0.7390.122 Mobile Safari/537.36 (compatible; GoogleOther)"
66.249.74.162 - - [23/Dec/2025:20:35:59 +0800] "GET /?products/1681518 HTTP/1.1" 200 180503 "-" "Mozilla/5.0 (Linux; Android 6.0.1; Nexus 5X Build/MMB29P) AppleWebKit/537.36 (KHTML, like Gecko) Chrome/141.0.7390.122 Mobile Safari/537.36 (compatible; GoogleOther)"
74.7.241.30 - - [23/Dec/2025:20:35:59 +0800] "GET /pages.php?rush/f260?pid=607 HTTP/1.1" 200 158368 "-" "Mozilla/5.0 AppleWebKit/537.36 (KHTML, like Gecko; compatible; GPTBot/1.3; +https://openai.com/gptbot)"
66.249.74.163 - - [23/Dec/2025:20:36:00 +0800] "GET /?products/2968530 HTTP/1.1" 200 144982 "-" "Mozilla/5.0 (Linux; Android 6.0.1; Nexus 5X Build/MMB29P) AppleWebKit/537.36 (KHTML, like Gecko) Chrome/141.0.7390.122 Mobile Safari/537.36 (compatible; GoogleOther)"
66.249.74.167 - - [23/Dec/2025:20:36:00 +0800] "GET /?products/18137030 HTTP/1.1" 200 151333 "-" "Mozilla/5.0 (Linux; Android 6.0.1; Nexus 5X Build/MMB29P) AppleWebKit/537.36 (KHTML, like Gecko) Chrome/141.0.7390.122 Mobile Safari/537.36 (compatible; GoogleOther)"
74.7.241.30 - - [23/Dec/2025:20:36:00 +0800] "GET /pages.php?oversee/k4?pid=2297 HTTP/1.1" 200 150967 "-" "Mozilla/5.0 AppleWebKit/537.36 (KHTML, like Gecko; compatible; GPTBot/1.3; +https://openai.com/gptbot)"
66.249.74.166 - - [23/Dec/2025:20:36:01 +0800] "GET /?products/23312441 HTTP/1.1" 200 157194 "-" "Mozilla/5.0 (Linux; Android 6.0.1; Nexus 5X Build/MMB29P) AppleWebKit/537.36 (KHTML, like Gecko) Chrome/141.0.7390.122 Mobile Safari/537.36 (compatible; GoogleOther)"
66.249.74.162 - - [23/Dec/2025:20:36:01 +0800] "GET /?products/11883496 HTTP/1.1" 200 154246 "-" "Mozilla/5.0 (Linux; Android 6.0.1; Nexus 5X Build/MMB29P) AppleWebKit/537.36 (KHTML, like Gecko) Chrome/141.0.7390.122 Mobile Safari/537.36 (compatible; GoogleOther)"
74.7.241.30 - - [23/Dec/2025:20:36:01 +0800] "GET /pages.php?medication/j260?pid=41 HTTP/1.1" 200 152889 "-" "Mozilla/5.0 AppleWebKit/537.36 (KHTML, like Gecko; compatible; GPTBot/1.3; +https://openai.com/gptbot)"
66.249.74.169 - - [23/Dec/2025:20:36:02 +0800] "GET /?products/5764030 HTTP/1.1" 200 156404 "-" "Mozilla/5.0 (Linux; Android 6.0.1; Nexus 5X Build/MMB29P) AppleWebKit/537.36 (KHTML, like Gecko) Chrome/141.0.7390.122 Mobile Safari/537.36 (compatible; GoogleOther)"
66.249.74.160 - - [23/Dec/2025:20:36:02 +0800] "GET /?products/11195374 HTTP/1.1" 200 160626 "-" "Mozilla/5.0 (Linux; Android 6.0.1; Nexus 5X Build/MMB29P) AppleWebKit/537.36 (KHTML, like Gecko) Chrome/141.0.7390.122 Mobile Safari/537.36 (compatible; GoogleOther)"
74.7.241.30 - - [23/Dec/2025:20:36:02 +0800] "GET /pages.php?analysis/l1?pid=2712 HTTP/1.1" 200 152244 "-" "Mozilla/5.0 AppleWebKit/537.36 (KHTML, like Gecko; compatible; GPTBot/1.3; +https://openai.com/gptbot)"
66.249.74.168 - - [23/Dec/2025:20:36:03 +0800] "GET /?products/4287207 HTTP/1.1" 200 151765 "-" "Mozilla/5.0 (Linux; Android 6.0.1; Nexus 5X Build/MMB29P) AppleWebKit/537.36 (KHTML, like Gecko) Chrome/141.0.7390.122 Mobile Safari/537.36 (compatible; GoogleOther)"
66.249.74.169 - - [23/Dec/2025:20:36:03 +0800] "GET /?products/15514674 HTTP/1.1" 200 153657 "-" "Mozilla/5.0 (Linux; Android 6.0.1; Nexus 5X Build/MMB29P) AppleWebKit/537.36 (KHTML, like Gecko) Chrome/141.0.7390.122 Mobile Safari/537.36 (compatible; GoogleOther)"
66.249.74.165 - - [23/Dec/2025:20:36:04 +0800] "GET /?products/5491729 HTTP/1.1" 200 156127 "-" "Mozilla/5.0 (Linux; Android 6.0.1; Nexus 5X Build/MMB29P) AppleWebKit/537.36 (KHTML, like Gecko) Chrome/141.0.7390.122 Mobile Safari/537.36 (compatible; GoogleOther)"
74.7.241.30 - - [23/Dec/2025:20:36:03 +0800] "GET /pages.php?creativity/l260?pid=95 HTTP/1.1" 200 153227 "-" "Mozilla/5.0 AppleWebKit/537.36 (KHTML, like Gecko; compatible; GPTBot/1.3; +https://openai.com/gptbot)"
66.249.74.160 - - [23/Dec/2025:20:36:04 +0800] "GET /?products/29739974 HTTP/1.1" 200 155696 "-" "Mozilla/5.0 (Linux; Android 6.0.1; Nexus 5X Build/MMB29P) AppleWebKit/537.36 (KHTML, like Gecko) Chrome/141.0.7390.122 Mobile Safari/537.36 (compatible; GoogleOther)"
66.249.74.160 - - [23/Dec/2025:20:36:05 +0800] "GET /?products/14691863 HTTP/1.1" 200 148126 "-" "Mozilla/5.0 (Linux; Android 6.0.1; Nexus 5X Build/MMB29P) AppleWebKit/537.36 (KHTML, like Gecko) Chrome/141.0.7390.122 Mobile Safari/537.36 (compatible; GoogleOther)"
74.7.241.30 - - [23/Dec/2025:20:36:04 +0800] "GET /pages.php?astronomer/j260?pid=41 HTTP/1.1" 200 154473 "-" "Mozilla/5.0 AppleWebKit/537.36 (KHTML, like Gecko; compatible; GPTBot/1.3; +https://openai.com/gptbot)"
66.249.74.166 - - [23/Dec/2025:20:36:05 +0800] "GET /?products/30072407 HTTP/1.1" 200 145649 "-" "Mozilla/5.0 (Linux; Android 6.0.1; Nexus 5X Build/MMB29P) AppleWebKit/537.36 (KHTML, like Gecko) Chrome/141.0.7390.122 Mobile Safari/537.36 (compatible; GoogleOther)"
74.7.241.30 - - [23/Dec/2025:20:36:05 +0800] "GET /pages.php?vacuum/l260?pid=95 HTTP/1.1" 200 152378 "-" "Mozilla/5.0 AppleWebKit/537.36 (KHTML, like Gecko; compatible; GPTBot/1.3; +https://openai.com/gptbot)"
66.249.74.167 - - [23/Dec/2025:20:36:06 +0800] "GET /?products/10098263 HTTP/1.1" 200 165993 "-" "Mozilla/5.0 (Linux; Android 6.0.1; Nexus 5X Build/MMB29P) AppleWebKit/537.36 (KHTML, like Gecko) Chrome/141.0.7390.122 Mobile Safari/537.36 (compatible; GoogleOther)"
66.249.74.164 - - [23/Dec/2025:20:36:06 +0800] "GET /?products/24477474 HTTP/1.1" 200 162193 "-" "Mozilla/5.0 (Linux; Android 6.0.1; Nexus 5X Build/MMB29P) AppleWebKit/537.36 (KHTML, like Gecko) Chrome/141.0.7390.122 Mobile Safari/537.36 (compatible; GoogleOther)"
74.7.241.30 - - [23/Dec/2025:20:36:06 +0800] "GET /pages.php?tool/d260?pid=303 HTTP/1.1" 200 153324 "-" "Mozilla/5.0 AppleWebKit/537.36 (KHTML, like Gecko; compatible; GPTBot/1.3; +https://openai.com/gptbot)"
66.249.74.163 - - [23/Dec/2025:20:36:07 +0800] "GET /?products/13648285 HTTP/1.1" 200 144419 "-" "Mozilla/5.0 (Linux; Android 6.0.1; Nexus 5X Build/MMB29P) AppleWebKit/537.36 (KHTML, like Gecko) Chrome/141.0.7390.122 Mobile Safari/537.36 (compatible; GoogleOther)"
66.249.74.167 - - [23/Dec/2025:20:36:07 +0800] "GET /?products/8645529 HTTP/1.1" 200 166583 "-" "Mozilla/5.0 (Linux; Android 6.0.1; Nexus 5X Build/MMB29P) AppleWebKit/537.36 (KHTML, like Gecko) Chrome/141.0.7390.122 Mobile Safari/537.36 (compatible; GoogleOther)"
74.7.241.30 - - [23/Dec/2025:20:36:07 +0800] "GET /pages.php?workplace/t260?pid=399 HTTP/1.1" 200 152763 "-" "Mozilla/5.0 AppleWebKit/537.36 (KHTML, like Gecko; compatible; GPTBot/1.3; +https://openai.com/gptbot)"
66.249.74.163 - - [23/Dec/2025:20:36:08 +0800] "GET /?products/14312841 HTTP/1.1" 200 155651 "-" "Mozilla/5.0 (Linux; Android 6.0.1; Nexus 5X Build/MMB29P) AppleWebKit/537.36 (KHTML, like Gecko) Chrome/141.0.7390.122 Mobile Safari/537.36 (compatible; GoogleOther)"
74.7.241.30 - - [23/Dec/2025:20:36:08 +0800] "GET /pages.php?self/s7?pid=15962 HTTP/1.1" 200 143593 "-" "Mozilla/5.0 AppleWebKit/537.36 (KHTML, like Gecko; compatible; GPTBot/1.3; +https://openai.com/gptbot)"
66.249.74.168 - - [23/Dec/2025:20:36:08 +0800] "GET /?products/30479507 HTTP/1.1" 200 146998 "-" "Mozilla/5.0 (Linux; Android 6.0.1; Nexus 5X Build/MMB29P) AppleWebKit/537.36 (KHTML, like Gecko) Chrome/141.0.7390.122 Mobile Safari/537.36 (compatible; GoogleOther)"
66.249.74.167 - - [23/Dec/2025:20:36:09 +0800] "GET /?products/26616752 HTTP/1.1" 200 186284 "-" "Mozilla/5.0 (Linux; Android 6.0.1; Nexus 5X Build/MMB29P) AppleWebKit/537.36 (KHTML, like Gecko) Chrome/141.0.7390.122 Mobile Safari/537.36 (compatible; GoogleOther)"
74.7.241.30 - - [23/Dec/2025:20:36:09 +0800] "GET /pages.php?commitment/l29?pid=650 HTTP/1.1" 200 142896 "-" "Mozilla/5.0 AppleWebKit/537.36 (KHTML, like Gecko; compatible; GPTBot/1.3; +https://openai.com/gptbot)"
66.249.74.164 - - [23/Dec/2025:20:36:09 +0800] "GET /?products/1864863 HTTP/1.1" 200 150559 "-" "Mozilla/5.0 (Linux; Android 6.0.1; Nexus 5X Build/MMB29P) AppleWebKit/537.36 (KHTML, like Gecko) Chrome/141.0.7390.122 Mobile Safari/537.36 (compatible; GoogleOther)"
66.249.74.168 - - [23/Dec/2025:20:36:10 +0800] "GET /?products/9981007 HTTP/1.1" 200 145665 "-" "Mozilla/5.0 (Linux; Android 6.0.1; Nexus 5X Build/MMB29P) AppleWebKit/537.36 (KHTML, like Gecko) Chrome/141.0.7390.122 Mobile Safari/537.36 (compatible; GoogleOther)"
74.7.241.30 - - [23/Dec/2025:20:36:09 +0800] "GET /pages.php?reservation/j260?pid=41 HTTP/1.1" 200 153964 "-" "Mozilla/5.0 AppleWebKit/537.36 (KHTML, like Gecko; compatible; GPTBot/1.3; +https://openai.com/gptbot)"
66.249.74.164 - - [23/Dec/2025:20:36:10 +0800] "GET /?products/1501707 HTTP/1.1" 200 153960 "-" "Mozilla/5.0 (Linux; Android 6.0.1; Nexus 5X Build/MMB29P) AppleWebKit/537.36 (KHTML, like Gecko) Chrome/141.0.7390.122 Mobile Safari/537.36 (compatible; GoogleOther)"
74.7.241.30 - - [23/Dec/2025:20:36:10 +0800] "GET /pages.php?request/b3?pid=45268 HTTP/1.1" 200 156688 "-" "Mozilla/5.0 AppleWebKit/537.36 (KHTML, like Gecko; compatible; GPTBot/1.3; +https://openai.com/gptbot)"
66.249.74.160 - - [23/Dec/2025:20:36:11 +0800] "GET /?products/10180730 HTTP/1.1" 200 183147 "-" "Mozilla/5.0 (Linux; Android 6.0.1; Nexus 5X Build/MMB29P) AppleWebKit/537.36 (KHTML, like Gecko) Chrome/141.0.7390.122 Mobile Safari/537.36 (compatible; GoogleOther)"
66.249.74.163 - - [23/Dec/2025:20:36:11 +0800] "GET /?products/10719185 HTTP/1.1" 200 151738 "-" "Mozilla/5.0 (Linux; Android 6.0.1; Nexus 5X Build/MMB29P) AppleWebKit/537.36 (KHTML, like Gecko) Chrome/141.0.7390.122 Mobile Safari/537.36 (compatible; GoogleOther)"
74.7.241.30 - - [23/Dec/2025:20:36:11 +0800] "GET /pages.php?item/u9/9797/ HTTP/1.1" 200 153304 "-" "Mozilla/5.0 AppleWebKit/537.36 (KHTML, like Gecko; compatible; GPTBot/1.3; +https://openai.com/gptbot)"
66.249.74.165 - - [23/Dec/2025:20:36:12 +0800] "GET /?products/2676652 HTTP/1.1" 200 148474 "-" "Mozilla/5.0 (Linux; Android 6.0.1; Nexus 5X Build/MMB29P) AppleWebKit/537.36 (KHTML, like Gecko) Chrome/141.0.7390.122 Mobile Safari/537.36 (compatible; GoogleOther)"
66.249.74.167 - - [23/Dec/2025:20:36:12 +0800] "GET /?products/4819352 HTTP/1.1" 200 167361 "-" "Mozilla/5.0 (Linux; Android 6.0.1; Nexus 5X Build/MMB29P) AppleWebKit/537.36 (KHTML, like Gecko) Chrome/141.0.7390.122 Mobile Safari/537.36 (compatible; GoogleOther)"
74.7.241.30 - - [23/Dec/2025:20:36:12 +0800] "GET /pages.php?flying/o1?pid=2882 HTTP/1.1" 200 151774 "-" "Mozilla/5.0 AppleWebKit/537.36 (KHTML, like Gecko; compatible; GPTBot/1.3; +https://openai.com/gptbot)"
66.249.74.165 - - [23/Dec/2025:20:36:13 +0800] "GET /?products/15500830 HTTP/1.1" 200 153063 "-" "Mozilla/5.0 (Linux; Android 6.0.1; Nexus 5X Build/MMB29P) AppleWebKit/537.36 (KHTML, like Gecko) Chrome/141.0.7390.122 Mobile Safari/537.36 (compatible; GoogleOther)"
74.7.241.30 - - [23/Dec/2025:20:36:13 +0800] "GET /pages.php?light/z260?pid=323 HTTP/1.1" 200 156077 "-" "Mozilla/5.0 AppleWebKit/537.36 (KHTML, like Gecko; compatible; GPTBot/1.3; +https://openai.com/gptbot)"
66.249.74.166 - - [23/Dec/2025:20:36:13 +0800] "GET /?products/21327785 HTTP/1.1" 200 159968 "-" "Mozilla/5.0 (Linux; Android 6.0.1; Nexus 5X Build/MMB29P) AppleWebKit/537.36 (KHTML, like Gecko) Chrome/141.0.7390.122 Mobile Safari/537.36 (compatible; GoogleOther)"
66.249.74.164 - - [23/Dec/2025:20:36:14 +0800] "GET /?products/4965718 HTTP/1.1" 200 146337 "-" "Mozilla/5.0 (Linux; Android 6.0.1; Nexus 5X Build/MMB29P) AppleWebKit/537.36 (KHTML, like Gecko) Chrome/141.0.7390.122 Mobile Safari/537.36 (compatible; GoogleOther)"
74.7.241.30 - - [23/Dec/2025:20:36:14 +0800] "GET /pages.php?allegedly/l260?pid=95 HTTP/1.1" 200 153143 "-" "Mozilla/5.0 AppleWebKit/537.36 (KHTML, like Gecko; compatible; GPTBot/1.3; +https://openai.com/gptbot)"
66.249.74.165 - - [23/Dec/2025:20:36:14 +0800] "GET /?products/30184785 HTTP/1.1" 200 191697 "-" "Mozilla/5.0 (Linux; Android 6.0.1; Nexus 5X Build/MMB29P) AppleWebKit/537.36 (KHTML, like Gecko) Chrome/141.0.7390.122 Mobile Safari/537.36 (compatible; GoogleOther)"
66.249.74.162 - - [23/Dec/2025:20:36:15 +0800] "GET /?products/25165196 HTTP/1.1" 200 156105 "-" "Mozilla/5.0 (Linux; Android 6.0.1; Nexus 5X Build/MMB29P) AppleWebKit/537.36 (KHTML, like Gecko) Chrome/141.0.7390.122 Mobile Safari/537.36 (compatible; GoogleOther)"
74.7.241.30 - - [23/Dec/2025:20:36:14 +0800] "GET /pages.php?columnist/z260?pid=433 HTTP/1.1" 200 152050 "-" "Mozilla/5.0 AppleWebKit/537.36 (KHTML, like Gecko; compatible; GPTBot/1.3; +https://openai.com/gptbot)"
66.249.74.166 - - [23/Dec/2025:20:36:15 +0800] "GET /?products/8783918 HTTP/1.1" 200 169889 "-" "Mozilla/5.0 (Linux; Android 6.0.1; Nexus 5X Build/MMB29P) AppleWebKit/537.36 (KHTML, like Gecko) Chrome/141.0.7390.122 Mobile Safari/537.36 (compatible; GoogleOther)"
66.249.74.160 - - [23/Dec/2025:20:36:16 +0800] "GET /?products/14881341 HTTP/1.1" 200 185520 "-" "Mozilla/5.0 (Linux; Android 6.0.1; Nexus 5X Build/MMB29P) AppleWebKit/537.36 (KHTML, like Gecko) Chrome/141.0.7390.122 Mobile Safari/537.36 (compatible; GoogleOther)"
74.7.241.30 - - [23/Dec/2025:20:36:15 +0800] "GET /pages.php?sake/y260?pid=289 HTTP/1.1" 200 154963 "-" "Mozilla/5.0 AppleWebKit/537.36 (KHTML, like Gecko; compatible; GPTBot/1.3; +https://openai.com/gptbot)"
66.249.74.164 - - [23/Dec/2025:20:36:16 +0800] "GET /?products/26817496 HTTP/1.1" 200 144001 "-" "Mozilla/5.0 (Linux; Android 6.0.1; Nexus 5X Build/MMB29P) AppleWebKit/537.36 (KHTML, like Gecko) Chrome/141.0.7390.122 Mobile Safari/537.36 (compatible; GoogleOther)"
74.7.241.30 - - [23/Dec/2025:20:36:16 +0800] "GET /pages.php?9523225 HTTP/1.1" 200 142923 "-" "Mozilla/5.0 AppleWebKit/537.36 (KHTML, like Gecko; compatible; GPTBot/1.3; +https://openai.com/gptbot)"
66.249.74.165 - - [23/Dec/2025:20:36:17 +0800] "GET /?products/19001129 HTTP/1.1" 200 178420 "-" "Mozilla/5.0 (Linux; Android 6.0.1; Nexus 5X Build/MMB29P) AppleWebKit/537.36 (KHTML, like Gecko) Chrome/141.0.7390.122 Mobile Safari/537.36 (compatible; GoogleOther)"
66.249.74.164 - - [23/Dec/2025:20:36:17 +0800] "GET /?products/10325829 HTTP/1.1" 200 185100 "-" "Mozilla/5.0 (Linux; Android 6.0.1; Nexus 5X Build/MMB29P) AppleWebKit/537.36 (KHTML, like Gecko) Chrome/141.0.7390.122 Mobile Safari/537.36 (compatible; GoogleOther)"
74.7.241.30 - - [23/Dec/2025:20:36:17 +0800] "GET /pages.php?automobile/d260?pid=87 HTTP/1.1" 200 151875 "-" "Mozilla/5.0 AppleWebKit/537.36 (KHTML, like Gecko; compatible; GPTBot/1.3; +https://openai.com/gptbot)"
66.249.74.160 - - [23/Dec/2025:20:36:18 +0800] "GET /?products/29043585 HTTP/1.1" 200 159809 "-" "Mozilla/5.0 (Linux; Android 6.0.1; Nexus 5X Build/MMB29P) AppleWebKit/537.36 (KHTML, like Gecko) Chrome/141.0.7390.122 Mobile Safari/537.36 (compatible; GoogleOther)"
74.7.241.30 - - [23/Dec/2025:20:36:18 +0800] "GET /pages.php?book/h260?pid=335 HTTP/1.1" 200 153087 "-" "Mozilla/5.0 AppleWebKit/537.36 (KHTML, like Gecko; compatible; GPTBot/1.3; +https://openai.com/gptbot)"
66.249.74.164 - - [23/Dec/2025:20:36:18 +0800] "GET /?products/29772030 HTTP/1.1" 200 149406 "-" "Mozilla/5.0 (Linux; Android 6.0.1; Nexus 5X Build/MMB29P) AppleWebKit/537.36 (KHTML, like Gecko) Chrome/141.0.7390.122 Mobile Safari/537.36 (compatible; GoogleOther)"
74.7.241.30 - - [23/Dec/2025:20:36:18 +0800] "GET /pages.php?tournament/e260?pid=93 HTTP/1.1" 200 152817 "-" "Mozilla/5.0 AppleWebKit/537.36 (KHTML, like Gecko; compatible; GPTBot/1.3; +https://openai.com/gptbot)"
66.249.74.165 - - [23/Dec/2025:20:36:19 +0800] "GET /?products/3840774 HTTP/1.1" 200 151345 "-" "Mozilla/5.0 (Linux; Android 6.0.1; Nexus 5X Build/MMB29P) AppleWebKit/537.36 (KHTML, like Gecko) Chrome/141.0.7390.122 Mobile Safari/537.36 (compatible; GoogleOther)"
66.249.74.164 - - [23/Dec/2025:20:36:19 +0800] "GET /?products/17885730 HTTP/1.1" 200 180928 "-" "Mozilla/5.0 (Linux; Android 6.0.1; Nexus 5X Build/MMB29P) AppleWebKit/537.36 (KHTML, like Gecko) Chrome/141.0.7390.122 Mobile Safari/537.36 (compatible; GoogleOther)"
74.7.241.30 - - [23/Dec/2025:20:36:19 +0800] "GET /pages.php?theoretical/v52?pid=863 HTTP/1.1" 200 146358 "-" "Mozilla/5.0 AppleWebKit/537.36 (KHTML, like Gecko; compatible; GPTBot/1.3; +https://openai.com/gptbot)"
66.249.74.164 - - [23/Dec/2025:20:36:20 +0800] "GET /?products/28776985 HTTP/1.1" 200 145483 "-" "Mozilla/5.0 (Linux; Android 6.0.1; Nexus 5X Build/MMB29P) AppleWebKit/537.36 (KHTML, like Gecko) Chrome/141.0.7390.122 Mobile Safari/537.36 (compatible; GoogleOther)"
74.7.241.30 - - [23/Dec/2025:20:36:20 +0800] "GET /pages.php?difficulty/l260?pid=95 HTTP/1.1" 200 153529 "-" "Mozilla/5.0 AppleWebKit/537.36 (KHTML, like Gecko; compatible; GPTBot/1.3; +https://openai.com/gptbot)"
52.167.144.162 - - [23/Dec/2025:20:36:20 +0800] "GET /?m=294014624 HTTP/1.1" 200 146217 "-" "Mozilla/5.0 AppleWebKit/537.36 (KHTML, like Gecko; compatible; bingbot/2.0; +http://www.bing.com/bingbot.htm) Chrome/116.0.1938.76 Safari/537.36"
66.249.74.163 - - [23/Dec/2025:20:36:20 +0800] "GET /?products/15199607 HTTP/1.1" 200 180688 "-" "Mozilla/5.0 (Linux; Android 6.0.1; Nexus 5X Build/MMB29P) AppleWebKit/537.36 (KHTML, like Gecko) Chrome/141.0.7390.122 Mobile Safari/537.36 (compatible; GoogleOther)"
74.7.241.30 - - [23/Dec/2025:20:36:20 +0800] "GET /pages.php?dying/m260?pid=585 HTTP/1.1" 200 154947 "-" "Mozilla/5.0 AppleWebKit/537.36 (KHTML, like Gecko; compatible; GPTBot/1.3; +https://openai.com/gptbot)"
66.249.74.169 - - [23/Dec/2025:20:36:21 +0800] "GET /?products/20876618 HTTP/1.1" 200 183829 "-" "Mozilla/5.0 (Linux; Android 6.0.1; Nexus 5X Build/MMB29P) AppleWebKit/537.36 (KHTML, like Gecko) Chrome/141.0.7390.122 Mobile Safari/537.36 (compatible; GoogleOther)"
66.249.74.165 - - [23/Dec/2025:20:36:21 +0800] "GET /?products/24238763 HTTP/1.1" 200 145841 "-" "Mozilla/5.0 (Linux; Android 6.0.1; Nexus 5X Build/MMB29P) AppleWebKit/537.36 (KHTML, like Gecko) Chrome/141.0.7390.122 Mobile Safari/537.36 (compatible; GoogleOther)"
74.7.241.30 - - [23/Dec/2025:20:36:21 +0800] "GET /pages.php?phase/h260?pid=261 HTTP/1.1" 200 152739 "-" "Mozilla/5.0 AppleWebKit/537.36 (KHTML, like Gecko; compatible; GPTBot/1.3; +https://openai.com/gptbot)"
66.249.74.161 - - [23/Dec/2025:20:36:22 +0800] "GET /?products/20216207 HTTP/1.1" 200 164223 "-" "Mozilla/5.0 (Linux; Android 6.0.1; Nexus 5X Build/MMB29P) AppleWebKit/537.36 (KHTML, like Gecko) Chrome/141.0.7390.122 Mobile Safari/537.36 (compatible; GoogleOther)"
66.249.74.169 - - [23/Dec/2025:20:36:22 +0800] "GET /?products/24414896 HTTP/1.1" 200 164526 "-" "Mozilla/5.0 (Linux; Android 6.0.1; Nexus 5X Build/MMB29P) AppleWebKit/537.36 (KHTML, like Gecko) Chrome/141.0.7390.122 Mobile Safari/537.36 (compatible; GoogleOther)"
74.7.241.30 - - [23/Dec/2025:20:36:22 +0800] "GET /pages.php?extended/y260?pid=289 HTTP/1.1" 200 153548 "-" "Mozilla/5.0 AppleWebKit/537.36 (KHTML, like Gecko; compatible; GPTBot/1.3; +https://openai.com/gptbot)"
66.249.74.160 - - [23/Dec/2025:20:36:23 +0800] "GET /?products/1385941 HTTP/1.1" 200 161829 "-" "Mozilla/5.0 (Linux; Android 6.0.1; Nexus 5X Build/MMB29P) AppleWebKit/537.36 (KHTML, like Gecko) Chrome/141.0.7390.122 Mobile Safari/537.36 (compatible; GoogleOther)"
66.249.74.164 - - [23/Dec/2025:20:36:23 +0800] "GET /?products/2385685 HTTP/1.1" 200 152707 "-" "Mozilla/5.0 (Linux; Android 6.0.1; Nexus 5X Build/MMB29P) AppleWebKit/537.36 (KHTML, like Gecko) Chrome/141.0.7390.122 Mobile Safari/537.36 (compatible; GoogleOther)"
74.7.241.30 - - [23/Dec/2025:20:36:23 +0800] "GET /pages.php?story/z108?pid=25227 HTTP/1.1" 200 143839 "-" "Mozilla/5.0 AppleWebKit/537.36 (KHTML, like Gecko; compatible; GPTBot/1.3; +https://openai.com/gptbot)"
66.249.74.160 - - [23/Dec/2025:20:36:24 +0800] "GET /?products/15974663 HTTP/1.1" 200 151515 "-" "Mozilla/5.0 (Linux; Android 6.0.1; Nexus 5X Build/MMB29P) AppleWebKit/537.36 (KHTML, like Gecko) Chrome/141.0.7390.122 Mobile Safari/537.36 (compatible; GoogleOther)"
66.249.74.164 - - [23/Dec/2025:20:36:24 +0800] "GET /?products/24616041 HTTP/1.1" 200 151880 "-" "Mozilla/5.0 (Linux; Android 6.0.1; Nexus 5X Build/MMB29P) AppleWebKit/537.36 (KHTML, like Gecko) Chrome/141.0.7390.122 Mobile Safari/537.36 (compatible; GoogleOther)"
74.7.241.30 - - [23/Dec/2025:20:36:24 +0800] "GET /pages.php?9856419 HTTP/1.1" 200 152936 "-" "Mozilla/5.0 AppleWebKit/537.36 (KHTML, like Gecko; compatible; GPTBot/1.3; +https://openai.com/gptbot)"
66.249.74.164 - - [23/Dec/2025:20:36:25 +0800] "GET /?products/2577818 HTTP/1.1" 200 149814 "-" "Mozilla/5.0 (Linux; Android 6.0.1; Nexus 5X Build/MMB29P) AppleWebKit/537.36 (KHTML, like Gecko) Chrome/141.0.7390.122 Mobile Safari/537.36 (compatible; GoogleOther)"
74.7.241.30 - - [23/Dec/2025:20:36:25 +0800] "GET /pages.php?criticism/i260?pid=215 HTTP/1.1" 200 152897 "-" "Mozilla/5.0 AppleWebKit/537.36 (KHTML, like Gecko; compatible; GPTBot/1.3; +https://openai.com/gptbot)"
66.249.74.162 - - [23/Dec/2025:20:36:25 +0800] "GET /?products/17250929 HTTP/1.1" 200 157707 "-" "Mozilla/5.0 (Linux; Android 6.0.1; Nexus 5X Build/MMB29P) AppleWebKit/537.36 (KHTML, like Gecko) Chrome/141.0.7390.122 Mobile Safari/537.36 (compatible; GoogleOther)"
66.249.74.163 - - [23/Dec/2025:20:36:26 +0800] "GET /?products/4466874 HTTP/1.1" 200 155518 "-" "Mozilla/5.0 (Linux; Android 6.0.1; Nexus 5X Build/MMB29P) AppleWebKit/537.36 (KHTML, like Gecko) Chrome/141.0.7390.122 Mobile Safari/537.36 (compatible; GoogleOther)"
66.249.74.163 - - [23/Dec/2025:20:36:26 +0800] "GET /?products/1365829 HTTP/1.1" 200 158050 "-" "Mozilla/5.0 (Linux; Android 6.0.1; Nexus 5X Build/MMB29P) AppleWebKit/537.36 (KHTML, like Gecko) Chrome/141.0.7390.122 Mobile Safari/537.36 (compatible; GoogleOther)"
74.7.241.30 - - [23/Dec/2025:20:36:26 +0800] "GET /pages.php?leadership/d260?pid=87 HTTP/1.1" 200 152115 "-" "Mozilla/5.0 AppleWebKit/537.36 (KHTML, like Gecko; compatible; GPTBot/1.3; +https://openai.com/gptbot)"
66.249.74.165 - - [23/Dec/2025:20:36:27 +0800] "GET /?products/15289874 HTTP/1.1" 200 168024 "-" "Mozilla/5.0 (Linux; Android 6.0.1; Nexus 5X Build/MMB29P) AppleWebKit/537.36 (KHTML, like Gecko) Chrome/141.0.7390.122 Mobile Safari/537.36 (compatible; GoogleOther)"
66.249.74.161 - - [23/Dec/2025:20:36:27 +0800] "GET /?products/26076874 HTTP/1.1" 200 155023 "-" "Mozilla/5.0 (Linux; Android 6.0.1; Nexus 5X Build/MMB29P) AppleWebKit/537.36 (KHTML, like Gecko) Chrome/141.0.7390.122 Mobile Safari/537.36 (compatible; GoogleOther)"
74.7.241.30 - - [23/Dec/2025:20:36:27 +0800] "GET /pages.php?ceremony/f68?pid=45407 HTTP/1.1" 200 157051 "-" "Mozilla/5.0 AppleWebKit/537.36 (KHTML, like Gecko; compatible; GPTBot/1.3; +https://openai.com/gptbot)"
66.249.74.169 - - [23/Dec/2025:20:36:27 +0800] "GET /?products/5190274 HTTP/1.1" 200 153700 "-" "Mozilla/5.0 (Linux; Android 6.0.1; Nexus 5X Build/MMB29P) AppleWebKit/537.36 (KHTML, like Gecko) Chrome/141.0.7390.122 Mobile Safari/537.36 (compatible; Googlebot/2.1; +http://www.google.com/bot.html)"
66.249.74.163 - - [23/Dec/2025:20:36:28 +0800] "GET /?products/2731763 HTTP/1.1" 200 150039 "-" "Mozilla/5.0 (Linux; Android 6.0.1; Nexus 5X Build/MMB29P) AppleWebKit/537.36 (KHTML, like Gecko) Chrome/141.0.7390.122 Mobile Safari/537.36 (compatible; GoogleOther)"
66.249.74.165 - - [23/Dec/2025:20:36:28 +0800] "GET /?products/19108829 HTTP/1.1" 200 156427 "-" "Mozilla/5.0 (Linux; Android 6.0.1; Nexus 5X Build/MMB29P) AppleWebKit/537.36 (KHTML, like Gecko) Chrome/141.0.7390.122 Mobile Safari/537.36 (compatible; GoogleOther)"
74.7.241.30 - - [23/Dec/2025:20:36:28 +0800] "GET /pages.php?1159273260 HTTP/1.1" 200 146639 "-" "Mozilla/5.0 AppleWebKit/537.36 (KHTML, like Gecko; compatible; GPTBot/1.3; +https://openai.com/gptbot)"
66.249.74.162 - - [23/Dec/2025:20:36:29 +0800] "GET /?products/3682885 HTTP/1.1" 200 159046 "-" "Mozilla/5.0 (Linux; Android 6.0.1; Nexus 5X Build/MMB29P) AppleWebKit/537.36 (KHTML, like Gecko) Chrome/141.0.7390.122 Mobile Safari/537.36 (compatible; GoogleOther)"
66.249.74.164 - - [23/Dec/2025:20:36:29 +0800] "GET /?products/27249263 HTTP/1.1" 200 165261 "-" "Mozilla/5.0 (Linux; Android 6.0.1; Nexus 5X Build/MMB29P) AppleWebKit/537.36 (KHTML, like Gecko) Chrome/141.0.7390.122 Mobile Safari/537.36 (compatible; GoogleOther)"
66.249.74.161 - - [23/Dec/2025:20:36:30 +0800] "GET /?products/15133152 HTTP/1.1" 200 149421 "-" "Mozilla/5.0 (Linux; Android 6.0.1; Nexus 5X Build/MMB29P) AppleWebKit/537.36 (KHTML, like Gecko) Chrome/141.0.7390.122 Mobile Safari/537.36 (compatible; GoogleOther)"
74.7.241.30 - - [23/Dec/2025:20:36:29 +0800] "GET /pages.php?wildlife/l260?pid=333 HTTP/1.1" 200 154569 "-" "Mozilla/5.0 AppleWebKit/537.36 (KHTML, like Gecko; compatible; GPTBot/1.3; +https://openai.com/gptbot)"
66.249.74.165 - - [23/Dec/2025:20:36:30 +0800] "GET /?products/29119563 HTTP/1.1" 200 158806 "-" "Mozilla/5.0 (Linux; Android 6.0.1; Nexus 5X Build/MMB29P) AppleWebKit/537.36 (KHTML, like Gecko) Chrome/141.0.7390.122 Mobile Safari/537.36 (compatible; GoogleOther)"
66.249.74.160 - - [23/Dec/2025:20:36:31 +0800] "GET /?products/25386896 HTTP/1.1" 200 155708 "-" "Mozilla/5.0 (Linux; Android 6.0.1; Nexus 5X Build/MMB29P) AppleWebKit/537.36 (KHTML, like Gecko) Chrome/141.0.7390.122 Mobile Safari/537.36 (compatible; GoogleOther)"
74.7.241.30 - - [23/Dec/2025:20:36:30 +0800] "GET /pages.php?aisle/j260?pid=307 HTTP/1.1" 200 153382 "-" "Mozilla/5.0 AppleWebKit/537.36 (KHTML, like Gecko; compatible; GPTBot/1.3; +https://openai.com/gptbot)"
66.249.74.160 - - [23/Dec/2025:20:36:31 +0800] "GET /?products/3620507 HTTP/1.1" 200 166754 "-" "Mozilla/5.0 (Linux; Android 6.0.1; Nexus 5X Build/MMB29P) AppleWebKit/537.36 (KHTML, like Gecko) Chrome/141.0.7390.122 Mobile Safari/537.36 (compatible; GoogleOther)"
66.249.74.164 - - [23/Dec/2025:20:36:32 +0800] "GET /?products/30518341 HTTP/1.1" 200 156507 "-" "Mozilla/5.0 (Linux; Android 6.0.1; Nexus 5X Build/MMB29P) AppleWebKit/537.36 (KHTML, like Gecko) Chrome/141.0.7390.122 Mobile Safari/537.36 (compatible; GoogleOther)"
74.7.241.30 - - [23/Dec/2025:20:36:31 +0800] "GET /pages.php?gang/h260?pid=335 HTTP/1.1" 200 154667 "-" "Mozilla/5.0 AppleWebKit/537.36 (KHTML, like Gecko; compatible; GPTBot/1.3; +https://openai.com/gptbot)"
66.249.74.162 - - [23/Dec/2025:20:36:32 +0800] "GET /?products/17450329 HTTP/1.1" 200 157625 "-" "Mozilla/5.0 (Linux; Android 6.0.1; Nexus 5X Build/MMB29P) AppleWebKit/537.36 (KHTML, like Gecko) Chrome/141.0.7390.122 Mobile Safari/537.36 (compatible; GoogleOther)"
66.249.74.169 - - [23/Dec/2025:20:36:33 +0800] "GET /?products/6617629 HTTP/1.1" 200 164029 "-" "Mozilla/5.0 (Linux; Android 6.0.1; Nexus 5X Build/MMB29P) AppleWebKit/537.36 (KHTML, like Gecko) Chrome/141.0.7390.122 Mobile Safari/537.36 (compatible; GoogleOther)"
74.7.241.30 - - [23/Dec/2025:20:36:32 +0800] "GET /pages.php?scare/p260?pid=527 HTTP/1.1" 200 152887 "-" "Mozilla/5.0 AppleWebKit/537.36 (KHTML, like Gecko; compatible; GPTBot/1.3; +https://openai.com/gptbot)"
66.249.74.163 - - [23/Dec/2025:20:36:33 +0800] "GET /?products/16242696 HTTP/1.1" 200 159255 "-" "Mozilla/5.0 (Linux; Android 6.0.1; Nexus 5X Build/MMB29P) AppleWebKit/537.36 (KHTML, like Gecko) Chrome/141.0.7390.122 Mobile Safari/537.36 (compatible; GoogleOther)"
66.249.74.163 - - [23/Dec/2025:20:36:34 +0800] "GET /?products/19443996 HTTP/1.1" 200 148724 "-" "Mozilla/5.0 (Linux; Android 6.0.1; Nexus 5X Build/MMB29P) AppleWebKit/537.36 (KHTML, like Gecko) Chrome/141.0.7390.122 Mobile Safari/537.36 (compatible; GoogleOther)"
74.7.241.30 - - [23/Dec/2025:20:36:33 +0800] "GET /pages.php?seat/z260?pid=433 HTTP/1.1" 200 152125 "-" "Mozilla/5.0 AppleWebKit/537.36 (KHTML, like Gecko; compatible; GPTBot/1.3; +https://openai.com/gptbot)"
66.249.74.160 - - [23/Dec/2025:20:36:34 +0800] "GET /?products/8102729 HTTP/1.1" 200 167741 "-" "Mozilla/5.0 (Linux; Android 6.0.1; Nexus 5X Build/MMB29P) AppleWebKit/537.36 (KHTML, like Gecko) Chrome/141.0.7390.122 Mobile Safari/537.36 (compatible; GoogleOther)"
66.249.74.169 - - [23/Dec/2025:20:36:35 +0800] "GET /?products/20687196 HTTP/1.1" 200 148696 "-" "Mozilla/5.0 (Linux; Android 6.0.1; Nexus 5X Build/MMB29P) AppleWebKit/537.36 (KHTML, like Gecko) Chrome/141.0.7390.122 Mobile Safari/537.36 (compatible; GoogleOther)"
74.7.241.30 - - [23/Dec/2025:20:36:34 +0800] "GET /pages.php?unit/e5?pid=12150 HTTP/1.1" 200 148021 "-" "Mozilla/5.0 AppleWebKit/537.36 (KHTML, like Gecko; compatible; GPTBot/1.3; +https://openai.com/gptbot)"
66.249.74.169 - - [23/Dec/2025:20:36:35 +0800] "GET /?products/6487941 HTTP/1.1" 200 188434 "-" "Mozilla/5.0 (Linux; Android 6.0.1; Nexus 5X Build/MMB29P) AppleWebKit/537.36 (KHTML, like Gecko) Chrome/141.0.7390.122 Mobile Safari/537.36 (compatible; GoogleOther)"
74.7.241.30 - - [23/Dec/2025:20:36:35 +0800] "GET /pages.php?question/e260?pid=483 HTTP/1.1" 200 153956 "-" "Mozilla/5.0 AppleWebKit/537.36 (KHTML, like Gecko; compatible; GPTBot/1.3; +https://openai.com/gptbot)"
66.249.74.160 - - [23/Dec/2025:20:36:35 +0800] "GET /?products/23161574 HTTP/1.1" 200 164158 "-" "Mozilla/5.0 (Linux; Android 6.0.1; Nexus 5X Build/MMB29P) AppleWebKit/537.36 (KHTML, like Gecko) Chrome/141.0.7390.122 Mobile Safari/537.36 (compatible; GoogleOther)"
66.249.74.161 - - [23/Dec/2025:20:36:37 +0800] "GET /?products/28799841 HTTP/1.1" 200 177377 "-" "Mozilla/5.0 (Linux; Android 6.0.1; Nexus 5X Build/MMB29P) AppleWebKit/537.36 (KHTML, like Gecko) Chrome/141.0.7390.122 Mobile Safari/537.36 (compatible; GoogleOther)"
74.7.241.30 - - [23/Dec/2025:20:36:36 +0800] "GET /pages.php?legal/p260?pid=329 HTTP/1.1" 200 153625 "-" "Mozilla/5.0 AppleWebKit/537.36 (KHTML, like Gecko; compatible; GPTBot/1.3; +https://openai.com/gptbot)"
66.249.74.162 - - [23/Dec/2025:20:36:37 +0800] "GET /?products/20187341 HTTP/1.1" 200 143981 "-" "Mozilla/5.0 (Linux; Android 6.0.1; Nexus 5X Build/MMB29P) AppleWebKit/537.36 (KHTML, like Gecko) Chrome/141.0.7390.122 Mobile Safari/537.36 (compatible; GoogleOther)"
66.249.74.162 - - [23/Dec/2025:20:36:37 +0800] "GET /?products/30759996 HTTP/1.1" 200 171343 "-" "Mozilla/5.0 (Linux; Android 6.0.1; Nexus 5X Build/MMB29P) AppleWebKit/537.36 (KHTML, like Gecko) Chrome/141.0.7390.122 Mobile Safari/537.36 (compatible; GoogleOther)"
74.7.241.30 - - [23/Dec/2025:20:36:37 +0800] "GET /pages.php?treasure/i260?pid=215 HTTP/1.1" 200 152650 "-" "Mozilla/5.0 AppleWebKit/537.36 (KHTML, like Gecko; compatible; GPTBot/1.3; +https://openai.com/gptbot)"
66.249.74.164 - - [23/Dec/2025:20:36:38 +0800] "GET /?products/26767296 HTTP/1.1" 200 163678 "-" "Mozilla/5.0 (Linux; Android 6.0.1; Nexus 5X Build/MMB29P) AppleWebKit/537.36 (KHTML, like Gecko) Chrome/141.0.7390.122 Mobile Safari/537.36 (compatible; GoogleOther)"
74.7.241.30 - - [23/Dec/2025:20:36:38 +0800] "GET /pages.php?item/u82/692/ HTTP/1.1" 200 146486 "-" "Mozilla/5.0 AppleWebKit/537.36 (KHTML, like Gecko; compatible; GPTBot/1.3; +https://openai.com/gptbot)"
66.249.74.165 - - [23/Dec/2025:20:36:39 +0800] "GET /?products/11053430 HTTP/1.1" 200 162859 "-" "Mozilla/5.0 (Linux; Android 6.0.1; Nexus 5X Build/MMB29P) AppleWebKit/537.36 (KHTML, like Gecko) Chrome/141.0.7390.122 Mobile Safari/537.36 (compatible; GoogleOther)"
66.249.74.165 - - [23/Dec/2025:20:36:39 +0800] "GET /?products/11947074 HTTP/1.1" 200 151862 "-" "Mozilla/5.0 (Linux; Android 6.0.1; Nexus 5X Build/MMB29P) AppleWebKit/537.36 (KHTML, like Gecko) Chrome/141.0.7390.122 Mobile Safari/537.36 (compatible; GoogleOther)"
74.7.241.30 - - [23/Dec/2025:20:36:39 +0800] "GET /pages.php?suddenly/l260?pid=333 HTTP/1.1" 200 154044 "-" "Mozilla/5.0 AppleWebKit/537.36 (KHTML, like Gecko; compatible; GPTBot/1.3; +https://openai.com/gptbot)"
52.167.144.162 - - [23/Dec/2025:20:36:39 +0800] "GET /?m=322282024 HTTP/1.1" 200 179637 "-" "Mozilla/5.0 AppleWebKit/537.36 (KHTML, like Gecko; compatible; bingbot/2.0; +http://www.bing.com/bingbot.htm) Chrome/116.0.1938.76 Safari/537.36"
66.249.74.169 - - [23/Dec/2025:20:36:40 +0800] "GET /?products/10503585 HTTP/1.1" 200 143900 "-" "Mozilla/5.0 (Linux; Android 6.0.1; Nexus 5X Build/MMB29P) AppleWebKit/537.36 (KHTML, like Gecko) Chrome/141.0.7390.122 Mobile Safari/537.36 (compatible; GoogleOther)"
66.249.74.162 - - [23/Dec/2025:20:36:40 +0800] "GET /?products/21024541 HTTP/1.1" 200 157812 "-" "Mozilla/5.0 (Linux; Android 6.0.1; Nexus 5X Build/MMB29P) AppleWebKit/537.36 (KHTML, like Gecko) Chrome/141.0.7390.122 Mobile Safari/537.36 (compatible; GoogleOther)"
