66.249.74.169 - - [23/Dec/2025:20:18:27 +0800] "GET /?products/2814429 HTTP/1.1" 200 175743 "-" "Mozilla/5.0 (Linux; Android 6.0.1; Nexus 5X Build/MMB29P) AppleWebKit/537.36 (KHTML, like Gecko) Chrome/141.0.7390.122 Mobile Safari/537.36 (compatible; GoogleOther)"
74.7.241.30 - - [23/Dec/2025:20:18:26 +0800] "GET /pages.php?audience/n272?pid=795 HTTP/1.1" 200 153047 "-" "Mozilla/5.0 AppleWebKit/537.36 (KHTML, like Gecko; compatible; GPTBot/1.3; +https://openai.com/gptbot)"
74.7.241.30 - - [23/Dec/2025:20:18:27 +0800] "GET /pages.php?date/h269?pid=944 HTTP/1.1" 200 142783 "-" "Mozilla/5.0 AppleWebKit/537.36 (KHTML, like Gecko; compatible; GPTBot/1.3; +https://openai.com/gptbot)"
66.249.74.161 - - [23/Dec/2025:20:18:28 +0800] "GET /?products/19372052 HTTP/1.1" 200 148763 "-" "Mozilla/5.0 (Linux; Android 6.0.1; Nexus 5X Build/MMB29P) AppleWebKit/537.36 (KHTML, like Gecko) Chrome/141.0.7390.122 Mobile Safari/537.36 (compatible; GoogleOther)"
74.7.241.30 - - [23/Dec/2025:20:18:28 +0800] "GET /pages.php?component/n18?pid=38145 HTTP/1.1" 200 158065 "-" "Mozilla/5.0 AppleWebKit/537.36 (KHTML, like Gecko; compatible; GPTBot/1.3; +https://openai.com/gptbot)"
66.249.74.169 - - [23/Dec/2025:20:18:28 +0800] "GET /?products/24360596 HTTP/1.1" 200 177082 "-" "Mozilla/5.0 (Linux; Android 6.0.1; Nexus 5X Build/MMB29P) AppleWebKit/537.36 (KHTML, like Gecko) Chrome/141.0.7390.122 Mobile Safari/537.36 (compatible; GoogleOther)"
66.249.74.169 - - [23/Dec/2025:20:18:29 +0800] "GET /?products/9136030 HTTP/1.1" 200 159576 "-" "Mozilla/5.0 (Linux; Android 6.0.1; Nexus 5X Build/MMB29P) AppleWebKit/537.36 (KHTML, like Gecko) Chrome/141.0.7390.122 Mobile Safari/537.36 (compatible; GoogleOther)"
74.7.241.30 - - [23/Dec/2025:20:18:29 +0800] "GET /pages.php?vulnerable/i279?pid=44960 HTTP/1.1" 200 156964 "-" "Mozilla/5.0 AppleWebKit/537.36 (KHTML, like Gecko; compatible; GPTBot/1.3; +https://openai.com/gptbot)"
66.249.74.163 - - [23/Dec/2025:20:18:29 +0800] "GET /?products/7823685 HTTP/1.1" 200 152774 "-" "Mozilla/5.0 (Linux; Android 6.0.1; Nexus 5X Build/MMB29P) AppleWebKit/537.36 (KHTML, like Gecko) Chrome/141.0.7390.122 Mobile Safari/537.36 (compatible; GoogleOther)"
66.249.74.165 - - [23/Dec/2025:20:18:30 +0800] "GET /?products/20643807 HTTP/1.1" 200 144934 "-" "Mozilla/5.0 (Linux; Android 6.0.1; Nexus 5X Build/MMB29P) AppleWebKit/537.36 (KHTML, like Gecko) Chrome/141.0.7390.122 Mobile Safari/537.36 (compatible; GoogleOther)"
74.7.241.30 - - [23/Dec/2025:20:18:29 +0800] "GET /pages.php?reinforce/r33?pid=31324 HTTP/1.1" 200 143521 "-" "Mozilla/5.0 AppleWebKit/537.36 (KHTML, like Gecko; compatible; GPTBot/1.3; +https://openai.com/gptbot)"
66.249.74.166 - - [23/Dec/2025:20:18:30 +0800] "GET /?products/19988452 HTTP/1.1" 200 171312 "-" "Mozilla/5.0 (Linux; Android 6.0.1; Nexus 5X Build/MMB29P) AppleWebKit/537.36 (KHTML, like Gecko) Chrome/141.0.7390.122 Mobile Safari/537.36 (compatible; GoogleOther)"
66.249.74.164 - - [23/Dec/2025:20:18:31 +0800] "GET /?products/7949085 HTTP/1.1" 200 145144 "-" "Mozilla/5.0 (Linux; Android 6.0.1; Nexus 5X Build/MMB29P) AppleWebKit/537.36 (KHTML, like Gecko) Chrome/141.0.7390.122 Mobile Safari/537.36 (compatible; GoogleOther)"
74.7.241.30 - - [23/Dec/2025:20:18:31 +0800] "GET /pages.php?reply/h230?pid=573 HTTP/1.1" 200 146535 "-" "Mozilla/5.0 AppleWebKit/537.36 (KHTML, like Gecko; compatible; GPTBot/1.3; +https://openai.com/gptbot)"
66.249.74.163 - - [23/Dec/2025:20:18:31 +0800] "GET /?products/10712230 HTTP/1.1" 200 152419 "-" "Mozilla/5.0 (Linux; Android 6.0.1; Nexus 5X Build/MMB29P) AppleWebKit/537.36 (KHTML, like Gecko) Chrome/141.0.7390.122 Mobile Safari/537.36 (compatible; GoogleOther)"
66.249.74.165 - - [23/Dec/2025:20:18:32 +0800] "GET /?products/2008252 HTTP/1.1" 200 154137 "-" "Mozilla/5.0 (Linux; Android 6.0.1; Nexus 5X Build/MMB29P) AppleWebKit/537.36 (KHTML, like Gecko) Chrome/141.0.7390.122 Mobile Safari/537.36 (compatible; GoogleOther)"
74.7.241.30 - - [23/Dec/2025:20:18:32 +0800] "GET /pages.php?technique/b272?pid=773 HTTP/1.1" 200 167182 "-" "Mozilla/5.0 AppleWebKit/537.36 (KHTML, like Gecko; compatible; GPTBot/1.3; +https://openai.com/gptbot)"
66.249.74.160 - - [23/Dec/2025:20:18:32 +0800] "GET /?products/10969241 HTTP/1.1" 200 153655 "-" "Mozilla/5.0 (Linux; Android 6.0.1; Nexus 5X Build/MMB29P) AppleWebKit/537.36 (KHTML, like Gecko) Chrome/141.0.7390.122 Mobile Safari/537.36 (compatible; GoogleOther)"
66.249.74.165 - - [23/Dec/2025:20:18:33 +0800] "GET /?products/27081285 HTTP/1.1" 200 146916 "-" "Mozilla/5.0 (Linux; Android 6.0.1; Nexus 5X Build/MMB29P) AppleWebKit/537.36 (KHTML, like Gecko) Chrome/141.0.7390.122 Mobile Safari/537.36 (compatible; GoogleOther)"
74.7.241.30 - - [23/Dec/2025:20:18:32 +0800] "GET /pages.php?interested/n272?pid=795 HTTP/1.1" 200 153525 "-" "Mozilla/5.0 AppleWebKit/537.36 (KHTML, like Gecko; compatible; GPTBot/1.3; +https://openai.com/gptbot)"
66.249.74.161 - - [23/Dec/2025:20:18:33 +0800] "GET /?products/7057429 HTTP/1.1" 200 161720 "-" "Mozilla/5.0 (Linux; Android 6.0.1; Nexus 5X Build/MMB29P) AppleWebKit/537.36 (KHTML, like Gecko) Chrome/141.0.7390.122 Mobile Safari/537.36 (compatible; GoogleOther)"
66.249.74.163 - - [23/Dec/2025:20:18:34 +0800] "GET /?products/23431585 HTTP/1.1" 200 160278 "-" "Mozilla/5.0 (Linux; Android 6.0.1; Nexus 5X Build/MMB29P) AppleWebKit/537.36 (KHTML, like Gecko) Chrome/141.0.7390.122 Mobile Safari/537.36 (compatible; GoogleOther)"
74.7.241.30 - - [23/Dec/2025:20:18:34 +0800] "GET /pages.php?talented/o70?pid=45077 HTTP/1.1" 200 145013 "-" "Mozilla/5.0 AppleWebKit/537.36 (KHTML, like Gecko; compatible; GPTBot/1.3; +https://openai.com/gptbot)"
66.249.74.166 - - [23/Dec/2025:20:18:34 +0800] "GET /?products/5654929 HTTP/1.1" 200 154660 "-" "Mozilla/5.0 (Linux; Android 6.0.1; Nexus 5X Build/MMB29P) AppleWebKit/537.36 (KHTML, like Gecko) Chrome/141.0.7390.122 Mobile Safari/537.36 (compatible; GoogleOther)"
74.7.241.30 - - [23/Dec/2025:20:18:34 +0800] "GET /pages.php?chef/h230?pid=573 HTTP/1.1" 200 146795 "-" "Mozilla/5.0 AppleWebKit/537.36 (KHTML, like Gecko; compatible; GPTBot/1.3; +https://openai.com/gptbot)"
66.249.74.163 - - [23/Dec/2025:20:18:35 +0800] "GET /?products/10388430 HTTP/1.1" 200 145195 "-" "Mozilla/5.0 (Linux; Android 6.0.1; Nexus 5X Build/MMB29P) AppleWebKit/537.36 (KHTML, like Gecko) Chrome/141.0.7390.122 Mobile Safari/537.36 (compatible; GoogleOther)"
66.249.74.161 - - [23/Dec/2025:20:18:35 +0800] "GET /?products/28789396 HTTP/1.1" 200 156996 "-" "Mozilla/5.0 (Linux; Android 6.0.1; Nexus 5X Build/MMB29P) AppleWebKit/537.36 (KHTML, like Gecko) Chrome/141.0.7390.122 Mobile Safari/537.36 (compatible; GoogleOther)"
74.7.241.30 - - [23/Dec/2025:20:18:35 +0800] "GET /pages.php?lamp/t272?pid=775 HTTP/1.1" 200 168691 "-" "Mozilla/5.0 AppleWebKit/537.36 (KHTML, like Gecko; compatible; GPTBot/1.3; +https://openai.com/gptbot)"
66.249.74.165 - - [23/Dec/2025:20:18:36 +0800] "GET /?products/29409585 HTTP/1.1" 200 165505 "-" "Mozilla/5.0 (Linux; Android 6.0.1; Nexus 5X Build/MMB29P) AppleWebKit/537.36 (KHTML, like Gecko) Chrome/141.0.7390.122 Mobile Safari/537.36 (compatible; GoogleOther)"
66.249.74.167 - - [23/Dec/2025:20:18:36 +0800] "GET /?products/30013241 HTTP/1.1" 200 163743 "-" "Mozilla/5.0 (Linux; Android 6.0.1; Nexus 5X Build/MMB29P) AppleWebKit/537.36 (KHTML, like Gecko) Chrome/141.0.7390.122 Mobile Safari/537.36 (compatible; GoogleOther)"
74.7.241.30 - - [23/Dec/2025:20:18:36 +0800] "GET /pages.php?easy/n272?pid=795 HTTP/1.1" 200 153560 "-" "Mozilla/5.0 AppleWebKit/537.36 (KHTML, like Gecko; compatible; GPTBot/1.3; +https://openai.com/gptbot)"
66.249.74.162 - - [23/Dec/2025:20:18:37 +0800] "GET /?products/15127674 HTTP/1.1" 200 163958 "-" "Mozilla/5.0 (Linux; Android 6.0.1; Nexus 5X Build/MMB29P) AppleWebKit/537.36 (KHTML, like Gecko) Chrome/141.0.7390.122 Mobile Safari/537.36 (compatible; GoogleOther)"
74.7.241.30 - - [23/Dec/2025:20:18:37 +0800] "GET /pages.php?stability/l162?pid=10539 HTTP/1.1" 200 150472 "-" "Mozilla/5.0 AppleWebKit/537.36 (KHTML, like Gecko; compatible; GPTBot/1.3; +https://openai.com/gptbot)"
66.249.74.160 - - [23/Dec/2025:20:18:37 +0800] "GET /?products/6055918 HTTP/1.1" 200 166566 "-" "Mozilla/5.0 (Linux; Android 6.0.1; Nexus 5X Build/MMB29P) AppleWebKit/537.36 (KHTML, like Gecko) Chrome/141.0.7390.122 Mobile Safari/537.36 (compatible; GoogleOther)"
66.249.74.166 - - [23/Dec/2025:20:18:38 +0800] "GET /?products/24190174 HTTP/1.1" 200 147267 "-" "Mozilla/5.0 (Linux; Android 6.0.1; Nexus 5X Build/MMB29P) AppleWebKit/537.36 (KHTML, like Gecko) Chrome/141.0.7390.122 Mobile Safari/537.36 (compatible; GoogleOther)"
66.249.74.162 - - [23/Dec/2025:20:18:38 +0800] "GET /?products/4166652 HTTP/1.1" 200 161330 "-" "Mozilla/5.0 (Linux; Android 6.0.1; Nexus 5X Build/MMB29P) AppleWebKit/537.36 (KHTML, like Gecko) Chrome/141.0.7390.122 Mobile Safari/537.36 (compatible; GoogleOther)"
74.7.241.30 - - [23/Dec/2025:20:18:38 +0800] "GET /pages.php?area/n272?pid=795 HTTP/1.1" 200 153018 "-" "Mozilla/5.0 AppleWebKit/537.36 (KHTML, like Gecko; compatible; GPTBot/1.3; +https://openai.com/gptbot)"
66.249.74.160 - - [23/Dec/2025:20:18:39 +0800] "GET /?products/20060330 HTTP/1.1" 200 149313 "-" "Mozilla/5.0 (Linux; Android 6.0.1; Nexus 5X Build/MMB29P) AppleWebKit/537.36 (KHTML, like Gecko) Chrome/141.0.7390.122 Mobile Safari/537.36 (compatible; GoogleOther)"
66.249.74.161 - - [23/Dec/2025:20:18:39 +0800] "GET /?products/19288630 HTTP/1.1" 200 162727 "-" "Mozilla/5.0 (Linux; Android 6.0.1; Nexus 5X Build/MMB29P) AppleWebKit/537.36 (KHTML, like Gecko) Chrome/141.0.7390.122 Mobile Safari/537.36 (compatible; GoogleOther)"
74.7.241.30 - - [23/Dec/2025:20:18:39 +0800] "GET /pages.php?join/p40?pid=7001 HTTP/1.1" 200 148066 "-" "Mozilla/5.0 AppleWebKit/537.36 (KHTML, like Gecko; compatible; GPTBot/1.3; +https://openai.com/gptbot)"
66.249.74.166 - - [23/Dec/2025:20:18:40 +0800] "GET /?products/11327585 HTTP/1.1" 200 148395 "-" "Mozilla/5.0 (Linux; Android 6.0.1; Nexus 5X Build/MMB29P) AppleWebKit/537.36 (KHTML, like Gecko) Chrome/141.0.7390.122 Mobile Safari/537.36 (compatible; GoogleOther)"
74.7.241.30 - - [23/Dec/2025:20:18:40 +0800] "GET /pages.php?edition/p230?pid=1337 HTTP/1.1" 200 142379 "-" "Mozilla/5.0 AppleWebKit/537.36 (KHTML, like Gecko; compatible; GPTBot/1.3; +https://openai.com/gptbot)"
66.249.74.164 - - [23/Dec/2025:20:18:40 +0800] "GET /?products/18663618 HTTP/1.1" 200 163774 "-" "Mozilla/5.0 (Linux; Android 6.0.1; Nexus 5X Build/MMB29P) AppleWebKit/537.36 (KHTML, like Gecko) Chrome/141.0.7390.122 Mobile Safari/537.36 (compatible; GoogleOther)"
66.249.74.167 - - [23/Dec/2025:20:18:41 +0800] "GET /?products/28213929 HTTP/1.1" 200 148545 "-" "Mozilla/5.0 (Linux; Android 6.0.1; Nexus 5X Build/MMB29P) AppleWebKit/537.36 (KHTML, like Gecko) Chrome/141.0.7390.122 Mobile Safari/537.36 (compatible; GoogleOther)"
74.7.241.30 - - [23/Dec/2025:20:18:41 +0800] "GET /pages.php?error/u135?pid=748 HTTP/1.1" 200 142332 "-" "Mozilla/5.0 AppleWebKit/537.36 (KHTML, like Gecko; compatible; GPTBot/1.3; +https://openai.com/gptbot)"
66.249.74.163 - - [23/Dec/2025:20:18:41 +0800] "GET /?products/1515985 HTTP/1.1" 200 156238 "-" "Mozilla/5.0 (Linux; Android 6.0.1; Nexus 5X Build/MMB29P) AppleWebKit/537.36 (KHTML, like Gecko) Chrome/141.0.7390.122 Mobile Safari/537.36 (compatible; GoogleOther)"
66.249.74.162 - - [23/Dec/2025:20:18:42 +0800] "GET /?products/1875418 HTTP/1.1" 200 158313 "-" "Mozilla/5.0 (Linux; Android 6.0.1; Nexus 5X Build/MMB29P) AppleWebKit/537.36 (KHTML, like Gecko) Chrome/141.0.7390.122 Mobile Safari/537.36 (compatible; GoogleOther)"
74.7.241.30 - - [23/Dec/2025:20:18:42 +0800] "GET /pages.php?radio/n272?pid=795 HTTP/1.1" 200 153795 "-" "Mozilla/5.0 AppleWebKit/537.36 (KHTML, like Gecko; compatible; GPTBot/1.3; +https://openai.com/gptbot)"
66.249.74.169 - - [23/Dec/2025:20:18:42 +0800] "GET /?products/24333107 HTTP/1.1" 200 152429 "-" "Mozilla/5.0 (Linux; Android 6.0.1; Nexus 5X Build/MMB29P) AppleWebKit/537.36 (KHTML, like Gecko) Chrome/141.0.7390.122 Mobile Safari/537.36 (compatible; GoogleOther)"
66.249.74.166 - - [23/Dec/2025:20:18:43 +0800] "GET /?products/11229152 HTTP/1.1" 200 145280 "-" "Mozilla/5.0 (Linux; Android 6.0.1; Nexus 5X Build/MMB29P) AppleWebKit/537.36 (KHTML, like Gecko) Chrome/141.0.7390.122 Mobile Safari/537.36 (compatible; GoogleOther)"
74.7.241.30 - - [23/Dec/2025:20:18:43 +0800] "GET /pages.php?estimated/o70?pid=45077 HTTP/1.1" 200 145191 "-" "Mozilla/5.0 AppleWebKit/537.36 (KHTML, like Gecko; compatible; GPTBot/1.3; +https://openai.com/gptbot)"
66.249.74.161 - - [23/Dec/2025:20:18:43 +0800] "GET /?products/22847930 HTTP/1.1" 200 165948 "-" "Mozilla/5.0 (Linux; Android 6.0.1; Nexus 5X Build/MMB29P) AppleWebKit/537.36 (KHTML, like Gecko) Chrome/141.0.7390.122 Mobile Safari/537.36 (compatible; GoogleOther)"
66.249.74.163 - - [23/Dec/2025:20:18:44 +0800] "GET /?products/9362318 HTTP/1.1" 200 190094 "-" "Mozilla/5.0 (Linux; Android 6.0.1; Nexus 5X Build/MMB29P) AppleWebKit/537.36 (KHTML, like Gecko) Chrome/141.0.7390.122 Mobile Safari/537.36 (compatible; GoogleOther)"
74.7.241.30 - - [23/Dec/2025:20:18:43 +0800] "GET /pages.php?body/n272?pid=795 HTTP/1.1" 200 153740 "-" "Mozilla/5.0 AppleWebKit/537.36 (KHTML, like Gecko; compatible; GPTBot/1.3; +https://openai.com/gptbot)"
66.249.74.168 - - [23/Dec/2025:20:18:44 +0800] "GET /?products/6969441 HTTP/1.1" 200 142865 "-" "Mozilla/5.0 (Linux; Android 6.0.1; Nexus 5X Build/MMB29P) AppleWebKit/537.36 (KHTML, like Gecko) Chrome/141.0.7390.122 Mobile Safari/537.36 (compatible; GoogleOther)"
66.249.74.168 - - [23/Dec/2025:20:18:45 +0800] "GET /?products/20757929 HTTP/1.1" 200 201457 "-" "Mozilla/5.0 (Linux; Android 6.0.1; Nexus 5X Build/MMB29P) AppleWebKit/537.36 (KHTML, like Gecko) Chrome/141.0.7390.122 Mobile Safari/537.36 (compatible; GoogleOther)"
74.7.241.30 - - [23/Dec/2025:20:18:45 +0800] "GET /pages.php?depth/n272?pid=795 HTTP/1.1" 200 153365 "-" "Mozilla/5.0 AppleWebKit/537.36 (KHTML, like Gecko; compatible; GPTBot/1.3; +https://openai.com/gptbot)"
66.249.74.162 - - [23/Dec/2025:20:18:45 +0800] "GET /?products/25401585 HTTP/1.1" 200 151740 "-" "Mozilla/5.0 (Linux; Android 6.0.1; Nexus 5X Build/MMB29P) AppleWebKit/537.36 (KHTML, like Gecko) Chrome/141.0.7390.122 Mobile Safari/537.36 (compatible; GoogleOther)"
66.249.74.164 - - [23/Dec/2025:20:18:46 +0800] "GET /?products/22388385 HTTP/1.1" 200 147600 "-" "Mozilla/5.0 (Linux; Android 6.0.1; Nexus 5X Build/MMB29P) AppleWebKit/537.36 (KHTML, like Gecko) Chrome/141.0.7390.122 Mobile Safari/537.36 (compatible; GoogleOther)"
66.249.74.161 - - [23/Dec/2025:20:18:46 +0800] "GET /?products/8829818 HTTP/1.1" 200 167806 "-" "Mozilla/5.0 (Linux; Android 6.0.1; Nexus 5X Build/MMB29P) AppleWebKit/537.36 (KHTML, like Gecko) Chrome/141.0.7390.122 Mobile Safari/537.36 (compatible; GoogleOther)"
74.7.241.30 - - [23/Dec/2025:20:18:46 +0800] "GET /pages.php?channel=110e08&from=https://minyakwangi.bf1.my/cart.cgi?sum/y299?pid=4854&y=2908815002796 HTTP/1.1" 200 163389 "-" "Mozilla/5.0 AppleWebKit/537.36 (KHTML, like Gecko; compatible; GPTBot/1.3; +https://openai.com/gptbot)"
66.249.74.161 - - [23/Dec/2025:20:18:47 +0800] "GET /?products/4621885 HTTP/1.1" 200 157121 "-" "Mozilla/5.0 (Linux; Android 6.0.1; Nexus 5X Build/MMB29P) AppleWebKit/537.36 (KHTML, like Gecko) Chrome/141.0.7390.122 Mobile Safari/537.36 (compatible; GoogleOther)"
66.249.74.160 - - [23/Dec/2025:20:18:47 +0800] "GET /?products/17944374 HTTP/1.1" 200 190822 "-" "Mozilla/5.0 (Linux; Android 6.0.1; Nexus 5X Build/MMB29P) AppleWebKit/537.36 (KHTML, like Gecko) Chrome/141.0.7390.122 Mobile Safari/537.36 (compatible; GoogleOther)"
74.7.241.30 - - [23/Dec/2025:20:18:47 +0800] "GET /pages.php?gross/t72?pid=6967 HTTP/1.1" 200 155962 "-" "Mozilla/5.0 AppleWebKit/537.36 (KHTML, like Gecko; compatible; GPTBot/1.3; +https://openai.com/gptbot)"
66.249.74.161 - - [23/Dec/2025:20:18:48 +0800] "GET /?products/24469196 HTTP/1.1" 200 149917 "-" "Mozilla/5.0 (Linux; Android 6.0.1; Nexus 5X Build/MMB29P) AppleWebKit/537.36 (KHTML, like Gecko) Chrome/141.0.7390.122 Mobile Safari/537.36 (compatible; GoogleOther)"
66.249.74.161 - - [23/Dec/2025:20:18:48 +0800] "GET /?products/18429885 HTTP/1.1" 200 161881 "-" "Mozilla/5.0 (Linux; Android 6.0.1; Nexus 5X Build/MMB29P) AppleWebKit/537.36 (KHTML, like Gecko) Chrome/141.0.7390.122 Mobile Safari/537.36 (compatible; GoogleOther)"
74.7.241.30 - - [23/Dec/2025:20:18:48 +0800] "GET /pages.php?drift/b272?pid=773 HTTP/1.1" 200 168103 "-" "Mozilla/5.0 AppleWebKit/537.36 (KHTML, like Gecko; compatible; GPTBot/1.3; +https://openai.com/gptbot)"
66.249.74.165 - - [23/Dec/2025:20:18:49 +0800] "GET /?products/20056430 HTTP/1.1" 200 151200 "-" "Mozilla/5.0 (Linux; Android 6.0.1; Nexus 5X Build/MMB29P) AppleWebKit/537.36 (KHTML, like Gecko) Chrome/141.0.7390.122 Mobile Safari/537.36 (compatible; GoogleOther)"
66.249.74.162 - - [23/Dec/2025:20:18:49 +0800] "GET /?products/17623685 HTTP/1.1" 200 164186 "-" "Mozilla/5.0 (Linux; Android 6.0.1; Nexus 5X Build/MMB29P) AppleWebKit/537.36 (KHTML, like Gecko) Chrome/141.0.7390.122 Mobile Safari/537.36 (compatible; GoogleOther)"
66.249.74.162 - - [23/Dec/2025:20:18:50 +0800] "GET /?products/24524752 HTTP/1.1" 200 145112 "-" "Mozilla/5.0 (Linux; Android 6.0.1; Nexus 5X Build/MMB29P) AppleWebKit/537.36 (KHTML, like Gecko) Chrome/141.0.7390.122 Mobile Safari/537.36 (compatible; GoogleOther)"
74.7.241.30 - - [23/Dec/2025:20:18:49 +0800] "GET /pages.php?honor/e55?pid=1152 HTTP/1.1" 200 146700 "-" "Mozilla/5.0 AppleWebKit/537.36 (KHTML, like Gecko; compatible; GPTBot/1.3; +https://openai.com/gptbot)"
66.249.74.166 - - [23/Dec/2025:20:18:50 +0800] "GET /?products/29546507 HTTP/1.1" 200 149781 "-" "Mozilla/5.0 (Linux; Android 6.0.1; Nexus 5X Build/MMB29P) AppleWebKit/537.36 (KHTML, like Gecko) Chrome/141.0.7390.122 Mobile Safari/537.36 (compatible; GoogleOther)"
66.249.74.168 - - [23/Dec/2025:20:18:51 +0800] "GET /?products/23148029 HTTP/1.1" 200 158222 "-" "Mozilla/5.0 (Linux; Android 6.0.1; Nexus 5X Build/MMB29P) AppleWebKit/537.36 (KHTML, like Gecko) Chrome/141.0.7390.122 Mobile Safari/537.36 (compatible; GoogleOther)"
74.7.241.30 - - [23/Dec/2025:20:18:50 +0800] "GET /pages.php?lens/m272?pid=771 HTTP/1.1" 200 167833 "-" "Mozilla/5.0 AppleWebKit/537.36 (KHTML, like Gecko; compatible; GPTBot/1.3; +https://openai.com/gptbot)"
66.249.74.160 - - [23/Dec/2025:20:18:51 +0800] "GET /?products/9405174 HTTP/1.1" 200 165713 "-" "Mozilla/5.0 (Linux; Android 6.0.1; Nexus 5X Build/MMB29P) AppleWebKit/537.36 (KHTML, like Gecko) Chrome/141.0.7390.122 Mobile Safari/537.36 (compatible; GoogleOther)"
66.249.74.169 - - [23/Dec/2025:20:18:52 +0800] "GET /?products/19578241 HTTP/1.1" 200 154406 "-" "Mozilla/5.0 (Linux; Android 6.0.1; Nexus 5X Build/MMB29P) AppleWebKit/537.36 (KHTML, like Gecko) Chrome/141.0.7390.122 Mobile Safari/537.36 (compatible; GoogleOther)"
74.7.241.30 - - [23/Dec/2025:20:18:52 +0800] "GET /pages.php?coal/n272?pid=795 HTTP/1.1" 200 153205 "-" "Mozilla/5.0 AppleWebKit/537.36 (KHTML, like Gecko; compatible; GPTBot/1.3; +https://openai.com/gptbot)"
66.249.74.163 - - [23/Dec/2025:20:18:52 +0800] "GET /?products/30478663 HTTP/1.1" 200 173420 "-" "Mozilla/5.0 (Linux; Android 6.0.1; Nexus 5X Build/MMB29P) AppleWebKit/537.36 (KHTML, like Gecko) Chrome/141.0.7390.122 Mobile Safari/537.36 (compatible; GoogleOther)"
66.249.74.161 - - [23/Dec/2025:20:18:53 +0800] "GET /?products/8055963 HTTP/1.1" 200 163008 "-" "Mozilla/5.0 (Linux; Android 6.0.1; Nexus 5X Build/MMB29P) AppleWebKit/537.36 (KHTML, like Gecko) Chrome/141.0.7390.122 Mobile Safari/537.36 (compatible; GoogleOther)"
74.7.241.30 - - [23/Dec/2025:20:18:53 +0800] "GET /pages.php?bear/t272?pid=775 HTTP/1.1" 200 167955 "-" "Mozilla/5.0 AppleWebKit/537.36 (KHTML, like Gecko; compatible; GPTBot/1.3; +https://openai.com/gptbot)"
66.249.74.169 - - [23/Dec/2025:20:18:53 +0800] "GET /?products/4935996 HTTP/1.1" 200 155372 "-" "Mozilla/5.0 (Linux; Android 6.0.1; Nexus 5X Build/MMB29P) AppleWebKit/537.36 (KHTML, like Gecko) Chrome/141.0.7390.122 Mobile Safari/537.36 (compatible; GoogleOther)"
66.249.74.163 - - [23/Dec/2025:20:18:54 +0800] "GET /?products/10326663 HTTP/1.1" 200 148420 "-" "Mozilla/5.0 (Linux; Android 6.0.1; Nexus 5X Build/MMB29P) AppleWebKit/537.36 (KHTML, like Gecko) Chrome/141.0.7390.122 Mobile Safari/537.36 (compatible; GoogleOther)"
74.7.241.30 - - [23/Dec/2025:20:18:53 +0800] "GET /pages.php?cave/b272?pid=773 HTTP/1.1" 200 167251 "-" "Mozilla/5.0 AppleWebKit/537.36 (KHTML, like Gecko; compatible; GPTBot/1.3; +https://openai.com/gptbot)"
66.249.74.161 - - [23/Dec/2025:20:18:54 +0800] "GET /?products/1848885 HTTP/1.1" 200 155610 "-" "Mozilla/5.0 (Linux; Android 6.0.1; Nexus 5X Build/MMB29P) AppleWebKit/537.36 (KHTML, like Gecko) Chrome/141.0.7390.122 Mobile Safari/537.36 (compatible; GoogleOther)"
66.249.74.165 - - [23/Dec/2025:20:18:54 +0800] "GET /?products/20044996 HTTP/1.1" 200 154445 "-" "Mozilla/5.0 (Linux; Android 6.0.1; Nexus 5X Build/MMB29P) AppleWebKit/537.36 (KHTML, like Gecko) Chrome/141.0.7390.122 Mobile Safari/537.36 (compatible; Googlebot/2.1; +http://www.google.com/bot.html)"
66.249.74.163 - - [23/Dec/2025:20:18:55 +0800] "GET /?products/9992030 HTTP/1.1" 200 148581 "-" "Mozilla/5.0 (Linux; Android 6.0.1; Nexus 5X Build/MMB29P) AppleWebKit/537.36 (KHTML, like Gecko) Chrome/141.0.7390.122 Mobile Safari/537.36 (compatible; GoogleOther)"
74.7.241.30 - - [23/Dec/2025:20:18:55 +0800] "GET /pages.php?lend/t272?pid=775 HTTP/1.1" 200 167647 "-" "Mozilla/5.0 AppleWebKit/537.36 (KHTML, like Gecko; compatible; GPTBot/1.3; +https://openai.com/gptbot)"
66.249.74.168 - - [23/Dec/2025:20:18:55 +0800] "GET /?products/6974263 HTTP/1.1" 200 150237 "-" "Mozilla/5.0 (Linux; Android 6.0.1; Nexus 5X Build/MMB29P) AppleWebKit/537.36 (KHTML, like Gecko) Chrome/141.0.7390.122 Mobile Safari/537.36 (compatible; GoogleOther)"
66.249.74.163 - - [23/Dec/2025:20:18:56 +0800] "GET /?products/10735518 HTTP/1.1" 200 176048 "-" "Mozilla/5.0 (Linux; Android 6.0.1; Nexus 5X Build/MMB29P) AppleWebKit/537.36 (KHTML, like Gecko) Chrome/141.0.7390.122 Mobile Safari/537.36 (compatible; GoogleOther)"
74.7.241.30 - - [23/Dec/2025:20:18:56 +0800] "GET /pages.php?occasion/n272?pid=795 HTTP/1.1" 200 153562 "-" "Mozilla/5.0 AppleWebKit/537.36 (KHTML, like Gecko; compatible; GPTBot/1.3; +https://openai.com/gptbot)"
66.249.74.168 - - [23/Dec/2025:20:18:56 +0800] "GET /?products/22353618 HTTP/1.1" 200 146957 "-" "Mozilla/5.0 (Linux; Android 6.0.1; Nexus 5X Build/MMB29P) AppleWebKit/537.36 (KHTML, like Gecko) Chrome/141.0.7390.122 Mobile Safari/537.36 (compatible; GoogleOther)"
66.249.74.161 - - [23/Dec/2025:20:18:57 +0800] "GET /?products/5710052 HTTP/1.1" 200 176411 "-" "Mozilla/5.0 (Linux; Android 6.0.1; Nexus 5X Build/MMB29P) AppleWebKit/537.36 (KHTML, like Gecko) Chrome/141.0.7390.122 Mobile Safari/537.36 (compatible; GoogleOther)"
74.7.241.30 - - [23/Dec/2025:20:18:56 +0800] "GET /pages.php?endless/z299?pid=4696 HTTP/1.1" 200 155581 "-" "Mozilla/5.0 AppleWebKit/537.36 (KHTML, like Gecko; compatible; GPTBot/1.3; +https://openai.com/gptbot)"
66.249.74.167 - - [23/Dec/2025:20:18:57 +0800] "GET /?products/7599607 HTTP/1.1" 200 151255 "-" "Mozilla/5.0 (Linux; Android 6.0.1; Nexus 5X Build/MMB29P) AppleWebKit/537.36 (KHTML, like Gecko) Chrome/141.0.7390.122 Mobile Safari/537.36 (compatible; GoogleOther)"
66.249.74.164 - - [23/Dec/2025:20:18:58 +0800] "GET /?products/30711696 HTTP/1.1" 200 147865 "-" "Mozilla/5.0 (Linux; Android 6.0.1; Nexus 5X Build/MMB29P) AppleWebKit/537.36 (KHTML, like Gecko) Chrome/141.0.7390.122 Mobile Safari/537.36 (compatible; GoogleOther)"
66.249.74.160 - - [23/Dec/2025:20:18:58 +0800] "GET /?products/19205330 HTTP/1.1" 200 152377 "-" "Mozilla/5.0 (Linux; Android 6.0.1; Nexus 5X Build/MMB29P) AppleWebKit/537.36 (KHTML, like Gecko) Chrome/141.0.7390.122 Mobile Safari/537.36 (compatible; GoogleOther)"
74.7.241.30 - - [23/Dec/2025:20:18:57 +0800] "GET /pages.php?researcher/t72?pid=6967 HTTP/1.1" 200 155292 "-" "Mozilla/5.0 AppleWebKit/537.36 (KHTML, like Gecko; compatible; GPTBot/1.3; +https://openai.com/gptbot)"
66.249.74.168 - - [23/Dec/2025:20:18:59 +0800] "GET /?products/18405841 HTTP/1.1" 200 154411 "-" "Mozilla/5.0 (Linux; Android 6.0.1; Nexus 5X Build/MMB29P) AppleWebKit/537.36 (KHTML, like Gecko) Chrome/141.0.7390.122 Mobile Safari/537.36 (compatible; GoogleOther)"
66.249.74.160 - - [23/Dec/2025:20:18:59 +0800] "GET /?products/20249863 HTTP/1.1" 200 184707 "-" "Mozilla/5.0 (Linux; Android 6.0.1; Nexus 5X Build/MMB29P) AppleWebKit/537.36 (KHTML, like Gecko) Chrome/141.0.7390.122 Mobile Safari/537.36 (compatible; GoogleOther)"
74.7.241.30 - - [23/Dec/2025:20:18:59 +0800] "GET /pages.php?channel=110e08&from=https://minyakwangi.bf1.my/cart.cgi?item/u66/12790/&y=2908815002796 HTTP/1.1" 200 146972 "-" "Mozilla/5.0 AppleWebKit/537.36 (KHTML, like Gecko; compatible; GPTBot/1.3; +https://openai.com/gptbot)"
66.249.74.167 - - [23/Dec/2025:20:19:00 +0800] "GET /?products/20567152 HTTP/1.1" 200 166915 "-" "Mozilla/5.0 (Linux; Android 6.0.1; Nexus 5X Build/MMB29P) AppleWebKit/537.36 (KHTML, like Gecko) Chrome/141.0.7390.122 Mobile Safari/537.36 (compatible; GoogleOther)"
74.7.241.30 - - [23/Dec/2025:20:19:00 +0800] "GET /pages.php?popular/g96?pid=22427 HTTP/1.1" 200 152112 "-" "Mozilla/5.0 AppleWebKit/537.36 (KHTML, like Gecko; compatible; GPTBot/1.3; +https://openai.com/gptbot)"
66.249.74.160 - - [23/Dec/2025:20:19:00 +0800] "GET /?products/13837929 HTTP/1.1" 200 179793 "-" "Mozilla/5.0 (Linux; Android 6.0.1; Nexus 5X Build/MMB29P) AppleWebKit/537.36 (KHTML, like Gecko) Chrome/141.0.7390.122 Mobile Safari/537.36 (compatible; GoogleOther)"
66.249.74.165 - - [23/Dec/2025:20:19:01 +0800] "GET /?products/12225218 HTTP/1.1" 200 153321 "-" "Mozilla/5.0 (Linux; Android 6.0.1; Nexus 5X Build/MMB29P) AppleWebKit/537.36 (KHTML, like Gecko) Chrome/141.0.7390.122 Mobile Safari/537.36 (compatible; GoogleOther)"
66.249.74.160 - - [23/Dec/2025:20:19:01 +0800] "GET /?products/13803352 HTTP/1.1" 200 142403 "-" "Mozilla/5.0 (Linux; Android 6.0.1; Nexus 5X Build/MMB29P) AppleWebKit/537.36 (KHTML, like Gecko) Chrome/141.0.7390.122 Mobile Safari/537.36 (compatible; GoogleOther)"
74.7.241.30 - - [23/Dec/2025:20:19:00 +0800] "GET /pages.php?definitely/t272?pid=775 HTTP/1.1" 200 168028 "-" "Mozilla/5.0 AppleWebKit/537.36 (KHTML, like Gecko; compatible; GPTBot/1.3; +https://openai.com/gptbot)"
66.249.74.165 - - [23/Dec/2025:20:19:01 +0800] "GET /?m=235317324 HTTP/1.1" 200 146469 "-" "Mozilla/5.0 (Linux; Android 6.0.1; Nexus 5X Build/MMB29P) AppleWebKit/537.36 (KHTML, like Gecko) Chrome/141.0.7390.122 Mobile Safari/537.36 (compatible; Googlebot/2.1; +http://www.google.com/bot.html)"
66.249.74.161 - - [23/Dec/2025:20:19:02 +0800] "GET /?products/8516274 HTTP/1.1" 200 173666 "-" "Mozilla/5.0 (Linux; Android 6.0.1; Nexus 5X Build/MMB29P) AppleWebKit/537.36 (KHTML, like Gecko) Chrome/141.0.7390.122 Mobile Safari/537.36 (compatible; GoogleOther)"
74.7.241.30 - - [23/Dec/2025:20:19:02 +0800] "GET /pages.php?physical/g96?pid=22427 HTTP/1.1" 200 152326 "-" "Mozilla/5.0 AppleWebKit/537.36 (KHTML, like Gecko; compatible; GPTBot/1.3; +https://openai.com/gptbot)"
66.249.74.164 - - [23/Dec/2025:20:19:02 +0800] "GET /?products/12889229 HTTP/1.1" 200 160577 "-" "Mozilla/5.0 (Linux; Android 6.0.1; Nexus 5X Build/MMB29P) AppleWebKit/537.36 (KHTML, like Gecko) Chrome/141.0.7390.122 Mobile Safari/537.36 (compatible; GoogleOther)"
74.7.241.30 - - [23/Dec/2025:20:19:03 +0800] "GET /pages.php?observer/b272?pid=773 HTTP/1.1" 200 167036 "-" "Mozilla/5.0 AppleWebKit/537.36 (KHTML, like Gecko; compatible; GPTBot/1.3; +https://openai.com/gptbot)"
66.249.74.168 - - [23/Dec/2025:20:19:03 +0800] "GET /?products/25059230 HTTP/1.1" 200 146230 "-" "Mozilla/5.0 (Linux; Android 6.0.1; Nexus 5X Build/MMB29P) AppleWebKit/537.36 (KHTML, like Gecko) Chrome/141.0.7390.122 Mobile Safari/537.36 (compatible; GoogleOther)"
66.249.74.168 - - [23/Dec/2025:20:19:04 +0800] "GET /?products/15208029 HTTP/1.1" 200 146851 "-" "Mozilla/5.0 (Linux; Android 6.0.1; Nexus 5X Build/MMB29P) AppleWebKit/537.36 (KHTML, like Gecko) Chrome/141.0.7390.122 Mobile Safari/537.36 (compatible; GoogleOther)"
66.249.74.160 - - [23/Dec/2025:20:19:04 +0800] "GET /?products/24244007 HTTP/1.1" 200 149642 "-" "Mozilla/5.0 (Linux; Android 6.0.1; Nexus 5X Build/MMB29P) AppleWebKit/537.36 (KHTML, like Gecko) Chrome/141.0.7390.122 Mobile Safari/537.36 (compatible; GoogleOther)"
74.7.241.30 - - [23/Dec/2025:20:19:04 +0800] "GET /pages.php?defendant/t272?pid=775 HTTP/1.1" 200 167508 "-" "Mozilla/5.0 AppleWebKit/537.36 (KHTML, like Gecko; compatible; GPTBot/1.3; +https://openai.com/gptbot)"
66.249.74.160 - - [23/Dec/2025:20:19:05 +0800] "GET /?products/13927574 HTTP/1.1" 200 158431 "-" "Mozilla/5.0 (Linux; Android 6.0.1; Nexus 5X Build/MMB29P) AppleWebKit/537.36 (KHTML, like Gecko) Chrome/141.0.7390.122 Mobile Safari/537.36 (compatible; GoogleOther)"
74.7.241.30 - - [23/Dec/2025:20:19:05 +0800] "GET /pages.php?currently/a61?pid=8960 HTTP/1.1" 200 143588 "-" "Mozilla/5.0 AppleWebKit/537.36 (KHTML, like Gecko; compatible; GPTBot/1.3; +https://openai.com/gptbot)"
66.249.74.165 - - [23/Dec/2025:20:19:05 +0800] "GET /?products/15979996 HTTP/1.1" 200 153272 "-" "Mozilla/5.0 (Linux; Android 6.0.1; Nexus 5X Build/MMB29P) AppleWebKit/537.36 (KHTML, like Gecko) Chrome/141.0.7390.122 Mobile Safari/537.36 (compatible; GoogleOther)"
66.249.74.160 - - [23/Dec/2025:20:19:06 +0800] "GET /?products/26713107 HTTP/1.1" 200 187965 "-" "Mozilla/5.0 (Linux; Android 6.0.1; Nexus 5X Build/MMB29P) AppleWebKit/537.36 (KHTML, like Gecko) Chrome/141.0.7390.122 Mobile Safari/537.36 (compatible; GoogleOther)"
74.7.241.30 - - [23/Dec/2025:20:19:06 +0800] "GET /pages.php?threaten/n272?pid=795 HTTP/1.1" 200 153689 "-" "Mozilla/5.0 AppleWebKit/537.36 (KHTML, like Gecko; compatible; GPTBot/1.3; +https://openai.com/gptbot)"
66.249.74.165 - - [23/Dec/2025:20:19:07 +0800] "GET /?products/7212296 HTTP/1.1" 200 150356 "-" "Mozilla/5.0 (Linux; Android 6.0.1; Nexus 5X Build/MMB29P) AppleWebKit/537.36 (KHTML, like Gecko) Chrome/141.0.7390.122 Mobile Safari/537.36 (compatible; GoogleOther)"
66.249.74.165 - - [23/Dec/2025:20:19:07 +0800] "GET /?products/17334330 HTTP/1.1" 200 168027 "-" "Mozilla/5.0 (Linux; Android 6.0.1; Nexus 5X Build/MMB29P) AppleWebKit/537.36 (KHTML, like Gecko) Chrome/141.0.7390.122 Mobile Safari/537.36 (compatible; GoogleOther)"
66.249.74.167 - - [23/Dec/2025:20:19:09 +0800] "GET /?products/29721830 HTTP/1.1" 200 155296 "-" "Mozilla/5.0 (Linux; Android 6.0.1; Nexus 5X Build/MMB29P) AppleWebKit/537.36 (KHTML, like Gecko) Chrome/141.0.7390.122 Mobile Safari/537.36 (compatible; GoogleOther)"
74.7.241.30 - - [23/Dec/2025:20:19:07 +0800] "GET /pages.php?than/n272?pid=795 HTTP/1.1" 200 153144 "-" "Mozilla/5.0 AppleWebKit/537.36 (KHTML, like Gecko; compatible; GPTBot/1.3; +https://openai.com/gptbot)"
66.249.74.163 - - [23/Dec/2025:20:19:09 +0800] "GET /?products/13529507 HTTP/1.1" 200 188976 "-" "Mozilla/5.0 (Linux; Android 6.0.1; Nexus 5X Build/MMB29P) AppleWebKit/537.36 (KHTML, like Gecko) Chrome/141.0.7390.122 Mobile Safari/537.36 (compatible; GoogleOther)"
66.249.74.168 - - [23/Dec/2025:20:19:10 +0800] "GET /?products/15607241 HTTP/1.1" 200 158714 "-" "Mozilla/5.0 (Linux; Android 6.0.1; Nexus 5X Build/MMB29P) AppleWebKit/537.36 (KHTML, like Gecko) Chrome/141.0.7390.122 Mobile Safari/537.36 (compatible; GoogleOther)"
66.249.74.161 - - [23/Dec/2025:20:19:11 +0800] "GET /?products/2872830 HTTP/1.1" 200 146724 "-" "Mozilla/5.0 (Linux; Android 6.0.1; Nexus 5X Build/MMB29P) AppleWebKit/537.36 (KHTML, like Gecko) Chrome/141.0.7390.122 Mobile Safari/537.36 (compatible; GoogleOther)"
74.7.241.30 - - [23/Dec/2025:20:19:09 +0800] "GET /pages.php?total/b272?pid=773 HTTP/1.1" 200 167773 "-" "Mozilla/5.0 AppleWebKit/537.36 (KHTML, like Gecko; compatible; GPTBot/1.3; +https://openai.com/gptbot)"
66.249.74.165 - - [23/Dec/2025:20:19:11 +0800] "GET /?products/13638385 HTTP/1.1" 200 175443 "-" "Mozilla/5.0 (Linux; Android 6.0.1; Nexus 5X Build/MMB29P) AppleWebKit/537.36 (KHTML, like Gecko) Chrome/141.0.7390.122 Mobile Safari/537.36 (compatible; GoogleOther)"
66.249.74.165 - - [23/Dec/2025:20:19:12 +0800] "GET /?products/26066596 HTTP/1.1" 200 182279 "-" "Mozilla/5.0 (Linux; Android 6.0.1; Nexus 5X Build/MMB29P) AppleWebKit/537.36 (KHTML, like Gecko) Chrome/141.0.7390.122 Mobile Safari/537.36 (compatible; GoogleOther)"
74.7.241.30 - - [23/Dec/2025:20:19:11 +0800] "GET /pages.php?carve/t272?pid=775 HTTP/1.1" 200 168099 "-" "Mozilla/5.0 AppleWebKit/537.36 (KHTML, like Gecko; compatible; GPTBot/1.3; +https://openai.com/gptbot)"
66.249.74.166 - - [23/Dec/2025:20:19:13 +0800] "GET /?products/15116952 HTTP/1.1" 200 149763 "-" "Mozilla/5.0 (Linux; Android 6.0.1; Nexus 5X Build/MMB29P) AppleWebKit/537.36 (KHTML, like Gecko) Chrome/141.0.7390.122 Mobile Safari/537.36 (compatible; GoogleOther)"
66.249.74.161 - - [23/Dec/2025:20:19:14 +0800] "GET /?products/10913196 HTTP/1.1" 200 163117 "-" "Mozilla/5.0 (Linux; Android 6.0.1; Nexus 5X Build/MMB29P) AppleWebKit/537.36 (KHTML, like Gecko) Chrome/141.0.7390.122 Mobile Safari/537.36 (compatible; GoogleOther)"
66.249.74.163 - - [23/Dec/2025:20:19:14 +0800] "GET /?products/18514407 HTTP/1.1" 200 144350 "-" "Mozilla/5.0 (Linux; Android 6.0.1; Nexus 5X Build/MMB29P) AppleWebKit/537.36 (KHTML, like Gecko) Chrome/141.0.7390.122 Mobile Safari/537.36 (compatible; GoogleOther)"
66.249.74.169 - - [23/Dec/2025:20:19:15 +0800] "GET /?products/27546829 HTTP/1.1" 200 182651 "-" "Mozilla/5.0 (Linux; Android 6.0.1; Nexus 5X Build/MMB29P) AppleWebKit/537.36 (KHTML, like Gecko) Chrome/141.0.7390.122 Mobile Safari/537.36 (compatible; GoogleOther)"
74.7.241.30 - - [23/Dec/2025:20:19:13 +0800] "GET /pages.php?spray/n272?pid=795 HTTP/1.1" 200 153166 "-" "Mozilla/5.0 AppleWebKit/537.36 (KHTML, like Gecko; compatible; GPTBot/1.3; +https://openai.com/gptbot)"
66.249.74.166 - - [23/Dec/2025:20:19:16 +0800] "GET /?products/19128685 HTTP/1.1" 200 166275 "-" "Mozilla/5.0 (Linux; Android 6.0.1; Nexus 5X Build/MMB29P) AppleWebKit/537.36 (KHTML, like Gecko) Chrome/141.0.7390.122 Mobile Safari/537.36 (compatible; GoogleOther)"
66.249.74.164 - - [23/Dec/2025:20:19:16 +0800] "GET /?products/30746429 HTTP/1.1" 200 146512 "-" "Mozilla/5.0 (Linux; Android 6.0.1; Nexus 5X Build/MMB29P) AppleWebKit/537.36 (KHTML, like Gecko) Chrome/141.0.7390.122 Mobile Safari/537.36 (compatible; GoogleOther)"
66.249.74.165 - - [23/Dec/2025:20:19:17 +0800] "GET /?products/9036652 HTTP/1.1" 200 162306 "-" "Mozilla/5.0 (Linux; Android 6.0.1; Nexus 5X Build/MMB29P) AppleWebKit/537.36 (KHTML, like Gecko) Chrome/141.0.7390.122 Mobile Safari/537.36 (compatible; GoogleOther)"
74.7.241.30 - - [23/Dec/2025:20:19:16 +0800] "GET /pages.php?swimming/u203?pid=13178 HTTP/1.1" 200 153743 "-" "Mozilla/5.0 AppleWebKit/537.36 (KHTML, like Gecko; compatible; GPTBot/1.3; +https://openai.com/gptbot)"
66.249.74.160 - - [23/Dec/2025:20:19:17 +0800] "GET /?products/12933541 HTTP/1.1" 200 152661 "-" "Mozilla/5.0 (Linux; Android 6.0.1; Nexus 5X Build/MMB29P) AppleWebKit/537.36 (KHTML, like Gecko) Chrome/141.0.7390.122 Mobile Safari/537.36 (compatible; GoogleOther)"
66.249.74.161 - - [23/Dec/2025:20:19:18 +0800] "GET /?products/15006729 HTTP/1.1" 200 150174 "-" "Mozilla/5.0 (Linux; Android 6.0.1; Nexus 5X Build/MMB29P) AppleWebKit/537.36 (KHTML, like Gecko) Chrome/141.0.7390.122 Mobile Safari/537.36 (compatible; GoogleOther)"
66.249.74.163 - - [23/Dec/2025:20:19:18 +0800] "GET /?products/16548552 HTTP/1.1" 200 159167 "-" "Mozilla/5.0 (Linux; Android 6.0.1; Nexus 5X Build/MMB29P) AppleWebKit/537.36 (KHTML, like Gecko) Chrome/141.0.7390.122 Mobile Safari/537.36 (compatible; GoogleOther)"
74.7.241.30 - - [23/Dec/2025:20:19:17 +0800] "GET /pages.php?beside/n272?pid=795 HTTP/1.1" 200 152849 "-" "Mozilla/5.0 AppleWebKit/537.36 (KHTML, like Gecko; compatible; GPTBot/1.3; +https://openai.com/gptbot)"
66.249.74.163 - - [23/Dec/2025:20:19:19 +0800] "GET /?products/27486007 HTTP/1.1" 200 148297 "-" "Mozilla/5.0 (Linux; Android 6.0.1; Nexus 5X Build/MMB29P) AppleWebKit/537.36 (KHTML, like Gecko) Chrome/141.0.7390.122 Mobile Safari/537.36 (compatible; GoogleOther)"
66.249.74.163 - - [23/Dec/2025:20:19:19 +0800] "GET /?products/10384618 HTTP/1.1" 200 178856 "-" "Mozilla/5.0 (Linux; Android 6.0.1; Nexus 5X Build/MMB29P) AppleWebKit/537.36 (KHTML, like Gecko) Chrome/141.0.7390.122 Mobile Safari/537.36 (compatible; GoogleOther)"
74.7.241.30 - - [23/Dec/2025:20:19:19 +0800] "GET /pages.php?physical/g96?pid=22427 HTTP/1.1" 200 151443 "-" "Mozilla/5.0 AppleWebKit/537.36 (KHTML, like Gecko; compatible; GPTBot/1.3; +https://openai.com/gptbot)"
66.249.74.164 - - [23/Dec/2025:20:19:20 +0800] "GET /?products/18704441 HTTP/1.1" 200 148966 "-" "Mozilla/5.0 (Linux; Android 6.0.1; Nexus 5X Build/MMB29P) AppleWebKit/537.36 (KHTML, like Gecko) Chrome/141.0.7390.122 Mobile Safari/537.36 (compatible; GoogleOther)"
66.249.74.161 - - [23/Dec/2025:20:19:20 +0800] "GET /?products/5759041 HTTP/1.1" 200 149738 "-" "Mozilla/5.0 (Linux; Android 6.0.1; Nexus 5X Build/MMB29P) AppleWebKit/537.36 (KHTML, like Gecko) Chrome/141.0.7390.122 Mobile Safari/537.36 (compatible; GoogleOther)"
74.7.241.30 - - [23/Dec/2025:20:19:20 +0800] "GET /pages.php?solution/t272?pid=775 HTTP/1.1" 200 168128 "-" "Mozilla/5.0 AppleWebKit/537.36 (KHTML, like Gecko; compatible; GPTBot/1.3; +https://openai.com/gptbot)"
66.249.74.169 - - [23/Dec/2025:20:19:21 +0800] "GET /?products/6858141 HTTP/1.1" 200 187552 "-" "Mozilla/5.0 (Linux; Android 6.0.1; Nexus 5X Build/MMB29P) AppleWebKit/537.36 (KHTML, like Gecko) Chrome/141.0.7390.122 Mobile Safari/537.36 (compatible; Googlebot/2.1; +http://www.google.com/bot.html)"
66.249.74.161 - - [23/Dec/2025:20:19:21 +0800] "GET /?products/11289374 HTTP/1.1" 200 146371 "-" "Mozilla/5.0 (Linux; Android 6.0.1; Nexus 5X Build/MMB29P) AppleWebKit/537.36 (KHTML, like Gecko) Chrome/141.0.7390.122 Mobile Safari/537.36 (compatible; GoogleOther)"
66.249.74.163 - - [23/Dec/2025:20:19:21 +0800] "GET /?products/2669763 HTTP/1.1" 200 149578 "-" "Mozilla/5.0 (Linux; Android 6.0.1; Nexus 5X Build/MMB29P) AppleWebKit/537.36 (KHTML, like Gecko) Chrome/141.0.7390.122 Mobile Safari/537.36 (compatible; GoogleOther)"
74.7.241.30 - - [23/Dec/2025:20:19:21 +0800] "GET /pages.php?steer/y27?pid=6192 HTTP/1.1" 200 140818 "-" "Mozilla/5.0 AppleWebKit/537.36 (KHTML, like Gecko; compatible; GPTBot/1.3; +https://openai.com/gptbot)"
66.249.74.161 - - [23/Dec/2025:20:19:22 +0800] "GET /?products/4376652 HTTP/1.1" 200 160554 "-" "Mozilla/5.0 (Linux; Android 6.0.1; Nexus 5X Build/MMB29P) AppleWebKit/537.36 (KHTML, like Gecko) Chrome/141.0.7390.122 Mobile Safari/537.36 (compatible; GoogleOther)"
66.249.74.161 - - [23/Dec/2025:20:19:22 +0800] "GET /?products/29230085 HTTP/1.1" 200 160924 "-" "Mozilla/5.0 (Linux; Android 6.0.1; Nexus 5X Build/MMB29P) AppleWebKit/537.36 (KHTML, like Gecko) Chrome/141.0.7390.122 Mobile Safari/537.36 (compatible; GoogleOther)"
74.7.241.30 - - [23/Dec/2025:20:19:22 +0800] "GET /pages.php?public/a61?pid=8960 HTTP/1.1" 200 143010 "-" "Mozilla/5.0 AppleWebKit/537.36 (KHTML, like Gecko; compatible; GPTBot/1.3; +https://openai.com/gptbot)"
66.249.74.163 - - [23/Dec/2025:20:19:23 +0800] "GET /?products/20858063 HTTP/1.1" 200 176421 "-" "Mozilla/5.0 (Linux; Android 6.0.1; Nexus 5X Build/MMB29P) AppleWebKit/537.36 (KHTML, like Gecko) Chrome/141.0.7390.122 Mobile Safari/537.36 (compatible; GoogleOther)"
66.249.74.163 - - [23/Dec/2025:20:19:23 +0800] "GET /?products/25236630 HTTP/1.1" 200 165236 "-" "Mozilla/5.0 (Linux; Android 6.0.1; Nexus 5X Build/MMB29P) AppleWebKit/537.36 (KHTML, like Gecko) Chrome/141.0.7390.122 Mobile Safari/537.36 (compatible; GoogleOther)"
66.249.74.161 - - [23/Dec/2025:20:19:24 +0800] "GET /?products/15563374 HTTP/1.1" 200 142440 "-" "Mozilla/5.0 (Linux; Android 6.0.1; Nexus 5X Build/MMB29P) AppleWebKit/537.36 (KHTML, like Gecko) Chrome/141.0.7390.122 Mobile Safari/537.36 (compatible; GoogleOther)"
74.7.241.30 - - [23/Dec/2025:20:19:23 +0800] "GET /pages.php?swell/b272?pid=773 HTTP/1.1" 200 167937 "-" "Mozilla/5.0 AppleWebKit/537.36 (KHTML, like Gecko; compatible; GPTBot/1.3; +https://openai.com/gptbot)"
66.249.74.169 - - [23/Dec/2025:20:19:24 +0800] "GET /?products/16379807 HTTP/1.1" 200 162441 "-" "Mozilla/5.0 (Linux; Android 6.0.1; Nexus 5X Build/MMB29P) AppleWebKit/537.36 (KHTML, like Gecko) Chrome/141.0.7390.122 Mobile Safari/537.36 (compatible; GoogleOther)"
66.249.74.162 - - [23/Dec/2025:20:19:25 +0800] "GET /?products/21804441 HTTP/1.1" 200 185977 "-" "Mozilla/5.0 (Linux; Android 6.0.1; Nexus 5X Build/MMB29P) AppleWebKit/537.36 (KHTML, like Gecko) Chrome/141.0.7390.122 Mobile Safari/537.36 (compatible; GoogleOther)"
74.7.241.30 - - [23/Dec/2025:20:19:24 +0800] "GET /pages.php?inherent/m272?pid=771 HTTP/1.1" 200 167742 "-" "Mozilla/5.0 AppleWebKit/537.36 (KHTML, like Gecko; compatible; GPTBot/1.3; +https://openai.com/gptbot)"
66.249.74.169 - - [23/Dec/2025:20:19:25 +0800] "GET /?products/28923785 HTTP/1.1" 200 166090 "-" "Mozilla/5.0 (Linux; Android 6.0.1; Nexus 5X Build/MMB29P) AppleWebKit/537.36 (KHTML, like Gecko) Chrome/141.0.7390.122 Mobile Safari/537.36 (compatible; GoogleOther)"
66.249.74.169 - - [23/Dec/2025:20:19:26 +0800] "GET /?products/8546929 HTTP/1.1" 200 175586 "-" "Mozilla/5.0 (Linux; Android 6.0.1; Nexus 5X Build/MMB29P) AppleWebKit/537.36 (KHTML, like Gecko) Chrome/141.0.7390.122 Mobile Safari/537.36 (compatible; GoogleOther)"
74.7.241.30 - - [23/Dec/2025:20:19:25 +0800] "GET /pages.php?career/h197?pid=24 HTTP/1.1" 200 149645 "-" "Mozilla/5.0 AppleWebKit/537.36 (KHTML, like Gecko; compatible; GPTBot/1.3; +https://openai.com/gptbot)"
66.249.74.160 - - [23/Dec/2025:20:19:26 +0800] "GET /?products/24974563 HTTP/1.1" 200 161659 "-" "Mozilla/5.0 (Linux; Android 6.0.1; Nexus 5X Build/MMB29P) AppleWebKit/537.36 (KHTML, like Gecko) Chrome/141.0.7390.122 Mobile Safari/537.36 (compatible; GoogleOther)"
66.249.74.161 - - [23/Dec/2025:20:19:27 +0800] "GET /?products/15833485 HTTP/1.1" 200 145866 "-" "Mozilla/5.0 (Linux; Android 6.0.1; Nexus 5X Build/MMB29P) AppleWebKit/537.36 (KHTML, like Gecko) Chrome/141.0.7390.122 Mobile Safari/537.36 (compatible; GoogleOther)"
74.7.241.30 - - [23/Dec/2025:20:19:26 +0800] "GET /pages.php?steak/b272?pid=773 HTTP/1.1" 200 167282 "-" "Mozilla/5.0 AppleWebKit/537.36 (KHTML, like Gecko; compatible; GPTBot/1.3; +https://openai.com/gptbot)"
66.249.74.163 - - [23/Dec/2025:20:19:27 +0800] "GET /?products/19743952 HTTP/1.1" 200 143670 "-" "Mozilla/5.0 (Linux; Android 6.0.1; Nexus 5X Build/MMB29P) AppleWebKit/537.36 (KHTML, like Gecko) Chrome/141.0.7390.122 Mobile Safari/537.36 (compatible; GoogleOther)"
66.249.74.164 - - [23/Dec/2025:20:19:28 +0800] "GET /?products/18063430 HTTP/1.1" 200 179986 "-" "Mozilla/5.0 (Linux; Android 6.0.1; Nexus 5X Build/MMB29P) AppleWebKit/537.36 (KHTML, like Gecko) Chrome/141.0.7390.122 Mobile Safari/537.36 (compatible; GoogleOther)"
74.7.241.30 - - [23/Dec/2025:20:19:27 +0800] "GET /pages.php?apologize/n272?pid=795 HTTP/1.1" 200 153427 "-" "Mozilla/5.0 AppleWebKit/537.36 (KHTML, like Gecko; compatible; GPTBot/1.3; +https://openai.com/gptbot)"
66.249.74.169 - - [23/Dec/2025:20:19:28 +0800] "GET /?m=17782024 HTTP/1.1" 200 147455 "-" "Mozilla/5.0 (Linux; Android 6.0.1; Nexus 5X Build/MMB29P) AppleWebKit/537.36 (KHTML, like Gecko) Chrome/141.0.7390.122 Mobile Safari/537.36 (compatible; Googlebot/2.1; +http://www.google.com/bot.html)"
66.249.74.163 - - [23/Dec/2025:20:19:28 +0800] "GET /?products/3412063 HTTP/1.1" 200 146546 "-" "Mozilla/5.0 (Linux; Android 6.0.1; Nexus 5X Build/MMB29P) AppleWebKit/537.36 (KHTML, like Gecko) Chrome/141.0.7390.122 Mobile Safari/537.36 (compatible; GoogleOther)"
74.7.241.30 - - [23/Dec/2025:20:19:28 +0800] "GET /pages.php?smile/t272?pid=775 HTTP/1.1" 200 168049 "-" "Mozilla/5.0 AppleWebKit/537.36 (KHTML, like Gecko; compatible; GPTBot/1.3; +https://openai.com/gptbot)"
66.249.74.161 - - [23/Dec/2025:20:19:29 +0800] "GET /?products/15231718 HTTP/1.1" 200 167940 "-" "Mozilla/5.0 (Linux; Android 6.0.1; Nexus 5X Build/MMB29P) AppleWebKit/537.36 (KHTML, like Gecko) Chrome/141.0.7390.122 Mobile Safari/537.36 (compatible; GoogleOther)"
66.249.74.169 - - [23/Dec/2025:20:19:29 +0800] "GET /?products/30892518 HTTP/1.1" 200 162668 "-" "Mozilla/5.0 (Linux; Android 6.0.1; Nexus 5X Build/MMB29P) AppleWebKit/537.36 (KHTML, like Gecko) Chrome/141.0.7390.122 Mobile Safari/537.36 (compatible; Googlebot/2.1; +http://www.google.com/bot.html)"
66.249.74.160 - - [23/Dec/2025:20:19:29 +0800] "GET /?products/27137674 HTTP/1.1" 200 143730 "-" "Mozilla/5.0 (Linux; Android 6.0.1; Nexus 5X Build/MMB29P) AppleWebKit/537.36 (KHTML, like Gecko) Chrome/141.0.7390.122 Mobile Safari/537.36 (compatible; GoogleOther)"
74.7.241.30 - - [23/Dec/2025:20:19:29 +0800] "GET /pages.php?standard/q43?pid=44900 HTTP/1.1" 200 143478 "-" "Mozilla/5.0 AppleWebKit/537.36 (KHTML, like Gecko; compatible; GPTBot/1.3; +https://openai.com/gptbot)"
66.249.74.164 - - [23/Dec/2025:20:19:30 +0800] "GET /?products/29655207 HTTP/1.1" 200 170792 "-" "Mozilla/5.0 (Linux; Android 6.0.1; Nexus 5X Build/MMB29P) AppleWebKit/537.36 (KHTML, like Gecko) Chrome/141.0.7390.122 Mobile Safari/537.36 (compatible; GoogleOther)"
74.7.241.30 - - [23/Dec/2025:20:19:30 +0800] "GET /pages.php?eliminate/m272?pid=771 HTTP/1.1" 200 167842 "-" "Mozilla/5.0 AppleWebKit/537.36 (KHTML, like Gecko; compatible; GPTBot/1.3; +https://openai.com/gptbot)"
66.249.74.160 - - [23/Dec/2025:20:19:30 +0800] "GET /?products/26020585 HTTP/1.1" 200 182401 "-" "Mozilla/5.0 (Linux; Android 6.0.1; Nexus 5X Build/MMB29P) AppleWebKit/537.36 (KHTML, like Gecko) Chrome/141.0.7390.122 Mobile Safari/537.36 (compatible; GoogleOther)"
66.249.74.165 - - [23/Dec/2025:20:19:31 +0800] "GET /?products/1700496 HTTP/1.1" 200 147580 "-" "Mozilla/5.0 (Linux; Android 6.0.1; Nexus 5X Build/MMB29P) AppleWebKit/537.36 (KHTML, like Gecko) Chrome/141.0.7390.122 Mobile Safari/537.36 (compatible; GoogleOther)"
74.7.241.30 - - [23/Dec/2025:20:19:30 +0800] "GET /pages.php?include/b198?pid=40443 HTTP/1.1" 200 146858 "-" "Mozilla/5.0 AppleWebKit/537.36 (KHTML, like Gecko; compatible; GPTBot/1.3; +https://openai.com/gptbot)"
66.249.74.163 - - [23/Dec/2025:20:19:31 +0800] "GET /?products/7715652 HTTP/1.1" 200 152871 "-" "Mozilla/5.0 (Linux; Android 6.0.1; Nexus 5X Build/MMB29P) AppleWebKit/537.36 (KHTML, like Gecko) Chrome/141.0.7390.122 Mobile Safari/537.36 (compatible; GoogleOther)"
66.249.74.160 - - [23/Dec/2025:20:19:32 +0800] "GET /?products/11577529 HTTP/1.1" 200 159320 "-" "Mozilla/5.0 (Linux; Android 6.0.1; Nexus 5X Build/MMB29P) AppleWebKit/537.36 (KHTML, like Gecko) Chrome/141.0.7390.122 Mobile Safari/537.36 (compatible; GoogleOther)"
74.7.241.30 - - [23/Dec/2025:20:19:31 +0800] "GET /pages.php?military/t272?pid=775 HTTP/1.1" 200 168094 "-" "Mozilla/5.0 AppleWebKit/537.36 (KHTML, like Gecko; compatible; GPTBot/1.3; +https://openai.com/gptbot)"
66.249.74.162 - - [23/Dec/2025:20:19:32 +0800] "GET /?products/16106218 HTTP/1.1" 200 158307 "-" "Mozilla/5.0 (Linux; Android 6.0.1; Nexus 5X Build/MMB29P) AppleWebKit/537.36 (KHTML, like Gecko) Chrome/141.0.7390.122 Mobile Safari/537.36 (compatible; GoogleOther)"
66.249.74.163 - - [23/Dec/2025:20:19:33 +0800] "GET /?products/17066674 HTTP/1.1" 200 144143 "-" "Mozilla/5.0 (Linux; Android 6.0.1; Nexus 5X Build/MMB29P) AppleWebKit/537.36 (KHTML, like Gecko) Chrome/141.0.7390.122 Mobile Safari/537.36 (compatible; GoogleOther)"
74.7.241.30 - - [23/Dec/2025:20:19:32 +0800] "GET /pages.php?majority/z172?pid=45017 HTTP/1.1" 200 140685 "-" "Mozilla/5.0 AppleWebKit/537.36 (KHTML, like Gecko; compatible; GPTBot/1.3; +https://openai.com/gptbot)"
66.249.74.164 - - [23/Dec/2025:20:19:33 +0800] "GET /?products/12487385 HTTP/1.1" 200 167564 "-" "Mozilla/5.0 (Linux; Android 6.0.1; Nexus 5X Build/MMB29P) AppleWebKit/537.36 (KHTML, like Gecko) Chrome/141.0.7390.122 Mobile Safari/537.36 (compatible; GoogleOther)"
66.249.74.169 - - [23/Dec/2025:20:19:34 +0800] "GET /?products/25030352 HTTP/1.1" 200 165423 "-" "Mozilla/5.0 (Linux; Android 6.0.1; Nexus 5X Build/MMB29P) AppleWebKit/537.36 (KHTML, like Gecko) Chrome/141.0.7390.122 Mobile Safari/537.36 (compatible; GoogleOther)"
74.7.241.30 - - [23/Dec/2025:20:19:33 +0800] "GET /pages.php?gate/y27?pid=6192 HTTP/1.1" 200 140444 "-" "Mozilla/5.0 AppleWebKit/537.36 (KHTML, like Gecko; compatible; GPTBot/1.3; +https://openai.com/gptbot)"
66.249.74.163 - - [23/Dec/2025:20:19:34 +0800] "GET /?products/24259441 HTTP/1.1" 200 163483 "-" "Mozilla/5.0 (Linux; Android 6.0.1; Nexus 5X Build/MMB29P) AppleWebKit/537.36 (KHTML, like Gecko) Chrome/141.0.7390.122 Mobile Safari/537.36 (compatible; GoogleOther)"
66.249.74.160 - - [23/Dec/2025:20:19:34 +0800] "GET /?products/3746674 HTTP/1.1" 200 158392 "-" "Mozilla/5.0 (Linux; Android 6.0.1; Nexus 5X Build/MMB29P) AppleWebKit/537.36 (KHTML, like Gecko) Chrome/141.0.7390.122 Mobile Safari/537.36 (compatible; GoogleOther)"
74.7.241.30 - - [23/Dec/2025:20:19:34 +0800] "GET /pages.php?upset/n272?pid=795 HTTP/1.1" 200 153784 "-" "Mozilla/5.0 AppleWebKit/537.36 (KHTML, like Gecko; compatible; GPTBot/1.3; +https://openai.com/gptbot)"
66.249.74.167 - - [23/Dec/2025:20:19:35 +0800] "GET /?products/4108463 HTTP/1.1" 200 166277 "-" "Mozilla/5.0 (Linux; Android 6.0.1; Nexus 5X Build/MMB29P) AppleWebKit/537.36 (KHTML, like Gecko) Chrome/141.0.7390.122 Mobile Safari/537.36 (compatible; GoogleOther)"
66.249.74.162 - - [23/Dec/2025:20:19:35 +0800] "GET /?products/20373418 HTTP/1.1" 200 148570 "-" "Mozilla/5.0 (Linux; Android 6.0.1; Nexus 5X Build/MMB29P) AppleWebKit/537.36 (KHTML, like Gecko) Chrome/141.0.7390.122 Mobile Safari/537.36 (compatible; GoogleOther)"
74.7.241.30 - - [23/Dec/2025:20:19:35 +0800] "GET /pages.php?repeatedly/b272?pid=773 HTTP/1.1" 200 167277 "-" "Mozilla/5.0 AppleWebKit/537.36 (KHTML, like Gecko; compatible; GPTBot/1.3; +https://openai.com/gptbot)"
