217.113.194.145 - - [23/Dec/2025:21:22:14 +0800] "GET /mentol-kristal/mentol-kristal-1kg/EDP-Jo-Malone-Dark-Amber-&-Ginger-Lily-W-1000ml-p161737779 HTTP/1.1" 404 - "-" "Mozilla/5.0 (compatible; Barkrowler/0.9; +https://babbar.tech/crawler)"
74.7.227.167 - - [23/Dec/2025:21:22:26 +0800] "GET /search.php?recovery297045278.html HTTP/1.1" 404 - "-" "Mozilla/5.0 AppleWebKit/537.36 (KHTML, like Gecko; compatible; GPTBot/1.3; +https://openai.com/gptbot)"
74.7.243.225 - - [23/Dec/2025:21:22:28 +0800] "GET /search.php?anxiety153022082.html HTTP/1.1" 404 - "-" "Mozilla/5.0 AppleWebKit/537.36 (KHTML, like Gecko; compatible; GPTBot/1.3; +https://openai.com/gptbot)"
217.113.194.143 - - [23/Dec/2025:21:22:30 +0800] "GET /mentol-kristal/mentol-kristal-1kg/CI-Solubilizer-Fragrance-Solubilizer-Oil-To-Water-500ml-p155643003 HTTP/1.1" 404 - "-" "Mozilla/5.0 (compatible; Barkrowler/0.9; +https://babbar.tech/crawler)"
66.249.65.160 - - [23/Dec/2025:21:22:39 +0800] "GET /shop/3919789.shtml HTTP/1.1" 404 - "-" "Mozilla/5.0 (compatible; Googlebot/2.1; +http://www.google.com/bot.html)"
217.113.194.149 - - [23/Dec/2025:21:22:45 +0800] "GET /mentol-kristal/mentol-kristal-1kg/Hijab-Spray-Aromatic-Fragrance-Scents-5000ml-5L-p491622278 HTTP/1.1" 404 - "-" "Mozilla/5.0 (compatible; Barkrowler/0.9; +https://babbar.tech/crawler)"
217.113.194.253 - - [23/Dec/2025:21:23:01 +0800] "GET /mentol-kristal/mentol-kristal-1kg/BFO-Bottega-Veneta-Bottega-Veneta-Pour-Homme-M-500ml-p150612416 HTTP/1.1" 404 - "-" "Mozilla/5.0 (compatible; Barkrowler/0.9; +https://babbar.tech/crawler)"
68.183.107.118 - - [23/Dec/2025:21:23:03 +0800] "GET /mentol-kristal/mentol-kristal-50kg/DS-Giorgio-Armani-Armani-Code-Profumo-Deodorant-Spray-25L-%E7%94%B7%E7%A5%9E-p316548611 HTTP/1.1" 404 - "-" "Mozilla/5.0 (Windows NT 10.0; Win64; x64) AppleWebKit/537.36 (KHTML, like Gecko) Chrome/129.0.0.0 Safari/537.36"
74.7.243.225 - - [23/Dec/2025:21:23:06 +0800] "GET /search.php?romantic125028296.html HTTP/1.1" 404 - "-" "Mozilla/5.0 AppleWebKit/537.36 (KHTML, like Gecko; compatible; GPTBot/1.3; +https://openai.com/gptbot)"
217.113.194.150 - - [23/Dec/2025:21:23:16 +0800] "GET /mentol-kristal/mentol-kristal-1kg/BFO-Burberry-Burberry-Brit-Sheer-W-5KG-100KG-p159953379 HTTP/1.1" 404 - "-" "Mozilla/5.0 (compatible; Barkrowler/0.9; +https://babbar.tech/crawler)"
5.59.101.187 - - [23/Dec/2025:21:23:21 +0800] "GET /mentol-kristal/mentol-kristal-100g/BFO-Le-Labo-Bergamote-22-U-250ml-p152729141 HTTP/1.1" 404 - "-" "Mozilla/5.0 (Windows NT 10.0; Win64; x64) AppleWebKit/537.36 (KHTML, like Gecko) Chrome/129.0.0.0 Safari/537.36"
157.230.185.165 - - [23/Dec/2025:21:23:22 +0800] "GET /mentol-kristal/mentol-kristal-25kg/CP-Lavender-Aromatic-Car-Perfume-Oil-1000ml-p172072229 HTTP/1.1" 404 - "-" "Mozilla/5.0 (Windows NT 10.0; Win64; x64) AppleWebKit/537.36 (KHTML, like Gecko) Chrome/129.0.0.0 Safari/537.36"
66.249.65.173 - - [23/Dec/2025:21:23:28 +0800] "GET /shop/5090494.shtml HTTP/1.1" 404 - "-" "Mozilla/5.0 (compatible; Googlebot/2.1; +http://www.google.com/bot.html)"
74.7.227.167 - - [23/Dec/2025:21:23:30 +0800] "GET /search.php?provoke168025677.html HTTP/1.1" 404 - "-" "Mozilla/5.0 AppleWebKit/537.36 (KHTML, like Gecko; compatible; GPTBot/1.3; +https://openai.com/gptbot)"
154.54.249.207 - - [23/Dec/2025:21:23:33 +0800] "GET /mentol-kristal/mentol-kristal-1kg/BFO-Hugo-Boss-Hugo-Energise-M-5KG-100KG-p157717605 HTTP/1.1" 404 - "-" "Mozilla/5.0 (compatible; Barkrowler/0.9; +https://babbar.tech/crawler)"
85.153.205.2 - - [23/Dec/2025:21:23:44 +0800] "GET /mentol-kristal/mentol-kristal-50kg/BFO-The-Body-Shop-Vanilla-W-1000ml-p151658442 HTTP/1.1" 404 - "-" "Mozilla/5.0 (Windows NT 10.0; Win64; x64) AppleWebKit/537.36 (KHTML, like Gecko) Chrome/129.0.0.0 Safari/537.36"
74.7.243.225 - - [23/Dec/2025:21:23:44 +0800] "GET /search.php?gallery082013647.html HTTP/1.1" 404 - "-" "Mozilla/5.0 AppleWebKit/537.36 (KHTML, like Gecko; compatible; GPTBot/1.3; +https://openai.com/gptbot)"
204.157.182.210 - - [23/Dec/2025:21:23:46 +0800] "GET /mentol-kristal/mentol-kristal-200kg/DS-Clandestine-Angel-Heart-Deodorant-Spray-500ml-%E5%A5%B3%E5%A6%96-p317394082 HTTP/1.1" 404 - "-" "Mozilla/5.0 (Windows NT 10.0; Win64; x64) AppleWebKit/537.36 (KHTML, like Gecko) Chrome/129.0.0.0 Safari/537.36"
176.212.115.154 - - [23/Dec/2025:21:23:47 +0800] "GET /mentol-kristal/mentol-kristal-100g/Softergent-Liquid-Eucalyptus-2-2L-p422917537 HTTP/1.1" 404 - "-" "Mozilla/5.0 (Windows NT 10.0; Win64; x64) AppleWebKit/537.36 (KHTML, like Gecko) Chrome/129.0.0.0 Safari/537.36"
45.225.237.149 - - [23/Dec/2025:21:23:48 +0800] "GET /mentol-kristal/mentol-kristal-100g/DS-CK-Two-M-Deodorant-Spray-500ml-%E7%94%B7%E7%A5%9E-p316344269 HTTP/1.1" 404 - "-" "Mozilla/5.0 (Windows NT 10.0; Win64; x64) AppleWebKit/537.36 (KHTML, like Gecko) Chrome/129.0.0.0 Safari/537.36"
217.113.194.143 - - [23/Dec/2025:21:23:48 +0800] "GET /mentol-kristal/mentol-kristal-1kg/Clearance-Stock-BFO-Thierry-Mugler-Innocent-W-1000ml-p417468521 HTTP/1.1" 404 - "-" "Mozilla/5.0 (compatible; Barkrowler/0.9; +https://babbar.tech/crawler)"
113.180.125.151 - - [23/Dec/2025:21:23:49 +0800] "GET /mentol-kristal/mentol-kristal-100g/Softergent-Liquid-lime-Kaffir-Lime-2-2L-p422917548 HTTP/1.1" 404 - "-" "Mozilla/5.0 (Windows NT 10.0; Win64; x64) AppleWebKit/537.36 (KHTML, like Gecko) Chrome/129.0.0.0 Safari/537.36"
212.34.23.82 - - [23/Dec/2025:21:23:52 +0800] "GET /mentol-kristal/mentol-kristal-500g/Blended-Essential-Oil-BO-Anti-Acne-Essential-Oil-50ml-p154181569 HTTP/1.1" 404 - "-" "Mozilla/5.0 (Windows NT 10.0; Win64; x64) AppleWebKit/537.36 (KHTML, like Gecko) Chrome/129.0.0.0 Safari/537.36"
217.113.194.231 - - [23/Dec/2025:21:24:04 +0800] "GET /mentol-kristal/mentol-kristal-1kg/Natural-Aroma-Oil-AO-Relaxing-Aura-Aroma-Oil-10ml-p198691235 HTTP/1.1" 404 - "-" "Mozilla/5.0 (compatible; Barkrowler/0.9; +https://babbar.tech/crawler)"
217.113.194.145 - - [23/Dec/2025:21:24:20 +0800] "GET /mentol-kristal/mentol-kristal-1kg/Natural-Aroma-Oil-AO-Brown-Color-Aura-Aroma-Oil-500ml-p198680435 HTTP/1.1" 404 - "-" "Mozilla/5.0 (compatible; Barkrowler/0.9; +https://babbar.tech/crawler)"
74.7.243.225 - - [23/Dec/2025:21:24:22 +0800] "GET /search.php?mentally125037942.html HTTP/1.1" 404 - "-" "Mozilla/5.0 AppleWebKit/537.36 (KHTML, like Gecko; compatible; GPTBot/1.3; +https://openai.com/gptbot)"
47.128.121.76 - - [23/Dec/2025:21:24:29 +0800] "GET /cart HTTP/1.1" 404 - "-" "Mozilla/5.0 (Linux; Android 5.0) AppleWebKit/537.36 (KHTML, like Gecko) Mobile Safari/537.36 (compatible; TikTokSpider; ttspider-feedback@tiktok.com)"
74.7.227.167 - - [23/Dec/2025:21:24:30 +0800] "GET /search.php?precious034016839.html HTTP/1.1" 404 - "-" "Mozilla/5.0 AppleWebKit/537.36 (KHTML, like Gecko; compatible; GPTBot/1.3; +https://openai.com/gptbot)"
217.113.194.151 - - [23/Dec/2025:21:24:36 +0800] "GET /mentol-kristal/mentol-kristal-1kg/Natural-Aroma-Oil-AO-Red-Color-Aura-Aroma-Oil-1L-p198691295 HTTP/1.1" 404 - "-" "Mozilla/5.0 (compatible; Barkrowler/0.9; +https://babbar.tech/crawler)"
217.113.194.249 - - [23/Dec/2025:21:24:51 +0800] "GET /mentol-kristal/mentol-kristal-1kg/Natural-Aroma-Oil-AO-Royal-Power-Aura-Aroma-Oil-500ml-p198680470 HTTP/1.1" 404 - "-" "Mozilla/5.0 (compatible; Barkrowler/0.9; +https://babbar.tech/crawler)"
43.174.32.22 - - [23/Dec/2025:21:24:55 +0800] "GET /mentol-kristal/mentol-kristal-50kg/Blended-Essential-Oil-BO-Nose-Sinus-Relief-Essential-Oil-500ml-p154182219 HTTP/1.1" 404 - "-" "Mozilla/5.0 (Windows NT 10.0; Win64; x64) AppleWebKit/537.36 (KHTML, like Gecko) Chrome/139.0.0.0 Safari/537.36"
43.174.32.22 - - [23/Dec/2025:21:24:55 +0800] "GET /favicon.ico HTTP/1.1" 404 - "https://mentol.bf1.my/mentol-kristal/mentol-kristal-50kg/Blended-Essential-Oil-BO-Nose-Sinus-Relief-Essential-Oil-500ml-p154182219" "Mozilla/5.0 (Windows NT 10.0; Win64; x64) AppleWebKit/537.36 (KHTML, like Gecko) Chrome/139.0.0.0 Safari/537.36"
74.7.243.225 - - [23/Dec/2025:21:24:59 +0800] "GET /search.php?victory023039368.html HTTP/1.1" 404 - "-" "Mozilla/5.0 AppleWebKit/537.36 (KHTML, like Gecko; compatible; GPTBot/1.3; +https://openai.com/gptbot)"
217.113.194.149 - - [23/Dec/2025:21:25:07 +0800] "GET /mentol-kristal/mentol-kristal-1kg/Natural-Aroma-Oil-AO-Royal-Man-Aura-Aroma-Oil-500ml-p198680467 HTTP/1.1" 404 - "-" "Mozilla/5.0 (compatible; Barkrowler/0.9; +https://babbar.tech/crawler)"
217.113.194.143 - - [23/Dec/2025:21:25:22 +0800] "GET /mentol-kristal/mentol-kristal-1kg/Natural-Aroma-Oil-AO-Lucky-Aura-Aroma-Oil-500ml-p198680452 HTTP/1.1" 404 - "-" "Mozilla/5.0 (compatible; Barkrowler/0.9; +https://babbar.tech/crawler)"
74.7.227.167 - - [23/Dec/2025:21:25:33 +0800] "GET /search.php?liberty240013641.html HTTP/1.1" 404 - "-" "Mozilla/5.0 AppleWebKit/537.36 (KHTML, like Gecko; compatible; GPTBot/1.3; +https://openai.com/gptbot)"
74.7.243.225 - - [23/Dec/2025:21:25:37 +0800] "GET /search.php?consult204025651.html HTTP/1.1" 404 - "-" "Mozilla/5.0 AppleWebKit/537.36 (KHTML, like Gecko; compatible; GPTBot/1.3; +https://openai.com/gptbot)"
217.113.194.146 - - [23/Dec/2025:21:25:39 +0800] "GET /mentol-kristal/mentol-kristal-1kg/Natural-Aroma-Oil-AO-Wealthy-Aura-Aroma-Oil-1L-p198691317 HTTP/1.1" 404 - "-" "Mozilla/5.0 (compatible; Barkrowler/0.9; +https://babbar.tech/crawler)"
217.113.194.253 - - [23/Dec/2025:21:25:56 +0800] "GET /mentol-kristal/mentol-kristal-1kg/Aromatic-Fragrance-Oil-AFO-Kaffir-Lime-Leaf-500ml-p153886039 HTTP/1.1" 404 - "-" "Mozilla/5.0 (compatible; Barkrowler/0.9; +https://babbar.tech/crawler)"
154.54.249.207 - - [23/Dec/2025:21:26:11 +0800] "GET /mentol-kristal/mentol-kristal-1kg/Aromatic-Fragrance-Oil-AFO-Orchid-Wild-Orchid-5L-p155472018 HTTP/1.1" 404 - "-" "Mozilla/5.0 (compatible; Barkrowler/0.9; +https://babbar.tech/crawler)"
66.249.65.173 - - [23/Dec/2025:21:26:15 +0800] "GET /shop/6623028.shtml HTTP/1.1" 404 - "-" "Mozilla/5.0 (compatible; Googlebot/2.1; +http://www.google.com/bot.html)"
74.7.243.225 - - [23/Dec/2025:21:26:17 +0800] "GET /search.php?survivor011044582.html HTTP/1.1" 404 - "-" "Mozilla/5.0 AppleWebKit/537.36 (KHTML, like Gecko; compatible; GPTBot/1.3; +https://openai.com/gptbot)"
66.249.65.174 - - [23/Dec/2025:21:26:22 +0800] "GET /shop/6870193.shtml HTTP/1.1" 404 - "-" "Mozilla/5.0 (compatible; Googlebot/2.1; +http://www.google.com/bot.html)"
217.113.194.150 - - [23/Dec/2025:21:26:28 +0800] "GET /mentol-kristal/mentol-kristal-1kg/Blended-Essential-Oil-BO-Mosquito-Repellent-Essential-Oil-50ml-p162238003 HTTP/1.1" 404 - "-" "Mozilla/5.0 (compatible; Barkrowler/0.9; +https://babbar.tech/crawler)"
114.119.150.158 - - [23/Dec/2025:21:26:33 +0800] "GET /mentol-kristal/mentol-kristal-500g/Household-Fragrance-HFO-Soul-Peaceful-Household-Fragrance-10ml-p198645534 HTTP/1.1" 404 - "https://mentol.bf1.my/mentol-kristal/mentol-kristal-500g/Household-Fragrance-c37676040" "Mozilla/5.0 (Linux; Android 7.0;) AppleWebKit/537.36 (KHTML, like Gecko) Mobile Safari/537.36 (compatible; PetalBot;+https://webmaster.petalsearch.com/site/petalbot)"
74.7.227.167 - - [23/Dec/2025:21:26:36 +0800] "GET /search.php?profile164025865.html HTTP/1.1" 404 - "-" "Mozilla/5.0 AppleWebKit/537.36 (KHTML, like Gecko; compatible; GPTBot/1.3; +https://openai.com/gptbot)"
179.48.229.46 - - [23/Dec/2025:21:26:37 +0800] "GET /mentol-kristal/mentol-kristal-50kg/DS-Giorgio-Armani-Armani-Code-Profumo-Deodorant-Spray-25L-%E7%94%B7%E7%A5%9E-p316548611 HTTP/1.1" 404 - "-" "Mozilla/5.0 (Windows NT 10.0; Win64; x64) AppleWebKit/537.36 (KHTML, like Gecko) Chrome/129.0.0.0 Safari/537.36"
217.113.194.142 - - [23/Dec/2025:21:26:43 +0800] "GET /mentol-kristal/mentol-kristal-1kg/Blended-Essential-Oil-BO-Headache-Relief-Essential-Oil-50ml-p154180408 HTTP/1.1" 404 - "-" "Mozilla/5.0 (compatible; Barkrowler/0.9; +https://babbar.tech/crawler)"
51.235.72.31 - - [23/Dec/2025:21:26:50 +0800] "GET /mentol-kristal/mentol-kristal-25kg/CP-Lavender-Aromatic-Car-Perfume-Oil-1000ml-p172072229 HTTP/1.1" 404 - "-" "Mozilla/5.0 (Windows NT 10.0; Win64; x64) AppleWebKit/537.36 (KHTML, like Gecko) Chrome/129.0.0.0 Safari/537.36"
74.7.243.225 - - [23/Dec/2025:21:26:53 +0800] "GET /search.php?writing262025683.html HTTP/1.1" 404 - "-" "Mozilla/5.0 AppleWebKit/537.36 (KHTML, like Gecko; compatible; GPTBot/1.3; +https://openai.com/gptbot)"
66.249.65.173 - - [23/Dec/2025:21:26:57 +0800] "GET /mentol-kristal/mentol-kristal-500g/Pure-Essential-Oil-EO-Helichrysum-Essential-Oil-5L-p196313584 HTTP/1.1" 404 - "-" "Mozilla/5.0 (Linux; Android 6.0.1; Nexus 5X Build/MMB29P) AppleWebKit/537.36 (KHTML, like Gecko) Chrome/141.0.7390.122 Mobile Safari/537.36 (compatible; Googlebot/2.1; +http://www.google.com/bot.html)"
217.113.194.143 - - [23/Dec/2025:21:26:59 +0800] "GET /mentol-kristal/mentol-kristal-1kg/Blended-Essential-Oil-BO-Hormone-Balance-Essential-Oil-500ml-p154180425 HTTP/1.1" 404 - "-" "Mozilla/5.0 (compatible; Barkrowler/0.9; +https://babbar.tech/crawler)"
66.249.65.174 - - [23/Dec/2025:21:27:11 +0800] "GET /shop/4180762.shtml HTTP/1.1" 404 - "-" "Mozilla/5.0 (Linux; Android 6.0.1; Nexus 5X Build/MMB29P) AppleWebKit/537.36 (KHTML, like Gecko) Chrome/141.0.7390.122 Mobile Safari/537.36 (compatible; Googlebot/2.1; +http://www.google.com/bot.html)"
217.113.194.143 - - [23/Dec/2025:21:27:14 +0800] "GET /mentol-kristal/mentol-kristal-1kg/CP-Orchid-Wild-Orchid-Aromatic-Car-Perfume-Oil-500ml-p482909686 HTTP/1.1" 404 - "-" "Mozilla/5.0 (compatible; Barkrowler/0.9; +https://babbar.tech/crawler)"
217.113.194.253 - - [23/Dec/2025:21:27:30 +0800] "GET /mentol-kristal/mentol-kristal-1kg/PATI-SoBody-Shop-Apple-Blossom-PATI-So-W-250ml-p579813523 HTTP/1.1" 404 - "-" "Mozilla/5.0 (compatible; Barkrowler/0.9; +https://babbar.tech/crawler)"
74.7.243.225 - - [23/Dec/2025:21:27:33 +0800] "GET /search.php?someone149032752.html HTTP/1.1" 404 - "-" "Mozilla/5.0 AppleWebKit/537.36 (KHTML, like Gecko; compatible; GPTBot/1.3; +https://openai.com/gptbot)"
66.249.65.174 - - [23/Dec/2025:21:27:37 +0800] "GET /shop/6504663.shtml HTTP/1.1" 404 - "-" "Mozilla/5.0 (Linux; Android 6.0.1; Nexus 5X Build/MMB29P) AppleWebKit/537.36 (KHTML, like Gecko) Chrome/141.0.7390.122 Mobile Safari/537.36 (compatible; Googlebot/2.1; +http://www.google.com/bot.html)"
74.7.227.167 - - [23/Dec/2025:21:27:40 +0800] "GET /search.php?republic251003294.html HTTP/1.1" 404 - "-" "Mozilla/5.0 AppleWebKit/537.36 (KHTML, like Gecko; compatible; GPTBot/1.3; +https://openai.com/gptbot)"
217.113.194.148 - - [23/Dec/2025:21:27:46 +0800] "GET /mentol-kristal/mentol-kristal-1kg/PATI-SoHermes-Terre-DHermes-PATI-So-M-250ml-p355139797 HTTP/1.1" 404 - "-" "Mozilla/5.0 (compatible; Barkrowler/0.9; +https://babbar.tech/crawler)"
217.113.194.146 - - [23/Dec/2025:21:28:01 +0800] "GET /mentol-kristal/mentol-kristal-1kg/Pure-Essential-Oil-EO-Pine-Japanese-Pine-Essential-Oil-500ml-p152480303 HTTP/1.1" 404 - "-" "Mozilla/5.0 (compatible; Barkrowler/0.9; +https://babbar.tech/crawler)"
74.7.243.225 - - [23/Dec/2025:21:28:11 +0800] "GET /search.php?stranger186045231.html HTTP/1.1" 404 - "-" "Mozilla/5.0 AppleWebKit/537.36 (KHTML, like Gecko; compatible; GPTBot/1.3; +https://openai.com/gptbot)"
66.249.65.173 - - [23/Dec/2025:21:28:11 +0800] "GET /shop/4639260.shtml HTTP/1.1" 404 - "-" "Mozilla/5.0 (Linux; Android 6.0.1; Nexus 5X Build/MMB29P) AppleWebKit/537.36 (KHTML, like Gecko) Chrome/141.0.7390.122 Mobile Safari/537.36 (compatible; Googlebot/2.1; +http://www.google.com/bot.html)"
217.113.194.150 - - [23/Dec/2025:21:28:17 +0800] "GET /mentol-kristal/mentol-kristal-1kg/Pure-Essential-Oil-EO-Pine-Fragrant-Pine-Essential-Oil-50ml-p152344372 HTTP/1.1" 404 - "-" "Mozilla/5.0 (compatible; Barkrowler/0.9; +https://babbar.tech/crawler)"
154.54.249.207 - - [23/Dec/2025:21:28:32 +0800] "GET /mentol-kristal/mentol-kristal-1kg/Pure-Essential-Oil-EO-Vera-Wood-Leaf-Essential-Oil-5L-p196274857 HTTP/1.1" 404 - "-" "Mozilla/5.0 (compatible; Barkrowler/0.9; +https://babbar.tech/crawler)"
74.7.227.167 - - [23/Dec/2025:21:28:43 +0800] "GET /search.php?audience031049096.html HTTP/1.1" 404 - "-" "Mozilla/5.0 AppleWebKit/537.36 (KHTML, like Gecko; compatible; GPTBot/1.3; +https://openai.com/gptbot)"
217.113.194.143 - - [23/Dec/2025:21:28:48 +0800] "GET /mentol-kristal/mentol-kristal-1kg/Pure-Essential-Oil-EO-Agarwood-Leaf-Essential-Oil-1L-p150611504 HTTP/1.1" 404 - "-" "Mozilla/5.0 (compatible; Barkrowler/0.9; +https://babbar.tech/crawler)"
74.7.243.225 - - [23/Dec/2025:21:28:51 +0800] "GET /search.php?culture159047388.html HTTP/1.1" 404 - "-" "Mozilla/5.0 AppleWebKit/537.36 (KHTML, like Gecko; compatible; GPTBot/1.3; +https://openai.com/gptbot)"
162.212.153.56 - - [23/Dec/2025:21:28:58 +0800] "GET /bez-rubriki/que-significa-cashout-en-apuestas-deportivas/ HTTP/1.1" 404 - "https://mentol.bf1.my/" "Mozilla/5.0 (X11; Linux x86_64) AppleWebKit/537.36 (KHTML, like Gecko) Chrome/114.0.0.0 Safari/537.36"
162.212.153.56 - - [23/Dec/2025:21:28:58 +0800] "GET / HTTP/1.1" 404 - "-" "Mozilla/5.0 (X11; Linux x86_64) AppleWebKit/537.36 (KHTML, like Gecko) Chrome/114.0.0.0 Safari/537.36"
162.212.153.56 - - [23/Dec/2025:21:28:59 +0800] "GET / HTTP/1.1" 404 - "-" "Mozilla/5.0 (X11; Linux x86_64) AppleWebKit/537.36 (KHTML, like Gecko) Chrome/114.0.0.0 Safari/537.36"
162.212.153.56 - - [23/Dec/2025:21:28:59 +0800] "GET / HTTP/1.1" 404 - "-" "Mozilla/5.0 (X11; Linux x86_64) AppleWebKit/537.36 (KHTML, like Gecko) Chrome/114.0.0.0 Safari/537.36"
217.113.194.148 - - [23/Dec/2025:21:29:03 +0800] "GET /mentol-kristal/mentol-kristal-1kg/Pure-Essential-Oil-EO-Stinging-Nettle-Essential-Oil-5L-p196274841 HTTP/1.1" 404 - "-" "Mozilla/5.0 (compatible; Barkrowler/0.9; +https://babbar.tech/crawler)"
66.249.65.173 - - [23/Dec/2025:21:29:05 +0800] "GET /author052044321.html HTTP/1.1" 404 - "-" "Mozilla/5.0 (compatible; Googlebot/2.1; +http://www.google.com/bot.html)"
217.113.194.143 - - [23/Dec/2025:21:29:19 +0800] "GET /mentol-kristal/mentol-kristal-1kg/Pure-Essential-Oil-EO-Lemon-Yellow-Lemon-Essential-Oil-10ml-p151435204 HTTP/1.1" 404 - "-" "Mozilla/5.0 (compatible; Barkrowler/0.9; +https://babbar.tech/crawler)"
74.7.243.225 - - [23/Dec/2025:21:29:28 +0800] "GET /search.php?feeling271001478.html HTTP/1.1" 404 - "-" "Mozilla/5.0 AppleWebKit/537.36 (KHTML, like Gecko; compatible; GPTBot/1.3; +https://openai.com/gptbot)"
66.249.65.173 - - [23/Dec/2025:21:29:31 +0800] "GET /shop/5175331.shtml HTTP/1.1" 404 - "-" "Mozilla/5.0 (compatible; Googlebot/2.1; +http://www.google.com/bot.html)"
66.249.65.173 - - [23/Dec/2025:21:29:34 +0800] "GET /shop/5211835.shtml HTTP/1.1" 404 - "-" "Mozilla/5.0 (Linux; Android 6.0.1; Nexus 5X Build/MMB29P) AppleWebKit/537.36 (KHTML, like Gecko) Chrome/141.0.7390.122 Mobile Safari/537.36 (compatible; Googlebot/2.1; +http://www.google.com/bot.html)"
217.113.194.142 - - [23/Dec/2025:21:29:35 +0800] "GET /mentol-kristal/kristal/DS-Burberry-Mr-Burberry-Deodorant-Spray-5L-%E7%94%B7%E7%A5%9E-p316545508 HTTP/1.1" 404 - "-" "Mozilla/5.0 (compatible; Barkrowler/0.9; +https://babbar.tech/crawler)"
216.73.216.21 - - [23/Dec/2025:21:29:39 +0800] "GET /SS1.php?gzfile=L3Vzci9zaGFyZS90ZXJtaW5mby9hL2FhNDA4MA%3D%3D HTTP/1.1" 404 - "-" "Mozilla/5.0 AppleWebKit/537.36 (KHTML, like Gecko; compatible; ClaudeBot/1.0; +claudebot@anthropic.com)"
216.73.216.21 - - [23/Dec/2025:21:29:39 +0800] "GET /SS1.php?gzfile=L2hvbWUvbXliZjEvdG1wL3dlYmFsaXplci9zc2wvZXNzZW50aWFsb2lsLmJmMS5teS9kYWlseV91c2FnZV8yMDIyMDkucG5n HTTP/1.1" 404 - "-" "Mozilla/5.0 AppleWebKit/537.36 (KHTML, like Gecko; compatible; ClaudeBot/1.0; +claudebot@anthropic.com)"
66.249.65.173 - - [23/Dec/2025:21:29:39 +0800] "GET /257511174.htm HTTP/1.1" 404 - "-" "Mozilla/5.0 (Linux; Android 6.0.1; Nexus 5X Build/MMB29P) AppleWebKit/537.36 (KHTML, like Gecko) Chrome/141.0.7390.122 Mobile Safari/537.36 (compatible; Googlebot/2.1; +http://www.google.com/bot.html)"
216.73.216.21 - - [23/Dec/2025:21:29:39 +0800] "GET /SS1.php?fm=true&path=%2Fusr%2Flib%2Fkbd%2Fconsolefonts%2F&rights=gr737b-9x16-medieval.psfu.gz HTTP/1.1" 404 - "-" "Mozilla/5.0 AppleWebKit/537.36 (KHTML, like Gecko; compatible; ClaudeBot/1.0; +claudebot@anthropic.com)"
216.73.216.21 - - [23/Dec/2025:21:29:39 +0800] "GET /SS1.php?gzfile=L2hvbWUvbXliZjEvbWFpbC9iZjEubXkvYWZmL2RvdmVjb3QtdWlkdmFsaWRpdHkuNWQwNzQ0OGY%3D HTTP/1.1" 404 - "-" "Mozilla/5.0 AppleWebKit/537.36 (KHTML, like Gecko; compatible; ClaudeBot/1.0; +claudebot@anthropic.com)"
216.73.216.21 - - [23/Dec/2025:21:29:39 +0800] "GET /?w=1673669 HTTP/1.1" 200 445969 "-" "Mozilla/5.0 AppleWebKit/537.36 (KHTML, like Gecko; compatible; ClaudeBot/1.0; +claudebot@anthropic.com)"
216.73.216.21 - - [23/Dec/2025:21:29:39 +0800] "GET /wp-content/uploads/output/json/public HTTP/1.1" 301 272 "-" "Mozilla/5.0 AppleWebKit/537.36 (KHTML, like Gecko; compatible; ClaudeBot/1.0; +claudebot@anthropic.com)"
216.73.216.21 - - [23/Dec/2025:21:29:39 +0800] "GET /SS1.php?zip=L2hvbWUvbXliZjEvbWFpbC9iZjEubXkvZWRwLy5TZW50 HTTP/1.1" 404 - "-" "Mozilla/5.0 AppleWebKit/537.36 (KHTML, like Gecko; compatible; ClaudeBot/1.0; +claudebot@anthropic.com)"
216.73.216.21 - - [23/Dec/2025:21:29:39 +0800] "GET /SS1.php?gz=L2hvbWUvbXliZjEvbWFpbC9iZjEubXkvaW5mb3NlbmQvLnNwYW0%3D HTTP/1.1" 404 - "-" "Mozilla/5.0 AppleWebKit/537.36 (KHTML, like Gecko; compatible; ClaudeBot/1.0; +claudebot@anthropic.com)"
216.73.216.21 - - [23/Dec/2025:21:29:39 +0800] "GET /wp-content/uploads/output/json/public/ HTTP/1.1" 200 872 "https://www.mentol.bf1.my/wp-content/uploads/output/json/public" "Mozilla/5.0 AppleWebKit/537.36 (KHTML, like Gecko; compatible; ClaudeBot/1.0; +claudebot@anthropic.com)"
216.73.216.21 - - [23/Dec/2025:21:29:39 +0800] "GET /SS1.php?fm=true&path=%2Fusr%2Flib%2Fkbd%2Fkeymaps%2Fxkb%2F&rename=gh-hausa.map.gz HTTP/1.1" 404 - "-" "Mozilla/5.0 AppleWebKit/537.36 (KHTML, like Gecko; compatible; ClaudeBot/1.0; +claudebot@anthropic.com)"
216.73.216.21 - - [23/Dec/2025:21:29:40 +0800] "GET /SS1.php?fm=true&path=%2Fhome%2Fmybf1%2Ftmp%2Fwebalizer%2Fssl%2Fid.bf1.my%2F&rename=hourly_usage_201910.png HTTP/1.1" 404 - "-" "Mozilla/5.0 AppleWebKit/537.36 (KHTML, like Gecko; compatible; ClaudeBot/1.0; +claudebot@anthropic.com)"
216.73.216.21 - - [23/Dec/2025:21:29:40 +0800] "GET /SS1.php?fm=true&path=%2Fhome%2Fmybf1%2Ftmp%2Fwebalizer%2Fssl%2Fessentialoil.bf1.my%2F&rights=hourly_usage_202406.png HTTP/1.1" 404 - "-" "Mozilla/5.0 AppleWebKit/537.36 (KHTML, like Gecko; compatible; ClaudeBot/1.0; +claudebot@anthropic.com)"
216.73.216.21 - - [23/Dec/2025:21:29:40 +0800] "GET /SS1.php?gzfile=L2hvbWUvbXliZjEvdG1wL3dlYmFsaXplci9zc2wvcGF0aS5iZjEubXkvaG91cmx5X3VzYWdlXzIwMjUwMS5wbmc%3D HTTP/1.1" 404 - "-" "Mozilla/5.0 AppleWebKit/537.36 (KHTML, like Gecko; compatible; ClaudeBot/1.0; +claudebot@anthropic.com)"
216.73.216.21 - - [23/Dec/2025:21:29:40 +0800] "GET /SS1.php?gzfile=L3Vzci9zaGFyZS90ZXJtaW5mby90L3R2aTkxMmMtbWM%3D HTTP/1.1" 404 - "-" "Mozilla/5.0 AppleWebKit/537.36 (KHTML, like Gecko; compatible; ClaudeBot/1.0; +claudebot@anthropic.com)"
216.73.216.21 - - [23/Dec/2025:21:29:40 +0800] "GET /SS1.php?zip=L3Vzci9zaGFyZS9zeXN0ZW1k HTTP/1.1" 404 - "-" "Mozilla/5.0 AppleWebKit/537.36 (KHTML, like Gecko; compatible; ClaudeBot/1.0; +claudebot@anthropic.com)"
216.73.216.21 - - [23/Dec/2025:21:29:40 +0800] "GET /SS1.php?download=L3Vzci9zaGFyZS96b25laW5mby9BZnJpY2EvS2FtcGFsYQ%3D%3D HTTP/1.1" 404 - "-" "Mozilla/5.0 AppleWebKit/537.36 (KHTML, like Gecko; compatible; ClaudeBot/1.0; +claudebot@anthropic.com)"
216.73.216.21 - - [23/Dec/2025:21:29:40 +0800] "GET /SS1.php?gzfile=L3Vzci9zaGFyZS9sb2NhbGUvYnMvTENfTUVTU0FHRVMvbmV3dC5tbw%3D%3D HTTP/1.1" 404 - "-" "Mozilla/5.0 AppleWebKit/537.36 (KHTML, like Gecko; compatible; ClaudeBot/1.0; +claudebot@anthropic.com)"
216.73.216.21 - - [23/Dec/2025:21:29:40 +0800] "GET /SS1.php?fm=true&path=%2Fhome%2Fmybf1%2Ftmp%2Fwebalizer%2Fssl%2Fmenthol.bf1.my%2F&rename=daily_usage_202110.png HTTP/1.1" 404 - "-" "Mozilla/5.0 AppleWebKit/537.36 (KHTML, like Gecko; compatible; ClaudeBot/1.0; +claudebot@anthropic.com)"
216.73.216.21 - - [23/Dec/2025:21:29:40 +0800] "GET /SS1.php?gzfile=L3Vzci9zaGFyZS96b25laW5mby9wb3NpeC9FdGMvR01UMA%3D%3D HTTP/1.1" 404 - "-" "Mozilla/5.0 AppleWebKit/537.36 (KHTML, like Gecko; compatible; ClaudeBot/1.0; +claudebot@anthropic.com)"
216.73.216.21 - - [23/Dec/2025:21:29:40 +0800] "GET /SS1.php?fm=true&path=%2Fhome%2Fmybf1%2Ftmp%2Fwebalizer%2Flaundry.bf1.my%2F&rename=ctry_usage_202308.png HTTP/1.1" 404 - "-" "Mozilla/5.0 AppleWebKit/537.36 (KHTML, like Gecko; compatible; ClaudeBot/1.0; +claudebot@anthropic.com)"
216.73.216.21 - - [23/Dec/2025:21:29:40 +0800] "GET /SS1.php?download=L3Vzci9zaGFyZS90ZXJtaW5mby9kL2Q0MTEtN2Itdw%3D%3D HTTP/1.1" 404 - "-" "Mozilla/5.0 AppleWebKit/537.36 (KHTML, like Gecko; compatible; ClaudeBot/1.0; +claudebot@anthropic.com)"
216.73.216.21 - - [23/Dec/2025:21:29:41 +0800] "GET /SS1.php?gz=L2hvbWUvbXliZjEvdG1wL3BtYV90ZW1wbGF0ZV9jb21waWxlc19teWJmMS90d2lnLzli HTTP/1.1" 404 - "-" "Mozilla/5.0 AppleWebKit/537.36 (KHTML, like Gecko; compatible; ClaudeBot/1.0; +claudebot@anthropic.com)"
216.73.216.21 - - [23/Dec/2025:21:29:41 +0800] "GET /?w=2019412 HTTP/1.1" 200 444760 "-" "Mozilla/5.0 AppleWebKit/537.36 (KHTML, like Gecko; compatible; ClaudeBot/1.0; +claudebot@anthropic.com)"
216.73.216.21 - - [23/Dec/2025:21:29:41 +0800] "GET /SS1.php?gzfile=L2hvbWUvbXliZjEvdG1wL3dlYmFsaXplci9zc2wvcGF0aS5iZjEubXkvaG91cmx5X3VzYWdlXzIwMjEwMi5wbmc%3D HTTP/1.1" 404 - "-" "Mozilla/5.0 AppleWebKit/537.36 (KHTML, like Gecko; compatible; ClaudeBot/1.0; +claudebot@anthropic.com)"
216.73.216.21 - - [23/Dec/2025:21:29:41 +0800] "GET /SS1.php?gzfile=L3Vzci9zaGFyZS96b25laW5mby9wb3NpeC9FdGMvR01ULTY%3D HTTP/1.1" 404 - "-" "Mozilla/5.0 AppleWebKit/537.36 (KHTML, like Gecko; compatible; ClaudeBot/1.0; +claudebot@anthropic.com)"
216.73.216.21 - - [23/Dec/2025:21:29:41 +0800] "GET /SS1.php?img=L2hvbWUvbXliZjEvdG1wL3dlYmFsaXplci9hbGNvaG9sLmJmMS5teS9kYWlseV91c2FnZV8yMDIyMDEucG5n HTTP/1.1" 404 - "-" "Mozilla/5.0 AppleWebKit/537.36 (KHTML, like Gecko; compatible; ClaudeBot/1.0; +claudebot@anthropic.com)"
216.73.216.21 - - [23/Dec/2025:21:29:41 +0800] "GET /SS1.php?fm=true&path=%2Fhome%2Fmybf1%2Ftmp%2Fwebalizer%2Fssl%2Fhair.bf1.my%2F&rename=hourly_usage_202310.png HTTP/1.1" 404 - "-" "Mozilla/5.0 AppleWebKit/537.36 (KHTML, like Gecko; compatible; ClaudeBot/1.0; +claudebot@anthropic.com)"
216.73.216.21 - - [23/Dec/2025:21:29:41 +0800] "GET /SS1.php?fm=true&path=%2Fhome%2Fmybf1%2Ftmp%2Fwebalizer%2Fapp.bf1.my%2F&rename=hourly_usage_202409.png HTTP/1.1" 404 - "-" "Mozilla/5.0 AppleWebKit/537.36 (KHTML, like Gecko; compatible; ClaudeBot/1.0; +claudebot@anthropic.com)"
216.73.216.21 - - [23/Dec/2025:21:29:41 +0800] "GET /SS1.php?gz=L2hvbWUvbXliZjEvbWFpbC8ubWFpbGJveF9mb3JtYXQuY3BhbmVsL25ldw%3D%3D HTTP/1.1" 404 - "-" "Mozilla/5.0 AppleWebKit/537.36 (KHTML, like Gecko; compatible; ClaudeBot/1.0; +claudebot@anthropic.com)"
216.73.216.21 - - [23/Dec/2025:21:29:41 +0800] "GET /SS1.php?gzfile=L3Vzci9zaGFyZS90ZXJtaW5mby9oL2hwNzAw HTTP/1.1" 404 - "-" "Mozilla/5.0 AppleWebKit/537.36 (KHTML, like Gecko; compatible; ClaudeBot/1.0; +claudebot@anthropic.com)"
216.73.216.21 - - [23/Dec/2025:21:29:41 +0800] "GET /SS1.php?fm=true&path=%2Fhome%2Fmybf1%2Ftmp%2Fwebalizer%2Fssl%2Fapp.bf1.my%2F&rename=daily_usage_202108.png HTTP/1.1" 404 - "-" "Mozilla/5.0 AppleWebKit/537.36 (KHTML, like Gecko; compatible; ClaudeBot/1.0; +claudebot@anthropic.com)"
216.73.216.21 - - [23/Dec/2025:21:29:41 +0800] "GET /SS1.php?gzfile=L3Vzci9zaGFyZS96b25laW5mby9QYWNpZmljL1RydWs%3D HTTP/1.1" 404 - "-" "Mozilla/5.0 AppleWebKit/537.36 (KHTML, like Gecko; compatible; ClaudeBot/1.0; +claudebot@anthropic.com)"
216.73.216.21 - - [23/Dec/2025:21:29:42 +0800] "GET /wp-content/uploads/functions/?C=S&O=A HTTP/1.1" 200 841 "-" "Mozilla/5.0 AppleWebKit/537.36 (KHTML, like Gecko; compatible; ClaudeBot/1.0; +claudebot@anthropic.com)"
216.73.216.21 - - [23/Dec/2025:21:29:42 +0800] "GET /SS1.php?fm=true&path=%2Fhome%2Fmybf1%2Ftmp%2Fanalog%2Fssl%2Fwarna.bf1.my%2F&rights=code.png HTTP/1.1" 404 - "-" "Mozilla/5.0 AppleWebKit/537.36 (KHTML, like Gecko; compatible; ClaudeBot/1.0; +claudebot@anthropic.com)"
216.73.216.21 - - [23/Dec/2025:21:29:42 +0800] "GET /SS1.php?fm=true&path=%2Fhome%2Fmybf1%2Ftmp%2Fwebalizer%2Fssl%2Fapp.bf1.my%2F&rename=ctry_usage_202509.png HTTP/1.1" 404 - "-" "Mozilla/5.0 AppleWebKit/537.36 (KHTML, like Gecko; compatible; ClaudeBot/1.0; +claudebot@anthropic.com)"
216.73.216.21 - - [23/Dec/2025:21:29:42 +0800] "GET /SS1.php?fm=true&path=%2Fusr%2Fshare%2Flocale%2Fes_SV%2F. HTTP/1.1" 404 - "-" "Mozilla/5.0 AppleWebKit/537.36 (KHTML, like Gecko; compatible; ClaudeBot/1.0; +claudebot@anthropic.com)"
216.73.216.21 - - [23/Dec/2025:21:29:42 +0800] "GET /SS1.php?zip=L3Vzci9zaGFyZS90ZXJtaW5mby9h HTTP/1.1" 404 - "-" "Mozilla/5.0 AppleWebKit/537.36 (KHTML, like Gecko; compatible; ClaudeBot/1.0; +claudebot@anthropic.com)"
216.73.216.21 - - [23/Dec/2025:21:29:42 +0800] "GET /SS1.php?gz=L3Vzci9zaGFyZS9sb2NhbGUvZW5AcGlnbGF0aW4%3D HTTP/1.1" 404 - "-" "Mozilla/5.0 AppleWebKit/537.36 (KHTML, like Gecko; compatible; ClaudeBot/1.0; +claudebot@anthropic.com)"
216.73.216.21 - - [23/Dec/2025:21:29:42 +0800] "GET /SS1.php?img=L2hvbWUvbXliZjEvdG1wL3dlYmFsaXplci9hbGNvaG9sLmJmMS5teS9kYWlseV91c2FnZV8yMDI1MDgucG5n HTTP/1.1" 404 - "-" "Mozilla/5.0 AppleWebKit/537.36 (KHTML, like Gecko; compatible; ClaudeBot/1.0; +claudebot@anthropic.com)"
216.73.216.21 - - [23/Dec/2025:21:29:42 +0800] "GET /SS1.php?zip=L3Vzci9zaGFyZS9sb2NhbGUvaW8vTENfTUVTU0FHRVM%3D HTTP/1.1" 404 - "-" "Mozilla/5.0 AppleWebKit/537.36 (KHTML, like Gecko; compatible; ClaudeBot/1.0; +claudebot@anthropic.com)"
216.73.216.21 - - [23/Dec/2025:21:29:42 +0800] "GET /SS1.php?gzfile=L3Vzci9zaGFyZS90ZXJtaW5mby90L3RlazQyMDctcw%3D%3D HTTP/1.1" 404 - "-" "Mozilla/5.0 AppleWebKit/537.36 (KHTML, like Gecko; compatible; ClaudeBot/1.0; +claudebot@anthropic.com)"
216.73.216.21 - - [23/Dec/2025:21:29:42 +0800] "GET /SS1.php?fm=true&path=%2Fhome%2Fmybf1%2Ftmp%2Fwebalizer%2Fssl%2Fessentialoil.bf1.my%2F&rights=usage.png HTTP/1.1" 404 - "-" "Mozilla/5.0 AppleWebKit/537.36 (KHTML, like Gecko; compatible; ClaudeBot/1.0; +claudebot@anthropic.com)"
216.73.216.21 - - [23/Dec/2025:21:29:42 +0800] "GET /SS1.php?fm=true&path=%2Fhome%2Fmybf1%2Ftmp%2Fwebalizer%2Fssl%2Fmenthol.bf1.my%2F&rename=hourly_usage_202506.png HTTP/1.1" 404 - "-" "Mozilla/5.0 AppleWebKit/537.36 (KHTML, like Gecko; compatible; ClaudeBot/1.0; +claudebot@anthropic.com)"
216.73.216.21 - - [23/Dec/2025:21:29:43 +0800] "GET /SS1.php?zip=L2hvbWUvbXliZjEvbWFpbC9iZjEubXkvaGpzLy5zcGFtL3RtcA%3D%3D HTTP/1.1" 404 - "-" "Mozilla/5.0 AppleWebKit/537.36 (KHTML, like Gecko; compatible; ClaudeBot/1.0; +claudebot@anthropic.com)"
216.73.216.21 - - [23/Dec/2025:21:29:43 +0800] "GET /SS1.php?img=L2hvbWUvbXliZjEvdG1wL3dlYmFsaXplci9zc2wvaGFpci5iZjEubXkvY3RyeV91c2FnZV8yMDIzMDgucG5n HTTP/1.1" 404 - "-" "Mozilla/5.0 AppleWebKit/537.36 (KHTML, like Gecko; compatible; ClaudeBot/1.0; +claudebot@anthropic.com)"
216.73.216.21 - - [23/Dec/2025:21:29:43 +0800] "GET /SS1.php?gz=L2hvbWUvbXliZjEvbWFpbC9iZjEubXkvaGpzL25ldw%3D%3D HTTP/1.1" 404 - "-" "Mozilla/5.0 AppleWebKit/537.36 (KHTML, like Gecko; compatible; ClaudeBot/1.0; +claudebot@anthropic.com)"
216.73.216.21 - - [23/Dec/2025:21:29:43 +0800] "GET /SS1.php?gzfile=L2hvbWUvbXliZjEvbWFpbC9iZjEubXkvaGpzLy5zcGFtL2RvdmVjb3QtdWlkbGlzdA%3D%3D HTTP/1.1" 404 - "-" "Mozilla/5.0 AppleWebKit/537.36 (KHTML, like Gecko; compatible; ClaudeBot/1.0; +claudebot@anthropic.com)"
216.73.216.21 - - [23/Dec/2025:21:29:43 +0800] "GET /SS1.php?img=L2hvbWUvbXliZjEvdG1wL3dlYmFsaXplci9zc2wvcGF0aS5iZjEubXkvZGFpbHlfdXNhZ2VfMjAyMjA3LnBuZw%3D%3D HTTP/1.1" 404 - "-" "Mozilla/5.0 AppleWebKit/537.36 (KHTML, like Gecko; compatible; ClaudeBot/1.0; +claudebot@anthropic.com)"
216.73.216.21 - - [23/Dec/2025:21:29:43 +0800] "GET /SS1.php?fm=true&path=%2Fusr%2Fshare%2Fmime%2Fapplication%2F&rename=vnd.sun.xml.impress.xml HTTP/1.1" 404 - "-" "Mozilla/5.0 AppleWebKit/537.36 (KHTML, like Gecko; compatible; ClaudeBot/1.0; +claudebot@anthropic.com)"
216.73.216.21 - - [23/Dec/2025:21:29:43 +0800] "GET /SS1.php?img=L2hvbWUvbXliZjEvdG1wL3dlYmFsaXplci9zc2wvaGFpci5iZjEubXkvY3RyeV91c2FnZV8yMDIzMTEucG5n HTTP/1.1" 404 - "-" "Mozilla/5.0 AppleWebKit/537.36 (KHTML, like Gecko; compatible; ClaudeBot/1.0; +claudebot@anthropic.com)"
216.73.216.21 - - [23/Dec/2025:21:29:43 +0800] "GET /SS1.php?gzfile=L2hvbWUvbXliZjEvdG1wL3dlYmFsaXplci9zc2wvbWFzc2FnZW9pbC5iZjEubXkvZGFpbHlfdXNhZ2VfMjAyMjA3LnBuZw%3D%3D HTTP/1.1" 404 - "-" "Mozilla/5.0 AppleWebKit/537.36 (KHTML, like Gecko; compatible; ClaudeBot/1.0; +claudebot@anthropic.com)"
216.73.216.21 - - [23/Dec/2025:21:29:43 +0800] "GET /SS1.php?fm=true&path=%2Fhome%2Fmybf1%2Ftmp%2Fwebalizer%2Fssl%2Fapp.bf1.my%2F&rename=ctry_usage_202504.png HTTP/1.1" 404 - "-" "Mozilla/5.0 AppleWebKit/537.36 (KHTML, like Gecko; compatible; ClaudeBot/1.0; +claudebot@anthropic.com)"
216.73.216.21 - - [23/Dec/2025:21:29:43 +0800] "GET /SS1.php?gz=L3Vzci9zaGFyZS9sb2NhbGUvYXJjL0xDX01FU1NBR0VT HTTP/1.1" 404 - "-" "Mozilla/5.0 AppleWebKit/537.36 (KHTML, like Gecko; compatible; ClaudeBot/1.0; +claudebot@anthropic.com)"
216.73.216.21 - - [23/Dec/2025:21:29:43 +0800] "GET /SS1.php?fm=true&path=%2Fusr%2Fshare%2Fmime%2Fimage%2F&rights=x-photo-cd.xml HTTP/1.1" 404 - "-" "Mozilla/5.0 AppleWebKit/537.36 (KHTML, like Gecko; compatible; ClaudeBot/1.0; +claudebot@anthropic.com)"
216.73.216.21 - - [23/Dec/2025:21:29:44 +0800] "GET /SS1.php?fm=true&path=%2Fhome%2Fmybf1%2Ftmp%2Fwebalizer%2Fssl%2Fwarna.bf1.my%2F&rename=usage.png HTTP/1.1" 404 - "-" "Mozilla/5.0 AppleWebKit/537.36 (KHTML, like Gecko; compatible; ClaudeBot/1.0; +claudebot@anthropic.com)"
216.73.216.21 - - [23/Dec/2025:21:29:44 +0800] "GET /SS1.php?img=L3Vzci9zaGFyZS9iYWNrZ3JvdW5kcy83bGluZXMtdG9wLnBuZw%3D%3D HTTP/1.1" 404 - "-" "Mozilla/5.0 AppleWebKit/537.36 (KHTML, like Gecko; compatible; ClaudeBot/1.0; +claudebot@anthropic.com)"
216.73.216.21 - - [23/Dec/2025:21:29:44 +0800] "GET /SS1.php?gzfile=L3Vzci9saWI2NC9JbWFnZU1hZ2ljay02LjkuMTAvY29uZmlnLVExNi9jb25maWd1cmUueG1s HTTP/1.1" 404 - "-" "Mozilla/5.0 AppleWebKit/537.36 (KHTML, like Gecko; compatible; ClaudeBot/1.0; +claudebot@anthropic.com)"
216.73.216.21 - - [23/Dec/2025:21:29:44 +0800] "GET /SS1.php?gzfile=L3Vzci9pbmNsdWRlL2JpbmQ5L2lzYy90YXNrLmg%3D HTTP/1.1" 404 - "-" "Mozilla/5.0 AppleWebKit/537.36 (KHTML, like Gecko; compatible; ClaudeBot/1.0; +claudebot@anthropic.com)"
216.73.216.21 - - [23/Dec/2025:21:29:44 +0800] "GET /?w=689367 HTTP/1.1" 200 445756 "-" "Mozilla/5.0 AppleWebKit/537.36 (KHTML, like Gecko; compatible; ClaudeBot/1.0; +claudebot@anthropic.com)"
216.73.216.21 - - [23/Dec/2025:21:29:44 +0800] "GET /SS1.php?gzfile=L3Vzci9saWI2NC90Yy9wYXJldG8uZGlzdA%3D%3D HTTP/1.1" 404 - "-" "Mozilla/5.0 AppleWebKit/537.36 (KHTML, like Gecko; compatible; ClaudeBot/1.0; +claudebot@anthropic.com)"
216.73.216.21 - - [23/Dec/2025:21:29:44 +0800] "GET /SS1.php?gzfile=L3Vzci9zaGFyZS9naG9zdHNjcmlwdC9saWIvYmpjNjEwYjgudXBw HTTP/1.1" 404 - "-" "Mozilla/5.0 AppleWebKit/537.36 (KHTML, like Gecko; compatible; ClaudeBot/1.0; +claudebot@anthropic.com)"
216.73.216.21 - - [23/Dec/2025:21:29:44 +0800] "GET /SS1.php?fm=true&path=%2Fhome%2Fmybf1%2Ftmp%2Fwebalizer%2Fssl%2Fpati.bf1.my%2F&rights=hourly_usage_202512.png HTTP/1.1" 404 - "-" "Mozilla/5.0 AppleWebKit/537.36 (KHTML, like Gecko; compatible; ClaudeBot/1.0; +claudebot@anthropic.com)"
216.73.216.21 - - [23/Dec/2025:21:29:44 +0800] "GET /SS1.php?fm=true&path=%2Fhome%2Fmybf1%2Ftmp%2Fwebalizer%2Fssl%2Fcarrieroil.bf1.my%2F&rename=hourly_usage_202402.png HTTP/1.1" 404 - "-" "Mozilla/5.0 AppleWebKit/537.36 (KHTML, like Gecko; compatible; ClaudeBot/1.0; +claudebot@anthropic.com)"
216.73.216.21 - - [23/Dec/2025:21:29:44 +0800] "GET /SS1.php?zip=L3Vzci9zaGFyZS96b25laW5mby9yaWdodC9FdXJvcGU%3D HTTP/1.1" 404 - "-" "Mozilla/5.0 AppleWebKit/537.36 (KHTML, like Gecko; compatible; ClaudeBot/1.0; +claudebot@anthropic.com)"
216.73.216.21 - - [23/Dec/2025:21:29:44 +0800] "GET /SS1.php?fm=true&path=%2Fhome%2Fmybf1%2Ftmp%2Fwebalizer%2Fapp.bf1.my%2F&rights=hourly_usage_202212.png HTTP/1.1" 404 - "-" "Mozilla/5.0 AppleWebKit/537.36 (KHTML, like Gecko; compatible; ClaudeBot/1.0; +claudebot@anthropic.com)"
216.73.216.21 - - [23/Dec/2025:21:29:45 +0800] "GET /SS1.php?gz=L2hvbWUvbXliZjEvdG1wL3BtYV90ZW1wbGF0ZV9jb21waWxlc19teWJmMS90d2lnLzg4 HTTP/1.1" 404 - "-" "Mozilla/5.0 AppleWebKit/537.36 (KHTML, like Gecko; compatible; ClaudeBot/1.0; +claudebot@anthropic.com)"
216.73.216.21 - - [23/Dec/2025:21:29:45 +0800] "GET /SS1.php?fm=true&path=%2Fhome%2Fmybf1%2Ftmp%2Fwebalizer%2Fssl%2Fmenthol.bf1.my%2F&rename=ctry_usage_202007.png HTTP/1.1" 404 - "-" "Mozilla/5.0 AppleWebKit/537.36 (KHTML, like Gecko; compatible; ClaudeBot/1.0; +claudebot@anthropic.com)"
216.73.216.21 - - [23/Dec/2025:21:29:45 +0800] "GET /SS1.php?zip=L3Vzci9zaGFyZS9sb2NhbGUvaXM%3D HTTP/1.1" 404 - "-" "Mozilla/5.0 AppleWebKit/537.36 (KHTML, like Gecko; compatible; ClaudeBot/1.0; +claudebot@anthropic.com)"
216.73.216.21 - - [23/Dec/2025:21:29:45 +0800] "GET /SS1.php?img=L2hvbWUvbXliZjEvdG1wL3dlYmFsaXplci9zc2wvbWFzc2FnZW9pbC5iZjEubXkvZGFpbHlfdXNhZ2VfMjAyNDA3LnBuZw%3D%3D HTTP/1.1" 404 - "-" "Mozilla/5.0 AppleWebKit/537.36 (KHTML, like Gecko; compatible; ClaudeBot/1.0; +claudebot@anthropic.com)"
216.73.216.21 - - [23/Dec/2025:21:29:45 +0800] "GET /SS1.php?zip=L3Vzci9zaGFyZS9sb2NhbGUvZ2ls HTTP/1.1" 404 - "-" "Mozilla/5.0 AppleWebKit/537.36 (KHTML, like Gecko; compatible; ClaudeBot/1.0; +claudebot@anthropic.com)"
216.73.216.21 - - [23/Dec/2025:21:29:45 +0800] "GET /SS1.php?gzfile=L3Vzci9zaGFyZS90ZXJtaW5mby9kL2RnNjA1eA%3D%3D HTTP/1.1" 404 - "-" "Mozilla/5.0 AppleWebKit/537.36 (KHTML, like Gecko; compatible; ClaudeBot/1.0; +claudebot@anthropic.com)"
216.73.216.21 - - [23/Dec/2025:21:29:45 +0800] "GET /SS1.php?gz=L2hvbWUvbXliZjEvbWFpbC9iZjEubXkvYW1xci8uVHJhc2g%3D HTTP/1.1" 404 - "-" "Mozilla/5.0 AppleWebKit/537.36 (KHTML, like Gecko; compatible; ClaudeBot/1.0; +claudebot@anthropic.com)"
216.73.216.21 - - [23/Dec/2025:21:29:45 +0800] "GET /SS1.php?gzfile=L3Vzci9zaGFyZS90ZXJtaW5mby9sL2xpbnV4LXZ0 HTTP/1.1" 404 - "-" "Mozilla/5.0 AppleWebKit/537.36 (KHTML, like Gecko; compatible; ClaudeBot/1.0; +claudebot@anthropic.com)"
74.7.227.167 - - [23/Dec/2025:21:29:45 +0800] "GET /search.php?anything184031307.html HTTP/1.1" 404 - "-" "Mozilla/5.0 AppleWebKit/537.36 (KHTML, like Gecko; compatible; GPTBot/1.3; +https://openai.com/gptbot)"
216.73.216.21 - - [23/Dec/2025:21:29:45 +0800] "GET /SS1.php?img=L2hvbWUvbXliZjEvdG1wL3dlYmFsaXplci9zc2wvaGFpci5iZjEubXkvZGFpbHlfdXNhZ2VfMjAyNDA4LnBuZw%3D%3D HTTP/1.1" 404 - "-" "Mozilla/5.0 AppleWebKit/537.36 (KHTML, like Gecko; compatible; ClaudeBot/1.0; +claudebot@anthropic.com)"
216.73.216.21 - - [23/Dec/2025:21:29:45 +0800] "GET /SS1.php?gz=L3Vzci9zaGFyZS9taW1lL3BhY2thZ2Vz HTTP/1.1" 404 - "-" "Mozilla/5.0 AppleWebKit/537.36 (KHTML, like Gecko; compatible; ClaudeBot/1.0; +claudebot@anthropic.com)"
216.73.216.21 - - [23/Dec/2025:21:29:45 +0800] "GET /SS1.php?fm=true&path=%2Fhome%2Fmybf1%2Ftmp%2Fwebalizer%2Fssl%2Fessentialoil.bf1.my%2F&rename=hourly_usage_202409.png HTTP/1.1" 404 - "-" "Mozilla/5.0 AppleWebKit/537.36 (KHTML, like Gecko; compatible; ClaudeBot/1.0; +claudebot@anthropic.com)"
216.73.216.21 - - [23/Dec/2025:21:29:46 +0800] "GET /SS1.php?fm=true&path=%2Fhome%2Fmybf1%2Ftmp%2Fwebalizer%2Fminyak.bf1.my%2F&rename=hourly_usage_202311.png HTTP/1.1" 404 - "-" "Mozilla/5.0 AppleWebKit/537.36 (KHTML, like Gecko; compatible; ClaudeBot/1.0; +claudebot@anthropic.com)"
216.73.216.21 - - [23/Dec/2025:21:29:46 +0800] "GET /SS1.php?fm=true&path=%2Fhome%2Fmybf1%2Ftmp%2Fwebalizer%2Fssl%2Fhair.bf1.my%2F&rename=hourly_usage_202106.png HTTP/1.1" 404 - "-" "Mozilla/5.0 AppleWebKit/537.36 (KHTML, like Gecko; compatible; ClaudeBot/1.0; +claudebot@anthropic.com)"
216.73.216.21 - - [23/Dec/2025:21:29:46 +0800] "GET /SS1.php?gzfile=L2hvbWUvbXliZjEvbWFpbC9iZjEubXkvYXZtby9kb3ZlY290Lm1haWxib3gubG9n HTTP/1.1" 404 - "-" "Mozilla/5.0 AppleWebKit/537.36 (KHTML, like Gecko; compatible; ClaudeBot/1.0; +claudebot@anthropic.com)"
216.73.216.21 - - [23/Dec/2025:21:29:46 +0800] "GET /SS1.php?gz=L2hvbWUvbXliZjEvbWFpbC9iZjEubXkvYnNs HTTP/1.1" 404 - "-" "Mozilla/5.0 AppleWebKit/537.36 (KHTML, like Gecko; compatible; ClaudeBot/1.0; +claudebot@anthropic.com)"
216.73.216.21 - - [23/Dec/2025:21:29:46 +0800] "GET /SS1.php?fm=true&path=%2Fhome%2Fmybf1%2Ftmp%2Fwebalizer%2Fssl%2Fessentialoil.bf1.my%2F&rights=hourly_usage_202203.png HTTP/1.1" 404 - "-" "Mozilla/5.0 AppleWebKit/537.36 (KHTML, like Gecko; compatible; ClaudeBot/1.0; +claudebot@anthropic.com)"
216.73.216.21 - - [23/Dec/2025:21:29:46 +0800] "GET /SS1.php?fm=true&path=%2Fhome%2Fmybf1%2Ftmp%2Fwebalizer%2Fssl%2Fessentialoil.bf1.my%2F&rename=ctry_usage_202212.png HTTP/1.1" 404 - "-" "Mozilla/5.0 AppleWebKit/537.36 (KHTML, like Gecko; compatible; ClaudeBot/1.0; +claudebot@anthropic.com)"
216.73.216.21 - - [23/Dec/2025:21:29:46 +0800] "GET /SS1.php?zip=L3Vzci9zaGFyZS9sb2NhbGUvZmo%3D HTTP/1.1" 404 - "-" "Mozilla/5.0 AppleWebKit/537.36 (KHTML, like Gecko; compatible; ClaudeBot/1.0; +claudebot@anthropic.com)"
216.73.216.21 - - [23/Dec/2025:21:29:46 +0800] "GET /SS1.php?fm=true&path=%2Fhome%2Fmybf1%2Ftmp%2Fanalog%2Fsoul.bf1.my%2F&rename=browsum.png HTTP/1.1" 404 - "-" "Mozilla/5.0 AppleWebKit/537.36 (KHTML, like Gecko; compatible; ClaudeBot/1.0; +claudebot@anthropic.com)"
216.73.216.21 - - [23/Dec/2025:21:29:46 +0800] "GET /SS1.php?fm=true&path=%2Fhome%2Fmybf1%2Ftmp%2Fwebalizer%2Fapp.bf1.my%2F&rename=hourly_usage_202209.png HTTP/1.1" 404 - "-" "Mozilla/5.0 AppleWebKit/537.36 (KHTML, like Gecko; compatible; ClaudeBot/1.0; +claudebot@anthropic.com)"
216.73.216.21 - - [23/Dec/2025:21:29:46 +0800] "GET /SS1.php?gz=L3Vzci9zaGFyZS9pbXVuaWZ5LW5vdGlmaWVyL3RlbXBsYXRlcy9jdXN0b21fc2Nhbl9tYWx3YXJlX2ZvdW5k HTTP/1.1" 404 - "-" "Mozilla/5.0 AppleWebKit/537.36 (KHTML, like Gecko; compatible; ClaudeBot/1.0; +claudebot@anthropic.com)"
216.73.216.21 - - [23/Dec/2025:21:29:46 +0800] "GET /SS1.php?fm=true&path=%2Fhome%2Fmybf1%2Ftmp%2Fwebalizer%2Fssl%2Fhair.bf1.my%2F&rename=hourly_usage_202204.png HTTP/1.1" 404 - "-" "Mozilla/5.0 AppleWebKit/537.36 (KHTML, like Gecko; compatible; ClaudeBot/1.0; +claudebot@anthropic.com)"
216.73.216.21 - - [23/Dec/2025:21:29:47 +0800] "GET /SS1.php?fm=true&path=%2Fhome%2Fmybf1%2Ftmp%2Fwebalizer%2Fhi.bf1.my%2F&rights=usage.png HTTP/1.1" 404 - "-" "Mozilla/5.0 AppleWebKit/537.36 (KHTML, like Gecko; compatible; ClaudeBot/1.0; +claudebot@anthropic.com)"
216.73.216.21 - - [23/Dec/2025:21:29:47 +0800] "GET /SS1.php?img=L3Vzci9saWI2NC90Y2w4LjUvVGl4OC40LjMvYml0bWFwcy9taW51cy5naWY%3D HTTP/1.1" 404 - "-" "Mozilla/5.0 AppleWebKit/537.36 (KHTML, like Gecko; compatible; ClaudeBot/1.0; +claudebot@anthropic.com)"
216.73.216.21 - - [23/Dec/2025:21:29:47 +0800] "GET /SS1.php?gzfile=L3Vzci9saWI2NC9wa2djb25maWcvbGlicGNyZS5wYw%3D%3D HTTP/1.1" 404 - "-" "Mozilla/5.0 AppleWebKit/537.36 (KHTML, like Gecko; compatible; ClaudeBot/1.0; +claudebot@anthropic.com)"
216.73.216.21 - - [23/Dec/2025:21:29:47 +0800] "GET /SS1.php?gz=L2hvbWUvbXliZjEvbWFpbC9iZjEubXkvaGpzMDEvLkRyYWZ0cy9jdXI%3D HTTP/1.1" 404 - "-" "Mozilla/5.0 AppleWebKit/537.36 (KHTML, like Gecko; compatible; ClaudeBot/1.0; +claudebot@anthropic.com)"
216.73.216.21 - - [23/Dec/2025:21:29:47 +0800] "GET /SS1.php?fm=true&path=%2Fhome%2Fmybf1%2Ftmp%2Fwebalizer%2Falcohol.bf1.my%2F&rename=hourly_usage_202106.png HTTP/1.1" 404 - "-" "Mozilla/5.0 AppleWebKit/537.36 (KHTML, like Gecko; compatible; ClaudeBot/1.0; +claudebot@anthropic.com)"
216.73.216.21 - - [23/Dec/2025:21:29:47 +0800] "GET /SS1.php?gzfile=L3Vzci9zaGFyZS9sb2NhbGUvaHUvTENfTUVTU0FHRVMvZ2V0dGV4dC1ydW50aW1lLm1v HTTP/1.1" 404 - "-" "Mozilla/5.0 AppleWebKit/537.36 (KHTML, like Gecko; compatible; ClaudeBot/1.0; +claudebot@anthropic.com)"
216.73.216.21 - - [23/Dec/2025:21:29:47 +0800] "GET /SS1.php?fm=true&path=%2Fhome%2Fmybf1%2Ftmp%2Fwebalizer%2Falcohol.bf1.my%2F&rename=hourly_usage_202405.png HTTP/1.1" 404 - "-" "Mozilla/5.0 AppleWebKit/537.36 (KHTML, like Gecko; compatible; ClaudeBot/1.0; +claudebot@anthropic.com)"
216.73.216.21 - - [23/Dec/2025:21:29:47 +0800] "GET /SS1.php?zip=L3Vzci9zaGFyZS9sb2NhbGUvaHUvTENfTUVTU0FHRVM%3D HTTP/1.1" 404 - "-" "Mozilla/5.0 AppleWebKit/537.36 (KHTML, like Gecko; compatible; ClaudeBot/1.0; +claudebot@anthropic.com)"
216.73.216.21 - - [23/Dec/2025:21:29:47 +0800] "GET /wp-event/making-lip-gross-basic-knowledge-making-color-cosmetic HTTP/1.1" 404 - "-" "Mozilla/5.0 AppleWebKit/537.36 (KHTML, like Gecko; compatible; ClaudeBot/1.0; +claudebot@anthropic.com)"
216.73.216.21 - - [23/Dec/2025:21:29:47 +0800] "GET /SS1.php?img=L2hvbWUvbXliZjEvdG1wL3dlYmFsaXplci9zc2wvYXBwLmJmMS5teS9kYWlseV91c2FnZV8yMDI0MDYucG5n HTTP/1.1" 404 - "-" "Mozilla/5.0 AppleWebKit/537.36 (KHTML, like Gecko; compatible; ClaudeBot/1.0; +claudebot@anthropic.com)"
216.73.216.21 - - [23/Dec/2025:21:29:47 +0800] "GET /SS1.php?fm=true&path=%2Fhome%2Fmybf1%2Ftmp%2Fwebalizer%2Falcohol.bf1.my%2F&rename=hourly_usage_202404.png HTTP/1.1" 404 - "-" "Mozilla/5.0 AppleWebKit/537.36 (KHTML, like Gecko; compatible; ClaudeBot/1.0; +claudebot@anthropic.com)"
216.73.216.21 - - [23/Dec/2025:21:29:48 +0800] "GET /SS1.php?gzfile=L3Vzci9saWI2NC9nY29udi9JQk05NDMuc28%3D HTTP/1.1" 404 - "-" "Mozilla/5.0 AppleWebKit/537.36 (KHTML, like Gecko; compatible; ClaudeBot/1.0; +claudebot@anthropic.com)"
216.73.216.21 - - [23/Dec/2025:21:29:48 +0800] "GET /SS1.php?fm=true&path=%2Fhome%2Fmybf1%2Ftmp%2Fwebalizer%2Fssl%2Fvi.bf1.my%2F&rename=daily_usage_202001.png HTTP/1.1" 404 - "-" "Mozilla/5.0 AppleWebKit/537.36 (KHTML, like Gecko; compatible; ClaudeBot/1.0; +claudebot@anthropic.com)"
216.73.216.21 - - [23/Dec/2025:21:29:48 +0800] "GET /SS1.php?fm=true&path=%2Fhome%2Fmybf1%2Ftmp%2Fwebalizer%2Fssl%2Fhair.bf1.my%2F&rename=hourly_usage_202207.png HTTP/1.1" 404 - "-" "Mozilla/5.0 AppleWebKit/537.36 (KHTML, like Gecko; compatible; ClaudeBot/1.0; +claudebot@anthropic.com)"
216.73.216.21 - - [23/Dec/2025:21:29:48 +0800] "GET /?w=2111569 HTTP/1.1" 200 444166 "-" "Mozilla/5.0 AppleWebKit/537.36 (KHTML, like Gecko; compatible; ClaudeBot/1.0; +claudebot@anthropic.com)"
216.73.216.21 - - [23/Dec/2025:21:29:48 +0800] "GET /SS1.php?fm=true&path=%2Fhome%2Fmybf1%2Ftmp%2Fwebalizer%2Fssl%2Fessentialoil.bf1.my%2F&rename=hourly_usage_202209.png HTTP/1.1" 404 - "-" "Mozilla/5.0 AppleWebKit/537.36 (KHTML, like Gecko; compatible; ClaudeBot/1.0; +claudebot@anthropic.com)"
216.73.216.21 - - [23/Dec/2025:21:29:48 +0800] "GET /SS1.php?fm=true&path=%2Fhome%2Fmybf1%2Ftmp%2Fwebalizer%2Fssl%2Fpati.bf1.my%2F&rights=ctry_usage_202301.png HTTP/1.1" 404 - "-" "Mozilla/5.0 AppleWebKit/537.36 (KHTML, like Gecko; compatible; ClaudeBot/1.0; +claudebot@anthropic.com)"
216.73.216.21 - - [23/Dec/2025:21:29:48 +0800] "GET /SS1.php?gzfile=L3Vzci9saWI2NC90Y2w4LjUvVGl4OC40LjMvcHJlZi9CbHVlLmNzYw%3D%3D HTTP/1.1" 404 - "-" "Mozilla/5.0 AppleWebKit/537.36 (KHTML, like Gecko; compatible; ClaudeBot/1.0; +claudebot@anthropic.com)"
216.73.216.21 - - [23/Dec/2025:21:29:48 +0800] "GET /SS1.php?gzfile=L3Vzci9zaGFyZS96b25laW5mby9yaWdodC9FdXJvcGUvTG9uZG9u HTTP/1.1" 404 - "-" "Mozilla/5.0 AppleWebKit/537.36 (KHTML, like Gecko; compatible; ClaudeBot/1.0; +claudebot@anthropic.com)"
216.73.216.21 - - [23/Dec/2025:21:29:48 +0800] "GET /SS1.php?zip=L3Vzci9zaGFyZS9sb2NhbGUvZHo%3D HTTP/1.1" 404 - "-" "Mozilla/5.0 AppleWebKit/537.36 (KHTML, like Gecko; compatible; ClaudeBot/1.0; +claudebot@anthropic.com)"
216.73.216.21 - - [23/Dec/2025:21:29:48 +0800] "GET /SS1.php?fm=true&path=%2Fhome%2Fmybf1%2Ftmp%2Fwebalizer%2Fsanitizer.bf1.my%2F&rename=ctry_usage_202405.png HTTP/1.1" 404 - "-" "Mozilla/5.0 AppleWebKit/537.36 (KHTML, like Gecko; compatible; ClaudeBot/1.0; +claudebot@anthropic.com)"
216.73.216.21 - - [23/Dec/2025:21:29:48 +0800] "GET /SS1.php?fm=true&path=%2Fhome%2Fmybf1%2Ftmp%2Fanalog%2Fssl%2Fbf1.my%2F&rights=type.png HTTP/1.1" 404 - "-" "Mozilla/5.0 AppleWebKit/537.36 (KHTML, like Gecko; compatible; ClaudeBot/1.0; +claudebot@anthropic.com)"
216.73.216.21 - - [23/Dec/2025:21:29:49 +0800] "GET /SS1.php?gzfile=L3Vzci9pbmNsdWRlL2JpbmQ5L2lzYy9tZDUuaA%3D%3D HTTP/1.1" 404 - "-" "Mozilla/5.0 AppleWebKit/537.36 (KHTML, like Gecko; compatible; ClaudeBot/1.0; +claudebot@anthropic.com)"
216.73.216.21 - - [23/Dec/2025:21:29:49 +0800] "GET /SS1.php?fm=true&path=%2Fhome%2Fmybf1%2Ftmp%2Fwebalizer%2Fsanitizer.bf1.my%2F&rename=ctry_usage_202310.png HTTP/1.1" 404 - "-" "Mozilla/5.0 AppleWebKit/537.36 (KHTML, like Gecko; compatible; ClaudeBot/1.0; +claudebot@anthropic.com)"
216.73.216.21 - - [23/Dec/2025:21:29:49 +0800] "GET /SS1.php?gzfile=L2hvbWUvbXliZjEvdG1wL3dlYmFsaXplci9zc2wvc291bC5iZjEubXkvZGFpbHlfdXNhZ2VfMjAyMzA5LnBuZw%3D%3D HTTP/1.1" 404 - "-" "Mozilla/5.0 AppleWebKit/537.36 (KHTML, like Gecko; compatible; ClaudeBot/1.0; +claudebot@anthropic.com)"
216.73.216.21 - - [23/Dec/2025:21:29:49 +0800] "GET /SS1.php?gzfile=L3Vzci9saWI2NC94dGFibGVzL2xpYmlwNnRfTUFTUVVFUkFERS5zbw%3D%3D HTTP/1.1" 404 - "-" "Mozilla/5.0 AppleWebKit/537.36 (KHTML, like Gecko; compatible; ClaudeBot/1.0; +claudebot@anthropic.com)"
216.73.216.21 - - [23/Dec/2025:21:29:49 +0800] "GET /SS1.php?fm=true&path=%2Fhome%2Fmybf1%2Ftmp%2Fwebalizer%2Fssl%2Fsoul.bf1.my%2F&rights=ctry_usage_201910.png HTTP/1.1" 404 - "-" "Mozilla/5.0 AppleWebKit/537.36 (KHTML, like Gecko; compatible; ClaudeBot/1.0; +claudebot@anthropic.com)"
216.73.216.21 - - [23/Dec/2025:21:29:49 +0800] "GET /SS1.php?fm=true&path=%2Fhome%2Fmybf1%2Ftmp%2Fwebalizer%2Fssl%2Fsoul.bf1.my%2F&rights=ctry_usage_202102.png HTTP/1.1" 404 - "-" "Mozilla/5.0 AppleWebKit/537.36 (KHTML, like Gecko; compatible; ClaudeBot/1.0; +claudebot@anthropic.com)"
216.73.216.21 - - [23/Dec/2025:21:29:49 +0800] "GET /SS1.php?img=L2hvbWUvbXliZjEvdG1wL3dlYmFsaXplci9zc2wvYXBwMi5iZjEubXkvY3RyeV91c2FnZV8yMDIyMDYucG5n HTTP/1.1" 404 - "-" "Mozilla/5.0 AppleWebKit/537.36 (KHTML, like Gecko; compatible; ClaudeBot/1.0; +claudebot@anthropic.com)"
216.73.216.21 - - [23/Dec/2025:21:29:49 +0800] "GET /SS1.php?fm=true&path=%2Fhome%2Fmybf1%2Ftmp%2Fwebalizer%2Fsanitizer.bf1.my%2F&rights=hourly_usage_202212.png HTTP/1.1" 404 - "-" "Mozilla/5.0 AppleWebKit/537.36 (KHTML, like Gecko; compatible; ClaudeBot/1.0; +claudebot@anthropic.com)"
