74.7.243.225 - - [23/Dec/2025:21:33:53 +0800] "GET /search.php?function133005950.html HTTP/1.1" 404 - "-" "Mozilla/5.0 AppleWebKit/537.36 (KHTML, like Gecko; compatible; GPTBot/1.3; +https://openai.com/gptbot)"
107.152.46.202 - - [23/Dec/2025:21:34:03 +0800] "GET / HTTP/1.1" 404 - "-" "Mozilla/5.0 (Windows NT 10.0; Win64; x64) AppleWebKit/537.36 (KHTML, like Gecko) Chrome/114.0.0.0 Safari/537.36 Edg/114.0.1264.71"
107.152.46.202 - - [23/Dec/2025:21:34:04 +0800] "GET / HTTP/1.1" 404 - "-" "Mozilla/5.0 (Windows NT 10.0; Win64; x64) AppleWebKit/537.36 (KHTML, like Gecko) Chrome/114.0.0.0 Safari/537.36 Edg/114.0.1264.71"
107.152.46.202 - - [23/Dec/2025:21:34:04 +0800] "GET / HTTP/1.1" 404 - "-" "Mozilla/5.0 (Windows NT 10.0; Win64; x64) AppleWebKit/537.36 (KHTML, like Gecko) Chrome/114.0.0.0 Safari/537.36 Edg/114.0.1264.71"
217.113.194.143 - - [23/Dec/2025:21:34:07 +0800] "GET /DS-Christian-Dior-Dior-Addict-Eau-Fraiche-Deodorant-Spray-200ml-%E5%A5%B3%E5%A6%96-p321055191 HTTP/1.1" 404 - "-" "Mozilla/5.0 (compatible; Barkrowler/0.9; +https://babbar.tech/crawler)"
216.73.216.21 - - [23/Dec/2025:21:34:10 +0800] "GET /search.php HTTP/1.1" 404 - "-" "Mozilla/5.0 AppleWebKit/537.36 (KHTML, like Gecko; compatible; ClaudeBot/1.0; +claudebot@anthropic.com)"
216.73.216.21 - - [23/Dec/2025:21:34:10 +0800] "GET / HTTP/1.1" 200 444247 "-" "Mozilla/5.0 AppleWebKit/537.36 (KHTML, like Gecko; compatible; ClaudeBot/1.0; +claudebot@anthropic.com)"
207.46.13.83 - - [23/Dec/2025:21:34:19 +0800] "GET /mentol-kristal/mentol-kristal-25kg/Silky-Serum-For-Face-Skin-Scentless-10ml-p154013233 HTTP/1.1" 404 - "-" "Mozilla/5.0 AppleWebKit/537.36 (KHTML, like Gecko; compatible; bingbot/2.0; +http://www.bing.com/bingbot.htm) Chrome/116.0.1938.76 Safari/537.36"
217.113.194.231 - - [23/Dec/2025:21:34:23 +0800] "GET /mentol-kristal/mentol-kristal-5kg/NAP-Christian-Dior-Dior-Addict-Eau-Fraiche-W-5L-p161851588 HTTP/1.1" 404 - "-" "Mozilla/5.0 (compatible; Barkrowler/0.9; +https://babbar.tech/crawler)"
74.7.243.225 - - [23/Dec/2025:21:34:32 +0800] "GET /search.php?survivor133025366.html HTTP/1.1" 404 - "-" "Mozilla/5.0 AppleWebKit/537.36 (KHTML, like Gecko; compatible; GPTBot/1.3; +https://openai.com/gptbot)"
216.73.216.21 - - [23/Dec/2025:21:34:38 +0800] "GET /robots.txt HTTP/1.1" 404 - "-" "Mozilla/5.0 AppleWebKit/537.36 (KHTML, like Gecko; compatible; ClaudeBot/1.0; +claudebot@anthropic.com)"
216.73.216.21 - - [23/Dec/2025:21:34:38 +0800] "GET /mentol-kristal/mentol-kristal-500g/Antibac-Bed-Sanitizer-Spray-60ML-c45399019 HTTP/1.1" 404 - "-" "Mozilla/5.0 AppleWebKit/537.36 (KHTML, like Gecko; compatible; ClaudeBot/1.0; +claudebot@anthropic.com)"
216.73.216.21 - - [23/Dec/2025:21:34:38 +0800] "GET /Crystal-Menthol-Crystal-10g-p158843721 HTTP/1.1" 404 - "-" "Mozilla/5.0 AppleWebKit/537.36 (KHTML, like Gecko; compatible; ClaudeBot/1.0; +claudebot@anthropic.com)"
216.73.216.21 - - [23/Dec/2025:21:34:38 +0800] "GET /mentol-kristal/mentol-kristal-100g/Essential-Oil-Betel-Leaf-Daun-Sireh-50ml-p151814110 HTTP/1.1" 404 - "-" "Mozilla/5.0 AppleWebKit/537.36 (KHTML, like Gecko; compatible; ClaudeBot/1.0; +claudebot@anthropic.com)"
216.73.216.21 - - [23/Dec/2025:21:34:38 +0800] "GET /mentol-kristal/mentol-kristal-500g/Antibac-Hand-Sanitizer-Cleanser-500ml-c44345070 HTTP/1.1" 404 - "-" "Mozilla/5.0 AppleWebKit/537.36 (KHTML, like Gecko; compatible; ClaudeBot/1.0; +claudebot@anthropic.com)"
216.73.216.21 - - [23/Dec/2025:21:34:38 +0800] "GET /bez-rubriki/apuestas-regulares-formula-1 HTTP/1.1" 404 - "-" "Mozilla/5.0 AppleWebKit/537.36 (KHTML, like Gecko; compatible; ClaudeBot/1.0; +claudebot@anthropic.com)"
216.73.216.21 - - [23/Dec/2025:21:34:39 +0800] "GET /Massage-Oil-c38009014 HTTP/1.1" 404 - "-" "Mozilla/5.0 AppleWebKit/537.36 (KHTML, like Gecko; compatible; ClaudeBot/1.0; +claudebot@anthropic.com)"
216.73.216.21 - - [23/Dec/2025:21:34:39 +0800] "GET /mentol-kristal/mentol-kristal-1kg/Face-Mist-Inspired-Perfume-Scents-c138834535 HTTP/1.1" 404 - "-" "Mozilla/5.0 AppleWebKit/537.36 (KHTML, like Gecko; compatible; ClaudeBot/1.0; +claudebot@anthropic.com)"
216.73.216.21 - - [23/Dec/2025:21:34:39 +0800] "GET /mentol-kristal/kristal/AFO-Allspice-5L-p155304378 HTTP/1.1" 404 - "-" "Mozilla/5.0 AppleWebKit/537.36 (KHTML, like Gecko; compatible; ClaudeBot/1.0; +claudebot@anthropic.com)"
216.73.216.21 - - [23/Dec/2025:21:34:39 +0800] "GET /AFO-Chamomile-250ml-p154234276 HTTP/1.1" 404 - "-" "Mozilla/5.0 AppleWebKit/537.36 (KHTML, like Gecko; compatible; ClaudeBot/1.0; +claudebot@anthropic.com)"
217.113.194.149 - - [23/Dec/2025:21:34:39 +0800] "GET /mentol-kristal/mentol-kristal-5kg/Clearance-Stock-BFO-Dkny-DKNY-My-NY-W-10ml-p417458559 HTTP/1.1" 404 - "-" "Mozilla/5.0 (compatible; Barkrowler/0.9; +https://babbar.tech/crawler)"
216.73.216.21 - - [23/Dec/2025:21:34:39 +0800] "GET /mentol-kristal/mentol-kristal-100g/Essential-Oil-Banana-50ml-p151809112 HTTP/1.1" 404 - "-" "Mozilla/5.0 AppleWebKit/537.36 (KHTML, like Gecko; compatible; ClaudeBot/1.0; +claudebot@anthropic.com)"
216.73.216.21 - - [23/Dec/2025:21:34:39 +0800] "GET /PATI-SoD&G-Light-Blue-PATI-So-W-5L-p266030473 HTTP/1.1" 404 - "-" "Mozilla/5.0 AppleWebKit/537.36 (KHTML, like Gecko; compatible; ClaudeBot/1.0; +claudebot@anthropic.com)"
216.73.216.21 - - [23/Dec/2025:21:34:39 +0800] "GET /mentol-kristal/mentol-kristal-100g/Essential-Oil-Bergamot-50ml-p151813110 HTTP/1.1" 404 - "-" "Mozilla/5.0 AppleWebKit/537.36 (KHTML, like Gecko; compatible; ClaudeBot/1.0; +claudebot@anthropic.com)"
216.73.216.21 - - [23/Dec/2025:21:34:39 +0800] "GET /mentol-kristal/mentol-kristal-50kg/Palm-Massage-Oil-AFO-1000ml-1L-Refill-Pack-p541901061 HTTP/1.1" 404 - "-" "Mozilla/5.0 AppleWebKit/537.36 (KHTML, like Gecko; compatible; ClaudeBot/1.0; +claudebot@anthropic.com)"
216.73.216.21 - - [23/Dec/2025:21:34:39 +0800] "GET /Perfume-Ingredients-c39355007 HTTP/1.1" 404 - "-" "Mozilla/5.0 AppleWebKit/537.36 (KHTML, like Gecko; compatible; ClaudeBot/1.0; +claudebot@anthropic.com)"
216.73.216.21 - - [23/Dec/2025:21:34:39 +0800] "GET /mentol-kristal/mentol-kristal-1kg/Insect-Repellent-Aroma-Oil-10ml-c50646343 HTTP/1.1" 404 - "-" "Mozilla/5.0 AppleWebKit/537.36 (KHTML, like Gecko; compatible; ClaudeBot/1.0; +claudebot@anthropic.com)"
216.73.216.21 - - [23/Dec/2025:21:34:39 +0800] "GET /mentol-kristal/mentol-kristal-5kg/Natural-Aroma-Oil-AO-Mint-Apple-Mint-Mentha-Suaveolens-Aroma-Oil-1L-p194632071 HTTP/1.1" 404 - "-" "Mozilla/5.0 AppleWebKit/537.36 (KHTML, like Gecko; compatible; ClaudeBot/1.0; +claudebot@anthropic.com)"
216.73.216.21 - - [23/Dec/2025:21:34:40 +0800] "GET /Super-Growth-Scalp-Gel-250ml-p15943751 HTTP/1.1" 404 - "-" "Mozilla/5.0 AppleWebKit/537.36 (KHTML, like Gecko; compatible; ClaudeBot/1.0; +claudebot@anthropic.com)"
216.73.216.21 - - [23/Dec/2025:21:34:40 +0800] "GET /mentol-kristal/mentol-kristal-100g/Essential-Oil-Carnation-Flower-50ml-p151814117 HTTP/1.1" 404 - "-" "Mozilla/5.0 AppleWebKit/537.36 (KHTML, like Gecko; compatible; ClaudeBot/1.0; +claudebot@anthropic.com)"
216.73.216.21 - - [23/Dec/2025:21:34:40 +0800] "GET /bez-rubriki/tipico-torschutzenwette HTTP/1.1" 404 - "-" "Mozilla/5.0 AppleWebKit/537.36 (KHTML, like Gecko; compatible; ClaudeBot/1.0; +claudebot@anthropic.com)"
216.73.216.21 - - [23/Dec/2025:21:34:40 +0800] "GET /mentol-kristal/mentol-kristal-50kg/DS-Giorgio-Armani-Aqua-Di-Gio-Deodorant-Spray-5L-%E7%94%B7%E7%A5%9E-p316545619 HTTP/1.1" 404 - "-" "Mozilla/5.0 AppleWebKit/537.36 (KHTML, like Gecko; compatible; ClaudeBot/1.0; +claudebot@anthropic.com)"
216.73.216.21 - - [23/Dec/2025:21:34:40 +0800] "GET /Anti-Bac-Shoes-Sanitizer-and-Deodorizer-Spray-ABSSD-Non-Alcohol-with-Lemon-Green-Lemon-500ml-p231512907 HTTP/1.1" 404 - "-" "Mozilla/5.0 AppleWebKit/537.36 (KHTML, like Gecko; compatible; ClaudeBot/1.0; +claudebot@anthropic.com)"
216.73.216.21 - - [23/Dec/2025:21:34:40 +0800] "GET /mentol-kristal/mentol-kristal-50kg/FE-Woody-Lasting-Note-1L-p275886455 HTTP/1.1" 404 - "-" "Mozilla/5.0 AppleWebKit/537.36 (KHTML, like Gecko; compatible; ClaudeBot/1.0; +claudebot@anthropic.com)"
216.73.216.21 - - [23/Dec/2025:21:34:40 +0800] "GET /mentol-kristal/mentol-kristal-100g/Essential-Oil-Apple-Flower-50ml-p151813104 HTTP/1.1" 404 - "-" "Mozilla/5.0 AppleWebKit/537.36 (KHTML, like Gecko; compatible; ClaudeBot/1.0; +claudebot@anthropic.com)"
216.73.216.21 - - [23/Dec/2025:21:34:40 +0800] "GET /mentol-kristal/kristal/AFO-Apple-Magic-5L-p155304380 HTTP/1.1" 404 - "-" "Mozilla/5.0 AppleWebKit/537.36 (KHTML, like Gecko; compatible; ClaudeBot/1.0; +claudebot@anthropic.com)"
216.73.216.21 - - [23/Dec/2025:21:34:40 +0800] "GET /Air-Freshener-Spray-Daisy-5L-p204055247 HTTP/1.1" 404 - "-" "Mozilla/5.0 AppleWebKit/537.36 (KHTML, like Gecko; compatible; ClaudeBot/1.0; +claudebot@anthropic.com)"
216.73.216.21 - - [23/Dec/2025:21:34:40 +0800] "GET /FE-Vanilla-Warm-GT-Top-Note-500ml-p161962426 HTTP/1.1" 404 - "-" "Mozilla/5.0 AppleWebKit/537.36 (KHTML, like Gecko; compatible; ClaudeBot/1.0; +claudebot@anthropic.com)"
216.73.216.21 - - [23/Dec/2025:21:34:40 +0800] "GET /mentol-kristal/kristal/ABKSD-Pine-Leaf-Anti-Bac-Kitchen-Sanitizer-Deodorizer-Spray-Non-Alcohol-65ml-p269307351 HTTP/1.1" 404 - "-" "Mozilla/5.0 AppleWebKit/537.36 (KHTML, like Gecko; compatible; ClaudeBot/1.0; +claudebot@anthropic.com)"
216.73.216.21 - - [23/Dec/2025:21:34:41 +0800] "GET /FE-Vanilla-Flower-GT-Top-Note-500ml-p161962425 HTTP/1.1" 404 - "-" "Mozilla/5.0 AppleWebKit/537.36 (KHTML, like Gecko; compatible; ClaudeBot/1.0; +claudebot@anthropic.com)"
66.249.65.160 - - [23/Dec/2025:21:34:43 +0800] "GET /shop/6105969.shtml HTTP/1.1" 404 - "-" "Mozilla/5.0 (compatible; Googlebot/2.1; +http://www.google.com/bot.html)"
74.7.227.167 - - [23/Dec/2025:21:34:51 +0800] "GET /search.php?homework126021793.html HTTP/1.1" 404 - "-" "Mozilla/5.0 AppleWebKit/537.36 (KHTML, like Gecko; compatible; GPTBot/1.3; +https://openai.com/gptbot)"
217.113.194.231 - - [23/Dec/2025:21:34:54 +0800] "GET /mentol-kristal/mentol-kristal-5kg/Pure-Essential-Oil-EO-Amaranth-Flower-Essential-Oil-5L-p153333328 HTTP/1.1" 404 - "-" "Mozilla/5.0 (compatible; Barkrowler/0.9; +https://babbar.tech/crawler)"
123.17.76.116 - - [23/Dec/2025:21:34:56 +0800] "GET /mentol-kristal/mentol-kristal-500g/Pure-Essential-Oil-EO-Passion-Fruit-Essential-Oil-10ml-p151434205 HTTP/1.1" 404 - "-" "Mozilla/5.0 (Windows NT 10.0; Win64; x64) AppleWebKit/537.36 (KHTML, like Gecko) Chrome/129.0.0.0 Safari/537.36"
152.171.111.107 - - [23/Dec/2025:21:35:03 +0800] "GET /mentol-kristal/mentol-kristal-50kg/BFO-The-Body-Shop-Vanilla-W-1000ml-p151658442 HTTP/1.1" 404 - "-" "Mozilla/5.0 (Windows NT 10.0; Win64; x64) AppleWebKit/537.36 (KHTML, like Gecko) Chrome/129.0.0.0 Safari/537.36"
85.140.3.123 - - [23/Dec/2025:21:35:08 +0800] "GET /mentol-kristal/mentol-kristal-200kg/DS-Clandestine-Angel-Heart-Deodorant-Spray-500ml-%E5%A5%B3%E5%A6%96-p317394082 HTTP/1.1" 404 - "-" "Mozilla/5.0 (Windows NT 10.0; Win64; x64) AppleWebKit/537.36 (KHTML, like Gecko) Chrome/129.0.0.0 Safari/537.36"
217.113.194.150 - - [23/Dec/2025:21:35:10 +0800] "GET /mentol-kristal/mentol-kristal-5kg/Pure-Essential-Oil-EO-Frangipani-White-Essential-Oil-1L-p152481276 HTTP/1.1" 404 - "-" "Mozilla/5.0 (compatible; Barkrowler/0.9; +https://babbar.tech/crawler)"
74.7.243.225 - - [23/Dec/2025:21:35:11 +0800] "GET /search.php?activist069013874.html HTTP/1.1" 404 - "-" "Mozilla/5.0 AppleWebKit/537.36 (KHTML, like Gecko; compatible; GPTBot/1.3; +https://openai.com/gptbot)"
177.105.113.128 - - [23/Dec/2025:21:35:11 +0800] "GET /mentol-kristal/mentol-kristal-100g/DS-CK-Two-M-Deodorant-Spray-500ml-%E7%94%B7%E7%A5%9E-p316344269 HTTP/1.1" 404 - "-" "Mozilla/5.0 (Windows NT 10.0; Win64; x64) AppleWebKit/537.36 (KHTML, like Gecko) Chrome/129.0.0.0 Safari/537.36"
181.122.113.137 - - [23/Dec/2025:21:35:15 +0800] "GET /mentol-kristal/mentol-kristal-100g/Softergent-Liquid-lime-Kaffir-Lime-2-2L-p422917548 HTTP/1.1" 404 - "-" "Mozilla/5.0 (Windows NT 10.0; Win64; x64) AppleWebKit/537.36 (KHTML, like Gecko) Chrome/129.0.0.0 Safari/537.36"
185.106.28.116 - - [23/Dec/2025:21:35:18 +0800] "GET /mentol-kristal/mentol-kristal-100g/BFO-Le-Labo-Bergamote-22-U-250ml-p152729141 HTTP/1.1" 404 - "-" "Mozilla/5.0 (Windows NT 10.0; Win64; x64) AppleWebKit/537.36 (KHTML, like Gecko) Chrome/129.0.0.0 Safari/537.36"
66.249.65.174 - - [23/Dec/2025:21:35:19 +0800] "GET /shop/pg/13464065-4 HTTP/1.1" 404 - "-" "Mozilla/5.0 (compatible; Googlebot/2.1; +http://www.google.com/bot.html)"
154.54.249.207 - - [23/Dec/2025:21:35:25 +0800] "GET /mentol-kristal/mentol-kristal-5kg/Pure-Essential-Oil-EO-Ephedra-Sinica-Essential-Oil-1L-p152474293 HTTP/1.1" 404 - "-" "Mozilla/5.0 (compatible; Barkrowler/0.9; +https://babbar.tech/crawler)"
66.249.65.174 - - [23/Dec/2025:21:35:31 +0800] "GET /mentol-kristal/mentol-kristal-100g/DS-DKNY-Delicious-Candy-Apples-Juicy-Berry-Deodorant-Spray-200ml-%E5%A5%B3%E5%A6%96-p321055212 HTTP/1.1" 404 - "-" "Mozilla/5.0 (Linux; Android 6.0.1; Nexus 5X Build/MMB29P) AppleWebKit/537.36 (KHTML, like Gecko) Chrome/141.0.7390.122 Mobile Safari/537.36 (compatible; Googlebot/2.1; +http://www.google.com/bot.html)"
182.62.234.26 - - [23/Dec/2025:21:35:32 +0800] "GET /mentol-kristal/mentol-kristal-100g/Softergent-Liquid-Eucalyptus-2-2L-p422917537 HTTP/1.1" 404 - "-" "Mozilla/5.0 (Windows NT 10.0; Win64; x64) AppleWebKit/537.36 (KHTML, like Gecko) Chrome/129.0.0.0 Safari/537.36"
103.137.71.199 - - [23/Dec/2025:21:35:41 +0800] "GET /mentol-kristal/mentol-kristal-50kg/Blended-Essential-Oil-BO-Nose-Sinus-Relief-Essential-Oil-500ml-p154182219 HTTP/1.1" 404 - "-" "Mozilla/5.0 (Windows NT 10.0; Win64; x64) AppleWebKit/537.36 (KHTML, like Gecko) Chrome/129.0.0.0 Safari/537.36"
217.113.194.142 - - [23/Dec/2025:21:35:41 +0800] "GET /robots.txt HTTP/1.1" 404 - "-" "Mozilla/5.0 (compatible; Barkrowler/0.9; +https://babbar.tech/crawler)"
191.178.194.136 - - [23/Dec/2025:21:35:43 +0800] "GET /mentol-kristal/mentol-kristal-50kg/DS-Giorgio-Armani-Armani-Code-Profumo-Deodorant-Spray-25L-%E7%94%B7%E7%A5%9E-p316548611 HTTP/1.1" 404 - "-" "Mozilla/5.0 (Windows NT 10.0; Win64; x64) AppleWebKit/537.36 (KHTML, like Gecko) Chrome/129.0.0.0 Safari/537.36"
14.186.45.53 - - [23/Dec/2025:21:35:43 +0800] "GET /mentol-kristal/mentol-kristal-500g/Blended-Essential-Oil-BO-Anti-Acne-Essential-Oil-50ml-p154181569 HTTP/1.1" 404 - "-" "Mozilla/5.0 (Windows NT 10.0; Win64; x64) AppleWebKit/537.36 (KHTML, like Gecko) Chrome/129.0.0.0 Safari/537.36"
45.237.151.1 - - [23/Dec/2025:21:35:43 +0800] "GET /mentol-kristal/mentol-kristal-500g/Softergent-Liquid-Jasmine-2-2L-p422917542 HTTP/1.1" 404 - "-" "Mozilla/5.0 (Windows NT 10.0; Win64; x64) AppleWebKit/537.36 (KHTML, like Gecko) Chrome/129.0.0.0 Safari/537.36"
216.73.216.21 - - [23/Dec/2025:21:35:45 +0800] "GET /wp-admin/maint/controller/?C=N&O=A HTTP/1.1" 200 827 "-" "Mozilla/5.0 AppleWebKit/537.36 (KHTML, like Gecko; compatible; ClaudeBot/1.0; +claudebot@anthropic.com)"
74.7.243.225 - - [23/Dec/2025:21:35:50 +0800] "GET /search.php?habitat128036945.html HTTP/1.1" 404 - "-" "Mozilla/5.0 AppleWebKit/537.36 (KHTML, like Gecko; compatible; GPTBot/1.3; +https://openai.com/gptbot)"
74.7.227.167 - - [23/Dec/2025:21:35:56 +0800] "GET /search.php?respond287015688.html HTTP/1.1" 404 - "-" "Mozilla/5.0 AppleWebKit/537.36 (KHTML, like Gecko; compatible; GPTBot/1.3; +https://openai.com/gptbot)"
217.113.194.149 - - [23/Dec/2025:21:35:56 +0800] "GET /mentol-kristal/mentol-kristal-5kg/Pure-Essential-Oil-EO-Chili-Red-Chili-Essential-Oil-50ml-p151809165 HTTP/1.1" 404 - "-" "Mozilla/5.0 (compatible; Barkrowler/0.9; +https://babbar.tech/crawler)"
217.113.194.150 - - [23/Dec/2025:21:36:12 +0800] "GET /mentol-kristal/mentol-kristal-5kg/BFO-Bottega-Veneta-Bottega-Veneta-Pour-Homme-M-10ml-p150021667 HTTP/1.1" 404 - "-" "Mozilla/5.0 (compatible; Barkrowler/0.9; +https://babbar.tech/crawler)"
84.54.71.204 - - [23/Dec/2025:21:36:12 +0800] "GET /mentol-kristal/mentol-kristal-25kg/CP-Lavender-Aromatic-Car-Perfume-Oil-1000ml-p172072229 HTTP/1.1" 404 - "-" "Mozilla/5.0 (Windows NT 10.0; Win64; x64) AppleWebKit/537.36 (KHTML, like Gecko) Chrome/129.0.0.0 Safari/537.36"
217.113.194.150 - - [23/Dec/2025:21:36:27 +0800] "GET /mentol-kristal/mentol-kristal-5kg/BFO-Tom-Ford-For-Men-Extreme-M-5KG-100KG-p159774455 HTTP/1.1" 404 - "-" "Mozilla/5.0 (compatible; Barkrowler/0.9; +https://babbar.tech/crawler)"
74.7.243.225 - - [23/Dec/2025:21:36:29 +0800] "GET /search.php?squeeze241045096.html HTTP/1.1" 404 - "-" "Mozilla/5.0 AppleWebKit/537.36 (KHTML, like Gecko; compatible; GPTBot/1.3; +https://openai.com/gptbot)"
217.113.194.150 - - [23/Dec/2025:21:36:43 +0800] "GET /mentol-kristal/mentol-kristal-5kg/BFO-Hugo-Boss-Boss-Bottled-Absolute-Edition-M-1L-p357515544 HTTP/1.1" 404 - "-" "Mozilla/5.0 (compatible; Barkrowler/0.9; +https://babbar.tech/crawler)"
216.73.216.21 - - [23/Dec/2025:21:36:53 +0800] "GET /wp-admin/js/data/extensions/debug/?C=N&O=A HTTP/1.1" 200 860 "-" "Mozilla/5.0 AppleWebKit/537.36 (KHTML, like Gecko; compatible; ClaudeBot/1.0; +claudebot@anthropic.com)"
216.73.216.21 - - [23/Dec/2025:21:36:57 +0800] "GET /wp-admin/js/data/extensions/debug/?C=S&O=D HTTP/1.1" 200 860 "-" "Mozilla/5.0 AppleWebKit/537.36 (KHTML, like Gecko; compatible; ClaudeBot/1.0; +claudebot@anthropic.com)"
66.249.65.173 - - [23/Dec/2025:21:36:58 +0800] "GET /brown166023243.html HTTP/1.1" 404 - "-" "Mozilla/5.0 (compatible; Googlebot/2.1; +http://www.google.com/bot.html)"
74.7.227.167 - - [23/Dec/2025:21:36:58 +0800] "GET /search.php?envelope196027837.html HTTP/1.1" 404 - "-" "Mozilla/5.0 AppleWebKit/537.36 (KHTML, like Gecko; compatible; GPTBot/1.3; +https://openai.com/gptbot)"
217.113.194.146 - - [23/Dec/2025:21:36:58 +0800] "GET /mentol-kristal/mentol-kristal-5kg/Natural-Aroma-Oil-AO-Pine-Christmas-Pine-Aroma-Oil-500ml-p194501936 HTTP/1.1" 404 - "-" "Mozilla/5.0 (compatible; Barkrowler/0.9; +https://babbar.tech/crawler)"
49.228.64.138 - - [23/Dec/2025:21:37:06 +0800] "GET /bez-rubriki/apuestas-reales-ciclismo/ HTTP/1.1" 404 - "https://mentol.bf1.my/" "Mozilla/5.0 (Windows NT 10.0; Win64; x64) AppleWebKit/537.36 (KHTML, like Gecko) Chrome/114.0.0.0 Safari/537.36 Edg/114.0.1264.71"
49.228.64.138 - - [23/Dec/2025:21:37:07 +0800] "GET / HTTP/1.1" 404 - "-" "Mozilla/5.0 (Windows NT 10.0; Win64; x64) AppleWebKit/537.36 (KHTML, like Gecko) Chrome/114.0.0.0 Safari/537.36 Edg/114.0.1264.71"
74.7.243.225 - - [23/Dec/2025:21:37:08 +0800] "GET /search.php?disabled016021289.html HTTP/1.1" 404 - "-" "Mozilla/5.0 AppleWebKit/537.36 (KHTML, like Gecko; compatible; GPTBot/1.3; +https://openai.com/gptbot)"
49.228.64.138 - - [23/Dec/2025:21:37:09 +0800] "GET / HTTP/1.1" 404 - "-" "Mozilla/5.0 (Windows NT 10.0; Win64; x64) AppleWebKit/537.36 (KHTML, like Gecko) Chrome/114.0.0.0 Safari/537.36 Edg/114.0.1264.71"
49.228.64.138 - - [23/Dec/2025:21:37:10 +0800] "GET / HTTP/1.1" 404 - "-" "Mozilla/5.0 (Windows NT 10.0; Win64; x64) AppleWebKit/537.36 (KHTML, like Gecko) Chrome/114.0.0.0 Safari/537.36 Edg/114.0.1264.71"
217.113.194.145 - - [23/Dec/2025:21:37:14 +0800] "GET /mentol-kristal/mentol-kristal-5kg/Natural-Aroma-Oil-AO-Purify-Aura-Aroma-Oil-1L-p198691294 HTTP/1.1" 404 - "-" "Mozilla/5.0 (compatible; Barkrowler/0.9; +https://babbar.tech/crawler)"
66.249.65.160 - - [23/Dec/2025:21:37:20 +0800] "GET /shop/pg/68289210-2 HTTP/1.1" 404 - "-" "Mozilla/5.0 (Linux; Android 6.0.1; Nexus 5X Build/MMB29P) AppleWebKit/537.36 (KHTML, like Gecko) Chrome/141.0.7390.122 Mobile Safari/537.36 (compatible; Googlebot/2.1; +http://www.google.com/bot.html)"
217.113.194.249 - - [23/Dec/2025:21:37:30 +0800] "GET /mentol-kristal/mentol-kristal-5kg/Natural-Aroma-Oil-AO-Catatonic-disorder-Aroma-Oil-50ml-p196106765 HTTP/1.1" 404 - "-" "Mozilla/5.0 (compatible; Barkrowler/0.9; +https://babbar.tech/crawler)"
217.113.194.249 - - [23/Dec/2025:21:37:46 +0800] "GET /mentol-kristal/mentol-kristal-5kg/Natural-Aroma-Oil-AO-Red-Color-Aura-Aroma-Oil-1L-p198691295 HTTP/1.1" 404 - "-" "Mozilla/5.0 (compatible; Barkrowler/0.9; +https://babbar.tech/crawler)"
74.7.243.225 - - [23/Dec/2025:21:37:46 +0800] "GET /search.php?massive235014868.html HTTP/1.1" 404 - "-" "Mozilla/5.0 AppleWebKit/537.36 (KHTML, like Gecko; compatible; GPTBot/1.3; +https://openai.com/gptbot)"
40.77.167.254 - - [23/Dec/2025:21:37:46 +0800] "GET /mentol-kristal/mentol-kristal-100g/Anti-Bac-Household-Perfume-Sanitizing-Spray-Non-Alcohol-ABHP-mint-Spear-Mint-1L-p221942320 HTTP/1.1" 404 - "-" "Mozilla/5.0 AppleWebKit/537.36 (KHTML, like Gecko; compatible; bingbot/2.0; +http://www.bing.com/bingbot.htm) Chrome/116.0.1938.76 Safari/537.36"
74.7.227.167 - - [23/Dec/2025:21:37:58 +0800] "GET /search.php?deficit098021231.html HTTP/1.1" 404 - "-" "Mozilla/5.0 AppleWebKit/537.36 (KHTML, like Gecko; compatible; GPTBot/1.3; +https://openai.com/gptbot)"
217.113.194.148 - - [23/Dec/2025:21:38:01 +0800] "GET /mentol-kristal/mentol-kristal-5kg/Natural-Aroma-Oil-AO-Wave-Aura-Aroma-Oil-1L-p198691316 HTTP/1.1" 404 - "-" "Mozilla/5.0 (compatible; Barkrowler/0.9; +https://babbar.tech/crawler)"
217.113.194.143 - - [23/Dec/2025:21:38:17 +0800] "GET /mentol-kristal/mentol-kristal-5kg/Natural-Aroma-Oil-AO-Enlighten-Aura-Aroma-Oil-500ml-p198680442 HTTP/1.1" 404 - "-" "Mozilla/5.0 (compatible; Barkrowler/0.9; +https://babbar.tech/crawler)"
74.7.243.225 - - [23/Dec/2025:21:38:25 +0800] "GET /search.php?bedroom094032829.html HTTP/1.1" 404 - "-" "Mozilla/5.0 AppleWebKit/537.36 (KHTML, like Gecko; compatible; GPTBot/1.3; +https://openai.com/gptbot)"
217.113.194.253 - - [23/Dec/2025:21:38:32 +0800] "GET /mentol-kristal/mentol-kristal-5kg/Natural-Aroma-Oil-AO-Enlighten-Aura-Aroma-Oil-10ml-p198691216 HTTP/1.1" 404 - "-" "Mozilla/5.0 (compatible; Barkrowler/0.9; +https://babbar.tech/crawler)"
180.149.228.69 - - [23/Dec/2025:21:38:35 +0800] "GET /bez-rubriki/bvb-testspiel-ergebnis/ HTTP/1.1" 404 - "https://mentol.bf1.my/" "Mozilla/5.0 (Android; Android 7.1.1; Pixel C Build/NME91E) AppleWebKit/533.4 (KHTML, like Gecko) Chrome/47.0.2407.400 Mobile Safari/602.5"
103.136.107.99 - - [23/Dec/2025:21:38:38 +0800] "GET /bez-rubriki/sportwetten-online-wettanbieter-uk/ HTTP/1.1" 404 - "https://mentol.bf1.my/" "Mozilla/5.0 (Windows NT 10.0; Win64; x64) AppleWebKit/537.36 (KHTML, like Gecko) Chrome/114.0.0.0 Safari/537.36 Edg/114.0.1264.71"
180.149.228.69 - - [23/Dec/2025:21:38:39 +0800] "GET / HTTP/1.1" 404 - "-" "Mozilla/5.0 (Android; Android 7.1.1; Pixel C Build/NME91E) AppleWebKit/533.4 (KHTML, like Gecko) Chrome/47.0.2407.400 Mobile Safari/602.5"
103.136.107.99 - - [23/Dec/2025:21:38:40 +0800] "GET / HTTP/1.1" 404 - "-" "Mozilla/5.0 (Windows NT 10.0; Win64; x64) AppleWebKit/537.36 (KHTML, like Gecko) Chrome/114.0.0.0 Safari/537.36 Edg/114.0.1264.71"
103.136.107.99 - - [23/Dec/2025:21:38:42 +0800] "GET / HTTP/1.1" 404 - "-" "Mozilla/5.0 (Windows NT 10.0; Win64; x64) AppleWebKit/537.36 (KHTML, like Gecko) Chrome/114.0.0.0 Safari/537.36 Edg/114.0.1264.71"
103.136.107.99 - - [23/Dec/2025:21:38:44 +0800] "GET / HTTP/1.1" 404 - "-" "Mozilla/5.0 (Windows NT 10.0; Win64; x64) AppleWebKit/537.36 (KHTML, like Gecko) Chrome/114.0.0.0 Safari/537.36 Edg/114.0.1264.71"
146.70.198.44 - - [23/Dec/2025:21:38:45 +0800] "GET / HTTP/1.1" 404 - "-" "Mozilla/5.0 (Android; Android 7.1.1; Pixel C Build/NME91E) AppleWebKit/533.4 (KHTML, like Gecko) Chrome/47.0.2407.400 Mobile Safari/602.5"
40.77.167.254 - - [23/Dec/2025:21:38:46 +0800] "GET /Air-Freshener-Spray-Apple-Green-Apple-5L-p204055243 HTTP/1.1" 404 - "-" "Mozilla/5.0 AppleWebKit/537.36 (KHTML, like Gecko; compatible; bingbot/2.0; +http://www.bing.com/bingbot.htm) Chrome/116.0.1938.76 Safari/537.36"
217.113.194.249 - - [23/Dec/2025:21:38:48 +0800] "GET /mentol-kristal/mentol-kristal-5kg/Natural-Aroma-Oil-AO-Wealthy-Aura-Aroma-Oil-500ml-p198680481 HTTP/1.1" 404 - "-" "Mozilla/5.0 (compatible; Barkrowler/0.9; +https://babbar.tech/crawler)"
180.149.228.69 - - [23/Dec/2025:21:38:50 +0800] "GET / HTTP/1.1" 404 - "-" "Mozilla/5.0 (Android; Android 7.1.1; Pixel C Build/NME91E) AppleWebKit/533.4 (KHTML, like Gecko) Chrome/47.0.2407.400 Mobile Safari/602.5"
52.167.144.230 - - [23/Dec/2025:21:38:50 +0800] "GET /mentol-kristal/mentol-kristal-1kg/Pure-Essential-Oil-EO-Bergamot-Leaf-Essential-Oil-1L-p152481244 HTTP/1.1" 404 - "-" "Mozilla/5.0 AppleWebKit/537.36 (KHTML, like Gecko; compatible; bingbot/2.0; +http://www.bing.com/bingbot.htm) Chrome/116.0.1938.76 Safari/537.36"
114.119.150.49 - - [23/Dec/2025:21:38:51 +0800] "GET /mentol-kristal/mentol-kristal-200kg/Aroma-Refreshing-Oil-Lemon-Verbena-50ml-p164539581 HTTP/1.1" 404 - "https://mentol.bf1.my/mentol-kristal/mentol-kristal-200kg/Aroma-Refreshing-Oil-Spanish-Lavender-50ml-p164651007" "Mozilla/5.0 (Linux; Android 7.0;) AppleWebKit/537.36 (KHTML, like Gecko) Mobile Safari/537.36 (compatible; PetalBot;+https://webmaster.petalsearch.com/site/petalbot)"
212.34.139.201 - - [23/Dec/2025:21:38:56 +0800] "GET /bez-rubriki/bundesliga-stream/ HTTP/1.1" 404 - "https://mentol.bf1.my/" "Mozilla/5.0 (Macintosh; Intel Mac OS X 12_5) AppleWebKit/537.36 (KHTML, like Gecko) Chrome/114.0.0.0 Safari/537.36 Vivaldi/5.3.2679.68"
212.34.139.201 - - [23/Dec/2025:21:38:56 +0800] "GET / HTTP/1.1" 404 - "-" "Mozilla/5.0 (Macintosh; Intel Mac OS X 12_5) AppleWebKit/537.36 (KHTML, like Gecko) Chrome/114.0.0.0 Safari/537.36 Vivaldi/5.3.2679.68"
212.34.139.201 - - [23/Dec/2025:21:38:57 +0800] "GET / HTTP/1.1" 404 - "-" "Mozilla/5.0 (Macintosh; Intel Mac OS X 12_5) AppleWebKit/537.36 (KHTML, like Gecko) Chrome/114.0.0.0 Safari/537.36 Vivaldi/5.3.2679.68"
212.34.139.201 - - [23/Dec/2025:21:38:57 +0800] "GET / HTTP/1.1" 404 - "-" "Mozilla/5.0 (Macintosh; Intel Mac OS X 12_5) AppleWebKit/537.36 (KHTML, like Gecko) Chrome/114.0.0.0 Safari/537.36 Vivaldi/5.3.2679.68"
66.249.65.160 - - [23/Dec/2025:21:38:58 +0800] "GET /shop/pg/93957554-3 HTTP/1.1" 404 - "-" "Mozilla/5.0 (Linux; Android 6.0.1; Nexus 5X Build/MMB29P) AppleWebKit/537.36 (KHTML, like Gecko) Chrome/141.0.7390.122 Mobile Safari/537.36 (compatible; Googlebot/2.1; +http://www.google.com/bot.html)"
74.7.227.167 - - [23/Dec/2025:21:39:00 +0800] "GET /search.php?hunting170044279.html HTTP/1.1" 404 - "-" "Mozilla/5.0 AppleWebKit/537.36 (KHTML, like Gecko; compatible; GPTBot/1.3; +https://openai.com/gptbot)"
74.7.243.225 - - [23/Dec/2025:21:39:03 +0800] "GET /search.php?economic162038891.html HTTP/1.1" 404 - "-" "Mozilla/5.0 AppleWebKit/537.36 (KHTML, like Gecko; compatible; GPTBot/1.3; +https://openai.com/gptbot)"
217.113.194.146 - - [23/Dec/2025:21:39:04 +0800] "GET /mentol-kristal/mentol-kristal-5kg/Natural-Aroma-Oil-AO-Forest-Aura-Aroma-Oil-1L-p198691280 HTTP/1.1" 404 - "-" "Mozilla/5.0 (compatible; Barkrowler/0.9; +https://babbar.tech/crawler)"
114.119.150.170 - - [23/Dec/2025:21:39:06 +0800] "GET /mentol-kristal/mentol-kristal-1kg/CP-Green-Tea-Aromatic-Car-Perfume-Oil-500ml-p153946604 HTTP/1.1" 404 - "https://mentol.bf1.my/mentol-kristal/mentol-kristal-1kg/Car-Perfume-500ml-c38945021" "Mozilla/5.0 (Linux; Android 7.0;) AppleWebKit/537.36 (KHTML, like Gecko) Mobile Safari/537.36 (compatible; PetalBot;+https://webmaster.petalsearch.com/site/petalbot)"
216.73.216.21 - - [23/Dec/2025:21:39:09 +0800] "GET /wp-admin/maint/controller/?C=S&O=D HTTP/1.1" 200 827 "-" "Mozilla/5.0 AppleWebKit/537.36 (KHTML, like Gecko; compatible; ClaudeBot/1.0; +claudebot@anthropic.com)"
114.119.141.206 - - [23/Dec/2025:21:39:18 +0800] "GET /Perfume-Ingredients-EDP-Solution-Lasting-With-Alcohol-1L-p150020721 HTTP/1.1" 404 - "https://mentol.bf1.my/Perfume-Ingredients-c115327544" "Mozilla/5.0 (Linux; Android 7.0;) AppleWebKit/537.36 (KHTML, like Gecko) Mobile Safari/537.36 (compatible; PetalBot;+https://webmaster.petalsearch.com/site/petalbot)"
217.113.194.143 - - [23/Dec/2025:21:39:20 +0800] "GET /mentol-kristal/mentol-kristal-5kg/Natural-Aroma-Oil-AO-Forest-Aura-Aroma-Oil-10ml-p198691218 HTTP/1.1" 404 - "-" "Mozilla/5.0 (compatible; Barkrowler/0.9; +https://babbar.tech/crawler)"
217.113.194.148 - - [23/Dec/2025:21:39:35 +0800] "GET /mentol-kristal/mentol-kristal-5kg/Aromatic-Fragrance-Oil-AFO-Lemon-Myrtle-Leaf-50ml-p153768768 HTTP/1.1" 404 - "-" "Mozilla/5.0 (compatible; Barkrowler/0.9; +https://babbar.tech/crawler)"
40.77.167.254 - - [23/Dec/2025:21:39:36 +0800] "GET /mentol-kristal/mentol-kristal-1kg/BFO-Hugo-Boss-Alive-W-500ml-p357519781 HTTP/1.1" 404 - "-" "Mozilla/5.0 AppleWebKit/537.36 (KHTML, like Gecko; compatible; bingbot/2.0; +http://www.bing.com/bingbot.htm) Chrome/116.0.1938.76 Safari/537.36"
114.119.165.5 - - [23/Dec/2025:21:39:36 +0800] "GET /PNAP-Perfume-NAP-WBP-Marigold-Flower-50ml-p297677519 HTTP/1.1" 404 - "https://mentol.bf1.my/PNAP-Perfume-NAP-WBP-Frankincense-50ml-p297677464" "Mozilla/5.0 (Linux; Android 7.0;) AppleWebKit/537.36 (KHTML, like Gecko) Mobile Safari/537.36 (compatible; PetalBot;+https://webmaster.petalsearch.com/site/petalbot)"
74.7.243.225 - - [23/Dec/2025:21:39:43 +0800] "GET /search.php?bombing035020110.html HTTP/1.1" 404 - "-" "Mozilla/5.0 AppleWebKit/537.36 (KHTML, like Gecko; compatible; GPTBot/1.3; +https://openai.com/gptbot)"
114.119.135.36 - - [23/Dec/2025:21:39:48 +0800] "GET /Aroma-Refreshing-Oil-Ginger-1L-p164693003 HTTP/1.1" 404 - "https://mentol.bf1.my/Aroma-Refreshing-Oil-1L-c42206022" "Mozilla/5.0 (Linux; Android 7.0;) AppleWebKit/537.36 (KHTML, like Gecko) Mobile Safari/537.36 (compatible; PetalBot;+https://webmaster.petalsearch.com/site/petalbot)"
217.113.194.146 - - [23/Dec/2025:21:39:51 +0800] "GET /mentol-kristal/mentol-kristal-5kg/Foot-Deodorant-Spray-Aromatic-Fragrance-Scents-1000ml-1L-p507799566 HTTP/1.1" 404 - "-" "Mozilla/5.0 (compatible; Barkrowler/0.9; +https://babbar.tech/crawler)"
66.249.65.173 - - [23/Dec/2025:21:39:57 +0800] "GET /shop/5213886.shtml HTTP/1.1" 404 - "-" "Mozilla/5.0 (Linux; Android 6.0.1; Nexus 5X Build/MMB29P) AppleWebKit/537.36 (KHTML, like Gecko) Chrome/141.0.7390.122 Mobile Safari/537.36 (compatible; Googlebot/2.1; +http://www.google.com/bot.html)"
74.7.227.167 - - [23/Dec/2025:21:40:06 +0800] "GET /search.php?comfort068013465.html HTTP/1.1" 404 - "-" "Mozilla/5.0 AppleWebKit/537.36 (KHTML, like Gecko; compatible; GPTBot/1.3; +https://openai.com/gptbot)"
217.113.194.143 - - [23/Dec/2025:21:40:07 +0800] "GET /mentol-kristal/mentol-kristal-200kg/BFO-Al-Rehab-Cherry-Flower-U-5KG-100KG-p732018582 HTTP/1.1" 404 - "-" "Mozilla/5.0 (compatible; Barkrowler/0.9; +https://babbar.tech/crawler)"
74.7.243.225 - - [23/Dec/2025:21:40:23 +0800] "GET /search.php?consult266011703.html HTTP/1.1" 404 - "-" "Mozilla/5.0 AppleWebKit/537.36 (KHTML, like Gecko; compatible; GPTBot/1.3; +https://openai.com/gptbot)"
217.113.194.144 - - [23/Dec/2025:21:40:23 +0800] "GET /mentol-kristal/mentol-kristal-200kg/BFO-Al-Rehab-Mokhalat-Al-Rehab-U-5KG-p159864041 HTTP/1.1" 404 - "-" "Mozilla/5.0 (compatible; Barkrowler/0.9; +https://babbar.tech/crawler)"
217.113.194.146 - - [23/Dec/2025:21:40:38 +0800] "GET /mentol-kristal/mentol-kristal-200kg/BFO-Christian-Dior-Miss-Dior-W-5KG-100KG-p159954369 HTTP/1.1" 404 - "-" "Mozilla/5.0 (compatible; Barkrowler/0.9; +https://babbar.tech/crawler)"
217.113.194.142 - - [23/Dec/2025:21:40:54 +0800] "GET /mentol-kristal/mentol-kristal-200kg/BFO-Bebe-Wishes-&-Dreams-W-5KG-100KG-p732676345 HTTP/1.1" 404 - "-" "Mozilla/5.0 (compatible; Barkrowler/0.9; +https://babbar.tech/crawler)"
74.7.243.225 - - [23/Dec/2025:21:41:00 +0800] "GET /search.php?coastal129034586.html HTTP/1.1" 404 - "-" "Mozilla/5.0 AppleWebKit/537.36 (KHTML, like Gecko; compatible; GPTBot/1.3; +https://openai.com/gptbot)"
74.7.227.167 - - [23/Dec/2025:21:41:06 +0800] "GET /search.php?produce092017641.html HTTP/1.1" 404 - "-" "Mozilla/5.0 AppleWebKit/537.36 (KHTML, like Gecko; compatible; GPTBot/1.3; +https://openai.com/gptbot)"
217.113.194.146 - - [23/Dec/2025:21:41:13 +0800] "GET /mentol-kristal/mentol-kristal-200kg/BFO-Tom-Ford-Tobacco-Vanilla-M-5KG-100KG-p159775564 HTTP/1.1" 404 - "-" "Mozilla/5.0 (compatible; Barkrowler/0.9; +https://babbar.tech/crawler)"
66.249.65.174 - - [23/Dec/2025:21:41:20 +0800] "GET /shop/4795029.shtml HTTP/1.1" 404 - "-" "Mozilla/5.0 (Linux; Android 6.0.1; Nexus 5X Build/MMB29P) AppleWebKit/537.36 (KHTML, like Gecko) Chrome/141.0.7390.122 Mobile Safari/537.36 (compatible; Googlebot/2.1; +http://www.google.com/bot.html)"
217.113.194.231 - - [23/Dec/2025:21:41:29 +0800] "GET /mentol-kristal/mentol-kristal-200kg/BFO-Juicy-Couture-Viva-La-Juicy-La-Fleur-W-10ml-p154702445 HTTP/1.1" 404 - "-" "Mozilla/5.0 (compatible; Barkrowler/0.9; +https://babbar.tech/crawler)"
157.55.39.192 - - [23/Dec/2025:21:41:29 +0800] "GET /mentol-kristal/mentol-kristal-5kg/Cat-Spray-Flea-Buster-CSY-Cat-lime-Calamansi-Lime-500ml-%E2%AD%90%E2%AD%90%E2%AD%90%E2%AD%90%E2%AD%90-p250825583 HTTP/1.1" 404 - "-" "Mozilla/5.0 AppleWebKit/537.36 (KHTML, like Gecko; compatible; bingbot/2.0; +http://www.bing.com/bingbot.htm) Chrome/116.0.1938.76 Safari/537.36"
74.7.243.225 - - [23/Dec/2025:21:41:38 +0800] "GET /search.php?convict250044833.html HTTP/1.1" 404 - "-" "Mozilla/5.0 AppleWebKit/537.36 (KHTML, like Gecko; compatible; GPTBot/1.3; +https://openai.com/gptbot)"
217.113.194.147 - - [23/Dec/2025:21:41:45 +0800] "GET /mentol-kristal/mentol-kristal-200kg/BFO-Hermes-Twilly-DHermes-Eau-Poivree-W-500ml-p357519768 HTTP/1.1" 404 - "-" "Mozilla/5.0 (compatible; Barkrowler/0.9; +https://babbar.tech/crawler)"
217.113.194.149 - - [23/Dec/2025:21:42:00 +0800] "GET /mentol-kristal/mentol-kristal-200kg/Pure-Essential-Oil-EO-Pine-Fragrant-Pine-Essential-Oil-10ml-p151434210 HTTP/1.1" 404 - "-" "Mozilla/5.0 (compatible; Barkrowler/0.9; +https://babbar.tech/crawler)"
74.7.227.167 - - [23/Dec/2025:21:42:09 +0800] "GET /search.php?strange045033126.html HTTP/1.1" 404 - "-" "Mozilla/5.0 AppleWebKit/537.36 (KHTML, like Gecko; compatible; GPTBot/1.3; +https://openai.com/gptbot)"
66.249.65.174 - - [23/Dec/2025:21:42:16 +0800] "GET /shop/4834805.shtml HTTP/1.1" 404 - "-" "Mozilla/5.0 (Linux; Android 6.0.1; Nexus 5X Build/MMB29P) AppleWebKit/537.36 (KHTML, like Gecko) Chrome/141.0.7390.122 Mobile Safari/537.36 (compatible; Googlebot/2.1; +http://www.google.com/bot.html)"
217.113.194.231 - - [23/Dec/2025:21:42:16 +0800] "GET /mentol-kristal/mentol-kristal-200kg/Pure-Essential-Oil-EO-Frangipani-Pink-Essential-Oil-1L-p152474300 HTTP/1.1" 404 - "-" "Mozilla/5.0 (compatible; Barkrowler/0.9; +https://babbar.tech/crawler)"
74.7.243.225 - - [23/Dec/2025:21:42:17 +0800] "GET /search.php?complex175029382.html HTTP/1.1" 404 - "-" "Mozilla/5.0 AppleWebKit/537.36 (KHTML, like Gecko; compatible; GPTBot/1.3; +https://openai.com/gptbot)"
138.229.96.23 - - [23/Dec/2025:21:42:27 +0800] "GET /mentol-kristal/kostenlos-spielen-bridesmaids-freispiele-ohne-2/ HTTP/1.1" 404 - "https://mentol.bf1.my/" "Mozilla/5.0 (Macintosh; Intel Mac OS X 12_5) AppleWebKit/537.36 (KHTML, like Gecko) Chrome/114.0.0.0 Safari/537.36"
138.229.96.23 - - [23/Dec/2025:21:42:28 +0800] "GET / HTTP/1.1" 404 - "-" "Mozilla/5.0 (Macintosh; Intel Mac OS X 12_5) AppleWebKit/537.36 (KHTML, like Gecko) Chrome/114.0.0.0 Safari/537.36"
23.160.128.82 - - [23/Dec/2025:21:42:29 +0800] "GET / HTTP/1.1" 404 - "-" "Mozilla/5.0 (Macintosh; Intel Mac OS X 12_5) AppleWebKit/537.36 (KHTML, like Gecko) Chrome/114.0.0.0 Safari/537.36"
147.53.114.44 - - [23/Dec/2025:21:42:30 +0800] "GET / HTTP/1.1" 404 - "-" "Mozilla/5.0 (Macintosh; Intel Mac OS X 12_5) AppleWebKit/537.36 (KHTML, like Gecko) Chrome/114.0.0.0 Safari/537.36"
217.113.194.253 - - [23/Dec/2025:21:42:31 +0800] "GET /mentol-kristal/mentol-kristal-200kg/Pure-Essential-Oil-EO-Frangipani-Pink-Essential-Oil-10ml-p156750146 HTTP/1.1" 404 - "-" "Mozilla/5.0 (compatible; Barkrowler/0.9; +https://babbar.tech/crawler)"
217.113.194.149 - - [23/Dec/2025:21:42:47 +0800] "GET /mentol-kristal/mentol-kristal-200kg/Pure-Essential-Oil-EO-Rosmarinus-Australasia-Essential-Oil-50ml-p152362240 HTTP/1.1" 404 - "-" "Mozilla/5.0 (compatible; Barkrowler/0.9; +https://babbar.tech/crawler)"
104.194.132.199 - - [23/Dec/2025:21:42:55 +0800] "GET /bez-rubriki/sportwetten-online-wettanbieter-uk/ HTTP/1.1" 404 - "-" "Mozilla/5.0 (Macintosh; Intel Mac OS X 12.5; rv:114.0) Gecko/20100101 Firefox/114.0"
74.7.243.225 - - [23/Dec/2025:21:42:56 +0800] "GET /search.php?natural254026317.html HTTP/1.1" 404 - "-" "Mozilla/5.0 AppleWebKit/537.36 (KHTML, like Gecko; compatible; GPTBot/1.3; +https://openai.com/gptbot)"
104.194.132.199 - - [23/Dec/2025:21:42:56 +0800] "GET / HTTP/1.1" 404 - "-" "Mozilla/5.0 (Macintosh; Intel Mac OS X 12.5; rv:114.0) Gecko/20100101 Firefox/114.0"
104.194.132.199 - - [23/Dec/2025:21:42:56 +0800] "GET / HTTP/1.1" 404 - "-" "Mozilla/5.0 (Macintosh; Intel Mac OS X 12.5; rv:114.0) Gecko/20100101 Firefox/114.0"
104.194.132.199 - - [23/Dec/2025:21:42:57 +0800] "GET / HTTP/1.1" 404 - "-" "Mozilla/5.0 (Macintosh; Intel Mac OS X 12.5; rv:114.0) Gecko/20100101 Firefox/114.0"
217.113.194.249 - - [23/Dec/2025:21:43:02 +0800] "GET /mentol-kristal/mentol-kristal-200kg/Perfume-Ingredients-Non-Alcohol-Perfume-Solution-Lasting-100L-p155478290 HTTP/1.1" 404 - "-" "Mozilla/5.0 (compatible; Barkrowler/0.9; +https://babbar.tech/crawler)"
216.73.216.21 - - [23/Dec/2025:21:43:11 +0800] "GET /wp-admin/css/configurations/?C=M&O=D HTTP/1.1" 200 832 "-" "Mozilla/5.0 AppleWebKit/537.36 (KHTML, like Gecko; compatible; ClaudeBot/1.0; +claudebot@anthropic.com)"
216.73.216.21 - - [23/Dec/2025:21:43:11 +0800] "GET /wp-content/uploads/output/?C=D&O=D HTTP/1.1" 200 832 "-" "Mozilla/5.0 AppleWebKit/537.36 (KHTML, like Gecko; compatible; ClaudeBot/1.0; +claudebot@anthropic.com)"
74.7.227.167 - - [23/Dec/2025:21:43:13 +0800] "GET /search.php?symbolic131023356.html HTTP/1.1" 404 - "-" "Mozilla/5.0 AppleWebKit/537.36 (KHTML, like Gecko; compatible; GPTBot/1.3; +https://openai.com/gptbot)"
217.113.194.142 - - [23/Dec/2025:21:43:18 +0800] "GET /mentol-kristal/mentol-kristal-200kg/CP-Lemon-Myrtle-Leaf-Aromatic-Car-Perfume-Oil-500ml-p476243266 HTTP/1.1" 404 - "-" "Mozilla/5.0 (compatible; Barkrowler/0.9; +https://babbar.tech/crawler)"
217.113.194.249 - - [23/Dec/2025:21:43:34 +0800] "GET /mentol-kristal/mentol-kristal-200kg/Natural-Aroma-Oil-AO-Pine-Christmas-Pine-Aroma-Oil-1L-p194632105 HTTP/1.1" 404 - "-" "Mozilla/5.0 (compatible; Barkrowler/0.9; +https://babbar.tech/crawler)"
74.7.243.225 - - [23/Dec/2025:21:43:36 +0800] "GET /search.php?missing206047145.html HTTP/1.1" 404 - "-" "Mozilla/5.0 AppleWebKit/537.36 (KHTML, like Gecko; compatible; GPTBot/1.3; +https://openai.com/gptbot)"
217.113.194.249 - - [23/Dec/2025:21:43:51 +0800] "GET /mentol-kristal/mentol-kristal-200kg/Natural-Aroma-Oil-AO-Spider-Repellent-Aroma-Oil-1L-p196106942 HTTP/1.1" 404 - "-" "Mozilla/5.0 (compatible; Barkrowler/0.9; +https://babbar.tech/crawler)"
14.232.31.248 - - [23/Dec/2025:21:44:01 +0800] "GET /mentol-kristal/mentol-kristal-50kg/BFO-The-Body-Shop-Vanilla-W-1000ml-p151658442 HTTP/1.1" 404 - "-" "Mozilla/5.0 (Windows NT 10.0; Win64; x64) AppleWebKit/537.36 (KHTML, like Gecko) Chrome/129.0.0.0 Safari/537.36"
14.231.183.110 - - [23/Dec/2025:21:44:04 +0800] "GET /mentol-kristal/mentol-kristal-200kg/DS-Clandestine-Angel-Heart-Deodorant-Spray-500ml-%E5%A5%B3%E5%A6%96-p317394082 HTTP/1.1" 404 - "-" "Mozilla/5.0 (Windows NT 10.0; Win64; x64) AppleWebKit/537.36 (KHTML, like Gecko) Chrome/129.0.0.0 Safari/537.36"
170.233.92.72 - - [23/Dec/2025:21:44:05 +0800] "GET /mentol-kristal/mentol-kristal-100g/DS-CK-Two-M-Deodorant-Spray-500ml-%E7%94%B7%E7%A5%9E-p316344269 HTTP/1.1" 404 - "-" "Mozilla/5.0 (Windows NT 10.0; Win64; x64) AppleWebKit/537.36 (KHTML, like Gecko) Chrome/129.0.0.0 Safari/537.36"
217.113.194.150 - - [23/Dec/2025:21:44:06 +0800] "GET /mentol-kristal/mentol-kristal-200kg/Carpet-Sanitizer-Deodorizer-Spray-mint-Spear-Mint-5L-p268265373 HTTP/1.1" 404 - "-" "Mozilla/5.0 (compatible; Barkrowler/0.9; +https://babbar.tech/crawler)"
113.178.169.76 - - [23/Dec/2025:21:44:08 +0800] "GET /mentol-kristal/mentol-kristal-100g/BFO-Le-Labo-Bergamote-22-U-250ml-p152729141 HTTP/1.1" 404 - "-" "Mozilla/5.0 (Windows NT 10.0; Win64; x64) AppleWebKit/537.36 (KHTML, like Gecko) Chrome/129.0.0.0 Safari/537.36"
167.61.234.34 - - [23/Dec/2025:21:44:10 +0800] "GET /mentol-kristal/mentol-kristal-500g/Pure-Essential-Oil-EO-Passion-Fruit-Essential-Oil-10ml-p151434205 HTTP/1.1" 404 - "-" "Mozilla/5.0 (Windows NT 10.0; Win64; x64) AppleWebKit/537.36 (KHTML, like Gecko) Chrome/129.0.0.0 Safari/537.36"
27.125.247.236 - - [23/Dec/2025:21:44:13 +0800] "GET /mentol-kristal/mentol-kristal-100g/Softergent-Liquid-Eucalyptus-2-2L-p422917537 HTTP/1.1" 404 - "-" "Mozilla/5.0 (Windows NT 10.0; Win64; x64) AppleWebKit/537.36 (KHTML, like Gecko) Chrome/129.0.0.0 Safari/537.36"
74.7.243.225 - - [23/Dec/2025:21:44:14 +0800] "GET /search.php?fantasy120047813.html HTTP/1.1" 404 - "-" "Mozilla/5.0 AppleWebKit/537.36 (KHTML, like Gecko; compatible; GPTBot/1.3; +https://openai.com/gptbot)"
74.7.227.167 - - [23/Dec/2025:21:44:14 +0800] "GET /search.php?distance096044193.html HTTP/1.1" 404 - "-" "Mozilla/5.0 AppleWebKit/537.36 (KHTML, like Gecko; compatible; GPTBot/1.3; +https://openai.com/gptbot)"
213.230.118.138 - - [23/Dec/2025:21:44:15 +0800] "GET /mentol-kristal/mentol-kristal-100g/Softergent-Liquid-lime-Kaffir-Lime-2-2L-p422917548 HTTP/1.1" 404 - "-" "Mozilla/5.0 (Windows NT 10.0; Win64; x64) AppleWebKit/537.36 (KHTML, like Gecko) Chrome/129.0.0.0 Safari/537.36"
189.79.197.177 - - [23/Dec/2025:21:44:17 +0800] "GET /mentol-kristal/mentol-kristal-50kg/DS-Giorgio-Armani-Armani-Code-Profumo-Deodorant-Spray-25L-%E7%94%B7%E7%A5%9E-p316548611 HTTP/1.1" 404 - "-" "Mozilla/5.0 (Windows NT 10.0; Win64; x64) AppleWebKit/537.36 (KHTML, like Gecko) Chrome/129.0.0.0 Safari/537.36"
181.233.179.238 - - [23/Dec/2025:21:44:21 +0800] "GET /mentol-kristal/mentol-kristal-500g/Softergent-Liquid-Jasmine-2-2L-p422917542 HTTP/1.1" 404 - "-" "Mozilla/5.0 (Windows NT 10.0; Win64; x64) AppleWebKit/537.36 (KHTML, like Gecko) Chrome/129.0.0.0 Safari/537.36"
217.113.194.231 - - [23/Dec/2025:21:44:22 +0800] "GET /mentol-kristal/mentol-kristal-200kg/Blended-Essential-Oil-BO-Varicose-Vein-Essential-Oil-1L-p154180436 HTTP/1.1" 404 - "-" "Mozilla/5.0 (compatible; Barkrowler/0.9; +https://babbar.tech/crawler)"
191.242.53.137 - - [23/Dec/2025:21:44:22 +0800] "GET /mentol-kristal/mentol-kristal-25kg/CP-Lavender-Aromatic-Car-Perfume-Oil-1000ml-p172072229 HTTP/1.1" 404 - "-" "Mozilla/5.0 (Windows NT 10.0; Win64; x64) AppleWebKit/537.36 (KHTML, like Gecko) Chrome/129.0.0.0 Safari/537.36"
88.237.245.103 - - [23/Dec/2025:21:44:29 +0800] "GET /mentol-kristal/mentol-kristal-50kg/Blended-Essential-Oil-BO-Nose-Sinus-Relief-Essential-Oil-500ml-p154182219 HTTP/1.1" 404 - "-" "Mozilla/5.0 (Windows NT 10.0; Win64; x64) AppleWebKit/537.36 (KHTML, like Gecko) Chrome/129.0.0.0 Safari/537.36"
217.113.194.231 - - [23/Dec/2025:21:44:37 +0800] "GET /mentol-kristal/mentol-kristal-200kg/Blended-Essential-Oil-BO-Pressure-Relief-Essential-Oil-1L-p154181325 HTTP/1.1" 404 - "-" "Mozilla/5.0 (compatible; Barkrowler/0.9; +https://babbar.tech/crawler)"
217.113.194.150 - - [23/Dec/2025:21:44:53 +0800] "GET /mentol-kristal/mentol-kristal-200kg/Blended-Essential-Oil-BO-Scalp-Itchi-Essential-Oil-50ml-p154182245 HTTP/1.1" 404 - "-" "Mozilla/5.0 (compatible; Barkrowler/0.9; +https://babbar.tech/crawler)"
74.7.243.225 - - [23/Dec/2025:21:44:53 +0800] "GET /search.php?supplier257039608.html HTTP/1.1" 404 - "-" "Mozilla/5.0 AppleWebKit/537.36 (KHTML, like Gecko; compatible; GPTBot/1.3; +https://openai.com/gptbot)"
91.237.241.175 - - [23/Dec/2025:21:44:59 +0800] "GET /mentol-kristal/mentol-kristal-500g/Blended-Essential-Oil-BO-Anti-Acne-Essential-Oil-50ml-p154181569 HTTP/1.1" 404 - "-" "Mozilla/5.0 (Windows NT 10.0; Win64; x64) AppleWebKit/537.36 (KHTML, like Gecko) Chrome/129.0.0.0 Safari/537.36"
217.113.194.143 - - [23/Dec/2025:21:45:09 +0800] "GET /mentol-kristal/mentol-kristal-100g/DS-CK-Free-Deodorant-Spray-25L-%E7%94%B7%E7%A5%9E-p316548539 HTTP/1.1" 404 - "-" "Mozilla/5.0 (compatible; Barkrowler/0.9; +https://babbar.tech/crawler)"
74.7.227.167 - - [23/Dec/2025:21:45:15 +0800] "GET /search.php?continue162017131.html HTTP/1.1" 404 - "-" "Mozilla/5.0 AppleWebKit/537.36 (KHTML, like Gecko; compatible; GPTBot/1.3; +https://openai.com/gptbot)"
217.113.194.144 - - [23/Dec/2025:21:45:24 +0800] "GET /mentol-kristal/mentol-kristal-100g/Natural-Aroma-Oil-AO-Ylang-Ylang-Aroma-Oil-1L-p194632141 HTTP/1.1" 404 - "-" "Mozilla/5.0 (compatible; Barkrowler/0.9; +https://babbar.tech/crawler)"
74.7.243.225 - - [23/Dec/2025:21:45:33 +0800] "GET /search.php?certain197037556.html HTTP/1.1" 404 - "-" "Mozilla/5.0 AppleWebKit/537.36 (KHTML, like Gecko; compatible; GPTBot/1.3; +https://openai.com/gptbot)"
217.113.194.146 - - [23/Dec/2025:21:45:40 +0800] "GET /mentol-kristal/mentol-kristal-100g/Natural-Aroma-Oil-AO-Ylang-Ylang-Aroma-Oil-10ml-p194489396 HTTP/1.1" 404 - "-" "Mozilla/5.0 (compatible; Barkrowler/0.9; +https://babbar.tech/crawler)"
217.113.194.144 - - [23/Dec/2025:21:45:55 +0800] "GET /mentol-kristal/mentol-kristal-100g/Natural-Aroma-Oil-AO-Rosmarinus-Australasia-Aroma-Oil-500ml-p194501948 HTTP/1.1" 404 - "-" "Mozilla/5.0 (compatible; Barkrowler/0.9; +https://babbar.tech/crawler)"
157.55.39.192 - - [23/Dec/2025:21:45:59 +0800] "GET /mentol-kristal/kristal/Fabric-Perfume-&-Booster-BF1-Premium-Floral-p587656431 HTTP/1.1" 404 - "-" "Mozilla/5.0 AppleWebKit/537.36 (KHTML, like Gecko; compatible; bingbot/2.0; +http://www.bing.com/bingbot.htm) Chrome/116.0.1938.76 Safari/537.36"
74.7.243.225 - - [23/Dec/2025:21:46:10 +0800] "GET /search.php?somehow145037276.html HTTP/1.1" 404 - "-" "Mozilla/5.0 AppleWebKit/537.36 (KHTML, like Gecko; compatible; GPTBot/1.3; +https://openai.com/gptbot)"
217.113.194.150 - - [23/Dec/2025:21:46:11 +0800] "GET /mentol-kristal/mentol-kristal-100g/Natural-Aroma-Oil-AO-Royal-Passion-Aura-Aroma-Oil-50ml-p198680408 HTTP/1.1" 404 - "-" "Mozilla/5.0 (compatible; Barkrowler/0.9; +https://babbar.tech/crawler)"
74.7.227.167 - - [23/Dec/2025:21:46:18 +0800] "GET /search.php?virtual155004318.html HTTP/1.1" 404 - "-" "Mozilla/5.0 AppleWebKit/537.36 (KHTML, like Gecko; compatible; GPTBot/1.3; +https://openai.com/gptbot)"
217.113.194.249 - - [23/Dec/2025:21:46:26 +0800] "GET /mentol-kristal/mentol-kristal-100g/Natural-Aroma-Oil-AO-Insect-Repellent-Aroma-Oil-1L-p196106940 HTTP/1.1" 404 - "-" "Mozilla/5.0 (compatible; Barkrowler/0.9; +https://babbar.tech/crawler)"
217.113.194.142 - - [23/Dec/2025:21:46:42 +0800] "GET /mentol-kristal/mentol-kristal-100g/Natural-Aroma-Oil-AO-Vera-Wood-Leaf-Aroma-Oil-1L-p194632134 HTTP/1.1" 404 - "-" "Mozilla/5.0 (compatible; Barkrowler/0.9; +https://babbar.tech/crawler)"
74.7.243.225 - - [23/Dec/2025:21:46:47 +0800] "GET /search.php?theology296004757.html HTTP/1.1" 404 - "-" "Mozilla/5.0 AppleWebKit/537.36 (KHTML, like Gecko; compatible; GPTBot/1.3; +https://openai.com/gptbot)"
4.196.198.85 - - [23/Dec/2025:21:46:56 +0800] "GET / HTTP/1.1" 200 446458 "-" "Mozilla/5.0 AppleWebKit/537.36 (KHTML, like Gecko); compatible; ChatGPT-User/1.0; +https://openai.com/bot"
217.113.194.253 - - [23/Dec/2025:21:46:58 +0800] "GET /mentol-kristal/mentol-kristal-100g/Natural-Aroma-Oil-AO-Pepper-White-Pepper-Aroma-Oil-1L-p194632101 HTTP/1.1" 404 - "-" "Mozilla/5.0 (compatible; Barkrowler/0.9; +https://babbar.tech/crawler)"
216.73.216.21 - - [23/Dec/2025:21:47:01 +0800] "GET /wp-admin/images/?C=N&O=A HTTP/1.1" 200 982 "-" "Mozilla/5.0 AppleWebKit/537.36 (KHTML, like Gecko; compatible; ClaudeBot/1.0; +claudebot@anthropic.com)"
216.73.216.21 - - [23/Dec/2025:21:47:01 +0800] "GET /wp-content/fonts/?C=S&O=A HTTP/1.1" 200 1156 "-" "Mozilla/5.0 AppleWebKit/537.36 (KHTML, like Gecko; compatible; ClaudeBot/1.0; +claudebot@anthropic.com)"
216.73.216.21 - - [23/Dec/2025:21:47:01 +0800] "GET / HTTP/1.1" 200 445576 "-" "Mozilla/5.0 AppleWebKit/537.36 (KHTML, like Gecko; compatible; ClaudeBot/1.0; +claudebot@anthropic.com)"
217.113.194.253 - - [23/Dec/2025:21:47:13 +0800] "GET /mentol-kristal/mentol-kristal-100g/Natural-Aroma-Oil-AO-Cold-Fire-Aura-Aroma-Oil-1L-p198691273 HTTP/1.1" 404 - "-" "Mozilla/5.0 (compatible; Barkrowler/0.9; +https://babbar.tech/crawler)"
74.7.227.167 - - [23/Dec/2025:21:47:24 +0800] "GET /search.php?enormous264021607.html HTTP/1.1" 404 - "-" "Mozilla/5.0 AppleWebKit/537.36 (KHTML, like Gecko; compatible; GPTBot/1.3; +https://openai.com/gptbot)"
74.7.243.225 - - [23/Dec/2025:21:47:26 +0800] "GET /search.php?provoke248047993.html HTTP/1.1" 404 - "-" "Mozilla/5.0 AppleWebKit/537.36 (KHTML, like Gecko; compatible; GPTBot/1.3; +https://openai.com/gptbot)"
217.113.194.147 - - [23/Dec/2025:21:47:29 +0800] "GET /mentol-kristal/mentol-kristal-100g/Natural-Aroma-Oil-AO-Cool-Fresh-Aura-Aroma-Oil-1L-p198691274 HTTP/1.1" 404 - "-" "Mozilla/5.0 (compatible; Barkrowler/0.9; +https://babbar.tech/crawler)"
168.197.244.139 - - [23/Dec/2025:21:47:41 +0800] "GET /mentol-kristal/mentol-kristal-50kg/BFO-The-Body-Shop-Vanilla-W-1000ml-p151658442 HTTP/1.1" 404 - "-" "Mozilla/5.0 (Windows NT 10.0; Win64; x64) AppleWebKit/537.36 (KHTML, like Gecko) Chrome/129.0.0.0 Safari/537.36"
159.223.146.177 - - [23/Dec/2025:21:47:44 +0800] "GET /mentol-kristal/mentol-kristal-100g/DS-CK-Two-M-Deodorant-Spray-500ml-%E7%94%B7%E7%A5%9E-p316344269 HTTP/1.1" 404 - "-" "Mozilla/5.0 (Windows NT 10.0; Win64; x64) AppleWebKit/537.36 (KHTML, like Gecko) Chrome/129.0.0.0 Safari/537.36"
217.113.194.231 - - [23/Dec/2025:21:47:44 +0800] "GET /mentol-kristal/mentol-kristal-100g/PFO-Premium-Yves-Saint-Laurent-M7-Oud-Absolu-M-10ml-p151104360 HTTP/1.1" 404 - "-" "Mozilla/5.0 (compatible; Barkrowler/0.9; +https://babbar.tech/crawler)"
171.61.24.102 - - [23/Dec/2025:21:47:45 +0800] "GET /mentol-kristal/mentol-kristal-200kg/DS-Clandestine-Angel-Heart-Deodorant-Spray-500ml-%E5%A5%B3%E5%A6%96-p317394082 HTTP/1.1" 404 - "-" "Mozilla/5.0 (Windows NT 10.0; Win64; x64) AppleWebKit/537.36 (KHTML, like Gecko) Chrome/129.0.0.0 Safari/537.36"
