66.249.65.174 - - [23/Dec/2025:22:29:32 +0800] "GET /109378686.htm HTTP/1.1" 404 - "-" "Mozilla/5.0 (compatible; Googlebot/2.1; +http://www.google.com/bot.html)"
154.54.249.207 - - [23/Dec/2025:22:29:40 +0800] "GET /mentol-kristal/mentol-kristal-500g/Natural-Aroma-Oil-AO-Violet-Color-Aura-Aroma-Oil-500ml-p198680478 HTTP/1.1" 404 - "-" "Mozilla/5.0 (compatible; Barkrowler/0.9; +https://babbar.tech/crawler)"
217.113.194.145 - - [23/Dec/2025:22:29:56 +0800] "GET /mentol-kristal/mentol-kristal-500g/Pure-Essential-Oil-EO-Rosmarinus-Australasia-Essential-Oil-5L-p196313678 HTTP/1.1" 404 - "-" "Mozilla/5.0 (compatible; Barkrowler/0.9; +https://babbar.tech/crawler)"
74.7.243.225 - - [23/Dec/2025:22:30:02 +0800] "GET /search.php?billion008012317.html HTTP/1.1" 404 - "-" "Mozilla/5.0 AppleWebKit/537.36 (KHTML, like Gecko; compatible; GPTBot/1.3; +https://openai.com/gptbot)"
217.113.194.249 - - [23/Dec/2025:22:30:11 +0800] "GET /mentol-kristal/mentol-kristal-500g/Pure-Essential-Oil-EO-Pepper-Black-Pepper-Essential-Oil-10ml-p156748163 HTTP/1.1" 404 - "-" "Mozilla/5.0 (compatible; Barkrowler/0.9; +https://babbar.tech/crawler)"
57.141.6.34 - - [23/Dec/2025:22:30:18 +0800] "GET /v4.php?path=/home/mybf1/public_html/mentol.bf1.my/ba770c HTTP/1.1" 404 - "-" "meta-externalagent/1.1 (+https://developers.facebook.com/docs/sharing/webmasters/crawler)"
217.113.194.148 - - [23/Dec/2025:22:30:27 +0800] "GET /mentol-kristal/mentol-kristal-500g/BFO-Hugo-Boss-Boss-The-Scent-Absolute-For-Him-M-500ml-p357496999 HTTP/1.1" 404 - "-" "Mozilla/5.0 (compatible; Barkrowler/0.9; +https://babbar.tech/crawler)"
74.7.227.167 - - [23/Dec/2025:22:30:35 +0800] "GET /search.php?limited162049525.html HTTP/1.1" 404 - "-" "Mozilla/5.0 AppleWebKit/537.36 (KHTML, like Gecko; compatible; GPTBot/1.3; +https://openai.com/gptbot)"
216.73.216.21 - - [23/Dec/2025:22:30:36 +0800] "GET /wp-admin/maint/errors/debug/sdk HTTP/1.1" 301 266 "-" "Mozilla/5.0 AppleWebKit/537.36 (KHTML, like Gecko; compatible; ClaudeBot/1.0; +claudebot@anthropic.com)"
216.73.216.21 - - [23/Dec/2025:22:30:36 +0800] "GET /wp-admin/maint/errors/debug/sdk/ HTTP/1.1" 200 853 "https://www.mentol.bf1.my/wp-admin/maint/errors/debug/sdk" "Mozilla/5.0 AppleWebKit/537.36 (KHTML, like Gecko; compatible; ClaudeBot/1.0; +claudebot@anthropic.com)"
74.7.243.225 - - [23/Dec/2025:22:30:42 +0800] "GET /search.php?homeland102035887.html HTTP/1.1" 404 - "-" "Mozilla/5.0 AppleWebKit/537.36 (KHTML, like Gecko; compatible; GPTBot/1.3; +https://openai.com/gptbot)"
217.113.194.231 - - [23/Dec/2025:22:30:42 +0800] "GET /mentol-kristal/mentol-kristal-500g/BFO-Giorgio-Armani-Armani-Code-Absolu-Gold-M-5KG-p357519879 HTTP/1.1" 404 - "-" "Mozilla/5.0 (compatible; Barkrowler/0.9; +https://babbar.tech/crawler)"
66.249.65.173 - - [23/Dec/2025:22:30:47 +0800] "GET /mentol-kristal/mentol-kristal-500g/BFO-Victorias-Secret-Exotic-W-5KG-p732685839 HTTP/1.1" 404 - "-" "Mozilla/5.0 (Linux; Android 6.0.1; Nexus 5X Build/MMB29P) AppleWebKit/537.36 (KHTML, like Gecko) Chrome/141.0.7390.122 Mobile Safari/537.36 (compatible; Googlebot/2.1; +http://www.google.com/bot.html)"
52.167.144.228 - - [23/Dec/2025:22:30:54 +0800] "GET /mentol-kristal/mentol-kristal-5kg/signIn HTTP/1.1" 404 - "-" "Mozilla/5.0 AppleWebKit/537.36 (KHTML, like Gecko; compatible; bingbot/2.0; +http://www.bing.com/bingbot.htm) Chrome/116.0.1938.76 Safari/537.36"
217.113.194.143 - - [23/Dec/2025:22:30:57 +0800] "GET /mentol-kristal/mentol-kristal-500g/PATI-SoAnna-Sui-Flight-of-Fancy-PATI-So-W-5L-p266030468 HTTP/1.1" 404 - "-" "Mozilla/5.0 (compatible; Barkrowler/0.9; +https://babbar.tech/crawler)"
217.113.194.142 - - [23/Dec/2025:22:31:13 +0800] "GET /mentol-kristal/mentol-kristal-50kg/Clearance-Stock-BFO-Giorgio-Armani-Eau-De-Nuit-M-1000ml-p417468086 HTTP/1.1" 404 - "-" "Mozilla/5.0 (compatible; Barkrowler/0.9; +https://babbar.tech/crawler)"
74.7.243.225 - - [23/Dec/2025:22:31:21 +0800] "GET /search.php?crystal249037958.html HTTP/1.1" 404 - "-" "Mozilla/5.0 AppleWebKit/537.36 (KHTML, like Gecko; compatible; GPTBot/1.3; +https://openai.com/gptbot)"
217.113.194.145 - - [23/Dec/2025:22:31:28 +0800] "GET /mentol-kristal/mentol-kristal-50kg/Clearance-Stock-BFO-Davidoff-Cool-Water-Freeze-Me-M-1000ml-p417468024 HTTP/1.1" 404 - "-" "Mozilla/5.0 (compatible; Barkrowler/0.9; +https://babbar.tech/crawler)"
74.7.227.167 - - [23/Dec/2025:22:31:38 +0800] "GET /search.php?dissolve246003439.html HTTP/1.1" 404 - "-" "Mozilla/5.0 AppleWebKit/537.36 (KHTML, like Gecko; compatible; GPTBot/1.3; +https://openai.com/gptbot)"
217.113.194.143 - - [23/Dec/2025:22:31:44 +0800] "GET /mentol-kristal/mentol-kristal-50kg/Pure-Essential-Oil-EO-Pepper-White-Pepper-Essential-Oil-1L-p152474410 HTTP/1.1" 404 - "-" "Mozilla/5.0 (compatible; Barkrowler/0.9; +https://babbar.tech/crawler)"
74.7.243.225 - - [23/Dec/2025:22:31:59 +0800] "GET /search.php?hundred288036709.html HTTP/1.1" 404 - "-" "Mozilla/5.0 AppleWebKit/537.36 (KHTML, like Gecko; compatible; GPTBot/1.3; +https://openai.com/gptbot)"
217.113.194.149 - - [23/Dec/2025:22:31:59 +0800] "GET /mentol-kristal/mentol-kristal-50kg/Dog-Sanitizer-and-Deodorizer-Spray-Non-Alcohol-for-Dog-&-Puppy-c64329031 HTTP/1.1" 404 - "-" "Mozilla/5.0 (compatible; Barkrowler/0.9; +https://babbar.tech/crawler)"
217.113.194.146 - - [23/Dec/2025:22:32:16 +0800] "GET /mentol-kristal/mentol-kristal-50kg/PFO-Aramis-Aramis-900-For-Men-M-25KG-100KG-p732248754 HTTP/1.1" 404 - "-" "Mozilla/5.0 (compatible; Barkrowler/0.9; +https://babbar.tech/crawler)"
57.141.6.15 - - [23/Dec/2025:22:32:31 +0800] "GET /wp-includes/rest-api.php HTTP/1.1" 404 - "-" "meta-externalagent/1.1 (+https://developers.facebook.com/docs/sharing/webmasters/crawler)"
217.113.194.143 - - [23/Dec/2025:22:32:31 +0800] "GET /mentol-kristal/mentol-kristal-50kg/Aromatic-Water-Base-Perfume-WBP-Energy-10ml-Diffuser-Perfume-p262516226 HTTP/1.1" 404 - "-" "Mozilla/5.0 (compatible; Barkrowler/0.9; +https://babbar.tech/crawler)"
74.7.243.225 - - [23/Dec/2025:22:32:38 +0800] "GET /search.php?sanction227032684.html HTTP/1.1" 404 - "-" "Mozilla/5.0 AppleWebKit/537.36 (KHTML, like Gecko; compatible; GPTBot/1.3; +https://openai.com/gptbot)"
74.7.227.167 - - [23/Dec/2025:22:32:40 +0800] "GET /search.php?resolve286014945.html HTTP/1.1" 404 - "-" "Mozilla/5.0 AppleWebKit/537.36 (KHTML, like Gecko; compatible; GPTBot/1.3; +https://openai.com/gptbot)"
217.113.194.253 - - [23/Dec/2025:22:32:47 +0800] "GET /mentol-kristal/mentol-kristal-50kg/Blended-Essential-Oil-BO-Face-Moisturizing-Essential-Oil-10ml-p154182264 HTTP/1.1" 404 - "-" "Mozilla/5.0 (compatible; Barkrowler/0.9; +https://babbar.tech/crawler)"
157.55.39.8 - - [23/Dec/2025:22:32:51 +0800] "GET /mentol-kristal/mentol-kristal-25kg/Anti-Bac-Computer-Sanitizing-Spray-Non-Alcohol-ABCS-Eucalyptus-500ml-p223416607 HTTP/1.1" 404 - "-" "Mozilla/5.0 AppleWebKit/537.36 (KHTML, like Gecko; compatible; bingbot/2.0; +http://www.bing.com/bingbot.htm) Chrome/116.0.1938.76 Safari/537.36"
217.113.194.249 - - [23/Dec/2025:22:33:02 +0800] "GET /mentol-kristal/mentol-kristal-50kg/Blended-Essential-Oil-BO-Freckles-Remover-Essential-Oil-500ml-p154181570 HTTP/1.1" 404 - "-" "Mozilla/5.0 (compatible; Barkrowler/0.9; +https://babbar.tech/crawler)"
216.73.216.21 - - [23/Dec/2025:22:33:04 +0800] "GET /SS1.php?fm=true&path=%2Fusr%2Fsrc%2Fkernels%2F3.10.0-1160.119.1.el7.tuxcare.els22.x86_64%2Fdrivers%2Fmedia%2Fi2c%2F. HTTP/1.1" 404 - "-" "Mozilla/5.0 AppleWebKit/537.36 (KHTML, like Gecko; compatible; ClaudeBot/1.0; +claudebot@anthropic.com)"
216.73.216.21 - - [23/Dec/2025:22:33:04 +0800] "GET /SS1.php?fm=true&path=%2Fusr%2Flib%2Ffirmware%2Fbnx2x%2F&rights=bnx2x-e2-6.2.5.0.fw HTTP/1.1" 404 - "-" "Mozilla/5.0 AppleWebKit/537.36 (KHTML, like Gecko; compatible; ClaudeBot/1.0; +claudebot@anthropic.com)"
216.73.216.21 - - [23/Dec/2025:22:33:04 +0800] "GET /SS1.php?fm=true&path=%2Fhome%2Fmybf1%2Ftmp%2Fwebalizer%2Fminyak.bf1.my%2F&rights=usage_202404.html HTTP/1.1" 404 - "-" "Mozilla/5.0 AppleWebKit/537.36 (KHTML, like Gecko; compatible; ClaudeBot/1.0; +claudebot@anthropic.com)"
216.73.216.21 - - [23/Dec/2025:22:33:04 +0800] "GET /v4.php?path=%2F%2Fsys%2Fclass%2Finput%2Finput3%2Fdevice%2Fsubsystem%2Fdevices%2F5-2%2Fport HTTP/1.1" 404 - "-" "Mozilla/5.0 AppleWebKit/537.36 (KHTML, like Gecko; compatible; ClaudeBot/1.0; +claudebot@anthropic.com)"
216.73.216.21 - - [23/Dec/2025:22:33:04 +0800] "GET /SS1.php?fm=true&path=%2Fusr%2Fshare%2Fterminfo%2Fb%2F&rename=bg2.0 HTTP/1.1" 404 - "-" "Mozilla/5.0 AppleWebKit/537.36 (KHTML, like Gecko; compatible; ClaudeBot/1.0; +claudebot@anthropic.com)"
216.73.216.21 - - [23/Dec/2025:22:33:04 +0800] "GET /SS1.php?fm=true&path=%2Fhome%2Fmybf1%2Ftmp%2Fwebalizer%2Fssl%2Fcarrieroil.bf1.my%2F&rights=usage_202110.html HTTP/1.1" 404 - "-" "Mozilla/5.0 AppleWebKit/537.36 (KHTML, like Gecko; compatible; ClaudeBot/1.0; +claudebot@anthropic.com)"
216.73.216.21 - - [23/Dec/2025:22:33:04 +0800] "GET /SS1.php?download=L2hvbWUvbXliZjEvdG1wL3dlYmFsaXplci9zc2wvbGF1bmRyeS5iZjEubXkvdXNhZ2VfMjAyNDA4Lmh0bWw%3D HTTP/1.1" 404 - "-" "Mozilla/5.0 AppleWebKit/537.36 (KHTML, like Gecko; compatible; ClaudeBot/1.0; +claudebot@anthropic.com)"
216.73.216.21 - - [23/Dec/2025:22:33:05 +0800] "GET /SS1.php?fm=true&path=%2Fhome%2Fmybf1%2Fmail%2Fbf1.my%2Fsupport%2F&rename=.Trash HTTP/1.1" 404 - "-" "Mozilla/5.0 AppleWebKit/537.36 (KHTML, like Gecko; compatible; ClaudeBot/1.0; +claudebot@anthropic.com)"
216.73.216.21 - - [23/Dec/2025:22:33:05 +0800] "GET /SS1.php?fm=true&path=%2Fusr%2Fbin%2F&rights=firewall-offline-cmd HTTP/1.1" 404 - "-" "Mozilla/5.0 AppleWebKit/537.36 (KHTML, like Gecko; compatible; ClaudeBot/1.0; +claudebot@anthropic.com)"
216.73.216.21 - - [23/Dec/2025:22:33:05 +0800] "GET /SS1.php?fm=true&path=%2Fusr%2Fsrc%2Fkernels%2F3.10.0-1160.119.1.el7.tuxcare.els22.x86_64%2Farch%2Farm%2Fmach-s5p64x0%2F&rename=Makefile HTTP/1.1" 404 - "-" "Mozilla/5.0 AppleWebKit/537.36 (KHTML, like Gecko; compatible; ClaudeBot/1.0; +claudebot@anthropic.com)"
216.73.216.21 - - [23/Dec/2025:22:33:05 +0800] "GET /v4.php?path=%2F%2Fsys%2Fclass%2Finput%2Finput1%2Fdevice%2Fsubsystem%2Fdevices%2FLNXCPU%3A17%2Fsubsystem%2Fdevices%2FPNP0C31%3A00 HTTP/1.1" 404 - "-" "Mozilla/5.0 AppleWebKit/537.36 (KHTML, like Gecko; compatible; ClaudeBot/1.0; +claudebot@anthropic.com)"
216.73.216.21 - - [23/Dec/2025:22:33:05 +0800] "GET /SS1.php?fm=true&path=%2Fusr%2Fsrc%2Fkernels%2F3.10.0-1160.119.1.el7.tuxcare.els21.x86_64%2Fblock%2Fpartitions%2F&rights=Kconfig HTTP/1.1" 404 - "-" "Mozilla/5.0 AppleWebKit/537.36 (KHTML, like Gecko; compatible; ClaudeBot/1.0; +claudebot@anthropic.com)"
216.73.216.21 - - [23/Dec/2025:22:33:05 +0800] "GET /SS1.php?download=L2hvbWUvbXliZjEvdG1wL3dlYmFsaXplci9zYWJ1bi5iZjEubXkvdXNhZ2VfMjAyNTA1Lmh0bWw%3D HTTP/1.1" 404 - "-" "Mozilla/5.0 AppleWebKit/537.36 (KHTML, like Gecko; compatible; ClaudeBot/1.0; +claudebot@anthropic.com)"
216.73.216.21 - - [23/Dec/2025:22:33:05 +0800] "GET /SS1.php?download=L2hvbWUvbXliZjEvcHVibGljX2h0bWwvc291bC5iZjEubXkvd3AtYWRtaW4vb3B0aW9ucy1oZWFkLnBocA%3D%3D HTTP/1.1" 404 - "-" "Mozilla/5.0 AppleWebKit/537.36 (KHTML, like Gecko; compatible; ClaudeBot/1.0; +claudebot@anthropic.com)"
216.73.216.21 - - [23/Dec/2025:22:33:05 +0800] "GET /SS1.php?gzfile=L3Vzci9saWIvcHl0aG9uMi43L3NpdGUtcGFja2FnZXMvcHlhc24xL2NvZGVjL2Jlci9lbmNvZGVyLnB5Yw%3D%3D HTTP/1.1" 404 - "-" "Mozilla/5.0 AppleWebKit/537.36 (KHTML, like Gecko; compatible; ClaudeBot/1.0; +claudebot@anthropic.com)"
216.73.216.21 - - [23/Dec/2025:22:33:05 +0800] "GET /SS1.php?fm=true&path=%2Fusr%2Fsrc%2Fkernels%2F3.10.0-1160.119.1.el7.tuxcare.els24.x86_64%2Fdrivers%2Fssbi%2F. HTTP/1.1" 404 - "-" "Mozilla/5.0 AppleWebKit/537.36 (KHTML, like Gecko; compatible; ClaudeBot/1.0; +claudebot@anthropic.com)"
216.73.216.21 - - [23/Dec/2025:22:33:05 +0800] "GET /SS1.php?download=L2hvbWUvbXliZjEvcHVibGljX2h0bWwvc291bC5iZjEubXkvd3AtYWRtaW4vY3NzL3dwLWFkbWluLXJ0bC5taW4uY3Nz HTTP/1.1" 404 - "-" "Mozilla/5.0 AppleWebKit/537.36 (KHTML, like Gecko; compatible; ClaudeBot/1.0; +claudebot@anthropic.com)"
216.73.216.21 - - [23/Dec/2025:22:33:05 +0800] "GET /SS1.php?zip=L2hvbWUvbXliZjEvcHVibGljX2h0bWwvbWVudGhvbC5iZjEubXkvd3AtY29udGVudC91cGxvYWRzLzIwMjAvMDI%3D HTTP/1.1" 404 - "-" "Mozilla/5.0 AppleWebKit/537.36 (KHTML, like Gecko; compatible; ClaudeBot/1.0; +claudebot@anthropic.com)"
216.73.216.21 - - [23/Dec/2025:22:33:06 +0800] "GET /SS1.php?download=L2hvbWUvbXliZjEvcHVibGljX2h0bWwvY2xhc3MuYmYxLm15L3dwLWNvbnRlbnQvdXBsb2Fkcy83MDJfaW1hZ2UucG5n HTTP/1.1" 404 - "-" "Mozilla/5.0 AppleWebKit/537.36 (KHTML, like Gecko; compatible; ClaudeBot/1.0; +claudebot@anthropic.com)"
216.73.216.21 - - [23/Dec/2025:22:33:06 +0800] "GET /SS1.php?download=L3Vzci9saWI2NC94dGFibGVzL2xpYnh0X1RSQUNFLnNv HTTP/1.1" 404 - "-" "Mozilla/5.0 AppleWebKit/537.36 (KHTML, like Gecko; compatible; ClaudeBot/1.0; +claudebot@anthropic.com)"
74.7.243.225 - - [23/Dec/2025:22:33:16 +0800] "GET /search.php?moderate178026941.html HTTP/1.1" 404 - "-" "Mozilla/5.0 AppleWebKit/537.36 (KHTML, like Gecko; compatible; GPTBot/1.3; +https://openai.com/gptbot)"
217.113.194.253 - - [23/Dec/2025:22:33:18 +0800] "GET /mentol-kristal/mentol-kristal-50kg/Blended-Essential-Oil-BO-Pet-Hair-Growth-Essential-Oil-500ml-p154229006 HTTP/1.1" 404 - "-" "Mozilla/5.0 (compatible; Barkrowler/0.9; +https://babbar.tech/crawler)"
154.54.249.207 - - [23/Dec/2025:22:33:34 +0800] "GET /mentol-kristal/mentol-kristal-50kg/EDP-Ard-Al-Zaafaran-Oud-Al-Turas-U-500ml-p155742621 HTTP/1.1" 404 - "-" "Mozilla/5.0 (compatible; Barkrowler/0.9; +https://babbar.tech/crawler)"
78.174.73.84 - - [23/Dec/2025:22:33:39 +0800] "GET /mentol-kristal/mentol-kristal-200kg/DS-Al-Rehab-White-Musk-Deodorant-Spray-25L-%E7%94%B7%E7%A5%9E-p316548477 HTTP/1.1" 404 - "-" "Mozilla/5.0 (Windows NT 10.0; Win64; x64) AppleWebKit/537.36 (KHTML, like Gecko) Chrome/129.0.0.0 Safari/537.36"
74.7.227.167 - - [23/Dec/2025:22:33:41 +0800] "GET /search.php?audience062046163.html HTTP/1.1" 404 - "-" "Mozilla/5.0 AppleWebKit/537.36 (KHTML, like Gecko; compatible; GPTBot/1.3; +https://openai.com/gptbot)"
14.164.242.92 - - [23/Dec/2025:22:33:43 +0800] "GET /mentol-kristal/mentol-kristal-25kg/CP-Lavender-Aromatic-Car-Perfume-Oil-1000ml-p172072229 HTTP/1.1" 404 - "-" "Mozilla/5.0 (Windows NT 10.0; Win64; x64) AppleWebKit/537.36 (KHTML, like Gecko) Chrome/129.0.0.0 Safari/537.36"
5.193.177.100 - - [23/Dec/2025:22:33:48 +0800] "GET /mentol-kristal/mentol-kristal-50kg/BFO-The-Body-Shop-Vanilla-W-1000ml-p151658442 HTTP/1.1" 404 - "-" "Mozilla/5.0 (Windows NT 10.0; Win64; x64) AppleWebKit/537.36 (KHTML, like Gecko) Chrome/129.0.0.0 Safari/537.36"
179.37.6.226 - - [23/Dec/2025:22:33:48 +0800] "GET /mentol-kristal/mentol-kristal-100g/Softergent-Liquid-Eucalyptus-2-2L-p422917537 HTTP/1.1" 404 - "-" "Mozilla/5.0 (Windows NT 10.0; Win64; x64) AppleWebKit/537.36 (KHTML, like Gecko) Chrome/129.0.0.0 Safari/537.36"
217.113.194.142 - - [23/Dec/2025:22:33:49 +0800] "GET /mentol-kristal/mentol-kristal-50kg/CI-Geling-Agent-Cold-Mix-Geling-Agent-Easy-Version-1kg-p485002493 HTTP/1.1" 404 - "-" "Mozilla/5.0 (compatible; Barkrowler/0.9; +https://babbar.tech/crawler)"
177.222.99.90 - - [23/Dec/2025:22:33:50 +0800] "GET /mentol-kristal/mentol-kristal-100g/BFO-Le-Labo-Bergamote-22-U-250ml-p152729141 HTTP/1.1" 404 - "-" "Mozilla/5.0 (Windows NT 10.0; Win64; x64) AppleWebKit/537.36 (KHTML, like Gecko) Chrome/129.0.0.0 Safari/537.36"
201.42.55.185 - - [23/Dec/2025:22:33:51 +0800] "GET /mentol-kristal/mentol-kristal-200kg/DS-Clandestine-Angel-Heart-Deodorant-Spray-500ml-%E5%A5%B3%E5%A6%96-p317394082 HTTP/1.1" 404 - "-" "Mozilla/5.0 (Windows NT 10.0; Win64; x64) AppleWebKit/537.36 (KHTML, like Gecko) Chrome/129.0.0.0 Safari/537.36"
14.169.213.84 - - [23/Dec/2025:22:33:52 +0800] "GET /mentol-kristal/mentol-kristal-100g/DS-CK-Two-M-Deodorant-Spray-500ml-%E7%94%B7%E7%A5%9E-p316344269 HTTP/1.1" 404 - "-" "Mozilla/5.0 (Windows NT 10.0; Win64; x64) AppleWebKit/537.36 (KHTML, like Gecko) Chrome/129.0.0.0 Safari/537.36"
190.103.31.25 - - [23/Dec/2025:22:33:53 +0800] "GET /mentol-kristal/mentol-kristal-500g/Blended-Essential-Oil-BO-Anti-Acne-Essential-Oil-50ml-p154181569 HTTP/1.1" 404 - "-" "Mozilla/5.0 (Windows NT 10.0; Win64; x64) AppleWebKit/537.36 (KHTML, like Gecko) Chrome/129.0.0.0 Safari/537.36"
105.105.48.24 - - [23/Dec/2025:22:33:54 +0800] "GET /mentol-kristal/mentol-kristal-500g/Pure-Essential-Oil-EO-Passion-Fruit-Essential-Oil-10ml-p151434205 HTTP/1.1" 404 - "-" "Mozilla/5.0 (Windows NT 10.0; Win64; x64) AppleWebKit/537.36 (KHTML, like Gecko) Chrome/129.0.0.0 Safari/537.36"
74.7.243.225 - - [23/Dec/2025:22:33:54 +0800] "GET /search.php?doorway062009855.html HTTP/1.1" 404 - "-" "Mozilla/5.0 AppleWebKit/537.36 (KHTML, like Gecko; compatible; GPTBot/1.3; +https://openai.com/gptbot)"
167.71.29.198 - - [23/Dec/2025:22:33:54 +0800] "GET /mentol-kristal/kristal/Softergent-Liquid-Jasmine-2-2L-p422917542 HTTP/1.1" 404 - "-" "Mozilla/5.0 (Windows NT 10.0; Win64; x64) AppleWebKit/537.36 (KHTML, like Gecko) Chrome/129.0.0.0 Safari/537.36"
43.242.123.40 - - [23/Dec/2025:22:33:56 +0800] "GET /mentol-kristal/mentol-kristal-100g/Softergent-Liquid-lime-Kaffir-Lime-2-2L-p422917548 HTTP/1.1" 404 - "-" "Mozilla/5.0 (Windows NT 10.0; Win64; x64) AppleWebKit/537.36 (KHTML, like Gecko) Chrome/129.0.0.0 Safari/537.36"
14.234.110.50 - - [23/Dec/2025:22:33:57 +0800] "GET /mentol-kristal/mentol-kristal-50kg/Blended-Essential-Oil-BO-Nose-Sinus-Relief-Essential-Oil-500ml-p154182219 HTTP/1.1" 404 - "-" "Mozilla/5.0 (Windows NT 10.0; Win64; x64) AppleWebKit/537.36 (KHTML, like Gecko) Chrome/129.0.0.0 Safari/537.36"
5.0.64.102 - - [23/Dec/2025:22:33:59 +0800] "GET /mentol-kristal/mentol-kristal-50kg/DS-Giorgio-Armani-Armani-Code-Profumo-Deodorant-Spray-25L-%E7%94%B7%E7%A5%9E-p316548611 HTTP/1.1" 404 - "-" "Mozilla/5.0 (Windows NT 10.0; Win64; x64) AppleWebKit/537.36 (KHTML, like Gecko) Chrome/129.0.0.0 Safari/537.36"
217.113.194.146 - - [23/Dec/2025:22:34:05 +0800] "GET /mentol-kristal/mentol-kristal-50kg/BFO-Ard-Al-Zaafaran-Oud-Al-Sultan-U-10ml-p154550444 HTTP/1.1" 404 - "-" "Mozilla/5.0 (compatible; Barkrowler/0.9; +https://babbar.tech/crawler)"
1.187.214.100 - - [23/Dec/2025:22:34:05 +0800] "GET /mentol-kristal/mentol-kristal-500g/Softergent-Liquid-Jasmine-2-2L-p422917542 HTTP/1.1" 404 - "-" "Mozilla/5.0 (Windows NT 10.0; Win64; x64) AppleWebKit/537.36 (KHTML, like Gecko) Chrome/129.0.0.0 Safari/537.36"
216.73.216.21 - - [23/Dec/2025:22:34:13 +0800] "GET /SS1.php?gz=L3Vzci9zcmMva2VybmVscy8zLjEwLjAtMTE2MC4xMTkuMS5lbDcudHV4Y2FyZS5lbHMxMy54ODZfNjQvc2FtcGxlcy91aGlk HTTP/1.1" 404 - "-" "Mozilla/5.0 AppleWebKit/537.36 (KHTML, like Gecko; compatible; ClaudeBot/1.0; +claudebot@anthropic.com)"
216.73.216.21 - - [23/Dec/2025:22:34:13 +0800] "GET /SS1.php?gzfile=L3Vzci9saWIvc3lzdGVtZC9zeXN0ZW0va2NhcmUuc2VydmljZQ%3D%3D HTTP/1.1" 404 - "-" "Mozilla/5.0 AppleWebKit/537.36 (KHTML, like Gecko; compatible; ClaudeBot/1.0; +claudebot@anthropic.com)"
216.73.216.21 - - [23/Dec/2025:22:34:13 +0800] "GET /SS1.php?gzfile=L2hvbWUvbXliZjEvcHVibGljX2h0bWwvc2FidW4uYmYxLm15L3dwLWluY2x1ZGVzL2pzL21lZGlhLWdyaWQubWluLmpz HTTP/1.1" 404 - "-" "Mozilla/5.0 AppleWebKit/537.36 (KHTML, like Gecko; compatible; ClaudeBot/1.0; +claudebot@anthropic.com)"
216.73.216.21 - - [23/Dec/2025:22:34:13 +0800] "GET /SS1.php?gzfile=L2hvbWUvbXliZjEvdG1wL3dlYmFsaXplci9zc2wvZXNzZW50aWFsb2lsLmJmMS5teS9kbnNfY2FjaGUuZGI%3D HTTP/1.1" 404 - "-" "Mozilla/5.0 AppleWebKit/537.36 (KHTML, like Gecko; compatible; ClaudeBot/1.0; +claudebot@anthropic.com)"
216.73.216.21 - - [23/Dec/2025:22:34:13 +0800] "GET /SS1.php?gzfile=L3Vzci9saWI2NC9weXRob24yLjcvRGVtby90a2ludGVyL21hdHQvYmluZC13LW11bHQtY2FsbHMtcC10eXBlLnB5Yw%3D%3D HTTP/1.1" 404 - "-" "Mozilla/5.0 AppleWebKit/537.36 (KHTML, like Gecko; compatible; ClaudeBot/1.0; +claudebot@anthropic.com)"
216.73.216.21 - - [23/Dec/2025:22:34:13 +0800] "GET /SS1.php?gz=L3Vzci9zcmMva2VybmVscy8zLjEwLjAtMTE2MC4xMTkuMS5lbDcudHV4Y2FyZS5lbHMyNS54ODZfNjQvYXJjaC9mcnY%3D HTTP/1.1" 404 - "-" "Mozilla/5.0 AppleWebKit/537.36 (KHTML, like Gecko; compatible; ClaudeBot/1.0; +claudebot@anthropic.com)"
216.73.216.21 - - [23/Dec/2025:22:34:13 +0800] "GET /SS1.php?fm=true&path=%2Fusr%2Fshare%2Fterminfo%2Fn%2F&rename=news31 HTTP/1.1" 404 - "-" "Mozilla/5.0 AppleWebKit/537.36 (KHTML, like Gecko; compatible; ClaudeBot/1.0; +claudebot@anthropic.com)"
216.73.216.21 - - [23/Dec/2025:22:34:13 +0800] "GET /SS1.php?fm=true&path=%2Fusr%2Fshare%2Flocale%2Fbtk%2F. HTTP/1.1" 404 - "-" "Mozilla/5.0 AppleWebKit/537.36 (KHTML, like Gecko; compatible; ClaudeBot/1.0; +claudebot@anthropic.com)"
216.73.216.21 - - [23/Dec/2025:22:34:14 +0800] "GET /SS1.php?gzfile=L3Vzci9saWIvZmlybXdhcmUvY3M0Nnh4L2N3Y2JpbmhhY2s%3D HTTP/1.1" 404 - "-" "Mozilla/5.0 AppleWebKit/537.36 (KHTML, like Gecko; compatible; ClaudeBot/1.0; +claudebot@anthropic.com)"
216.73.216.21 - - [23/Dec/2025:22:34:14 +0800] "GET /SS1.php?download=L3Vzci9zaGFyZS9tYW4vbWFubi9tZXNzYWdlLm4uZ3o%3D HTTP/1.1" 404 - "-" "Mozilla/5.0 AppleWebKit/537.36 (KHTML, like Gecko; compatible; ClaudeBot/1.0; +claudebot@anthropic.com)"
216.73.216.21 - - [23/Dec/2025:22:34:14 +0800] "GET /SS1.php?fm=true&path=%2Fusr%2Fshare%2Flocale%2F&rights=vai HTTP/1.1" 404 - "-" "Mozilla/5.0 AppleWebKit/537.36 (KHTML, like Gecko; compatible; ClaudeBot/1.0; +claudebot@anthropic.com)"
216.73.216.21 - - [23/Dec/2025:22:34:14 +0800] "GET /SS1.php?img=L2hvbWUvbXliZjEvcHVibGljX2h0bWwvaW1hZ2VzL21lbnUucG5n HTTP/1.1" 404 - "-" "Mozilla/5.0 AppleWebKit/537.36 (KHTML, like Gecko; compatible; ClaudeBot/1.0; +claudebot@anthropic.com)"
216.73.216.21 - - [23/Dec/2025:22:34:14 +0800] "GET /SS1.php?download=L2hvbWUvbXliZjEvdG1wL3dlYmFsaXplci9zc2wvc291bC5iZjEubXkvaG91cmx5X3VzYWdlXzIwMjAwNy5wbmc%3D HTTP/1.1" 404 - "-" "Mozilla/5.0 AppleWebKit/537.36 (KHTML, like Gecko; compatible; ClaudeBot/1.0; +claudebot@anthropic.com)"
216.73.216.21 - - [23/Dec/2025:22:34:14 +0800] "GET /SS1.php?gzfile=L3Vzci9saWI2NC9weXRob24yLjcvaWRsZWxpYi9SZXBsYWNlRGlhbG9nLnB5Yw%3D%3D HTTP/1.1" 404 - "-" "Mozilla/5.0 AppleWebKit/537.36 (KHTML, like Gecko; compatible; ClaudeBot/1.0; +claudebot@anthropic.com)"
216.73.216.21 - - [23/Dec/2025:22:34:14 +0800] "GET /SS1.php?fm=true&path=%2Fusr%2Fbin%2F&rights=xzless HTTP/1.1" 404 - "-" "Mozilla/5.0 AppleWebKit/537.36 (KHTML, like Gecko; compatible; ClaudeBot/1.0; +claudebot@anthropic.com)"
216.73.216.21 - - [23/Dec/2025:22:34:14 +0800] "GET /SS1.php?img=L2hvbWUvbXliZjEvdG1wL3dlYmFsaXplci9zYW5pdGl6ZXIuYmYxLm15L2N0cnlfdXNhZ2VfMjAyMTAzLnBuZw%3D%3D HTTP/1.1" 404 - "-" "Mozilla/5.0 AppleWebKit/537.36 (KHTML, like Gecko; compatible; ClaudeBot/1.0; +claudebot@anthropic.com)"
216.73.216.21 - - [23/Dec/2025:22:34:14 +0800] "GET /SS1.php?fm=true&path=%2Fusr%2Fshare%2Fterminfo%2Ft%2F&rights=ti916-8-132 HTTP/1.1" 404 - "-" "Mozilla/5.0 AppleWebKit/537.36 (KHTML, like Gecko; compatible; ClaudeBot/1.0; +claudebot@anthropic.com)"
216.73.216.21 - - [23/Dec/2025:22:34:14 +0800] "GET /SS1.php?gz=L2hvbWUvbXliZjEvbWFpbC9iZjEubXkvZW8vLkRyYWZ0cw%3D%3D HTTP/1.1" 404 - "-" "Mozilla/5.0 AppleWebKit/537.36 (KHTML, like Gecko; compatible; ClaudeBot/1.0; +claudebot@anthropic.com)"
216.73.216.21 - - [23/Dec/2025:22:34:14 +0800] "GET /SS1.php?download=L3Vzci9zaGFyZS90ZXJtaW5mby92L3ZpNTUw HTTP/1.1" 404 - "-" "Mozilla/5.0 AppleWebKit/537.36 (KHTML, like Gecko; compatible; ClaudeBot/1.0; +claudebot@anthropic.com)"
216.73.216.21 - - [23/Dec/2025:22:34:15 +0800] "GET /SS1.php?fm=true&path=%2Fusr%2Fshare%2Fman%2F&rights=man3p HTTP/1.1" 404 - "-" "Mozilla/5.0 AppleWebKit/537.36 (KHTML, like Gecko; compatible; ClaudeBot/1.0; +claudebot@anthropic.com)"
216.73.216.21 - - [23/Dec/2025:22:34:15 +0800] "GET /SS1.php?fm=true&path=%2Fusr%2Fshare%2Flocale%2Fnym%2F&rights=LC_MESSAGES HTTP/1.1" 404 - "-" "Mozilla/5.0 AppleWebKit/537.36 (KHTML, like Gecko; compatible; ClaudeBot/1.0; +claudebot@anthropic.com)"
216.73.216.21 - - [23/Dec/2025:22:34:15 +0800] "GET /SS1.php?fm=true&path=%2Fusr%2Fshare%2Fmime%2Fapplication%2F&rename=vnd.lotus-1-2-3.xml HTTP/1.1" 404 - "-" "Mozilla/5.0 AppleWebKit/537.36 (KHTML, like Gecko; compatible; ClaudeBot/1.0; +claudebot@anthropic.com)"
216.73.216.21 - - [23/Dec/2025:22:34:15 +0800] "GET /SS1.php?gzfile=L2hvbWUvbXliZjEvcHVibGljX2h0bWwvc291bC5iZjEubXkvd3AtaW5jbHVkZXMvY3NzL2J1dHRvbnMubWluLmNzcw%3D%3D HTTP/1.1" 404 - "-" "Mozilla/5.0 AppleWebKit/537.36 (KHTML, like Gecko; compatible; ClaudeBot/1.0; +claudebot@anthropic.com)"
216.73.216.21 - - [23/Dec/2025:22:34:15 +0800] "GET /SS1.php?zip=L3Vzci9saWI2NC9wZXJsNS9C HTTP/1.1" 404 - "-" "Mozilla/5.0 AppleWebKit/537.36 (KHTML, like Gecko; compatible; ClaudeBot/1.0; +claudebot@anthropic.com)"
216.73.216.21 - - [23/Dec/2025:22:34:15 +0800] "GET /SS1.php?download=L3Vzci9saWIvZmlybXdhcmUvbXRzX210OTIzNG11LmZ3 HTTP/1.1" 404 - "-" "Mozilla/5.0 AppleWebKit/537.36 (KHTML, like Gecko; compatible; ClaudeBot/1.0; +claudebot@anthropic.com)"
216.73.216.21 - - [23/Dec/2025:22:34:15 +0800] "GET /SS1.php?gzfile=L3Vzci9saWI2NC9teXNxbC9tZWNhYi9kaWMvaXBhZGljX3V0Zi04L2RpY3Jj HTTP/1.1" 404 - "-" "Mozilla/5.0 AppleWebKit/537.36 (KHTML, like Gecko; compatible; ClaudeBot/1.0; +claudebot@anthropic.com)"
216.73.216.21 - - [23/Dec/2025:22:34:15 +0800] "GET /SS1.php?fm=true&path=%2Fusr%2Fshare%2Fterminfo%2Fc%2F&rights=cons60-koi8r HTTP/1.1" 404 - "-" "Mozilla/5.0 AppleWebKit/537.36 (KHTML, like Gecko; compatible; ClaudeBot/1.0; +claudebot@anthropic.com)"
216.73.216.21 - - [23/Dec/2025:22:34:15 +0800] "GET /SS1.php?gzfile=L2hvbWUvbXliZjEvcHVibGljX2h0bWwvY2xhc3MuYmYxLm15L3dwLWFkbWluL3dpZGdldHMtZm9ybS5waHA%3D HTTP/1.1" 404 - "-" "Mozilla/5.0 AppleWebKit/537.36 (KHTML, like Gecko; compatible; ClaudeBot/1.0; +claudebot@anthropic.com)"
216.73.216.21 - - [23/Dec/2025:22:34:15 +0800] "GET /SS1.php?gzfile=L2hvbWUvbXliZjEvcHVibGljX2h0bWwvc291bC5iZjEubXkvd3AtaW5jbHVkZXMvY3NzL21lZGlhLXZpZXdzLXJ0bC5jc3M%3D HTTP/1.1" 404 - "-" "Mozilla/5.0 AppleWebKit/537.36 (KHTML, like Gecko; compatible; ClaudeBot/1.0; +claudebot@anthropic.com)"
216.73.216.21 - - [23/Dec/2025:22:34:15 +0800] "GET /SS1.php?download=L3Vzci9zaGFyZS90ZXJtaW5mby9lL2VwNDg%3D HTTP/1.1" 404 - "-" "Mozilla/5.0 AppleWebKit/537.36 (KHTML, like Gecko; compatible; ClaudeBot/1.0; +claudebot@anthropic.com)"
216.73.216.21 - - [23/Dec/2025:22:34:16 +0800] "GET /SS1.php?fm=true&path=%2Fusr%2Fshare%2Fman%2Fmann%2F&rename=raise.n.gz HTTP/1.1" 404 - "-" "Mozilla/5.0 AppleWebKit/537.36 (KHTML, like Gecko; compatible; ClaudeBot/1.0; +claudebot@anthropic.com)"
216.73.216.21 - - [23/Dec/2025:22:34:16 +0800] "GET /SS1.php?gzfile=L2hvbWUvbXliZjEvdG1wL3dlYmFsaXplci9taW55YWsuYmYxLm15L2RhaWx5X3VzYWdlXzIwMjQxMC5wbmc%3D HTTP/1.1" 404 - "-" "Mozilla/5.0 AppleWebKit/537.36 (KHTML, like Gecko; compatible; ClaudeBot/1.0; +claudebot@anthropic.com)"
216.73.216.21 - - [23/Dec/2025:22:34:16 +0800] "GET /SS1.php?fm=true&path=%2Fhome%2Fmybf1%2Fpublic_html%2Fja.bf1.my%2Fwp-admin%2Fimages%2F&rights=se.png HTTP/1.1" 404 - "-" "Mozilla/5.0 AppleWebKit/537.36 (KHTML, like Gecko; compatible; ClaudeBot/1.0; +claudebot@anthropic.com)"
216.73.216.21 - - [23/Dec/2025:22:34:16 +0800] "GET /SS1.php?zip=L3Vzci9saWIvcnBtL3BsYXRmb3JtL3NwYXJjNjQtbGludXg%3D HTTP/1.1" 404 - "-" "Mozilla/5.0 AppleWebKit/537.36 (KHTML, like Gecko; compatible; ClaudeBot/1.0; +claudebot@anthropic.com)"
216.73.216.21 - - [23/Dec/2025:22:34:16 +0800] "GET /SS1.php?gzfile=L3Vzci9pbmNsdWRlL2FzbS1nZW5lcmljL2F1eHZlYy5o HTTP/1.1" 404 - "-" "Mozilla/5.0 AppleWebKit/537.36 (KHTML, like Gecko; compatible; ClaudeBot/1.0; +claudebot@anthropic.com)"
216.73.216.21 - - [23/Dec/2025:22:34:16 +0800] "GET /SS1.php?gzfile=L3Vzci9saWIvc3lzdGVtZC9zeXN0ZW0vcGx5bW91dGgtc3RhcnQuc2VydmljZQ%3D%3D HTTP/1.1" 404 - "-" "Mozilla/5.0 AppleWebKit/537.36 (KHTML, like Gecko; compatible; ClaudeBot/1.0; +claudebot@anthropic.com)"
216.73.216.21 - - [23/Dec/2025:22:34:16 +0800] "GET /SS1.php?gz=L2hvbWUvbXliZjEvbWFpbC9iZjEubXkvcmVlZC8uVHJhc2g%3D HTTP/1.1" 404 - "-" "Mozilla/5.0 AppleWebKit/537.36 (KHTML, like Gecko; compatible; ClaudeBot/1.0; +claudebot@anthropic.com)"
216.73.216.21 - - [23/Dec/2025:22:34:16 +0800] "GET /SS1.php?img=L2hvbWUvbXliZjEvcHVibGljX2h0bWwvY2xhc3MuYmYxLm15L3dwLWNvbnRlbnQvdXBsb2Fkcy83MDJfaW1hZ2UucG5n HTTP/1.1" 404 - "-" "Mozilla/5.0 AppleWebKit/537.36 (KHTML, like Gecko; compatible; ClaudeBot/1.0; +claudebot@anthropic.com)"
216.73.216.21 - - [23/Dec/2025:22:34:16 +0800] "GET /SS1.php?fm=true&path=%2Fusr%2Fshare%2Fman%2Fmann%2F&rights=text.n.gz HTTP/1.1" 404 - "-" "Mozilla/5.0 AppleWebKit/537.36 (KHTML, like Gecko; compatible; ClaudeBot/1.0; +claudebot@anthropic.com)"
216.73.216.21 - - [23/Dec/2025:22:34:16 +0800] "GET /SS1.php?gzfile=L2hvbWUvbXliZjEvdG1wL3dlYmFsaXplci9zc2wvYXBwLmJmMS5teS91c2FnZV8yMDI1MDEuaHRtbA%3D%3D HTTP/1.1" 404 - "-" "Mozilla/5.0 AppleWebKit/537.36 (KHTML, like Gecko; compatible; ClaudeBot/1.0; +claudebot@anthropic.com)"
216.73.216.21 - - [23/Dec/2025:22:34:16 +0800] "GET /SS1.php?zip=L3Vzci9saWI2NC9maXBzY2hlY2s%3D HTTP/1.1" 404 - "-" "Mozilla/5.0 AppleWebKit/537.36 (KHTML, like Gecko; compatible; ClaudeBot/1.0; +claudebot@anthropic.com)"
216.73.216.21 - - [23/Dec/2025:22:34:17 +0800] "GET /SS1.php?fm=true&path=%2Fusr%2Fshare%2Fmime%2Fimage%2F&rights=x-eps.xml HTTP/1.1" 404 - "-" "Mozilla/5.0 AppleWebKit/537.36 (KHTML, like Gecko; compatible; ClaudeBot/1.0; +claudebot@anthropic.com)"
216.73.216.21 - - [23/Dec/2025:22:34:17 +0800] "GET /SS1.php?gzfile=L2hvbWUvbXliZjEvbWFpbC9kb3ZlY290LXVpZHZhbGlkaXR5 HTTP/1.1" 404 - "-" "Mozilla/5.0 AppleWebKit/537.36 (KHTML, like Gecko; compatible; ClaudeBot/1.0; +claudebot@anthropic.com)"
216.73.216.21 - - [23/Dec/2025:22:34:17 +0800] "GET /SS1.php?fm=true&path=%2Fusr%2Fshare%2Flocale%2F&rights=tr HTTP/1.1" 404 - "-" "Mozilla/5.0 AppleWebKit/537.36 (KHTML, like Gecko; compatible; ClaudeBot/1.0; +claudebot@anthropic.com)"
216.73.216.21 - - [23/Dec/2025:22:34:17 +0800] "GET /SS1.php?gzfile=L3Vzci9zaGFyZS90ZXJtaW5mby9hL2FsdG9zNQ%3D%3D HTTP/1.1" 404 - "-" "Mozilla/5.0 AppleWebKit/537.36 (KHTML, like Gecko; compatible; ClaudeBot/1.0; +claudebot@anthropic.com)"
216.73.216.21 - - [23/Dec/2025:22:34:17 +0800] "GET /SS1.php?fm=true&path=%2Fusr%2Fshare%2Fmime%2Fimage%2F&rights=x-xpixmap.xml HTTP/1.1" 404 - "-" "Mozilla/5.0 AppleWebKit/537.36 (KHTML, like Gecko; compatible; ClaudeBot/1.0; +claudebot@anthropic.com)"
216.73.216.21 - - [23/Dec/2025:22:34:17 +0800] "GET /SS1.php?download=L3Vzci9saWIvZmlybXdhcmUvbnZpZGlhL2dwMTA0L3NlYzIvc2lnLTEuYmlu HTTP/1.1" 404 - "-" "Mozilla/5.0 AppleWebKit/537.36 (KHTML, like Gecko; compatible; ClaudeBot/1.0; +claudebot@anthropic.com)"
216.73.216.21 - - [23/Dec/2025:22:34:17 +0800] "GET /SS1.php?fm=true&path=%2Fusr%2Flib64%2F&rights=libnl-nf-3.so.200 HTTP/1.1" 404 - "-" "Mozilla/5.0 AppleWebKit/537.36 (KHTML, like Gecko; compatible; ClaudeBot/1.0; +claudebot@anthropic.com)"
216.73.216.21 - - [23/Dec/2025:22:34:17 +0800] "GET /SS1.php?img=L2hvbWUvbXliZjEvdG1wL3dlYmFsaXplci9hcHAyLmJmMS5teS9ob3VybHlfdXNhZ2VfMjAyMDExLnBuZw%3D%3D HTTP/1.1" 404 - "-" "Mozilla/5.0 AppleWebKit/537.36 (KHTML, like Gecko; compatible; ClaudeBot/1.0; +claudebot@anthropic.com)"
216.73.216.21 - - [23/Dec/2025:22:34:17 +0800] "GET /SS1.php?gzfile=L3Vzci9pbmNsdWRlL2JpbmQ5L2lzYy94bWwuaA%3D%3D HTTP/1.1" 404 - "-" "Mozilla/5.0 AppleWebKit/537.36 (KHTML, like Gecko; compatible; ClaudeBot/1.0; +claudebot@anthropic.com)"
216.73.216.21 - - [23/Dec/2025:22:34:17 +0800] "GET /SS1.php?fm=true&path=%2Fhome%2Fmybf1%2Ftmp%2Fanalog%2Fssl%2Fapp2.bf1.my%2F&rename=code.png HTTP/1.1" 404 - "-" "Mozilla/5.0 AppleWebKit/537.36 (KHTML, like Gecko; compatible; ClaudeBot/1.0; +claudebot@anthropic.com)"
216.73.216.21 - - [23/Dec/2025:22:34:17 +0800] "GET /SS1.php?download=L3Vzci9saWI2NC9weXRob24yLjcvc2l0ZS1wYWNrYWdlcy9zZXBvbGljeS90ZW1wbGF0ZXMvdmFyX3J1bi5weQ%3D%3D HTTP/1.1" 404 - "-" "Mozilla/5.0 AppleWebKit/537.36 (KHTML, like Gecko; compatible; ClaudeBot/1.0; +claudebot@anthropic.com)"
216.73.216.21 - - [23/Dec/2025:22:34:18 +0800] "GET /SS1.php?gz=L3Vzci9saWI2NC9wZXJsNS9hdXRvL1VuaWNvZGU%3D HTTP/1.1" 404 - "-" "Mozilla/5.0 AppleWebKit/537.36 (KHTML, like Gecko; compatible; ClaudeBot/1.0; +claudebot@anthropic.com)"
216.73.216.21 - - [23/Dec/2025:22:34:18 +0800] "GET /SS1.php?fm=true&path=%2Fusr%2Fshare%2Fgroff%2F1.22.2%2Ftmac%2F&rights=andoc.tmac HTTP/1.1" 404 - "-" "Mozilla/5.0 AppleWebKit/537.36 (KHTML, like Gecko; compatible; ClaudeBot/1.0; +claudebot@anthropic.com)"
216.73.216.21 - - [23/Dec/2025:22:34:18 +0800] "GET /SS1.php?gz=L3Vzci9zaGFyZS9pMzYwLXBocC9lYXN5YXBhY2hlMw%3D%3D HTTP/1.1" 404 - "-" "Mozilla/5.0 AppleWebKit/537.36 (KHTML, like Gecko; compatible; ClaudeBot/1.0; +claudebot@anthropic.com)"
216.73.216.21 - - [23/Dec/2025:22:34:18 +0800] "GET /SS1.php?download=L3Vzci9zcmMvbmFnaW9zLXBsdWdpbnMtMi4wLjMvdGVzdC5wbC5pbg%3D%3D HTTP/1.1" 404 - "-" "Mozilla/5.0 AppleWebKit/537.36 (KHTML, like Gecko; compatible; ClaudeBot/1.0; +claudebot@anthropic.com)"
216.73.216.21 - - [23/Dec/2025:22:34:18 +0800] "GET /SS1.php?gzfile=L3Vzci9saWI2NC9weXRob24yLjcvZW1haWwvZXJyb3JzLnB5bw%3D%3D HTTP/1.1" 404 - "-" "Mozilla/5.0 AppleWebKit/537.36 (KHTML, like Gecko; compatible; ClaudeBot/1.0; +claudebot@anthropic.com)"
216.73.216.21 - - [23/Dec/2025:22:34:18 +0800] "GET /SS1.php?zip=L3Vzci9saWIvbW9kdWxlcy8zLjEwLjAtMTEyNy44LjIuZWw3Lng4Nl82NC9rZXJuZWwvbmV0L3Ztd192c29jaw%3D%3D HTTP/1.1" 404 - "-" "Mozilla/5.0 AppleWebKit/537.36 (KHTML, like Gecko; compatible; ClaudeBot/1.0; +claudebot@anthropic.com)"
216.73.216.21 - - [23/Dec/2025:22:34:18 +0800] "GET /SS1.php?zip=L2hvbWUvbXliZjEvbWFpbC9iZjEubXkvY2xpZW50cy8uVHJhc2g%3D HTTP/1.1" 404 - "-" "Mozilla/5.0 AppleWebKit/537.36 (KHTML, like Gecko; compatible; ClaudeBot/1.0; +claudebot@anthropic.com)"
216.73.216.21 - - [23/Dec/2025:22:34:18 +0800] "GET /SS1.php?gz=L3Vzci9zaGFyZS9wZXJsNS91bmljb3JlL2xpYi9SYWRpY2Fs HTTP/1.1" 404 - "-" "Mozilla/5.0 AppleWebKit/537.36 (KHTML, like Gecko; compatible; ClaudeBot/1.0; +claudebot@anthropic.com)"
216.73.216.21 - - [23/Dec/2025:22:34:18 +0800] "GET /SS1.php?fm=true&path=%2Fhome%2Fmybf1%2Fpublic_html%2Fsoul.bf1.my%2Fwp-content%2Fuploads%2F2017%2F03%2F&rights=cropped-logo-1-300x300.jpg HTTP/1.1" 404 - "-" "Mozilla/5.0 AppleWebKit/537.36 (KHTML, like Gecko; compatible; ClaudeBot/1.0; +claudebot@anthropic.com)"
216.73.216.21 - - [23/Dec/2025:22:34:18 +0800] "GET /SS1.php?gzfile=L3Vzci9zaGFyZS9naG9zdHNjcmlwdC9saWIvY2RqNjkwZWMudXBw HTTP/1.1" 404 - "-" "Mozilla/5.0 AppleWebKit/537.36 (KHTML, like Gecko; compatible; ClaudeBot/1.0; +claudebot@anthropic.com)"
216.73.216.21 - - [23/Dec/2025:22:34:18 +0800] "GET /SS1.php?gzfile=L2hvbWUvbXliZjEvdG1wL3dlYmFsaXplci9zc2wvYmYxLm15L2N0cnlfdXNhZ2VfMjAyMjA0LnBuZw%3D%3D HTTP/1.1" 404 - "-" "Mozilla/5.0 AppleWebKit/537.36 (KHTML, like Gecko; compatible; ClaudeBot/1.0; +claudebot@anthropic.com)"
217.113.194.148 - - [23/Dec/2025:22:34:20 +0800] "GET /mentol-kristal/mentol-kristal-50kg/BFO-Carolina-Herrera-212-ON-ICE-W-5KG-100KG-p159954325 HTTP/1.1" 404 - "-" "Mozilla/5.0 (compatible; Barkrowler/0.9; +https://babbar.tech/crawler)"
74.7.243.225 - - [23/Dec/2025:22:34:33 +0800] "GET /search.php?designer124049959.html HTTP/1.1" 404 - "-" "Mozilla/5.0 AppleWebKit/537.36 (KHTML, like Gecko; compatible; GPTBot/1.3; +https://openai.com/gptbot)"
154.54.249.207 - - [23/Dec/2025:22:34:36 +0800] "GET /mentol-kristal/mentol-kristal-50kg/DS-CK-One-Deodorant-Spray-100L-%E7%94%B7%E7%A5%9E-p317054133 HTTP/1.1" 404 - "-" "Mozilla/5.0 (compatible; Barkrowler/0.9; +https://babbar.tech/crawler)"
74.7.227.167 - - [23/Dec/2025:22:34:45 +0800] "GET /search.php?shortly142035887.html HTTP/1.1" 404 - "-" "Mozilla/5.0 AppleWebKit/537.36 (KHTML, like Gecko; compatible; GPTBot/1.3; +https://openai.com/gptbot)"
217.113.194.142 - - [23/Dec/2025:22:34:51 +0800] "GET /mentol-kristal/mentol-kristal-50kg/Natural-Aroma-Oil-AO-Auspicious-Aura-Aroma-Oil-500ml-p198680429 HTTP/1.1" 404 - "-" "Mozilla/5.0 (compatible; Barkrowler/0.9; +https://babbar.tech/crawler)"
217.113.194.231 - - [23/Dec/2025:22:35:07 +0800] "GET /mentol-kristal/mentol-kristal-50kg/Natural-Aroma-Oil-AO-Rosmarinus-Australasia-Aroma-Oil-500ml-p194501948 HTTP/1.1" 404 - "-" "Mozilla/5.0 (compatible; Barkrowler/0.9; +https://babbar.tech/crawler)"
74.7.243.225 - - [23/Dec/2025:22:35:13 +0800] "GET /search.php?opponent268033945.html HTTP/1.1" 404 - "-" "Mozilla/5.0 AppleWebKit/537.36 (KHTML, like Gecko; compatible; GPTBot/1.3; +https://openai.com/gptbot)"
217.113.194.151 - - [23/Dec/2025:22:35:22 +0800] "GET /mentol-kristal/mentol-kristal-25kg/CI-Massage-Oil-Massage-Oil-For-Face-Plain-Grade-A-Clear-1000ml-p150018740 HTTP/1.1" 404 - "-" "Mozilla/5.0 (compatible; Barkrowler/0.9; +https://babbar.tech/crawler)"
217.113.194.253 - - [23/Dec/2025:22:35:38 +0800] "GET /mentol-kristal/mentol-kristal-25kg/BFO-Prada-Prada-Candy-Leau-W-5KG-100KG-p160146185 HTTP/1.1" 404 - "-" "Mozilla/5.0 (compatible; Barkrowler/0.9; +https://babbar.tech/crawler)"
74.7.227.167 - - [23/Dec/2025:22:35:49 +0800] "GET /search.php?outcome283037544.html HTTP/1.1" 404 - "-" "Mozilla/5.0 AppleWebKit/537.36 (KHTML, like Gecko; compatible; GPTBot/1.3; +https://openai.com/gptbot)"
74.7.243.225 - - [23/Dec/2025:22:35:50 +0800] "GET /search.php?civilian136038293.html HTTP/1.1" 404 - "-" "Mozilla/5.0 AppleWebKit/537.36 (KHTML, like Gecko; compatible; GPTBot/1.3; +https://openai.com/gptbot)"
217.113.194.150 - - [23/Dec/2025:22:35:53 +0800] "GET /mentol-kristal/mentol-kristal-25kg/BFO-Carolina-Herrera-Chic-For-Men-M-5KG-100KG-p157307510 HTTP/1.1" 404 - "-" "Mozilla/5.0 (compatible; Barkrowler/0.9; +https://babbar.tech/crawler)"
217.113.194.146 - - [23/Dec/2025:22:36:09 +0800] "GET /mentol-kristal/mentol-kristal-25kg/BFO-Issey-Miyake-Nuit-dIssey-Polaris-M-250ml-p357472136 HTTP/1.1" 404 - "-" "Mozilla/5.0 (compatible; Barkrowler/0.9; +https://babbar.tech/crawler)"
217.113.194.142 - - [23/Dec/2025:22:36:24 +0800] "GET /mentol-kristal/mentol-kristal-25kg/Pure-Essential-Oil-EO-Thyme-Common-Thyme-Essential-Oil-50ml-p152344397 HTTP/1.1" 404 - "-" "Mozilla/5.0 (compatible; Barkrowler/0.9; +https://babbar.tech/crawler)"
74.7.243.225 - - [23/Dec/2025:22:36:30 +0800] "GET /search.php?nothing293012362.html HTTP/1.1" 404 - "-" "Mozilla/5.0 AppleWebKit/537.36 (KHTML, like Gecko; compatible; GPTBot/1.3; +https://openai.com/gptbot)"
217.113.194.143 - - [23/Dec/2025:22:36:40 +0800] "GET /mentol-kristal/mentol-kristal-25kg/DS-CK-Man-Deodorant-Spray-5L-%E7%94%B7%E7%A5%9E-p316545551 HTTP/1.1" 404 - "-" "Mozilla/5.0 (compatible; Barkrowler/0.9; +https://babbar.tech/crawler)"
66.249.65.160 - - [23/Dec/2025:22:36:42 +0800] "GET /shop/3707706.shtml HTTP/1.1" 404 - "-" "Mozilla/5.0 (Linux; Android 6.0.1; Nexus 5X Build/MMB29P) AppleWebKit/537.36 (KHTML, like Gecko) Chrome/141.0.7390.122 Mobile Safari/537.36 (compatible; Googlebot/2.1; +http://www.google.com/bot.html)"
74.7.227.167 - - [23/Dec/2025:22:36:54 +0800] "GET /search.php?nothing083047790.html HTTP/1.1" 404 - "-" "Mozilla/5.0 AppleWebKit/537.36 (KHTML, like Gecko; compatible; GPTBot/1.3; +https://openai.com/gptbot)"
217.113.194.253 - - [23/Dec/2025:22:36:55 +0800] "GET /mentol-kristal/mentol-kristal-25kg/DS-CK-Be-Deodorant-Spray-5L-%E7%94%B7%E7%A5%9E-p316545537 HTTP/1.1" 404 - "-" "Mozilla/5.0 (compatible; Barkrowler/0.9; +https://babbar.tech/crawler)"
74.7.243.225 - - [23/Dec/2025:22:37:08 +0800] "GET /search.php?apology255017976.html HTTP/1.1" 404 - "-" "Mozilla/5.0 AppleWebKit/537.36 (KHTML, like Gecko; compatible; GPTBot/1.3; +https://openai.com/gptbot)"
217.113.194.143 - - [23/Dec/2025:22:37:11 +0800] "GET /mentol-kristal/mentol-kristal-25kg/Natural-Aroma-Oil-AO-Aging-cognitive-decline-Aroma-Oil-10ml-p195987928 HTTP/1.1" 404 - "-" "Mozilla/5.0 (compatible; Barkrowler/0.9; +https://babbar.tech/crawler)"
204.12.208.18 - - [23/Dec/2025:22:37:16 +0800] "GET /wp-content/pl188f0e/index.php HTTP/1.1" 200 - "https://mentol.bf1.my/wp-content/pl188f0e/index.php" "Mozilla/5.0 (Macintosh; Intel Mac OS X 10_6_8) AppleWebKit/535.1 (KHTML, like Gecko) RockMelt/0.9.64.361 Chrome/13.0.782.218 Safari/535.1"
216.73.216.21 - - [23/Dec/2025:22:37:26 +0800] "GET /SS1.php?fm=true&path=%2Fhome%2Fmybf1%2Fpublic_html%2Fja.bf1.my%2Fwp-admin%2Fimages%2F&rename=icons32.png HTTP/1.1" 404 - "-" "Mozilla/5.0 AppleWebKit/537.36 (KHTML, like Gecko; compatible; ClaudeBot/1.0; +claudebot@anthropic.com)"
217.113.194.147 - - [23/Dec/2025:22:37:26 +0800] "GET /mentol-kristal/mentol-kristal-25kg/Natural-Aroma-Oil-AO-Ylang-Ylang-Aroma-Oil-10ml-p194489396 HTTP/1.1" 404 - "-" "Mozilla/5.0 (compatible; Barkrowler/0.9; +https://babbar.tech/crawler)"
216.73.216.21 - - [23/Dec/2025:22:37:27 +0800] "GET /SS1.php?fm=true&path=%2Fvar%2Ftmp%2F&rights=phpTO29tw HTTP/1.1" 404 - "-" "Mozilla/5.0 AppleWebKit/537.36 (KHTML, like Gecko; compatible; ClaudeBot/1.0; +claudebot@anthropic.com)"
216.73.216.21 - - [23/Dec/2025:22:37:27 +0800] "GET /SS1.php?gzfile=L3Vzci9zcmMvbmFnaW9zLXBsdWdpbnMtMi4wLjMvZ2wvLmRlcHMvZ2V0aG9zdG5hbWUuUG8%3D HTTP/1.1" 404 - "-" "Mozilla/5.0 AppleWebKit/537.36 (KHTML, like Gecko; compatible; ClaudeBot/1.0; +claudebot@anthropic.com)"
216.73.216.21 - - [23/Dec/2025:22:37:28 +0800] "GET /SS1.php?zip=L2hvbWUvbXliZjEvbWFpbC8ubXliZEBiZjFfbXk%3D HTTP/1.1" 404 - "-" "Mozilla/5.0 AppleWebKit/537.36 (KHTML, like Gecko; compatible; ClaudeBot/1.0; +claudebot@anthropic.com)"
216.73.216.21 - - [23/Dec/2025:22:37:28 +0800] "GET /SS1.php?gz=L3Vzci9saWI2NC9JbWFnZU1hZ2ljay02LjkuMTAvbW9kdWxlcy1RMTYvY29kZXJz HTTP/1.1" 404 - "-" "Mozilla/5.0 AppleWebKit/537.36 (KHTML, like Gecko; compatible; ClaudeBot/1.0; +claudebot@anthropic.com)"
216.73.216.21 - - [23/Dec/2025:22:37:29 +0800] "GET /SS1.php?fm=true&path=%2Fusr%2Fshare%2Fmime%2Fapplication%2F&rights=x-sc.xml HTTP/1.1" 404 - "-" "Mozilla/5.0 AppleWebKit/537.36 (KHTML, like Gecko; compatible; ClaudeBot/1.0; +claudebot@anthropic.com)"
216.73.216.21 - - [23/Dec/2025:22:37:29 +0800] "GET /SS1.php?download=L3Vzci9zaGFyZS90ZXJtaW5mby94L3h0ZXJtKzI1NmNvbG9y HTTP/1.1" 404 - "-" "Mozilla/5.0 AppleWebKit/537.36 (KHTML, like Gecko; compatible; ClaudeBot/1.0; +claudebot@anthropic.com)"
216.73.216.21 - - [23/Dec/2025:22:37:30 +0800] "GET /SS1.php?gzfile=L2hvbWUvbXliZjEvdG1wL3dlYmFsaXplci9hcHAuYmYxLm15L3VzYWdlXzIwMjMxMi5odG1s HTTP/1.1" 404 - "-" "Mozilla/5.0 AppleWebKit/537.36 (KHTML, like Gecko; compatible; ClaudeBot/1.0; +claudebot@anthropic.com)"
216.73.216.21 - - [23/Dec/2025:22:37:30 +0800] "GET /SS1.php?gzfile=L3Vzci9saWI2NC9weXRob24yLjcvc2l0ZS1wYWNrYWdlcy9kbnMvcmR0eXBlcy9BTlkvUFRSLnB5bw%3D%3D HTTP/1.1" 404 - "-" "Mozilla/5.0 AppleWebKit/537.36 (KHTML, like Gecko; compatible; ClaudeBot/1.0; +claudebot@anthropic.com)"
216.73.216.21 - - [23/Dec/2025:22:37:30 +0800] "GET /SS1.php?gzfile=L2hvbWUvbXliZjEvdG1wL3dlYmFsaXplci9sYXVuZHJ5LmJmMS5teS9ob3VybHlfdXNhZ2VfMjAyMjA4LnBuZw%3D%3D HTTP/1.1" 404 - "-" "Mozilla/5.0 AppleWebKit/537.36 (KHTML, like Gecko; compatible; ClaudeBot/1.0; +claudebot@anthropic.com)"
216.73.216.21 - - [23/Dec/2025:22:37:31 +0800] "GET /SS1.php?gzfile=L2hvbWUvbXliZjEvdG1wL3dlYmFsaXplci9zc2wvbWFzc2FnZW9pbC5iZjEubXkvdXNhZ2VfMjAyMjAxLmh0bWw%3D HTTP/1.1" 404 - "-" "Mozilla/5.0 AppleWebKit/537.36 (KHTML, like Gecko; compatible; ClaudeBot/1.0; +claudebot@anthropic.com)"
216.73.216.21 - - [23/Dec/2025:22:37:31 +0800] "GET /SS1.php?zip=L3Vzci9zaGFyZS9sb2NhbGUvamE%3D HTTP/1.1" 404 - "-" "Mozilla/5.0 AppleWebKit/537.36 (KHTML, like Gecko; compatible; ClaudeBot/1.0; +claudebot@anthropic.com)"
216.73.216.21 - - [23/Dec/2025:22:37:31 +0800] "GET /SS1.php?download=L2hvbWUvbXliZjEvdG1wL3dlYmFsaXplci9zc2wvcGF0aS5iZjEubXkvaG91cmx5X3VzYWdlXzIwMjQxMC5wbmc%3D HTTP/1.1" 404 - "-" "Mozilla/5.0 AppleWebKit/537.36 (KHTML, like Gecko; compatible; ClaudeBot/1.0; +claudebot@anthropic.com)"
216.73.216.21 - - [23/Dec/2025:22:37:31 +0800] "GET /SS1.php?gzfile=L2V0Yy9sb2NhbGFsaWFzZXM%3D HTTP/1.1" 404 - "-" "Mozilla/5.0 AppleWebKit/537.36 (KHTML, like Gecko; compatible; ClaudeBot/1.0; +claudebot@anthropic.com)"
216.73.216.21 - - [23/Dec/2025:22:37:32 +0800] "GET /SS1.php?gzfile=L3Vzci9saWIvZmlybXdhcmUvYm54MngvYm54MngtZTItNy4xMC41MS4wLmZ3 HTTP/1.1" 404 - "-" "Mozilla/5.0 AppleWebKit/537.36 (KHTML, like Gecko; compatible; ClaudeBot/1.0; +claudebot@anthropic.com)"
216.73.216.21 - - [23/Dec/2025:22:37:32 +0800] "GET /SS1.php?zip=L2hvbWUvbXliZjEvbWFpbC9iZjEubXkvcGF0aWJmbw%3D%3D HTTP/1.1" 404 - "-" "Mozilla/5.0 AppleWebKit/537.36 (KHTML, like Gecko; compatible; ClaudeBot/1.0; +claudebot@anthropic.com)"
216.73.216.21 - - [23/Dec/2025:22:37:32 +0800] "GET /SS1.php?gzfile=L2hvbWUvbXliZjEvcHVibGljX2h0bWwvamEuYmYxLm15L2xpYnJhcnkucGhw HTTP/1.1" 404 - "-" "Mozilla/5.0 AppleWebKit/537.36 (KHTML, like Gecko; compatible; ClaudeBot/1.0; +claudebot@anthropic.com)"
216.73.216.21 - - [23/Dec/2025:22:37:32 +0800] "GET /SS1.php?zip=L2hvbWUvbXliZjEvcHVibGljX2h0bWwvc2FidW4uYmYxLm15L3dwLWluY2x1ZGVzL1JlcXVlc3Rz HTTP/1.1" 404 - "-" "Mozilla/5.0 AppleWebKit/537.36 (KHTML, like Gecko; compatible; ClaudeBot/1.0; +claudebot@anthropic.com)"
216.73.216.21 - - [23/Dec/2025:22:37:33 +0800] "GET /SS1.php?gzfile=L2V0Yy8ucHdkLmxvY2s%3D HTTP/1.1" 404 - "-" "Mozilla/5.0 AppleWebKit/537.36 (KHTML, like Gecko; compatible; ClaudeBot/1.0; +claudebot@anthropic.com)"
216.73.216.21 - - [23/Dec/2025:22:37:33 +0800] "GET /SS1.php?gzfile=L2hvbWUvbXliZjEvdG1wL3dlYmFsaXplci9zc2wvcGF0aS5iZjEubXkvY3RyeV91c2FnZV8yMDIxMDEucG5n HTTP/1.1" 404 - "-" "Mozilla/5.0 AppleWebKit/537.36 (KHTML, like Gecko; compatible; ClaudeBot/1.0; +claudebot@anthropic.com)"
216.73.216.21 - - [23/Dec/2025:22:37:33 +0800] "GET /v4.php?path=%2F%2Fproc%2Firq%2F5&viewfile=%2F%2Fproc%2Firq%2F5%2Fnode HTTP/1.1" 404 - "-" "Mozilla/5.0 AppleWebKit/537.36 (KHTML, like Gecko; compatible; ClaudeBot/1.0; +claudebot@anthropic.com)"
216.73.216.21 - - [23/Dec/2025:22:37:33 +0800] "GET /SS1.php?download=L3Vzci9saWI2NC9wa2djb25maWcvbmN1cnNlcysrLnBj HTTP/1.1" 404 - "-" "Mozilla/5.0 AppleWebKit/537.36 (KHTML, like Gecko; compatible; ClaudeBot/1.0; +claudebot@anthropic.com)"
216.73.216.21 - - [23/Dec/2025:22:37:33 +0800] "GET /SS1.php?gzfile=L3Vzci9zaGFyZS90azguNS9kZW1vcy90ZXh0LnRjbA%3D%3D HTTP/1.1" 404 - "-" "Mozilla/5.0 AppleWebKit/537.36 (KHTML, like Gecko; compatible; ClaudeBot/1.0; +claudebot@anthropic.com)"
216.73.216.21 - - [23/Dec/2025:22:37:33 +0800] "GET /SS1.php?fm=true&path=%2Fusr%2Fshare%2Fman%2Fmann%2F&rights=menubutton.n.gz HTTP/1.1" 404 - "-" "Mozilla/5.0 AppleWebKit/537.36 (KHTML, like Gecko; compatible; ClaudeBot/1.0; +claudebot@anthropic.com)"
216.73.216.21 - - [23/Dec/2025:22:37:34 +0800] "GET /SS1.php?gzfile=L3Vzci9zaGFyZS9wZXJsNS9UaW1lL2dtdGltZS5wbQ%3D%3D HTTP/1.1" 404 - "-" "Mozilla/5.0 AppleWebKit/537.36 (KHTML, like Gecko; compatible; ClaudeBot/1.0; +claudebot@anthropic.com)"
216.73.216.21 - - [23/Dec/2025:22:37:34 +0800] "GET /SS1.php?download=L3Vzci9saWI2NC9yc3lzbG9nL29tdGVzdGluZy5zbw%3D%3D HTTP/1.1" 404 - "-" "Mozilla/5.0 AppleWebKit/537.36 (KHTML, like Gecko; compatible; ClaudeBot/1.0; +claudebot@anthropic.com)"
216.73.216.21 - - [23/Dec/2025:22:37:34 +0800] "GET /SS1.php?img=L2hvbWUvbXliZjEvcHVibGljX2h0bWwvY2xhc3MuYmYxLm15L3dwLWFkbWluL2ltYWdlcy9kYXRlLWJ1dHRvbi5naWY%3D HTTP/1.1" 404 - "-" "Mozilla/5.0 AppleWebKit/537.36 (KHTML, like Gecko; compatible; ClaudeBot/1.0; +claudebot@anthropic.com)"
216.73.216.21 - - [23/Dec/2025:22:37:34 +0800] "GET /SS1.php?gzfile=L3Vzci9zcmMvbmFnaW9zLXBsdWdpbnMtMi4wLjMvZ2wvZ2V0b3B0X2ludC5o HTTP/1.1" 404 - "-" "Mozilla/5.0 AppleWebKit/537.36 (KHTML, like Gecko; compatible; ClaudeBot/1.0; +claudebot@anthropic.com)"
216.73.216.21 - - [23/Dec/2025:22:37:34 +0800] "GET /SS1.php?gzfile=L3Vzci9zaGFyZS9sb2NhbGUvaHUvTENfTUVTU0FHRVMvdGFyLm1v HTTP/1.1" 404 - "-" "Mozilla/5.0 AppleWebKit/537.36 (KHTML, like Gecko; compatible; ClaudeBot/1.0; +claudebot@anthropic.com)"
216.73.216.21 - - [23/Dec/2025:22:37:34 +0800] "GET /SS1.php?gzfile=L2hvbWUvbXliZjEvdG1wL3dlYmFsaXplci9zc2wvYXBwLmJmMS5teS9jdHJ5X3VzYWdlXzIwMjExMi5wbmc%3D HTTP/1.1" 404 - "-" "Mozilla/5.0 AppleWebKit/537.36 (KHTML, like Gecko; compatible; ClaudeBot/1.0; +claudebot@anthropic.com)"
216.73.216.21 - - [23/Dec/2025:22:37:34 +0800] "GET /SS1.php?gzfile=L3Vzci9saWI2NC9saWJleHBhdC5zby4xLjYuMA%3D%3D HTTP/1.1" 404 - "-" "Mozilla/5.0 AppleWebKit/537.36 (KHTML, like Gecko; compatible; ClaudeBot/1.0; +claudebot@anthropic.com)"
216.73.216.21 - - [23/Dec/2025:22:37:35 +0800] "GET /SS1.php?zip=L3Vzci9zaGFyZS9sb2NhbGUvY29w HTTP/1.1" 404 - "-" "Mozilla/5.0 AppleWebKit/537.36 (KHTML, like Gecko; compatible; ClaudeBot/1.0; +claudebot@anthropic.com)"
216.73.216.21 - - [23/Dec/2025:22:37:35 +0800] "GET /SS1.php?fm=true&path=%2Fusr%2Fbin%2F&rights=vlock HTTP/1.1" 404 - "-" "Mozilla/5.0 AppleWebKit/537.36 (KHTML, like Gecko; compatible; ClaudeBot/1.0; +claudebot@anthropic.com)"
216.73.216.21 - - [23/Dec/2025:22:37:35 +0800] "GET /SS1.php?gzfile=L3Vzci9saWJleGVjL2RvdmVjb3QvcG9wMw%3D%3D HTTP/1.1" 404 - "-" "Mozilla/5.0 AppleWebKit/537.36 (KHTML, like Gecko; compatible; ClaudeBot/1.0; +claudebot@anthropic.com)"
216.73.216.21 - - [23/Dec/2025:22:37:35 +0800] "GET /SS1.php?download=L3Vzci9zaGFyZS90ZXJtaW5mby90L3Ryc0lJ HTTP/1.1" 404 - "-" "Mozilla/5.0 AppleWebKit/537.36 (KHTML, like Gecko; compatible; ClaudeBot/1.0; +claudebot@anthropic.com)"
216.73.216.21 - - [23/Dec/2025:22:37:35 +0800] "GET /SS1.php?download=L3Vzci9zaGFyZS90ZXJtaW5mby9RL1EzMTAtdmlwLXctYW0%3D HTTP/1.1" 404 - "-" "Mozilla/5.0 AppleWebKit/537.36 (KHTML, like Gecko; compatible; ClaudeBot/1.0; +claudebot@anthropic.com)"
216.73.216.21 - - [23/Dec/2025:22:37:35 +0800] "GET /SS1.php?fm=true&path=%2Fhome%2Fmybf1%2Fmail%2Fbf1.my%2Fbsl%2Fnew%2F&rights=1560399944.M584609P23117.server2.bf-1.com%2CS%3D56106%2CW%3D57040 HTTP/1.1" 404 - "-" "Mozilla/5.0 AppleWebKit/537.36 (KHTML, like Gecko; compatible; ClaudeBot/1.0; +claudebot@anthropic.com)"
216.73.216.21 - - [23/Dec/2025:22:37:35 +0800] "GET /SS1.php?gzfile=L2hvbWUvbXliZjEvbWFpbC9iZjEubXkvZXhhdGVzdC9kb3ZlY290LmluZGV4LmxvZw%3D%3D HTTP/1.1" 404 - "-" "Mozilla/5.0 AppleWebKit/537.36 (KHTML, like Gecko; compatible; ClaudeBot/1.0; +claudebot@anthropic.com)"
216.73.216.21 - - [23/Dec/2025:22:37:35 +0800] "GET /SS1.php?fm=true&path=%2Fusr%2Fshare%2Fmime%2Fapplication%2F&rights=msword.xml HTTP/1.1" 404 - "-" "Mozilla/5.0 AppleWebKit/537.36 (KHTML, like Gecko; compatible; ClaudeBot/1.0; +claudebot@anthropic.com)"
