216.73.216.21 - - [23/Dec/2025:20:24:59 +0800] "GET /highroller-casino-review HTTP/1.1" 404 - "-" "Mozilla/5.0 AppleWebKit/537.36 (KHTML, like Gecko; compatible; ClaudeBot/1.0; +claudebot@anthropic.com)"
216.73.216.21 - - [23/Dec/2025:20:24:59 +0800] "GET /?w=318793 HTTP/1.1" 200 445945 "-" "Mozilla/5.0 AppleWebKit/537.36 (KHTML, like Gecko; compatible; ClaudeBot/1.0; +claudebot@anthropic.com)"
216.73.216.21 - - [23/Dec/2025:20:24:59 +0800] "GET /bet365-slots/embed HTTP/1.1" 404 - "-" "Mozilla/5.0 AppleWebKit/537.36 (KHTML, like Gecko; compatible; ClaudeBot/1.0; +claudebot@anthropic.com)"
216.73.216.21 - - [23/Dec/2025:20:24:59 +0800] "GET /joel-robuchon-casino-montreal HTTP/1.1" 404 - "-" "Mozilla/5.0 AppleWebKit/537.36 (KHTML, like Gecko; compatible; ClaudeBot/1.0; +claudebot@anthropic.com)"
216.73.216.21 - - [23/Dec/2025:20:24:59 +0800] "GET /bez-rubriki/bundesliga-tipp-prognose-7-spieltag HTTP/1.1" 404 - "-" "Mozilla/5.0 AppleWebKit/537.36 (KHTML, like Gecko; compatible; ClaudeBot/1.0; +claudebot@anthropic.com)"
216.73.216.21 - - [23/Dec/2025:20:24:59 +0800] "GET /free-slots-win-money-instantly HTTP/1.1" 404 - "-" "Mozilla/5.0 AppleWebKit/537.36 (KHTML, like Gecko; compatible; ClaudeBot/1.0; +claudebot@anthropic.com)"
216.73.216.21 - - [23/Dec/2025:20:24:59 +0800] "GET /?store-page=BFO-Christian-Dior-Jadore-Lumiere-W-1000ml-p151630357 HTTP/1.1" 200 446566 "-" "Mozilla/5.0 AppleWebKit/537.36 (KHTML, like Gecko; compatible; ClaudeBot/1.0; +claudebot@anthropic.com)"
216.73.216.21 - - [23/Dec/2025:20:24:59 +0800] "GET /online-roulette-game-real-money-usa HTTP/1.1" 404 - "-" "Mozilla/5.0 AppleWebKit/537.36 (KHTML, like Gecko; compatible; ClaudeBot/1.0; +claudebot@anthropic.com)"
216.73.216.21 - - [23/Dec/2025:20:24:59 +0800] "GET /gambling-book-buyer-demographics HTTP/1.1" 404 - "-" "Mozilla/5.0 AppleWebKit/537.36 (KHTML, like Gecko; compatible; ClaudeBot/1.0; +claudebot@anthropic.com)"
216.73.216.21 - - [23/Dec/2025:20:24:59 +0800] "GET /bez-rubriki/beste-asiatische-wettanbieter HTTP/1.1" 404 - "-" "Mozilla/5.0 AppleWebKit/537.36 (KHTML, like Gecko; compatible; ClaudeBot/1.0; +claudebot@anthropic.com)"
216.73.216.21 - - [23/Dec/2025:20:25:00 +0800] "GET /casino-pier/embed HTTP/1.1" 404 - "-" "Mozilla/5.0 AppleWebKit/537.36 (KHTML, like Gecko; compatible; ClaudeBot/1.0; +claudebot@anthropic.com)"
216.73.216.21 - - [23/Dec/2025:20:25:00 +0800] "GET /water-healing HTTP/1.1" 404 - "-" "Mozilla/5.0 AppleWebKit/537.36 (KHTML, like Gecko; compatible; ClaudeBot/1.0; +claudebot@anthropic.com)"
216.73.216.21 - - [23/Dec/2025:20:25:00 +0800] "GET /mo-play-casino HTTP/1.1" 404 - "-" "Mozilla/5.0 AppleWebKit/537.36 (KHTML, like Gecko; compatible; ClaudeBot/1.0; +claudebot@anthropic.com)"
216.73.216.21 - - [23/Dec/2025:20:25:00 +0800] "GET /?+AND+1=1+OR+%28%3C%27%22%3EiKO%29%29%2C&mode=%27nvOpzp HTTP/1.1" 200 446434 "-" "Mozilla/5.0 AppleWebKit/537.36 (KHTML, like Gecko; compatible; ClaudeBot/1.0; +claudebot@anthropic.com)"
216.73.216.21 - - [23/Dec/2025:20:25:00 +0800] "GET /bez-rubriki/que-significa-cuota-en-apuestas HTTP/1.1" 404 - "-" "Mozilla/5.0 AppleWebKit/537.36 (KHTML, like Gecko; compatible; ClaudeBot/1.0; +claudebot@anthropic.com)"
216.73.216.21 - - [23/Dec/2025:20:25:00 +0800] "GET /eagle-pass-lucky-eagle-casino HTTP/1.1" 404 - "-" "Mozilla/5.0 AppleWebKit/537.36 (KHTML, like Gecko; compatible; ClaudeBot/1.0; +claudebot@anthropic.com)"
216.73.216.21 - - [23/Dec/2025:20:25:00 +0800] "GET /?w=250132 HTTP/1.1" 200 446647 "-" "Mozilla/5.0 AppleWebKit/537.36 (KHTML, like Gecko; compatible; ClaudeBot/1.0; +claudebot@anthropic.com)"
216.73.216.21 - - [23/Dec/2025:20:25:00 +0800] "GET /wp-content/?C=S&O=A HTTP/1.1" 200 1844 "-" "Mozilla/5.0 AppleWebKit/537.36 (KHTML, like Gecko; compatible; ClaudeBot/1.0; +claudebot@anthropic.com)"
216.73.216.21 - - [23/Dec/2025:20:25:00 +0800] "GET /free-at-the-casino HTTP/1.1" 404 - "-" "Mozilla/5.0 AppleWebKit/537.36 (KHTML, like Gecko; compatible; ClaudeBot/1.0; +claudebot@anthropic.com)"
216.73.216.21 - - [23/Dec/2025:20:25:00 +0800] "GET /free-slot-games-no-download HTTP/1.1" 404 - "-" "Mozilla/5.0 AppleWebKit/537.36 (KHTML, like Gecko; compatible; ClaudeBot/1.0; +claudebot@anthropic.com)"
216.73.216.21 - - [23/Dec/2025:20:25:00 +0800] "GET /wp-includes/js/imgareaselect/?C=S&O=A HTTP/1.1" 404 - "-" "Mozilla/5.0 AppleWebKit/537.36 (KHTML, like Gecko; compatible; ClaudeBot/1.0; +claudebot@anthropic.com)"
216.73.216.21 - - [23/Dec/2025:20:25:01 +0800] "GET /online-casino-echeck HTTP/1.1" 404 - "-" "Mozilla/5.0 AppleWebKit/537.36 (KHTML, like Gecko; compatible; ClaudeBot/1.0; +claudebot@anthropic.com)"
216.73.216.21 - - [23/Dec/2025:20:25:01 +0800] "GET /what-city-is-foxwoods-casino-in HTTP/1.1" 404 - "-" "Mozilla/5.0 AppleWebKit/537.36 (KHTML, like Gecko; compatible; ClaudeBot/1.0; +claudebot@anthropic.com)"
216.73.216.21 - - [23/Dec/2025:20:25:01 +0800] "GET /bez-rubriki/wetten-auszahlung HTTP/1.1" 404 - "-" "Mozilla/5.0 AppleWebKit/537.36 (KHTML, like Gecko; compatible; ClaudeBot/1.0; +claudebot@anthropic.com)"
66.249.65.174 - - [23/Dec/2025:20:25:04 +0800] "GET /shop/7037808.shtml HTTP/1.1" 404 - "-" "Mozilla/5.0 (compatible; Googlebot/2.1; +http://www.google.com/bot.html)"
217.113.194.147 - - [23/Dec/2025:20:25:05 +0800] "GET /mentol-kristal/mentol-kristal-1kg/NAP-Christian-Dior-Dior-Addict-Eau-Fraiche-W-1000ml-p164360387 HTTP/1.1" 404 - "-" "Mozilla/5.0 (compatible; Barkrowler/0.9; +https://babbar.tech/crawler)"
74.7.243.225 - - [23/Dec/2025:20:25:13 +0800] "GET /search.php?planning217048134.html HTTP/1.1" 404 - "-" "Mozilla/5.0 AppleWebKit/537.36 (KHTML, like Gecko; compatible; GPTBot/1.3; +https://openai.com/gptbot)"
217.113.194.249 - - [23/Dec/2025:20:25:21 +0800] "GET /mentol-kristal/mentol-kristal-1kg/Clearance-Stock-BFO-Swiss-Arabian-Kulsum-W-1000ml-p417468507 HTTP/1.1" 404 - "-" "Mozilla/5.0 (compatible; Barkrowler/0.9; +https://babbar.tech/crawler)"
47.128.121.159 - - [23/Dec/2025:20:25:24 +0800] "GET /mentol-kristal/mentol-kristal-5kg/Massage-Oil-MO-c38009014 HTTP/1.1" 404 - "-" "Mozilla/5.0 (Linux; Android 5.0) AppleWebKit/537.36 (KHTML, like Gecko) Mobile Safari/537.36 (compatible; TikTokSpider; ttspider-feedback@tiktok.com)"
216.73.216.21 - - [23/Dec/2025:20:25:29 +0800] "GET /slot-free-machine HTTP/1.1" 404 - "-" "Mozilla/5.0 AppleWebKit/537.36 (KHTML, like Gecko; compatible; ClaudeBot/1.0; +claudebot@anthropic.com)"
216.73.216.21 - - [23/Dec/2025:20:25:29 +0800] "GET /the-diamond-casino HTTP/1.1" 404 - "-" "Mozilla/5.0 AppleWebKit/537.36 (KHTML, like Gecko; compatible; ClaudeBot/1.0; +claudebot@anthropic.com)"
216.73.216.21 - - [23/Dec/2025:20:25:29 +0800] "GET /slots-offer-big-jackpot-chances HTTP/1.1" 404 - "-" "Mozilla/5.0 AppleWebKit/537.36 (KHTML, like Gecko; compatible; ClaudeBot/1.0; +claudebot@anthropic.com)"
216.73.216.21 - - [23/Dec/2025:20:25:29 +0800] "GET /online-gambling-laws-ny HTTP/1.1" 404 - "-" "Mozilla/5.0 AppleWebKit/537.36 (KHTML, like Gecko; compatible; ClaudeBot/1.0; +claudebot@anthropic.com)"
216.73.216.21 - - [23/Dec/2025:20:25:29 +0800] "GET /big-fish-games-casino HTTP/1.1" 404 - "-" "Mozilla/5.0 AppleWebKit/537.36 (KHTML, like Gecko; compatible; ClaudeBot/1.0; +claudebot@anthropic.com)"
217.113.194.149 - - [23/Dec/2025:20:25:36 +0800] "GET /mentol-kristal/mentol-kristal-1kg/Natural-Aroma-Oil-AO-Wave-Aura-Aroma-Oil-50ml-p198680419 HTTP/1.1" 404 - "-" "Mozilla/5.0 (compatible; Barkrowler/0.9; +https://babbar.tech/crawler)"
74.7.227.167 - - [23/Dec/2025:20:25:44 +0800] "GET /search.php?railroad296033843.html HTTP/1.1" 404 - "-" "Mozilla/5.0 AppleWebKit/537.36 (KHTML, like Gecko; compatible; GPTBot/1.3; +https://openai.com/gptbot)"
216.73.216.21 - - [23/Dec/2025:20:25:46 +0800] "GET /find-slotomania HTTP/1.1" 404 - "-" "Mozilla/5.0 AppleWebKit/537.36 (KHTML, like Gecko; compatible; ClaudeBot/1.0; +claudebot@anthropic.com)"
216.73.216.21 - - [23/Dec/2025:20:25:46 +0800] "GET /casino-murphy-nc-directions HTTP/1.1" 404 - "-" "Mozilla/5.0 AppleWebKit/537.36 (KHTML, like Gecko; compatible; ClaudeBot/1.0; +claudebot@anthropic.com)"
216.73.216.21 - - [23/Dec/2025:20:25:47 +0800] "GET /fast-payout-usa-online-casino HTTP/1.1" 404 - "-" "Mozilla/5.0 AppleWebKit/537.36 (KHTML, like Gecko; compatible; ClaudeBot/1.0; +claudebot@anthropic.com)"
216.73.216.21 - - [23/Dec/2025:20:25:47 +0800] "GET /all-online-casino HTTP/1.1" 404 - "-" "Mozilla/5.0 AppleWebKit/537.36 (KHTML, like Gecko; compatible; ClaudeBot/1.0; +claudebot@anthropic.com)"
216.73.216.21 - - [23/Dec/2025:20:25:47 +0800] "GET /toronto-casinos-gambling/embed HTTP/1.1" 404 - "-" "Mozilla/5.0 AppleWebKit/537.36 (KHTML, like Gecko; compatible; ClaudeBot/1.0; +claudebot@anthropic.com)"
216.73.216.21 - - [23/Dec/2025:20:25:47 +0800] "GET /royal-vegas-casino-online HTTP/1.1" 404 - "-" "Mozilla/5.0 AppleWebKit/537.36 (KHTML, like Gecko; compatible; ClaudeBot/1.0; +claudebot@anthropic.com)"
216.73.216.21 - - [23/Dec/2025:20:25:47 +0800] "GET /no-deposit-casino-bets/embed HTTP/1.1" 404 - "-" "Mozilla/5.0 AppleWebKit/537.36 (KHTML, like Gecko; compatible; ClaudeBot/1.0; +claudebot@anthropic.com)"
216.73.216.21 - - [23/Dec/2025:20:25:47 +0800] "GET /casino-games-free-online-play HTTP/1.1" 404 - "-" "Mozilla/5.0 AppleWebKit/537.36 (KHTML, like Gecko; compatible; ClaudeBot/1.0; +claudebot@anthropic.com)"
216.73.216.21 - - [23/Dec/2025:20:25:47 +0800] "GET /cropped-bf1-png HTTP/1.1" 404 - "-" "Mozilla/5.0 AppleWebKit/537.36 (KHTML, like Gecko; compatible; ClaudeBot/1.0; +claudebot@anthropic.com)"
216.73.216.21 - - [23/Dec/2025:20:25:47 +0800] "GET /grand-macao-casino HTTP/1.1" 404 - "-" "Mozilla/5.0 AppleWebKit/537.36 (KHTML, like Gecko; compatible; ClaudeBot/1.0; +claudebot@anthropic.com)"
216.73.216.21 - - [23/Dec/2025:20:25:47 +0800] "GET /money-making-casino-games-free HTTP/1.1" 404 - "-" "Mozilla/5.0 AppleWebKit/537.36 (KHTML, like Gecko; compatible; ClaudeBot/1.0; +claudebot@anthropic.com)"
216.73.216.21 - - [23/Dec/2025:20:25:47 +0800] "GET /bez-rubriki/beste-bonus-buchmacher-2 HTTP/1.1" 404 - "-" "Mozilla/5.0 AppleWebKit/537.36 (KHTML, like Gecko; compatible; ClaudeBot/1.0; +claudebot@anthropic.com)"
217.113.194.144 - - [23/Dec/2025:20:25:52 +0800] "GET /mentol-kristal/mentol-kristal-1kg/Natural-Aroma-Oil-AO-Wellness-Aura-Aroma-Oil-50ml-p198680421 HTTP/1.1" 404 - "-" "Mozilla/5.0 (compatible; Barkrowler/0.9; +https://babbar.tech/crawler)"
74.7.243.225 - - [23/Dec/2025:20:25:53 +0800] "GET /search.php?freedom231004378.html HTTP/1.1" 404 - "-" "Mozilla/5.0 AppleWebKit/537.36 (KHTML, like Gecko; compatible; GPTBot/1.3; +https://openai.com/gptbot)"
217.113.194.150 - - [23/Dec/2025:20:26:07 +0800] "GET /mentol-kristal/mentol-kristal-1kg/Natural-Aroma-Oil-AO-Wolf-Berry-Aroma-Oil-10ml-p194489393 HTTP/1.1" 404 - "-" "Mozilla/5.0 (compatible; Barkrowler/0.9; +https://babbar.tech/crawler)"
217.113.194.143 - - [23/Dec/2025:20:26:23 +0800] "GET /mentol-kristal/mentol-kristal-1kg/Natural-Aroma-Oil-AO-Hope-Aura-Aroma-Oil-50ml-p198680386 HTTP/1.1" 404 - "-" "Mozilla/5.0 (compatible; Barkrowler/0.9; +https://babbar.tech/crawler)"
74.7.243.225 - - [23/Dec/2025:20:26:29 +0800] "GET /search.php?swallow268013647.html HTTP/1.1" 404 - "-" "Mozilla/5.0 AppleWebKit/537.36 (KHTML, like Gecko; compatible; GPTBot/1.3; +https://openai.com/gptbot)"
38.18.25.2 - - [23/Dec/2025:20:26:34 +0800] "GET /bez-rubriki/tipico-legal/ HTTP/1.1" 404 - "https://mentol.bf1.my/" "Mozilla/5.0 (Windows NT 10.0; Win64; x64) AppleWebKit/537.36 (KHTML, like Gecko) Chrome/114.0.0.0 Safari/537.36 Vivaldi/5.3.2679.68"
38.18.25.2 - - [23/Dec/2025:20:26:35 +0800] "GET / HTTP/1.1" 404 - "-" "Mozilla/5.0 (Windows NT 10.0; Win64; x64) AppleWebKit/537.36 (KHTML, like Gecko) Chrome/114.0.0.0 Safari/537.36 Vivaldi/5.3.2679.68"
192.30.80.92 - - [23/Dec/2025:20:26:35 +0800] "GET / HTTP/1.1" 404 - "-" "Mozilla/5.0 (Windows NT 10.0; Win64; x64) AppleWebKit/537.36 (KHTML, like Gecko) Chrome/114.0.0.0 Safari/537.36 Vivaldi/5.3.2679.68"
157.97.126.132 - - [23/Dec/2025:20:26:35 +0800] "GET / HTTP/1.1" 404 - "-" "Mozilla/5.0 (Windows NT 10.0; Win64; x64) AppleWebKit/537.36 (KHTML, like Gecko) Chrome/114.0.0.0 Safari/537.36 Vivaldi/5.3.2679.68"
217.113.194.253 - - [23/Dec/2025:20:26:38 +0800] "GET /mentol-kristal/mentol-kristal-1kg/Natural-Aroma-Oil-AO-Ants-Repellent-Aroma-Oil-500ml-p196117115 HTTP/1.1" 404 - "-" "Mozilla/5.0 (compatible; Barkrowler/0.9; +https://babbar.tech/crawler)"
130.185.154.109 - - [23/Dec/2025:20:26:44 +0800] "GET /bez-rubriki/pino-casino-online-opinie-2/ HTTP/1.1" 404 - "https://mentol.bf1.my/" "Mozilla/5.0 (X11; Linux i686; rv:114.0) Gecko/20100101 Firefox/114.0"
130.185.154.109 - - [23/Dec/2025:20:26:45 +0800] "GET / HTTP/1.1" 404 - "-" "Mozilla/5.0 (X11; Linux i686; rv:114.0) Gecko/20100101 Firefox/114.0"
74.7.227.167 - - [23/Dec/2025:20:26:46 +0800] "GET /search.php?faculty288017927.html HTTP/1.1" 404 - "-" "Mozilla/5.0 AppleWebKit/537.36 (KHTML, like Gecko; compatible; GPTBot/1.3; +https://openai.com/gptbot)"
196.196.31.101 - - [23/Dec/2025:20:26:47 +0800] "GET / HTTP/1.1" 404 - "-" "Mozilla/5.0 (X11; Linux i686; rv:114.0) Gecko/20100101 Firefox/114.0"
196.240.173.14 - - [23/Dec/2025:20:26:48 +0800] "GET / HTTP/1.1" 404 - "-" "Mozilla/5.0 (X11; Linux i686; rv:114.0) Gecko/20100101 Firefox/114.0"
217.113.194.151 - - [23/Dec/2025:20:26:54 +0800] "GET /mentol-kristal/mentol-kristal-1kg/Natural-Aroma-Oil-AO-Miracle-Aura-Aroma-Oil-10ml-p198691228 HTTP/1.1" 404 - "-" "Mozilla/5.0 (compatible; Barkrowler/0.9; +https://babbar.tech/crawler)"
216.73.216.21 - - [23/Dec/2025:20:26:54 +0800] "GET /bez-rubriki/buchmacher-osterreich-bonus-2 HTTP/1.1" 404 - "-" "Mozilla/5.0 AppleWebKit/537.36 (KHTML, like Gecko; compatible; ClaudeBot/1.0; +claudebot@anthropic.com)"
216.73.216.21 - - [23/Dec/2025:20:26:54 +0800] "GET /bez-rubriki/biggest-online-casino-jackpots HTTP/1.1" 404 - "-" "Mozilla/5.0 AppleWebKit/537.36 (KHTML, like Gecko; compatible; ClaudeBot/1.0; +claudebot@anthropic.com)"
74.7.243.225 - - [23/Dec/2025:20:27:07 +0800] "GET /search.php?shooting168007669.html HTTP/1.1" 404 - "-" "Mozilla/5.0 AppleWebKit/537.36 (KHTML, like Gecko; compatible; GPTBot/1.3; +https://openai.com/gptbot)"
217.113.194.253 - - [23/Dec/2025:20:27:10 +0800] "GET /mentol-kristal/mentol-kristal-1kg/Natural-Aroma-Oil-AO-Pine-Japanese-Pine-Aroma-Oil-50ml-p194501824 HTTP/1.1" 404 - "-" "Mozilla/5.0 (compatible; Barkrowler/0.9; +https://babbar.tech/crawler)"
196.65.18.69 - - [23/Dec/2025:20:27:17 +0800] "GET /mentol-kristal/mentol-kristal-100g/DS-CK-Two-M-Deodorant-Spray-500ml-%E7%94%B7%E7%A5%9E-p316344269 HTTP/1.1" 404 - "-" "Mozilla/5.0 (Windows NT 10.0; Win64; x64) AppleWebKit/537.36 (KHTML, like Gecko) Chrome/129.0.0.0 Safari/537.36"
14.229.198.78 - - [23/Dec/2025:20:27:17 +0800] "GET /mentol-kristal/mentol-kristal-100g/Softergent-Liquid-Eucalyptus-2-2L-p422917537 HTTP/1.1" 404 - "-" "Mozilla/5.0 (Windows NT 10.0; Win64; x64) AppleWebKit/537.36 (KHTML, like Gecko) Chrome/129.0.0.0 Safari/537.36"
66.249.65.173 - - [23/Dec/2025:20:27:18 +0800] "GET /shop/5941964.shtml HTTP/1.1" 404 - "-" "Mozilla/5.0 (compatible; Googlebot/2.1; +http://www.google.com/bot.html)"
157.55.39.57 - - [23/Dec/2025:20:27:20 +0800] "GET /mentol-kristal/mentol-kristal-25kg/Natural-Aroma-Oil-AO-Pine-Christmas-Pine-Aroma-Oil-10ml-p194489360 HTTP/1.1" 404 - "-" "Mozilla/5.0 AppleWebKit/537.36 (KHTML, like Gecko; compatible; bingbot/2.0; +http://www.bing.com/bingbot.htm) Chrome/116.0.1938.76 Safari/537.36"
191.177.137.199 - - [23/Dec/2025:20:27:21 +0800] "GET /mentol-kristal/mentol-kristal-100g/Softergent-Liquid-lime-Kaffir-Lime-2-2L-p422917548 HTTP/1.1" 404 - "-" "Mozilla/5.0 (Windows NT 10.0; Win64; x64) AppleWebKit/537.36 (KHTML, like Gecko) Chrome/129.0.0.0 Safari/537.36"
79.106.203.113 - - [23/Dec/2025:20:27:25 +0800] "GET /mentol-kristal/mentol-kristal-25kg/CP-Lavender-Aromatic-Car-Perfume-Oil-1000ml-p172072229 HTTP/1.1" 404 - "-" "Mozilla/5.0 (Windows NT 10.0; Win64; x64) AppleWebKit/537.36 (KHTML, like Gecko) Chrome/129.0.0.0 Safari/537.36"
217.113.194.147 - - [23/Dec/2025:20:27:25 +0800] "GET /mentol-kristal/mentol-kristal-1kg/Natural-Aroma-Oil-AO-Social-Aura-Aroma-Oil-500ml-p198680474 HTTP/1.1" 404 - "-" "Mozilla/5.0 (compatible; Barkrowler/0.9; +https://babbar.tech/crawler)"
186.139.87.64 - - [23/Dec/2025:20:27:28 +0800] "GET /mentol-kristal/mentol-kristal-100g/BFO-Le-Labo-Bergamote-22-U-250ml-p152729141 HTTP/1.1" 404 - "-" "Mozilla/5.0 (Windows NT 10.0; Win64; x64) AppleWebKit/537.36 (KHTML, like Gecko) Chrome/129.0.0.0 Safari/537.36"
139.135.241.125 - - [23/Dec/2025:20:27:29 +0800] "GET /mentol-kristal/mentol-kristal-50kg/DS-Giorgio-Armani-Armani-Code-Profumo-Deodorant-Spray-25L-%E7%94%B7%E7%A5%9E-p316548611 HTTP/1.1" 404 - "-" "Mozilla/5.0 (Windows NT 10.0; Win64; x64) AppleWebKit/537.36 (KHTML, like Gecko) Chrome/129.0.0.0 Safari/537.36"
150.228.105.72 - - [23/Dec/2025:20:27:31 +0800] "GET /mentol-kristal/mentol-kristal-500g/Blended-Essential-Oil-BO-Anti-Acne-Essential-Oil-50ml-p154181569 HTTP/1.1" 404 - "-" "Mozilla/5.0 (Windows NT 10.0; Win64; x64) AppleWebKit/537.36 (KHTML, like Gecko) Chrome/129.0.0.0 Safari/537.36"
103.180.238.216 - - [23/Dec/2025:20:27:32 +0800] "GET /mentol-kristal/mentol-kristal-50kg/BFO-The-Body-Shop-Vanilla-W-1000ml-p151658442 HTTP/1.1" 404 - "-" "Mozilla/5.0 (Windows NT 10.0; Win64; x64) AppleWebKit/537.36 (KHTML, like Gecko) Chrome/129.0.0.0 Safari/537.36"
161.35.124.75 - - [23/Dec/2025:20:27:32 +0800] "GET /mentol-kristal/mentol-kristal-500g/Softergent-Liquid-Jasmine-2-2L-p422917542 HTTP/1.1" 404 - "-" "Mozilla/5.0 (Windows NT 10.0; Win64; x64) AppleWebKit/537.36 (KHTML, like Gecko) Chrome/129.0.0.0 Safari/537.36"
115.164.212.236 - - [23/Dec/2025:20:27:37 +0800] "GET /mentol-kristal/mentol-kristal-500g/Pure-Essential-Oil-EO-Passion-Fruit-Essential-Oil-10ml-p151434205 HTTP/1.1" 404 - "-" "Mozilla/5.0 (Windows NT 10.0; Win64; x64) AppleWebKit/537.36 (KHTML, like Gecko) Chrome/129.0.0.0 Safari/537.36"
217.113.194.142 - - [23/Dec/2025:20:27:41 +0800] "GET /mentol-kristal/mentol-kristal-1kg/Natural-Aroma-Oil-AO-Spirit-Aura-Aroma-Oil-10ml-p198691250 HTTP/1.1" 404 - "-" "Mozilla/5.0 (compatible; Barkrowler/0.9; +https://babbar.tech/crawler)"
74.7.243.225 - - [23/Dec/2025:20:27:46 +0800] "GET /search.php?behavior273001470.html HTTP/1.1" 404 - "-" "Mozilla/5.0 AppleWebKit/537.36 (KHTML, like Gecko; compatible; GPTBot/1.3; +https://openai.com/gptbot)"
194.34.105.80 - - [23/Dec/2025:20:27:50 +0800] "GET /bez-rubriki/champions-league-alle-ergebnisse/ HTTP/1.1" 404 - "https://mentol.bf1.my/" "Mozilla/5.0 (Windows NT 6.1; Win64; x64) AppleWebKit/537.36 (KHTML, like Gecko) Chrome/65.0.3325.183 Safari/537.36 Vivaldi/1.96.1147.36"
194.34.105.80 - - [23/Dec/2025:20:27:51 +0800] "GET / HTTP/1.1" 404 - "https://mentol.bf1.my" "Mozilla/5.0 (Windows NT 6.1; Win64; x64) AppleWebKit/537.36 (KHTML, like Gecko) Chrome/65.0.3325.183 Safari/537.36 Vivaldi/1.96.1147.36"
74.7.227.167 - - [23/Dec/2025:20:27:51 +0800] "GET /search.php?ancient213023648.html HTTP/1.1" 404 - "-" "Mozilla/5.0 AppleWebKit/537.36 (KHTML, like Gecko; compatible; GPTBot/1.3; +https://openai.com/gptbot)"
194.34.105.80 - - [23/Dec/2025:20:27:51 +0800] "GET / HTTP/1.1" 404 - "https://mentol.bf1.my" "Mozilla/5.0 (Windows NT 6.1; Win64; x64) AppleWebKit/537.36 (KHTML, like Gecko) Chrome/65.0.3325.183 Safari/537.36 Vivaldi/1.96.1147.36"
194.34.105.80 - - [23/Dec/2025:20:27:52 +0800] "GET / HTTP/1.1" 404 - "https://mentol.bf1.my" "Mozilla/5.0 (Windows NT 6.1; Win64; x64) AppleWebKit/537.36 (KHTML, like Gecko) Chrome/65.0.3325.183 Safari/537.36 Vivaldi/1.96.1147.36"
84.54.73.29 - - [23/Dec/2025:20:27:52 +0800] "GET /mentol-kristal/mentol-kristal-200kg/DS-Clandestine-Angel-Heart-Deodorant-Spray-500ml-%E5%A5%B3%E5%A6%96-p317394082 HTTP/1.1" 404 - "-" "Mozilla/5.0 (Windows NT 10.0; Win64; x64) AppleWebKit/537.36 (KHTML, like Gecko) Chrome/129.0.0.0 Safari/537.36"
216.73.216.21 - - [23/Dec/2025:20:27:56 +0800] "GET /bez-rubriki/buchmacher-wetten-fussball HTTP/1.1" 404 - "-" "Mozilla/5.0 AppleWebKit/537.36 (KHTML, like Gecko; compatible; ClaudeBot/1.0; +claudebot@anthropic.com)"
216.73.216.21 - - [23/Dec/2025:20:27:56 +0800] "GET /bez-rubriki/bundesliga-wetten-statistik HTTP/1.1" 404 - "-" "Mozilla/5.0 AppleWebKit/537.36 (KHTML, like Gecko; compatible; ClaudeBot/1.0; +claudebot@anthropic.com)"
217.113.194.143 - - [23/Dec/2025:20:27:56 +0800] "GET /mentol-kristal/mentol-kristal-1kg/Carpet-Sanitizer-Deodorizer-Spray-mint-Peppermint-500ml-p268265343 HTTP/1.1" 404 - "-" "Mozilla/5.0 (compatible; Barkrowler/0.9; +https://babbar.tech/crawler)"
217.113.194.253 - - [23/Dec/2025:20:28:12 +0800] "GET /mentol-kristal/mentol-kristal-1kg/Carpet-Sanitizer-Deodorizer-Spray-Honey-Melon-25L-p268265392 HTTP/1.1" 404 - "-" "Mozilla/5.0 (compatible; Barkrowler/0.9; +https://babbar.tech/crawler)"
216.73.216.21 - - [23/Dec/2025:20:28:20 +0800] "GET /wp-admin/network/?C=S&O=A HTTP/1.1" 200 980 "-" "Mozilla/5.0 AppleWebKit/537.36 (KHTML, like Gecko; compatible; ClaudeBot/1.0; +claudebot@anthropic.com)"
216.73.216.21 - - [23/Dec/2025:20:28:20 +0800] "GET /bez-rubriki/casinoly-wetten-bonus-bei-einzahlung HTTP/1.1" 404 - "-" "Mozilla/5.0 AppleWebKit/537.36 (KHTML, like Gecko; compatible; ClaudeBot/1.0; +claudebot@anthropic.com)"
74.7.243.225 - - [23/Dec/2025:20:28:25 +0800] "GET /search.php?natural294013827.html HTTP/1.1" 404 - "-" "Mozilla/5.0 AppleWebKit/537.36 (KHTML, like Gecko; compatible; GPTBot/1.3; +https://openai.com/gptbot)"
154.54.249.207 - - [23/Dec/2025:20:28:27 +0800] "GET /mentol-kristal/mentol-kristal-1kg/Aromatic-Fragrance-Oil-AFO-Jasmine-White-Jasmine-1L-p154332678 HTTP/1.1" 404 - "-" "Mozilla/5.0 (compatible; Barkrowler/0.9; +https://babbar.tech/crawler)"
217.113.194.151 - - [23/Dec/2025:20:28:43 +0800] "GET /mentol-kristal/mentol-kristal-1kg/Aromatic-Fragrance-Oil-AFO-Kaffir-Lime-Leaf-50ml-p153831875 HTTP/1.1" 404 - "-" "Mozilla/5.0 (compatible; Barkrowler/0.9; +https://babbar.tech/crawler)"
74.7.227.167 - - [23/Dec/2025:20:28:53 +0800] "GET /search.php?currency280031559.html HTTP/1.1" 404 - "-" "Mozilla/5.0 AppleWebKit/537.36 (KHTML, like Gecko; compatible; GPTBot/1.3; +https://openai.com/gptbot)"
217.113.194.231 - - [23/Dec/2025:20:28:58 +0800] "GET /mentol-kristal/mentol-kristal-1kg/CP-Peach-Blossom-Aromatic-Car-Perfume-Oil-500ml-p482899720 HTTP/1.1" 404 - "-" "Mozilla/5.0 (compatible; Barkrowler/0.9; +https://babbar.tech/crawler)"
74.7.243.225 - - [23/Dec/2025:20:29:03 +0800] "GET /search.php?judgment166009021.html HTTP/1.1" 404 - "-" "Mozilla/5.0 AppleWebKit/537.36 (KHTML, like Gecko; compatible; GPTBot/1.3; +https://openai.com/gptbot)"
217.113.194.231 - - [23/Dec/2025:20:29:15 +0800] "GET /mentol-kristal/mentol-kristal-1kg/Pure-Essential-Oil-EO-Turmeric-Leaf-Essential-Oil-500ml-p152481226 HTTP/1.1" 404 - "-" "Mozilla/5.0 (compatible; Barkrowler/0.9; +https://babbar.tech/crawler)"
217.113.194.143 - - [23/Dec/2025:20:29:31 +0800] "GET /mentol-kristal/mentol-kristal-1kg/Pure-Essential-Oil-EO-Atractylodes-Essential-Oil-10ml-p150611443 HTTP/1.1" 404 - "-" "Mozilla/5.0 (compatible; Barkrowler/0.9; +https://babbar.tech/crawler)"
74.7.243.225 - - [23/Dec/2025:20:29:42 +0800] "GET /search.php?vehicle268019447.html HTTP/1.1" 404 - "-" "Mozilla/5.0 AppleWebKit/537.36 (KHTML, like Gecko; compatible; GPTBot/1.3; +https://openai.com/gptbot)"
217.113.194.150 - - [23/Dec/2025:20:29:47 +0800] "GET /mentol-kristal/mentol-kristal-1kg/Pure-Essential-Oil-EO-Fennel-Leaf-Essential-Oil-10ml-p151420791 HTTP/1.1" 404 - "-" "Mozilla/5.0 (compatible; Barkrowler/0.9; +https://babbar.tech/crawler)"
216.73.216.21 - - [23/Dec/2025:20:29:47 +0800] "GET /bez-rubriki/pronostic-gagnant-gratuit-foot HTTP/1.1" 404 - "-" "Mozilla/5.0 AppleWebKit/537.36 (KHTML, like Gecko; compatible; ClaudeBot/1.0; +claudebot@anthropic.com)"
216.73.216.21 - - [23/Dec/2025:20:29:47 +0800] "GET /bez-rubriki/fuball-ergebnisse-heute-live HTTP/1.1" 404 - "-" "Mozilla/5.0 AppleWebKit/537.36 (KHTML, like Gecko; compatible; ClaudeBot/1.0; +claudebot@anthropic.com)"
74.7.227.167 - - [23/Dec/2025:20:29:57 +0800] "GET /search.php?frankly050023631.html HTTP/1.1" 404 - "-" "Mozilla/5.0 AppleWebKit/537.36 (KHTML, like Gecko; compatible; GPTBot/1.3; +https://openai.com/gptbot)"
207.46.13.14 - - [23/Dec/2025:20:30:01 +0800] "GET /mentol-kristal/mentol-kristal-1kg/BFO-Bvlgari-Omnia-Pink-Saphire-W-10ml-p154550609 HTTP/1.1" 404 - "-" "Mozilla/5.0 AppleWebKit/537.36 (KHTML, like Gecko; compatible; bingbot/2.0; +http://www.bing.com/bingbot.htm) Chrome/116.0.1938.76 Safari/537.36"
217.113.194.147 - - [23/Dec/2025:20:30:02 +0800] "GET /mentol-kristal/mentol-kristal-1kg/Pure-Essential-Oil-EO-Banana-Leaf-Essential-Oil-10ml-p150611445 HTTP/1.1" 404 - "-" "Mozilla/5.0 (compatible; Barkrowler/0.9; +https://babbar.tech/crawler)"
66.249.65.173 - - [23/Dec/2025:20:30:03 +0800] "GET /shop/3545640.shtml HTTP/1.1" 404 - "-" "Mozilla/5.0 (Linux; Android 6.0.1; Nexus 5X Build/MMB29P) AppleWebKit/537.36 (KHTML, like Gecko) Chrome/141.0.7390.122 Mobile Safari/537.36 (compatible; Googlebot/2.1; +http://www.google.com/bot.html)"
217.113.194.231 - - [23/Dec/2025:20:30:18 +0800] "GET /mentol-kristal/mentol-kristal-1kg/Pure-Essential-Oil-EO-Lotus-Leave-Essential-Oil-5L-p196313608 HTTP/1.1" 404 - "-" "Mozilla/5.0 (compatible; Barkrowler/0.9; +https://babbar.tech/crawler)"
74.7.243.225 - - [23/Dec/2025:20:30:19 +0800] "GET /search.php?analyze198027203.html HTTP/1.1" 404 - "-" "Mozilla/5.0 AppleWebKit/537.36 (KHTML, like Gecko; compatible; GPTBot/1.3; +https://openai.com/gptbot)"
217.113.194.231 - - [23/Dec/2025:20:30:33 +0800] "GET /mentol-kristal/mentol-kristal-1kg/Pure-Essential-Oil-EO-Capsicum-Green-Essential-Oil-500ml-p152359262 HTTP/1.1" 404 - "-" "Mozilla/5.0 (compatible; Barkrowler/0.9; +https://babbar.tech/crawler)"
217.113.194.146 - - [23/Dec/2025:20:30:48 +0800] "GET /mentol-kristal/mentol-kristal-1kg/Pure-Essential-Oil-EO-Papaya-Leaves-Essential-Oil-1L-p152474353 HTTP/1.1" 404 - "-" "Mozilla/5.0 (compatible; Barkrowler/0.9; +https://babbar.tech/crawler)"
74.7.243.225 - - [23/Dec/2025:20:30:57 +0800] "GET /search.php?mandate107023964.html HTTP/1.1" 404 - "-" "Mozilla/5.0 AppleWebKit/537.36 (KHTML, like Gecko; compatible; GPTBot/1.3; +https://openai.com/gptbot)"
74.7.227.167 - - [23/Dec/2025:20:31:01 +0800] "GET /search.php?roughly115030668.html HTTP/1.1" 404 - "-" "Mozilla/5.0 AppleWebKit/537.36 (KHTML, like Gecko; compatible; GPTBot/1.3; +https://openai.com/gptbot)"
66.249.65.174 - - [23/Dec/2025:20:31:03 +0800] "GET /shop/pg/13242524-2 HTTP/1.1" 404 - "-" "Mozilla/5.0 (Linux; Android 6.0.1; Nexus 5X Build/MMB29P) AppleWebKit/537.36 (KHTML, like Gecko) Chrome/141.0.7390.122 Mobile Safari/537.36 (compatible; Googlebot/2.1; +http://www.google.com/bot.html)"
217.113.194.146 - - [23/Dec/2025:20:31:04 +0800] "GET /mentol-kristal/mentol-kristal-1kg/Pet-Moisturizer-Inspired-Perfume-Scents-25000ml-25L-p527789097 HTTP/1.1" 404 - "-" "Mozilla/5.0 (compatible; Barkrowler/0.9; +https://babbar.tech/crawler)"
154.54.249.207 - - [23/Dec/2025:20:31:19 +0800] "GET /mentol-kristal/mentol-kristal-1kg/Helmet-Sanitizer-And-Deodorizer-Spray-Frangipani-500ml-p221907518 HTTP/1.1" 404 - "-" "Mozilla/5.0 (compatible; Barkrowler/0.9; +https://babbar.tech/crawler)"
216.73.216.21 - - [23/Dec/2025:20:31:28 +0800] "GET /v4.php?path=%2F%2Fsys%2Fclass%2Finput%2Finput0%2Fevent0%2Fdevice%2Fevent0%2Fdevice%2Fsubsystem%2Finput1%2Fevent1%2Fpower&viewfile=%2F%2Fsys%2Fclass%2Finput%2Finput0%2Fevent0%2Fdevice%2Fevent0%2Fdevice%2Fsubsystem%2Finput1%2Fevent1%2Fpower%2Fasync HTTP/1.1" 404 - "-" "Mozilla/5.0 AppleWebKit/537.36 (KHTML, like Gecko; compatible; ClaudeBot/1.0; +claudebot@anthropic.com)"
216.73.216.21 - - [23/Dec/2025:20:31:28 +0800] "GET /v4.php?path=%2F%2Fsys%2Fclass%2Finput%2Finput3%2Fdevice%2Finput%2Finput3%2Fsubsystem%2Fevent3%2Fdevice%2Fcapabilities&viewfile=%2F%2Fsys%2Fclass%2Finput%2Finput3%2Fdevice%2Finput%2Finput3%2Fsubsystem%2Fevent3%2Fdevice%2Fcapabilities%2Frel HTTP/1.1" 404 - "-" "Mozilla/5.0 AppleWebKit/537.36 (KHTML, like Gecko; compatible; ClaudeBot/1.0; +claudebot@anthropic.com)"
216.73.216.21 - - [23/Dec/2025:20:31:28 +0800] "GET /v4.php?path=%2F%2Fsys%2Fclass%2Finput%2Fevent1%2Fsubsystem%2Fevent1%2Fdevice%2Fevent1%2Fdevice%2Fdevice%2Fpower&viewfile=%2F%2Fsys%2Fclass%2Finput%2Fevent1%2Fsubsystem%2Fevent1%2Fdevice%2Fevent1%2Fdevice%2Fdevice%2Fpower%2Fwakeup_abort_count HTTP/1.1" 404 - "-" "Mozilla/5.0 AppleWebKit/537.36 (KHTML, like Gecko; compatible; ClaudeBot/1.0; +claudebot@anthropic.com)"
216.73.216.21 - - [23/Dec/2025:20:31:28 +0800] "GET /v4.php?path=%2F%2Fsys%2Fclass%2Finput%2Finput3%2Fdevice%2Finput%2Finput3%2Fsubsystem%2Fevent3%2Fdevice%2Fcapabilities&viewfile=%2F%2Fsys%2Fclass%2Finput%2Finput3%2Fdevice%2Finput%2Finput3%2Fsubsystem%2Fevent3%2Fdevice%2Fcapabilities%2Fff HTTP/1.1" 404 - "-" "Mozilla/5.0 AppleWebKit/537.36 (KHTML, like Gecko; compatible; ClaudeBot/1.0; +claudebot@anthropic.com)"
216.73.216.21 - - [23/Dec/2025:20:31:28 +0800] "GET /v4.php?path=%2F%2Fsys%2Fclass%2Finput%2Finput3%2Fevent3%2Fdevice%2Fevent3%2Fdevice%2Fmouse0%2Fdevice%2Fcapabilities&viewfile=%2F%2Fsys%2Fclass%2Finput%2Finput3%2Fevent3%2Fdevice%2Fevent3%2Fdevice%2Fmouse0%2Fdevice%2Fcapabilities%2Fev HTTP/1.1" 404 - "-" "Mozilla/5.0 AppleWebKit/537.36 (KHTML, like Gecko; compatible; ClaudeBot/1.0; +claudebot@anthropic.com)"
216.73.216.21 - - [23/Dec/2025:20:31:29 +0800] "GET /v4.php?path=%2F%2Fsys%2Fclass%2Finput%2Finput4%2Fevent4%2Fsubsystem%2Fevent1%2Fdevice%2Fevent1%2Fdevice%2Fdevice%2Fdriver%2FPNP0C0C%3A00&viewfile=%2F%2Fsys%2Fclass%2Finput%2Finput4%2Fevent4%2Fsubsystem%2Fevent1%2Fdevice%2Fevent1%2Fdevice%2Fdevice%2Fdriver%2FPNP0C0C%3A00%2Fpath HTTP/1.1" 404 - "-" "Mozilla/5.0 AppleWebKit/537.36 (KHTML, like Gecko; compatible; ClaudeBot/1.0; +claudebot@anthropic.com)"
216.73.216.21 - - [23/Dec/2025:20:31:29 +0800] "GET /v4.php?path=%2F%2Fsys%2Fclass%2Finput%2Finput3%2Fjs0%2Fsubsystem%2Finput1%2Fevent1%2Fdevice%2Fevent1%2Fsubsystem%2Fevent1%2Fpower&viewfile=%2F%2Fsys%2Fclass%2Finput%2Finput3%2Fjs0%2Fsubsystem%2Finput1%2Fevent1%2Fdevice%2Fevent1%2Fsubsystem%2Fevent1%2Fpower%2Fcontrol HTTP/1.1" 404 - "-" "Mozilla/5.0 AppleWebKit/537.36 (KHTML, like Gecko; compatible; ClaudeBot/1.0; +claudebot@anthropic.com)"
216.73.216.21 - - [23/Dec/2025:20:31:29 +0800] "GET /v4.php?path=%2F%2Fsys%2Fclass%2Finput%2Fevent1%2Fsubsystem%2Fevent1%2Fdevice%2Fevent1%2Fdevice%2Fdevice%2Fpower&viewfile=%2F%2Fsys%2Fclass%2Finput%2Fevent1%2Fsubsystem%2Fevent1%2Fdevice%2Fevent1%2Fdevice%2Fdevice%2Fpower%2Fwakeup HTTP/1.1" 404 - "-" "Mozilla/5.0 AppleWebKit/537.36 (KHTML, like Gecko; compatible; ClaudeBot/1.0; +claudebot@anthropic.com)"
216.73.216.21 - - [23/Dec/2025:20:31:29 +0800] "GET /v4.php?path=%2F%2Fsys%2Fclass%2Finput%2Fevent4%2Fsubsystem%2Finput3%2Fjs0%2Fdevice%2Fjs0%2Fdevice%2Fdevice%2Finput%2Finput3%2Fpower&viewfile=%2F%2Fsys%2Fclass%2Finput%2Fevent4%2Fsubsystem%2Finput3%2Fjs0%2Fdevice%2Fjs0%2Fdevice%2Fdevice%2Finput%2Finput3%2Fpower%2Fcontrol HTTP/1.1" 404 - "-" "Mozilla/5.0 AppleWebKit/537.36 (KHTML, like Gecko; compatible; ClaudeBot/1.0; +claudebot@anthropic.com)"
216.73.216.21 - - [23/Dec/2025:20:31:29 +0800] "GET /v4.php?path=%2F%2Fsys%2Fclass%2Finput%2Finput3%2Fmouse0%2Fdevice%2Fdevice%2Finput%2Finput3%2Fdevice%2Fep_82&viewfile=%2F%2Fsys%2Fclass%2Finput%2Finput3%2Fmouse0%2Fdevice%2Fdevice%2Finput%2Finput3%2Fdevice%2Fep_82%2Finterval HTTP/1.1" 404 - "-" "Mozilla/5.0 AppleWebKit/537.36 (KHTML, like Gecko; compatible; ClaudeBot/1.0; +claudebot@anthropic.com)"
216.73.216.21 - - [23/Dec/2025:20:31:29 +0800] "GET /v4.php?path=%2F%2Fsys%2Fclass%2Finput%2Finput3%2Fdevice%2Finput%2Finput3%2Fsubsystem%2Fevent3%2Fdevice%2Fcapabilities&viewfile=%2F%2Fsys%2Fclass%2Finput%2Finput3%2Fdevice%2Finput%2Finput3%2Fsubsystem%2Fevent3%2Fdevice%2Fcapabilities%2Fev HTTP/1.1" 404 - "-" "Mozilla/5.0 AppleWebKit/537.36 (KHTML, like Gecko; compatible; ClaudeBot/1.0; +claudebot@anthropic.com)"
216.73.216.21 - - [23/Dec/2025:20:31:29 +0800] "GET /v4.php?path=%2F%2Fsys%2Fclass%2Finput%2Finput4%2Fdevice%2Finput%2Finput4%2Fevent4%2Fsubsystem%2Fevent1%2Fdevice%2Fdevice%2Fpower&viewfile=%2F%2Fsys%2Fclass%2Finput%2Finput4%2Fdevice%2Finput%2Finput4%2Fevent4%2Fsubsystem%2Fevent1%2Fdevice%2Fdevice%2Fpower%2Fwakeup HTTP/1.1" 404 - "-" "Mozilla/5.0 AppleWebKit/537.36 (KHTML, like Gecko; compatible; ClaudeBot/1.0; +claudebot@anthropic.com)"
216.73.216.21 - - [23/Dec/2025:20:31:29 +0800] "GET /v4.php?path=%2F%2Fsys%2Fclass%2Fmisc%2Fmicrocode%2Fsubsystem%2Fhw_random%2Fsubsystem%2Floop-control%2Fpower&viewfile=%2F%2Fsys%2Fclass%2Fmisc%2Fmicrocode%2Fsubsystem%2Fhw_random%2Fsubsystem%2Floop-control%2Fpower%2Fruntime_enabled HTTP/1.1" 404 - "-" "Mozilla/5.0 AppleWebKit/537.36 (KHTML, like Gecko; compatible; ClaudeBot/1.0; +claudebot@anthropic.com)"
216.73.216.21 - - [23/Dec/2025:20:31:29 +0800] "GET /v4.php?path=%2F%2Fsys%2Fclass%2Finput%2Finput3%2Fjs0%2Fsubsystem%2Finput1%2Fevent1%2Fdevice%2Fevent1%2Fsubsystem%2Finput2%2Fdevice&viewfile=%2F%2Fsys%2Fclass%2Finput%2Finput3%2Fjs0%2Fsubsystem%2Finput1%2Fevent1%2Fdevice%2Fevent1%2Fsubsystem%2Finput2%2Fdevice%2Fmodalias HTTP/1.1" 404 - "-" "Mozilla/5.0 AppleWebKit/537.36 (KHTML, like Gecko; compatible; ClaudeBot/1.0; +claudebot@anthropic.com)"
216.73.216.21 - - [23/Dec/2025:20:31:29 +0800] "GET /v4.php?path=%2F%2Fsys%2Fclass%2Finput%2Fevent1%2Fdevice%2Fevent1%2Fsubsystem%2Fevent3%2Fdevice%2Fjs0%2Fdevice%2Fjs0%2Fdevice%2Fpower&viewfile=%2F%2Fsys%2Fclass%2Finput%2Fevent1%2Fdevice%2Fevent1%2Fsubsystem%2Fevent3%2Fdevice%2Fjs0%2Fdevice%2Fjs0%2Fdevice%2Fpower%2Fcontrol HTTP/1.1" 404 - "-" "Mozilla/5.0 AppleWebKit/537.36 (KHTML, like Gecko; compatible; ClaudeBot/1.0; +claudebot@anthropic.com)"
216.73.216.21 - - [23/Dec/2025:20:31:29 +0800] "GET /v4.php?path=%2F%2Fsys%2Fclass%2Finput%2Finput4%2Fevent4%2Fdevice%2Fdevice%2Fdriver%2Fpcspkr%2Finput%2Finput4%2Fdevice%2Fpower&viewfile=%2F%2Fsys%2Fclass%2Finput%2Finput4%2Fevent4%2Fdevice%2Fdevice%2Fdriver%2Fpcspkr%2Finput%2Finput4%2Fdevice%2Fpower%2Fcontrol HTTP/1.1" 404 - "-" "Mozilla/5.0 AppleWebKit/537.36 (KHTML, like Gecko; compatible; ClaudeBot/1.0; +claudebot@anthropic.com)"
216.73.216.21 - - [23/Dec/2025:20:31:30 +0800] "GET /v4.php?path=%2F%2Fsys%2Fclass%2Finput%2Fevent1%2Fsubsystem%2Fevent1%2Fdevice%2Fevent1%2Fsubsystem%2Finput3%2Fpower&viewfile=%2F%2Fsys%2Fclass%2Finput%2Fevent1%2Fsubsystem%2Fevent1%2Fdevice%2Fevent1%2Fsubsystem%2Finput3%2Fpower%2Fasync HTTP/1.1" 404 - "-" "Mozilla/5.0 AppleWebKit/537.36 (KHTML, like Gecko; compatible; ClaudeBot/1.0; +claudebot@anthropic.com)"
216.73.216.21 - - [23/Dec/2025:20:31:30 +0800] "GET /v4.php?path=%2F%2Fsys%2Fclass%2Finput%2Finput3%2Fmouse0%2Fdevice%2Fjs0%2Fdevice%2Fjs0%2Fdevice%2Fjs0%2Fdevice%2Fpower&viewfile=%2F%2Fsys%2Fclass%2Finput%2Finput3%2Fmouse0%2Fdevice%2Fjs0%2Fdevice%2Fjs0%2Fdevice%2Fjs0%2Fdevice%2Fpower%2Fcontrol HTTP/1.1" 404 - "-" "Mozilla/5.0 AppleWebKit/537.36 (KHTML, like Gecko; compatible; ClaudeBot/1.0; +claudebot@anthropic.com)"
216.73.216.21 - - [23/Dec/2025:20:31:30 +0800] "GET /v4.php?path=%2F%2Fsys%2Fclass%2Finput%2Fevent1%2Fsubsystem%2Finput3%2Fevent3%2Fdevice%2Fdevice%2Finput%2Finput3%2Fpower&viewfile=%2F%2Fsys%2Fclass%2Finput%2Fevent1%2Fsubsystem%2Finput3%2Fevent3%2Fdevice%2Fdevice%2Finput%2Finput3%2Fpower%2Fcontrol HTTP/1.1" 404 - "-" "Mozilla/5.0 AppleWebKit/537.36 (KHTML, like Gecko; compatible; ClaudeBot/1.0; +claudebot@anthropic.com)"
216.73.216.21 - - [23/Dec/2025:20:31:30 +0800] "GET /v4.php?path=%2F%2Fsys%2Fclass%2Finput%2Finput1%2Fevent1%2Fsubsystem%2Finput3%2Fjs0%2Fdevice%2Fjs0%2Fdevice%2Fdevice%2Fpower&viewfile=%2F%2Fsys%2Fclass%2Finput%2Finput1%2Fevent1%2Fsubsystem%2Finput3%2Fjs0%2Fdevice%2Fjs0%2Fdevice%2Fdevice%2Fpower%2Fruntime_enabled HTTP/1.1" 404 - "-" "Mozilla/5.0 AppleWebKit/537.36 (KHTML, like Gecko; compatible; ClaudeBot/1.0; +claudebot@anthropic.com)"
216.73.216.21 - - [23/Dec/2025:20:31:30 +0800] "GET /v4.php?path=%2F%2Fsys%2Fclass%2Finput%2Fevent1%2Fdevice%2Fevent1%2Fsubsystem%2Finput3%2Fjs0%2Fdevice%2Fdevice%2Fpower&viewfile=%2F%2Fsys%2Fclass%2Finput%2Fevent1%2Fdevice%2Fevent1%2Fsubsystem%2Finput3%2Fjs0%2Fdevice%2Fdevice%2Fpower%2Fruntime_enabled HTTP/1.1" 404 - "-" "Mozilla/5.0 AppleWebKit/537.36 (KHTML, like Gecko; compatible; ClaudeBot/1.0; +claudebot@anthropic.com)"
216.73.216.21 - - [23/Dec/2025:20:31:30 +0800] "GET /v4.php?path=%2F%2Fsys%2Fclass%2Finput%2Fmouse0%2Fdevice%2Fdevice%2Finput%2Finput3%2Fjs0%2Fdevice%2Fmouse0%2Fdevice%2Fpower&viewfile=%2F%2Fsys%2Fclass%2Finput%2Fmouse0%2Fdevice%2Fdevice%2Finput%2Finput3%2Fjs0%2Fdevice%2Fmouse0%2Fdevice%2Fpower%2Fruntime_enabled HTTP/1.1" 404 - "-" "Mozilla/5.0 AppleWebKit/537.36 (KHTML, like Gecko; compatible; ClaudeBot/1.0; +claudebot@anthropic.com)"
216.73.216.21 - - [23/Dec/2025:20:31:30 +0800] "GET /v4.php?path=%2F%2Fsys%2Fclass%2Finput%2Fjs0%2Fdevice%2Fdevice%2Finput%2Finput3%2Fmouse0%2Fdevice%2Fmouse0%2Fdevice%2Fpower&viewfile=%2F%2Fsys%2Fclass%2Finput%2Fjs0%2Fdevice%2Fdevice%2Finput%2Finput3%2Fmouse0%2Fdevice%2Fmouse0%2Fdevice%2Fpower%2Fruntime_enabled HTTP/1.1" 404 - "-" "Mozilla/5.0 AppleWebKit/537.36 (KHTML, like Gecko; compatible; ClaudeBot/1.0; +claudebot@anthropic.com)"
216.73.216.21 - - [23/Dec/2025:20:31:30 +0800] "GET /v4.php?path=%2F%2Fsys%2Fclass%2Finput%2Fmouse0%2Fdevice%2Fdevice%2Finput%2Finput3%2Fmouse0%2Fdevice%2Fjs0%2Fdevice%2Fpower&viewfile=%2F%2Fsys%2Fclass%2Finput%2Fmouse0%2Fdevice%2Fdevice%2Finput%2Finput3%2Fmouse0%2Fdevice%2Fjs0%2Fdevice%2Fpower%2Fruntime_enabled HTTP/1.1" 404 - "-" "Mozilla/5.0 AppleWebKit/537.36 (KHTML, like Gecko; compatible; ClaudeBot/1.0; +claudebot@anthropic.com)"
216.73.216.21 - - [23/Dec/2025:20:31:30 +0800] "GET /v4.php?path=%2F%2Fsys%2Fclass%2Finput%2Finput3%2Fdevice%2Finput%2Finput3%2Fjs0%2Fdevice%2Fsubsystem%2Fevent4%2Fdevice%2Fdevice%2Fpower&viewfile=%2F%2Fsys%2Fclass%2Finput%2Finput3%2Fdevice%2Finput%2Finput3%2Fjs0%2Fdevice%2Fsubsystem%2Fevent4%2Fdevice%2Fdevice%2Fpower%2Fasync HTTP/1.1" 404 - "-" "Mozilla/5.0 AppleWebKit/537.36 (KHTML, like Gecko; compatible; ClaudeBot/1.0; +claudebot@anthropic.com)"
216.73.216.21 - - [23/Dec/2025:20:31:30 +0800] "GET /v4.php?path=%2F%2Fsys%2Fclass%2Finput%2Finput1%2Fevent1%2Fdevice%2Fdevice%2Finput%2Finput1%2Fsubsystem%2Finput0%2Fevent0%2Fdevice&viewfile=%2F%2Fsys%2Fclass%2Finput%2Finput1%2Fevent1%2Fdevice%2Fdevice%2Finput%2Finput1%2Fsubsystem%2Finput0%2Fevent0%2Fdevice%2Fphys HTTP/1.1" 404 - "-" "Mozilla/5.0 AppleWebKit/537.36 (KHTML, like Gecko; compatible; ClaudeBot/1.0; +claudebot@anthropic.com)"
216.73.216.21 - - [23/Dec/2025:20:31:30 +0800] "GET /v4.php?path=%2F%2Fusr%2Flib%2Fmodules%2F3.10.0-1160.119.1.el7.tuxcare.els13.x86_64%2Fsource%2Farch%2Fx86%2Finclude%2Fasm&viewfile=%2F%2Fusr%2Flib%2Fmodules%2F3.10.0-1160.119.1.el7.tuxcare.els13.x86_64%2Fsource%2Farch%2Fx86%2Finclude%2Fasm%2Fcurrent.h HTTP/1.1" 404 - "-" "Mozilla/5.0 AppleWebKit/537.36 (KHTML, like Gecko; compatible; ClaudeBot/1.0; +claudebot@anthropic.com)"
216.73.216.21 - - [23/Dec/2025:20:31:31 +0800] "GET /v4.php?path=%2F%2Fsys%2Fclass%2Finput%2Fevent1%2Fsubsystem%2Fjs0%2Fdevice%2Fdevice%2Finput%2Finput3%2Fjs0%2Fdevice%2Fjs0%2Fdevice&viewfile=%2F%2Fsys%2Fclass%2Finput%2Fevent1%2Fsubsystem%2Fjs0%2Fdevice%2Fdevice%2Finput%2Finput3%2Fjs0%2Fdevice%2Fjs0%2Fdevice%2Fphys HTTP/1.1" 404 - "-" "Mozilla/5.0 AppleWebKit/537.36 (KHTML, like Gecko; compatible; ClaudeBot/1.0; +claudebot@anthropic.com)"
216.73.216.21 - - [23/Dec/2025:20:31:31 +0800] "GET /v4.php?path=%2F%2Fsys%2Fclass%2Finput%2Finput1%2Fevent1%2Fsubsystem%2Fevent3%2Fdevice%2Fdevice%2Finput%2Finput3%2Fjs0%2Fdevice&viewfile=%2F%2Fsys%2Fclass%2Finput%2Finput1%2Fevent1%2Fsubsystem%2Fevent3%2Fdevice%2Fdevice%2Finput%2Finput3%2Fjs0%2Fdevice%2Fphys HTTP/1.1" 404 - "-" "Mozilla/5.0 AppleWebKit/537.36 (KHTML, like Gecko; compatible; ClaudeBot/1.0; +claudebot@anthropic.com)"
216.73.216.21 - - [23/Dec/2025:20:31:31 +0800] "GET /v4.php?path=%2F%2Fsys%2Fclass%2Finput%2Fjs0%2Fdevice%2Fdevice%2Finput%2Finput3%2Fjs0%2Fdevice%2Fsubsystem%2Finput1%2Fdevice%2Fdriver&viewfile=%2F%2Fsys%2Fclass%2Finput%2Fjs0%2Fdevice%2Fdevice%2Finput%2Finput3%2Fjs0%2Fdevice%2Fsubsystem%2Finput1%2Fdevice%2Fdriver%2Funbind HTTP/1.1" 404 - "-" "Mozilla/5.0 AppleWebKit/537.36 (KHTML, like Gecko; compatible; ClaudeBot/1.0; +claudebot@anthropic.com)"
216.73.216.21 - - [23/Dec/2025:20:31:31 +0800] "GET /v4.php?path=%2F%2Fusr%2Flib%2Fmodules%2F3.10.0-1160.119.1.el7.tuxcare.els13.x86_64%2Fsource%2Farch%2Fx86%2Finclude%2Fasm&viewfile=%2F%2Fusr%2Flib%2Fmodules%2F3.10.0-1160.119.1.el7.tuxcare.els13.x86_64%2Fsource%2Farch%2Fx86%2Finclude%2Fasm%2Frwlock.h HTTP/1.1" 404 - "-" "Mozilla/5.0 AppleWebKit/537.36 (KHTML, like Gecko; compatible; ClaudeBot/1.0; +claudebot@anthropic.com)"
216.73.216.21 - - [23/Dec/2025:20:31:31 +0800] "GET /v4.php?path=%2F%2Fsys%2Fclass%2Finput%2Fmouse0%2Fdevice%2Fdevice%2Finput%2Finput3%2Fmouse0%2Fdevice%2Fevent3%2Fdevice%2Fevent3%2Fpower&viewfile=%2F%2Fsys%2Fclass%2Finput%2Fmouse0%2Fdevice%2Fdevice%2Finput%2Finput3%2Fmouse0%2Fdevice%2Fevent3%2Fdevice%2Fevent3%2Fpower%2Fasync HTTP/1.1" 404 - "-" "Mozilla/5.0 AppleWebKit/537.36 (KHTML, like Gecko; compatible; ClaudeBot/1.0; +claudebot@anthropic.com)"
216.73.216.21 - - [23/Dec/2025:20:31:31 +0800] "GET /v4.php?path=%2F%2Fsys%2Fclass%2Finput%2Fevent3%2Fdevice%2Fdevice%2Finput%2Finput3%2Fmouse0%2Fdevice%2Fmouse0%2Fdevice%2Fevent3%2Fpower&viewfile=%2F%2Fsys%2Fclass%2Finput%2Fevent3%2Fdevice%2Fdevice%2Finput%2Finput3%2Fmouse0%2Fdevice%2Fmouse0%2Fdevice%2Fevent3%2Fpower%2Fasync HTTP/1.1" 404 - "-" "Mozilla/5.0 AppleWebKit/537.36 (KHTML, like Gecko; compatible; ClaudeBot/1.0; +claudebot@anthropic.com)"
216.73.216.21 - - [23/Dec/2025:20:31:31 +0800] "GET /v4.php?path=%2F%2Fsys%2Fclass%2Finput%2Fevent3%2Fdevice%2Fdevice%2Finput%2Finput3%2Fevent3%2Fdevice%2Fmouse0%2Fdevice%2Fmouse0%2Fpower&viewfile=%2F%2Fsys%2Fclass%2Finput%2Fevent3%2Fdevice%2Fdevice%2Finput%2Finput3%2Fevent3%2Fdevice%2Fmouse0%2Fdevice%2Fmouse0%2Fpower%2Fasync HTTP/1.1" 404 - "-" "Mozilla/5.0 AppleWebKit/537.36 (KHTML, like Gecko; compatible; ClaudeBot/1.0; +claudebot@anthropic.com)"
216.73.216.21 - - [23/Dec/2025:20:31:31 +0800] "GET /v4.php?path=%2F%2Fsys%2Fclass%2Finput%2Fmouse0%2Fdevice%2Fdevice%2Finput%2Finput3%2Fevent3%2Fdevice%2Fevent3%2Fdevice%2Fmouse0%2Fpower&viewfile=%2F%2Fsys%2Fclass%2Finput%2Fmouse0%2Fdevice%2Fdevice%2Finput%2Finput3%2Fevent3%2Fdevice%2Fevent3%2Fdevice%2Fmouse0%2Fpower%2Fasync HTTP/1.1" 404 - "-" "Mozilla/5.0 AppleWebKit/537.36 (KHTML, like Gecko; compatible; ClaudeBot/1.0; +claudebot@anthropic.com)"
216.73.216.21 - - [23/Dec/2025:20:31:31 +0800] "GET /v4.php?path=%2F%2Fsys%2Fclass%2Finput%2Fevent1%2Fsubsystem%2Fevent1%2Fdevice%2Fdevice%2Finput%2Finput1%2Fevent1%2Fsubsystem%2Finput4&viewfile=%2F%2Fsys%2Fclass%2Finput%2Fevent1%2Fsubsystem%2Fevent1%2Fdevice%2Fdevice%2Finput%2Finput1%2Fevent1%2Fsubsystem%2Finput4%2Fname HTTP/1.1" 404 - "-" "Mozilla/5.0 AppleWebKit/537.36 (KHTML, like Gecko; compatible; ClaudeBot/1.0; +claudebot@anthropic.com)"
216.73.216.21 - - [23/Dec/2025:20:31:31 +0800] "GET /v4.php?path=%2F%2Fsys%2Fclass%2Finput%2Finput1%2Fevent1%2Fsubsystem%2Finput3%2Fjs0%2Fdevice%2Fjs0%2Fdevice%2Fjs0%2Fdevice%2Fcapabilities&viewfile=%2F%2Fsys%2Fclass%2Finput%2Finput1%2Fevent1%2Fsubsystem%2Finput3%2Fjs0%2Fdevice%2Fjs0%2Fdevice%2Fjs0%2Fdevice%2Fcapabilities%2Fsw HTTP/1.1" 404 - "-" "Mozilla/5.0 AppleWebKit/537.36 (KHTML, like Gecko; compatible; ClaudeBot/1.0; +claudebot@anthropic.com)"
216.73.216.21 - - [23/Dec/2025:20:31:31 +0800] "GET /v4.php?path=%2F%2Fsys%2Fclass%2Finput%2Fevent4%2Fsubsystem%2Finput1%2Fevent1%2Fdevice%2Fevent1%2Fdevice%2Fevent1%2Fdevice%2Fdevice%2Fdriver HTTP/1.1" 404 - "-" "Mozilla/5.0 AppleWebKit/537.36 (KHTML, like Gecko; compatible; ClaudeBot/1.0; +claudebot@anthropic.com)"
216.73.216.21 - - [23/Dec/2025:20:31:32 +0800] "GET /v4.php?path=%2F%2Fsys%2Fclass%2Finput%2Finput3%2Fdevice%2Finput%2Finput3%2Fmouse0%2Fdevice%2Fjs0%2Fdevice%2Fsubsystem%2Fevent1%2Fdevice&viewfile=%2F%2Fsys%2Fclass%2Finput%2Finput3%2Fdevice%2Finput%2Finput3%2Fmouse0%2Fdevice%2Fjs0%2Fdevice%2Fsubsystem%2Fevent1%2Fdevice%2Funiq HTTP/1.1" 404 - "-" "Mozilla/5.0 AppleWebKit/537.36 (KHTML, like Gecko; compatible; ClaudeBot/1.0; +claudebot@anthropic.com)"
216.73.216.21 - - [23/Dec/2025:20:31:32 +0800] "GET /v4.php?path=%2F%2Fsys%2Fclass%2Finput%2Finput2%2Fdevice%2Finput%2Finput2%2Finput2%3A%3Acompose%2Fdevice%2Fdevice%2Finput HTTP/1.1" 404 - "-" "Mozilla/5.0 AppleWebKit/537.36 (KHTML, like Gecko; compatible; ClaudeBot/1.0; +claudebot@anthropic.com)"
216.73.216.21 - - [23/Dec/2025:20:31:32 +0800] "GET /v4.php?path=%2F%2Fsys%2Fclass%2Finput%2Fjs0%2Fdevice%2Fjs0%2Fsubsystem%2Finput3%2Fdevice%2Finput%2Finput3%2Fjs0%2Fdevice%2Fcapabilities&viewfile=%2F%2Fsys%2Fclass%2Finput%2Fjs0%2Fdevice%2Fjs0%2Fsubsystem%2Finput3%2Fdevice%2Finput%2Finput3%2Fjs0%2Fdevice%2Fcapabilities%2Fled HTTP/1.1" 404 - "-" "Mozilla/5.0 AppleWebKit/537.36 (KHTML, like Gecko; compatible; ClaudeBot/1.0; +claudebot@anthropic.com)"
216.73.216.21 - - [23/Dec/2025:20:31:32 +0800] "GET /v4.php?path=%2F%2Fsys%2Fclass%2Finput%2Fjs0%2Fdevice%2Fjs0%2Fdevice%2Fjs0%2Fsubsystem%2Finput3%2Fdevice%2Finput%2Finput3%2Fcapabilities&viewfile=%2F%2Fsys%2Fclass%2Finput%2Fjs0%2Fdevice%2Fjs0%2Fdevice%2Fjs0%2Fsubsystem%2Finput3%2Fdevice%2Finput%2Finput3%2Fcapabilities%2Fled HTTP/1.1" 404 - "-" "Mozilla/5.0 AppleWebKit/537.36 (KHTML, like Gecko; compatible; ClaudeBot/1.0; +claudebot@anthropic.com)"
216.73.216.21 - - [23/Dec/2025:20:31:32 +0800] "GET /v4.php?path=%2F%2Fsys%2Fclass%2Finput%2Fevent1%2Fdevice%2Fevent1%2Fsubsystem%2Finput0%2Fevent0%2Fdevice%2Fdevice%2Finput%2Finput0&viewfile=%2F%2Fsys%2Fclass%2Finput%2Fevent1%2Fdevice%2Fevent1%2Fsubsystem%2Finput0%2Fevent0%2Fdevice%2Fdevice%2Finput%2Finput0%2Fname HTTP/1.1" 404 - "-" "Mozilla/5.0 AppleWebKit/537.36 (KHTML, like Gecko; compatible; ClaudeBot/1.0; +claudebot@anthropic.com)"
216.73.216.21 - - [23/Dec/2025:20:31:32 +0800] "GET /v4.php?path=%2F%2Fsys%2Fclass%2Finput%2Finput3%2Fevent3%2Fdevice%2Fdevice%2Finput%2Finput3%2Fdevice%2Fdriver&viewfile=%2F%2Fsys%2Fclass%2Finput%2Finput3%2Fevent3%2Fdevice%2Fdevice%2Finput%2Finput3%2Fdevice%2Fdriver%2Fremove_id HTTP/1.1" 404 - "-" "Mozilla/5.0 AppleWebKit/537.36 (KHTML, like Gecko; compatible; ClaudeBot/1.0; +claudebot@anthropic.com)"
216.73.216.21 - - [23/Dec/2025:20:31:32 +0800] "GET /v4.php?path=%2F%2Fsys%2Fclass%2Finput%2Fjs0%2Fdevice%2Fjs0%2Fdevice%2Fjs0%2Fdevice%2Fevent3%2Fdevice%2Fjs0%2Fdevice%2Fcapabilities&viewfile=%2F%2Fsys%2Fclass%2Finput%2Fjs0%2Fdevice%2Fjs0%2Fdevice%2Fjs0%2Fdevice%2Fevent3%2Fdevice%2Fjs0%2Fdevice%2Fcapabilities%2Frel HTTP/1.1" 404 - "-" "Mozilla/5.0 AppleWebKit/537.36 (KHTML, like Gecko; compatible; ClaudeBot/1.0; +claudebot@anthropic.com)"
216.73.216.21 - - [23/Dec/2025:20:31:32 +0800] "GET /v4.php?path=%2F%2Fsys%2Fclass%2Finput%2Fevent1%2Fdevice%2Fevent1%2Fdevice%2Fsubsystem%2Finput1%2Fdevice%2Finput%2Finput1%2Fevent1%2Fpower HTTP/1.1" 404 - "-" "Mozilla/5.0 AppleWebKit/537.36 (KHTML, like Gecko; compatible; ClaudeBot/1.0; +claudebot@anthropic.com)"
216.73.216.21 - - [23/Dec/2025:20:31:32 +0800] "GET /v4.php?path=%2F%2Fsys%2Fclass%2Finput%2Fjs0%2Fdevice%2Fmouse0%2Fdevice%2Fdevice%2Finput%2Finput3%2Fjs0%2Fdevice%2Fjs0%2Fdevice%2Fdevice%2Fdriver HTTP/1.1" 404 - "-" "Mozilla/5.0 AppleWebKit/537.36 (KHTML, like Gecko; compatible; ClaudeBot/1.0; +claudebot@anthropic.com)"
216.73.216.21 - - [23/Dec/2025:20:31:32 +0800] "GET /v4.php?path=%2F%2Fsys%2Fclass%2Finput%2Finput0%2Fsubsystem%2Finput1%2Fevent1%2Fdevice%2Fdevice%2Finput%2Finput1&viewfile=%2F%2Fsys%2Fclass%2Finput%2Finput0%2Fsubsystem%2Finput1%2Fevent1%2Fdevice%2Fdevice%2Finput%2Finput1%2Funiq HTTP/1.1" 404 - "-" "Mozilla/5.0 AppleWebKit/537.36 (KHTML, like Gecko; compatible; ClaudeBot/1.0; +claudebot@anthropic.com)"
216.73.216.21 - - [23/Dec/2025:20:31:32 +0800] "GET /v4.php?path=%2F%2Fsys%2Fclass%2Finput%2Finput3%2Fdevice%2Finput%2Finput3%2Fdevice%2Fdriver%2F5-2%3A1.1%2Finput%2Finput3%2Fcapabilities&viewfile=%2F%2Fsys%2Fclass%2Finput%2Finput3%2Fdevice%2Finput%2Finput3%2Fdevice%2Fdriver%2F5-2%3A1.1%2Finput%2Finput3%2Fcapabilities%2Fkey HTTP/1.1" 404 - "-" "Mozilla/5.0 AppleWebKit/537.36 (KHTML, like Gecko; compatible; ClaudeBot/1.0; +claudebot@anthropic.com)"
216.73.216.21 - - [23/Dec/2025:20:31:33 +0800] "GET /v4.php?path=%2F%2Fsys%2Fclass%2Finput%2Fjs0%2Fdevice%2Fjs0%2Fdevice%2Fjs0%2Fdevice%2Fevent3%2Fdevice%2Fjs0%2Fdevice%2Fcapabilities&viewfile=%2F%2Fsys%2Fclass%2Finput%2Fjs0%2Fdevice%2Fjs0%2Fdevice%2Fjs0%2Fdevice%2Fevent3%2Fdevice%2Fjs0%2Fdevice%2Fcapabilities%2Fkey HTTP/1.1" 404 - "-" "Mozilla/5.0 AppleWebKit/537.36 (KHTML, like Gecko; compatible; ClaudeBot/1.0; +claudebot@anthropic.com)"
216.73.216.21 - - [23/Dec/2025:20:31:33 +0800] "GET /v4.php?path=%2F%2Fsys%2Fclass%2Finput%2Finput3%2Fdevice%2Finput%2Finput3%2Fdevice%2Fdriver%2F5-2%3A1.1%2Finput%2Finput3%2Fcapabilities&viewfile=%2F%2Fsys%2Fclass%2Finput%2Finput3%2Fdevice%2Finput%2Finput3%2Fdevice%2Fdriver%2F5-2%3A1.1%2Finput%2Finput3%2Fcapabilities%2Frel HTTP/1.1" 404 - "-" "Mozilla/5.0 AppleWebKit/537.36 (KHTML, like Gecko; compatible; ClaudeBot/1.0; +claudebot@anthropic.com)"
216.73.216.21 - - [23/Dec/2025:20:31:33 +0800] "GET /v4.php?path=%2F%2Fsys%2Fclass%2Finput%2Finput3%2Fdevice%2Finput%2Finput3%2Fmouse0%2Fsubsystem%2Finput3%2Fjs0%2Fdevice%2Fjs0%2Fpower&viewfile=%2F%2Fsys%2Fclass%2Finput%2Finput3%2Fdevice%2Finput%2Finput3%2Fmouse0%2Fsubsystem%2Finput3%2Fjs0%2Fdevice%2Fjs0%2Fpower%2Fasync HTTP/1.1" 404 - "-" "Mozilla/5.0 AppleWebKit/537.36 (KHTML, like Gecko; compatible; ClaudeBot/1.0; +claudebot@anthropic.com)"
216.73.216.21 - - [23/Dec/2025:20:31:33 +0800] "GET /v4.php?path=%2F%2Fsys%2Fclass%2Finput%2Finput1%2Fsubsystem%2Fevent1%2Fdevice%2Fdevice%2Finput%2Finput1%2Fcapabilities&viewfile=%2F%2Fsys%2Fclass%2Finput%2Finput1%2Fsubsystem%2Fevent1%2Fdevice%2Fdevice%2Finput%2Finput1%2Fcapabilities%2Fsw HTTP/1.1" 404 - "-" "Mozilla/5.0 AppleWebKit/537.36 (KHTML, like Gecko; compatible; ClaudeBot/1.0; +claudebot@anthropic.com)"
