216.73.216.21 - - [23/Dec/2025:22:41:19 +0800] "GET /?w=1613453 HTTP/1.1" 200 445756 "-" "Mozilla/5.0 AppleWebKit/537.36 (KHTML, like Gecko; compatible; ClaudeBot/1.0; +claudebot@anthropic.com)"
217.113.194.231 - - [23/Dec/2025:22:41:20 +0800] "GET /mentol-kristal/mentol-kristal-1kg/Natural-Aroma-Oil-AO-Violet-Color-Aura-Aroma-Oil-10ml-p198691252 HTTP/1.1" 404 - "-" "Mozilla/5.0 (compatible; Barkrowler/0.9; +https://babbar.tech/crawler)"
114.119.153.72 - - [23/Dec/2025:22:41:23 +0800] "GET /mentol-kristal/mentol-kristal-50kg/BFO-Lancome-Idole-50ml-p357461197 HTTP/1.1" 404 - "https://mentol.bf1.my/mentol-kristal/mentol-kristal-50kg/BFO-Lancome-Idole-50ml-p357461197" "Mozilla/5.0 (Linux; Android 7.0;) AppleWebKit/537.36 (KHTML, like Gecko) Mobile Safari/537.36 (compatible; PetalBot;+https://webmaster.petalsearch.com/site/petalbot)"
74.7.243.225 - - [23/Dec/2025:22:41:29 +0800] "GET /search.php?cultural179045386.html HTTP/1.1" 404 - "-" "Mozilla/5.0 AppleWebKit/537.36 (KHTML, like Gecko; compatible; GPTBot/1.3; +https://openai.com/gptbot)"
217.113.194.151 - - [23/Dec/2025:22:41:35 +0800] "GET /mentol-kristal/mentol-kristal-1kg/Natural-Aroma-Oil-AO-Indigo-Color-Aura-Aroma-Oil-10ml-p198691223 HTTP/1.1" 404 - "-" "Mozilla/5.0 (compatible; Barkrowler/0.9; +https://babbar.tech/crawler)"
114.119.128.212 - - [23/Dec/2025:22:41:38 +0800] "GET /mentol-kristal/mentol-kristal-500g/Perfume-Shower-Gel-25000ml-25L-Refill-Pack-p540156770 HTTP/1.1" 404 - "https://mentol.bf1.my/mentol-kristal/mentol-kristal-500g/Perfume-Shower-Gel-c50137001" "Mozilla/5.0 (Linux; Android 7.0;) AppleWebKit/537.36 (KHTML, like Gecko) Mobile Safari/537.36 (compatible; PetalBot;+https://webmaster.petalsearch.com/site/petalbot)"
66.249.65.174 - - [23/Dec/2025:22:41:46 +0800] "GET /shop/6417031.shtml HTTP/1.1" 404 - "-" "Mozilla/5.0 (Linux; Android 6.0.1; Nexus 5X Build/MMB29P) AppleWebKit/537.36 (KHTML, like Gecko) Chrome/141.0.7390.122 Mobile Safari/537.36 (compatible; Googlebot/2.1; +http://www.google.com/bot.html)"
216.73.216.21 - - [23/Dec/2025:22:41:49 +0800] "GET /?w=225484 HTTP/1.1" 200 445171 "-" "Mozilla/5.0 AppleWebKit/537.36 (KHTML, like Gecko; compatible; ClaudeBot/1.0; +claudebot@anthropic.com)"
216.73.216.21 - - [23/Dec/2025:22:41:49 +0800] "GET /?store-page=NAP-Carolina-Herrera-212-Sexy-Man-M-250ml-p395663446 HTTP/1.1" 200 446572 "-" "Mozilla/5.0 AppleWebKit/537.36 (KHTML, like Gecko; compatible; ClaudeBot/1.0; +claudebot@anthropic.com)"
216.73.216.21 - - [23/Dec/2025:22:41:50 +0800] "GET /?w=152791 HTTP/1.1" 200 445651 "-" "Mozilla/5.0 AppleWebKit/537.36 (KHTML, like Gecko; compatible; ClaudeBot/1.0; +claudebot@anthropic.com)"
216.73.216.21 - - [23/Dec/2025:22:41:50 +0800] "GET /?w=1795238 HTTP/1.1" 200 446275 "-" "Mozilla/5.0 AppleWebKit/537.36 (KHTML, like Gecko; compatible; ClaudeBot/1.0; +claudebot@anthropic.com)"
216.73.216.21 - - [23/Dec/2025:22:41:50 +0800] "GET /?w=379270 HTTP/1.1" 200 445060 "-" "Mozilla/5.0 AppleWebKit/537.36 (KHTML, like Gecko; compatible; ClaudeBot/1.0; +claudebot@anthropic.com)"
216.73.216.21 - - [23/Dec/2025:22:41:50 +0800] "GET /?w=186253 HTTP/1.1" 200 445369 "-" "Mozilla/5.0 AppleWebKit/537.36 (KHTML, like Gecko; compatible; ClaudeBot/1.0; +claudebot@anthropic.com)"
114.119.156.223 - - [23/Dec/2025:22:41:50 +0800] "GET /mentol-kristal/mentol-kristal-5kg/CP-Golden-Sandalwood-Aromatic-Car-Perfume-Oil-500ml-p476231266 HTTP/1.1" 404 - "https://mentol.bf1.my/mentol-kristal/mentol-kristal-5kg/Car-Perfume-500ml-c38945021" "Mozilla/5.0 (Linux; Android 7.0;) AppleWebKit/537.36 (KHTML, like Gecko) Mobile Safari/537.36 (compatible; PetalBot;+https://webmaster.petalsearch.com/site/petalbot)"
216.73.216.21 - - [23/Dec/2025:22:41:50 +0800] "GET /?w=1596001 HTTP/1.1" 200 446611 "-" "Mozilla/5.0 AppleWebKit/537.36 (KHTML, like Gecko; compatible; ClaudeBot/1.0; +claudebot@anthropic.com)"
216.73.216.21 - - [23/Dec/2025:22:41:50 +0800] "GET /best-time-to-play-slots-at-casino HTTP/1.1" 404 - "-" "Mozilla/5.0 AppleWebKit/537.36 (KHTML, like Gecko; compatible; ClaudeBot/1.0; +claudebot@anthropic.com)"
66.249.65.174 - - [23/Dec/2025:22:41:50 +0800] "GET /shop/6234165.shtml HTTP/1.1" 404 - "-" "Mozilla/5.0 (Linux; Android 6.0.1; Nexus 5X Build/MMB29P) AppleWebKit/537.36 (KHTML, like Gecko) Chrome/141.0.7390.122 Mobile Safari/537.36 (compatible; Googlebot/2.1; +http://www.google.com/bot.html)"
216.73.216.21 - - [23/Dec/2025:22:41:50 +0800] "GET /?w=1422389 HTTP/1.1" 200 446137 "-" "Mozilla/5.0 AppleWebKit/537.36 (KHTML, like Gecko; compatible; ClaudeBot/1.0; +claudebot@anthropic.com)"
216.73.216.21 - - [23/Dec/2025:22:41:50 +0800] "GET /?w=925253 HTTP/1.1" 200 446119 "-" "Mozilla/5.0 AppleWebKit/537.36 (KHTML, like Gecko; compatible; ClaudeBot/1.0; +claudebot@anthropic.com)"
216.73.216.21 - - [23/Dec/2025:22:41:50 +0800] "GET /?w=1400195 HTTP/1.1" 200 445735 "-" "Mozilla/5.0 AppleWebKit/537.36 (KHTML, like Gecko; compatible; ClaudeBot/1.0; +claudebot@anthropic.com)"
216.73.216.21 - - [23/Dec/2025:22:41:50 +0800] "GET /?w=218592 HTTP/1.1" 200 445831 "-" "Mozilla/5.0 AppleWebKit/537.36 (KHTML, like Gecko; compatible; ClaudeBot/1.0; +claudebot@anthropic.com)"
216.73.216.21 - - [23/Dec/2025:22:41:50 +0800] "GET /?store-page=Crystal-Menthol-Crystal-100g-p150020693 HTTP/1.1" 200 445246 "-" "Mozilla/5.0 AppleWebKit/537.36 (KHTML, like Gecko; compatible; ClaudeBot/1.0; +claudebot@anthropic.com)"
216.73.216.21 - - [23/Dec/2025:22:41:50 +0800] "GET /?w=1899904 HTTP/1.1" 200 446062 "-" "Mozilla/5.0 AppleWebKit/537.36 (KHTML, like Gecko; compatible; ClaudeBot/1.0; +claudebot@anthropic.com)"
216.73.216.21 - - [23/Dec/2025:22:41:51 +0800] "GET /?w=656349 HTTP/1.1" 200 445432 "-" "Mozilla/5.0 AppleWebKit/537.36 (KHTML, like Gecko; compatible; ClaudeBot/1.0; +claudebot@anthropic.com)"
216.73.216.21 - - [23/Dec/2025:22:41:51 +0800] "GET /?w=1280396 HTTP/1.1" 200 445585 "-" "Mozilla/5.0 AppleWebKit/537.36 (KHTML, like Gecko; compatible; ClaudeBot/1.0; +claudebot@anthropic.com)"
217.113.194.146 - - [23/Dec/2025:22:41:51 +0800] "GET /mentol-kristal/mentol-kristal-1kg/Natural-Aroma-Oil-AO-Woodworm-Repellent-Aroma-Oil-1L-p196106945 HTTP/1.1" 404 - "-" "Mozilla/5.0 (compatible; Barkrowler/0.9; +https://babbar.tech/crawler)"
216.73.216.21 - - [23/Dec/2025:22:41:51 +0800] "GET /?w=675659 HTTP/1.1" 200 446311 "-" "Mozilla/5.0 AppleWebKit/537.36 (KHTML, like Gecko; compatible; ClaudeBot/1.0; +claudebot@anthropic.com)"
52.167.144.182 - - [23/Dec/2025:22:41:52 +0800] "GET /mentol-kristal/mentol-kristal-50kg/Anti-Bac-Dog-Sanitizer-and-Deodorizer-Spray-ABPSD-Dog-Non-Alcohol-with-Lavender-500ml-for-Dog-and-Puppy-%E2%AD%90%E2%AD%90%E2%AD%90%E2%AD%90%E2%AD%90-p251997127 HTTP/1.1" 404 - "-" "Mozilla/5.0 AppleWebKit/537.36 (KHTML, like Gecko; compatible; bingbot/2.0; +http://www.bing.com/bingbot.htm) Chrome/116.0.1938.76 Safari/537.36"
74.7.227.167 - - [23/Dec/2025:22:42:04 +0800] "GET /search.php?testify092046071.html HTTP/1.1" 404 - "-" "Mozilla/5.0 AppleWebKit/537.36 (KHTML, like Gecko; compatible; GPTBot/1.3; +https://openai.com/gptbot)"
114.119.140.29 - - [23/Dec/2025:22:42:05 +0800] "GET /mentol-kristal/mentol-kristal-50kg/EDP-Al-Rehab-Original-M-5L-p156279014 HTTP/1.1" 404 - "https://mentol.bf1.my/mentol-kristal/mentol-kristal-50kg/EDP-Perfume-5L-c38400005" "Mozilla/5.0 (Linux; Android 7.0;) AppleWebKit/537.36 (KHTML, like Gecko) Mobile Safari/537.36 (compatible; PetalBot;+https://webmaster.petalsearch.com/site/petalbot)"
217.113.194.231 - - [23/Dec/2025:22:42:06 +0800] "GET /mentol-kristal/mentol-kristal-1kg/Natural-Aroma-Oil-AO-Woodworm-Repellent-Aroma-Oil-10ml-p196117019 HTTP/1.1" 404 - "-" "Mozilla/5.0 (compatible; Barkrowler/0.9; +https://babbar.tech/crawler)"
74.7.243.225 - - [23/Dec/2025:22:42:07 +0800] "GET /search.php?although186045235.html HTTP/1.1" 404 - "-" "Mozilla/5.0 AppleWebKit/537.36 (KHTML, like Gecko; compatible; GPTBot/1.3; +https://openai.com/gptbot)"
216.73.216.21 - - [23/Dec/2025:22:42:15 +0800] "GET /wp-content/uploads/?C=M&O=A HTTP/1.1" 200 1336 "-" "Mozilla/5.0 AppleWebKit/537.36 (KHTML, like Gecko; compatible; ClaudeBot/1.0; +claudebot@anthropic.com)"
216.73.216.21 - - [23/Dec/2025:22:42:15 +0800] "GET /bez-rubriki/bundesliga-oddset HTTP/1.1" 404 - "-" "Mozilla/5.0 AppleWebKit/537.36 (KHTML, like Gecko; compatible; ClaudeBot/1.0; +claudebot@anthropic.com)"
217.113.194.151 - - [23/Dec/2025:22:42:22 +0800] "GET /mentol-kristal/mentol-kristal-1kg/Natural-Aroma-Oil-AO-Yellow-Color-Aura-Aroma-Oil-1L-p198691322 HTTP/1.1" 404 - "-" "Mozilla/5.0 (compatible; Barkrowler/0.9; +https://babbar.tech/crawler)"
114.119.165.5 - - [23/Dec/2025:22:42:25 +0800] "GET /mentol-kristal/mentol-kristal-500g/EDP-Tom-Ford-Amber-Intrigue-U-p753983943 HTTP/1.1" 404 - "https://mentol.bf1.my/mentol-kristal/mentol-kristal-500g/EDP-Perfume-c38010025" "Mozilla/5.0 (Linux; Android 7.0;) AppleWebKit/537.36 (KHTML, like Gecko) Mobile Safari/537.36 (compatible; PetalBot;+https://webmaster.petalsearch.com/site/petalbot)"
114.119.156.122 - - [23/Dec/2025:22:42:32 +0800] "GET /mentol-kristal/mentol-kristal-500g/EDP-Dunhill-Desire-Red-M-55ml-p169036859 HTTP/1.1" 404 - "https://mentol.bf1.my/mentol-kristal/mentol-kristal-500g/EDP-Perfume-55ML-c38395002" "Mozilla/5.0 (Linux; Android 7.0;) AppleWebKit/537.36 (KHTML, like Gecko) Mobile Safari/537.36 (compatible; PetalBot;+https://webmaster.petalsearch.com/site/petalbot)"
217.113.194.143 - - [23/Dec/2025:22:42:37 +0800] "GET /mentol-kristal/mentol-kristal-1kg/Aromatic-Water-Base-Perfume-WBP-Coffee-50ml-Diffuser-Perfume-p262486969 HTTP/1.1" 404 - "-" "Mozilla/5.0 (compatible; Barkrowler/0.9; +https://babbar.tech/crawler)"
74.7.243.225 - - [23/Dec/2025:22:42:46 +0800] "GET /search.php?equality071011532.html HTTP/1.1" 404 - "-" "Mozilla/5.0 AppleWebKit/537.36 (KHTML, like Gecko; compatible; GPTBot/1.3; +https://openai.com/gptbot)"
217.113.194.145 - - [23/Dec/2025:22:42:53 +0800] "GET /mentol-kristal/mentol-kristal-1kg/Aromatic-Fragrance-Oil-AFO-Magnolia-White-Cempaka-5L-p155478004 HTTP/1.1" 404 - "-" "Mozilla/5.0 (compatible; Barkrowler/0.9; +https://babbar.tech/crawler)"
114.119.150.49 - - [23/Dec/2025:22:42:58 +0800] "GET /mentol-kristal/mentol-kristal-500g/Aromatic-Water-Base-Perfume-WBP-Spanish-Lavender-10ml-Diffuser-Perfume-p262670341 HTTP/1.1" 404 - "https://mentol.bf1.my/mentol-kristal/mentol-kristal-500g/Aromatic-Water-Base-Perfume-WBP-7-White-Flower-10ml-Diffuser-Perfume-p262486250" "Mozilla/5.0 (Linux; Android 7.0;) AppleWebKit/537.36 (KHTML, like Gecko) Mobile Safari/537.36 (compatible; PetalBot;+https://webmaster.petalsearch.com/site/petalbot)"
52.167.144.217 - - [23/Dec/2025:22:43:03 +0800] "GET /mentol-kristal/mentol-kristal-1kg/Perfume-Shower-Gel-PSG-Chamomile-5L-p206111061 HTTP/1.1" 404 - "-" "Mozilla/5.0 AppleWebKit/537.36 (KHTML, like Gecko; compatible; bingbot/2.0; +http://www.bing.com/bingbot.htm) Chrome/116.0.1938.76 Safari/537.36"
74.7.227.167 - - [23/Dec/2025:22:43:05 +0800] "GET /search.php?concede286024755.html HTTP/1.1" 404 - "-" "Mozilla/5.0 AppleWebKit/537.36 (KHTML, like Gecko; compatible; GPTBot/1.3; +https://openai.com/gptbot)"
217.113.194.146 - - [23/Dec/2025:22:43:08 +0800] "GET /mentol-kristal/mentol-kristal-1kg/Aromatic-Fragrance-Oil-AFO-Citronella-Java-Citronella-500ml-p153869019 HTTP/1.1" 404 - "-" "Mozilla/5.0 (compatible; Barkrowler/0.9; +https://babbar.tech/crawler)"
114.119.133.14 - - [23/Dec/2025:22:43:10 +0800] "GET /mentol-kristal/mentol-kristal-500g/Aroma-Refreshing-Oil-Pear-500ml-p164648123 HTTP/1.1" 404 - "https://mentol.bf1.my/mentol-kristal/mentol-kristal-500g/Aroma-Refreshing-Oil-Sandalwood-500ml-p164655105" "Mozilla/5.0 (Linux; Android 7.0;) AppleWebKit/537.36 (KHTML, like Gecko) Mobile Safari/537.36 (compatible; PetalBot;+https://webmaster.petalsearch.com/site/petalbot)"
139.177.229.145 - - [23/Dec/2025:22:43:13 +0800] "GET /bez-rubriki/buchmacher-vorhersagen/ HTTP/1.0" 404 - "https://mentol.bf1.my/" "Mozilla/5.0 (Macintosh; Intel Mac OS X 12_5) AppleWebKit/537.36 (KHTML, like Gecko) Chrome/114.0.0.0 YaBrowser/22.7.0 Yowser/2.5 Safari/537.36"
139.177.229.145 - - [23/Dec/2025:22:43:15 +0800] "GET /bez-rubriki/buchmacher-vorhersagen/ HTTP/1.1" 404 - "https://mentol.bf1.my/" "Mozilla/5.0 (Macintosh; Intel Mac OS X 12_5) AppleWebKit/537.36 (KHTML, like Gecko) Chrome/114.0.0.0 YaBrowser/22.7.0 Yowser/2.5 Safari/537.36"
139.177.229.145 - - [23/Dec/2025:22:43:19 +0800] "GET / HTTP/1.1" 404 - "-" "Mozilla/5.0 (Macintosh; Intel Mac OS X 12_5) AppleWebKit/537.36 (KHTML, like Gecko) Chrome/114.0.0.0 YaBrowser/22.7.0 Yowser/2.5 Safari/537.36"
139.177.229.158 - - [23/Dec/2025:22:43:20 +0800] "GET / HTTP/1.0" 404 - "-" "Mozilla/5.0 (Macintosh; Intel Mac OS X 12_5) AppleWebKit/537.36 (KHTML, like Gecko) Chrome/114.0.0.0 YaBrowser/22.7.0 Yowser/2.5 Safari/537.36"
139.177.229.158 - - [23/Dec/2025:22:43:21 +0800] "GET / HTTP/1.1" 404 - "-" "Mozilla/5.0 (Macintosh; Intel Mac OS X 12_5) AppleWebKit/537.36 (KHTML, like Gecko) Chrome/114.0.0.0 YaBrowser/22.7.0 Yowser/2.5 Safari/537.36"
139.177.229.2 - - [23/Dec/2025:22:43:22 +0800] "GET / HTTP/1.1" 404 - "-" "Mozilla/5.0 (Macintosh; Intel Mac OS X 12_5) AppleWebKit/537.36 (KHTML, like Gecko) Chrome/114.0.0.0 YaBrowser/22.7.0 Yowser/2.5 Safari/537.36"
74.7.243.225 - - [23/Dec/2025:22:43:23 +0800] "GET /search.php?symptom125029764.html HTTP/1.1" 404 - "-" "Mozilla/5.0 AppleWebKit/537.36 (KHTML, like Gecko; compatible; GPTBot/1.3; +https://openai.com/gptbot)"
217.113.194.150 - - [23/Dec/2025:22:43:24 +0800] "GET /mentol-kristal/mentol-kristal-1kg/Blended-Essential-Oil-BO-Leg-Pain-Relief-Essential-Oil-1L-p154182235 HTTP/1.1" 404 - "-" "Mozilla/5.0 (compatible; Barkrowler/0.9; +https://babbar.tech/crawler)"
114.119.141.206 - - [23/Dec/2025:22:43:25 +0800] "GET /mentol-kristal/mentol-kristal-500g/Anti-Bac-Dog-Sanitizer-and-Deodorizer-Spray-ABPSD-Dog-Non-Alcohol-with-lime-Calamansi-Lime-25L-for-Dog-and-Puppy-%E2%AD%90%E2%AD%90%E2%AD%90%E2%AD%90%E2%AD%90-p252353744 HTTP/1.1" 404 - "https://mentol.bf1.my/mentol-kristal/mentol-kristal-500g/Anti-Bac-Dog-Sanitizer-and-Deodorizer-Spray-ABPSD-Dog-Non-Alcohol-with-Orange-25L-for-Dog-and-Puppy-%E2%AD%90%E2%AD%90%E2%AD%90%E2%AD%90%E2%AD%90-p252353749" "Mozilla/5.0 (Linux; Android 7.0;) AppleWebKit/537.36 (KHTML, like Gecko) Mobile Safari/537.36 (compatible; PetalBot;+https://webmaster.petalsearch.com/site/petalbot)"
114.119.165.5 - - [23/Dec/2025:22:43:39 +0800] "GET /mentol-kristal/mentol-kristal-500g/ABCSD1-Ginger-Anti-Bac-Carpet-Sanitizer-Deodorizer-Spray-Non-Alcohol-25L-p268265391 HTTP/1.1" 404 - "https://mentol.bf1.my/mentol-kristal/mentol-kristal-500g/Carpet-Sanitizer-Deodorizer-Spray-Non-Alcohol-c69208071" "Mozilla/5.0 (Linux; Android 7.0;) AppleWebKit/537.36 (KHTML, like Gecko) Mobile Safari/537.36 (compatible; PetalBot;+https://webmaster.petalsearch.com/site/petalbot)"
66.249.65.160 - - [23/Dec/2025:22:43:39 +0800] "GET /Aromatic-Fragrance-Oil-AFO-Menthol-Green-50ml-p153770834 HTTP/1.1" 404 - "-" "Mozilla/5.0 (compatible; Googlebot/2.1; +http://www.google.com/bot.html)"
217.113.194.149 - - [23/Dec/2025:22:43:39 +0800] "GET /mentol-kristal/mentol-kristal-1kg/Blended-Essential-Oil-BO-Face-Moisturizing-Essential-Oil-10ml-p154182264 HTTP/1.1" 404 - "-" "Mozilla/5.0 (compatible; Barkrowler/0.9; +https://babbar.tech/crawler)"
114.119.136.164 - - [23/Dec/2025:22:43:52 +0800] "GET /mentol-kristal/mentol-kristal-25kg/VCO-Olive-Green-Virgin-Carrier-Oil-10ml-p150655361 HTTP/1.1" 404 - "https://mentol.bf1.my/mentol-kristal/mentol-kristal-25kg/VCO-Avocado-Virgin-Carrier-Oil-10ml-p150658338" "Mozilla/5.0 (Linux; Android 7.0;) AppleWebKit/537.36 (KHTML, like Gecko) Mobile Safari/537.36 (compatible; PetalBot;+https://webmaster.petalsearch.com/site/petalbot)"
217.113.194.231 - - [23/Dec/2025:22:43:55 +0800] "GET /mentol-kristal/mentol-kristal-1kg/Pure-Essential-Oil-EO-Pepper-White-Pepper-Essential-Oil-5L-p196313658 HTTP/1.1" 404 - "-" "Mozilla/5.0 (compatible; Barkrowler/0.9; +https://babbar.tech/crawler)"
74.7.243.225 - - [23/Dec/2025:22:44:01 +0800] "GET /search.php?elevator278039151.html HTTP/1.1" 404 - "-" "Mozilla/5.0 AppleWebKit/537.36 (KHTML, like Gecko; compatible; GPTBot/1.3; +https://openai.com/gptbot)"
74.7.227.167 - - [23/Dec/2025:22:44:05 +0800] "GET /search.php?occasion243032956.html HTTP/1.1" 404 - "-" "Mozilla/5.0 AppleWebKit/537.36 (KHTML, like Gecko; compatible; GPTBot/1.3; +https://openai.com/gptbot)"
114.119.144.212 - - [23/Dec/2025:22:44:06 +0800] "GET /mentol-kristal/mentol-kristal-25kg/DS-Aramis-Aramis-900-for-Men-Deodorant-Spray-200ml-%E7%94%B7%E7%A5%9E-p320532837 HTTP/1.1" 404 - "https://mentol.bf1.my/mentol-kristal/mentol-kristal-25kg/BFO-Creed-Aventus-Cologne-10ml-p357259576" "Mozilla/5.0 (Linux; Android 7.0;) AppleWebKit/537.36 (KHTML, like Gecko) Mobile Safari/537.36 (compatible; PetalBot;+https://webmaster.petalsearch.com/site/petalbot)"
217.113.194.147 - - [23/Dec/2025:22:44:11 +0800] "GET /mentol-kristal/kristal/PATI-SoChloe-SoChloe-Eau-De-Parfum-PATI-So-W-5L-p266030472 HTTP/1.1" 404 - "-" "Mozilla/5.0 (compatible; Barkrowler/0.9; +https://babbar.tech/crawler)"
114.119.128.212 - - [23/Dec/2025:22:44:20 +0800] "GET /mentol-kristal/mentol-kristal-25kg/DS-Adidas-Deep-Energy-Deodorant-Spray-200ml-%E7%94%B7%E7%A5%9E-p320532822 HTTP/1.1" 404 - "https://mentol.bf1.my/mentol-kristal/mentol-kristal-25kg/BFO-Creed-Aventus-Cologne-10ml-p357259576" "Mozilla/5.0 (Linux; Android 7.0;) AppleWebKit/537.36 (KHTML, like Gecko) Mobile Safari/537.36 (compatible; PetalBot;+https://webmaster.petalsearch.com/site/petalbot)"
217.113.194.143 - - [23/Dec/2025:22:44:26 +0800] "GET /mentol-kristal/kristal/PATI-SoJuicy-Couture-Viva-La-Juicy-La-Fleur-PATI-So-W-250ml-p579835531 HTTP/1.1" 404 - "-" "Mozilla/5.0 (compatible; Barkrowler/0.9; +https://babbar.tech/crawler)"
114.119.150.170 - - [23/Dec/2025:22:44:32 +0800] "GET /mentol-kristal/mentol-kristal-25kg/CP-Passion-Violet-Aromatic-Car-Perfume-Oil-500ml-p482922690 HTTP/1.1" 404 - "https://mentol.bf1.my/mentol-kristal/mentol-kristal-25kg/Car-Perfume-500ml-c38945021" "Mozilla/5.0 (Linux; Android 7.0;) AppleWebKit/537.36 (KHTML, like Gecko) Mobile Safari/537.36 (compatible; PetalBot;+https://webmaster.petalsearch.com/site/petalbot)"
74.7.243.225 - - [23/Dec/2025:22:44:40 +0800] "GET /search.php?profound031017714.html HTTP/1.1" 404 - "-" "Mozilla/5.0 AppleWebKit/537.36 (KHTML, like Gecko; compatible; GPTBot/1.3; +https://openai.com/gptbot)"
216.73.216.21 - - [23/Dec/2025:22:44:41 +0800] "GET /SS1.php?gzfile=L3Vzci9zaGFyZS9taW1lL2F1ZGlvL3ZuZC5kdHMuaGQueG1s HTTP/1.1" 404 - "-" "Mozilla/5.0 AppleWebKit/537.36 (KHTML, like Gecko; compatible; ClaudeBot/1.0; +claudebot@anthropic.com)"
216.73.216.21 - - [23/Dec/2025:22:44:41 +0800] "GET /SS1.php?img=L2hvbWUvbXliZjEvdG1wL3dlYmFsaXplci9zc2wvcGF0aS5iZjEubXkvZGFpbHlfdXNhZ2VfMjAyMDAzLnBuZw%3D%3D HTTP/1.1" 404 - "-" "Mozilla/5.0 AppleWebKit/537.36 (KHTML, like Gecko; compatible; ClaudeBot/1.0; +claudebot@anthropic.com)"
216.73.216.21 - - [23/Dec/2025:22:44:41 +0800] "GET /SS1.php?fm=true&path=%2Fhome%2Fmybf1%2Ftmp%2Fwebalizer%2Fko.bf1.my%2F&rename=usage.png HTTP/1.1" 404 - "-" "Mozilla/5.0 AppleWebKit/537.36 (KHTML, like Gecko; compatible; ClaudeBot/1.0; +claudebot@anthropic.com)"
216.73.216.21 - - [23/Dec/2025:22:44:41 +0800] "GET /SS1.php?img=L2hvbWUvbXliZjEvdG1wL3dlYmFsaXplci9zc2wvd2FybmEuYmYxLm15L2hvdXJseV91c2FnZV8yMDE5MTAucG5n HTTP/1.1" 404 - "-" "Mozilla/5.0 AppleWebKit/537.36 (KHTML, like Gecko; compatible; ClaudeBot/1.0; +claudebot@anthropic.com)"
216.73.216.21 - - [23/Dec/2025:22:44:41 +0800] "GET /SS1.php?gzfile=L3Vzci9saWI2NC9wa2djb25maWcveGNiLXJhbmRyLnBj HTTP/1.1" 404 - "-" "Mozilla/5.0 AppleWebKit/537.36 (KHTML, like Gecko; compatible; ClaudeBot/1.0; +claudebot@anthropic.com)"
216.73.216.21 - - [23/Dec/2025:22:44:41 +0800] "GET /wp-admin/css/site-health-rtl.css HTTP/1.1" 404 - "-" "Mozilla/5.0 AppleWebKit/537.36 (KHTML, like Gecko; compatible; ClaudeBot/1.0; +claudebot@anthropic.com)"
216.73.216.21 - - [23/Dec/2025:22:44:41 +0800] "GET /SS1.php?gzfile=L3Vzci9saWI2NC9nY29udi9JQk04MDMuc28%3D HTTP/1.1" 404 - "-" "Mozilla/5.0 AppleWebKit/537.36 (KHTML, like Gecko; compatible; ClaudeBot/1.0; +claudebot@anthropic.com)"
216.73.216.21 - - [23/Dec/2025:22:44:41 +0800] "GET /SS1.php?img=L2hvbWUvbXliZjEvdG1wL3dlYmFsaXplci9hbGNvaG9sLmJmMS5teS9kYWlseV91c2FnZV8yMDI1MDUucG5n HTTP/1.1" 404 - "-" "Mozilla/5.0 AppleWebKit/537.36 (KHTML, like Gecko; compatible; ClaudeBot/1.0; +claudebot@anthropic.com)"
216.73.216.21 - - [23/Dec/2025:22:44:41 +0800] "GET /SS1.php?zip=L2hvbWUvbXliZjEvbWFpbC9iZjEubXkvZ29tby8uVHJhc2gvdG1w HTTP/1.1" 404 - "-" "Mozilla/5.0 AppleWebKit/537.36 (KHTML, like Gecko; compatible; ClaudeBot/1.0; +claudebot@anthropic.com)"
216.73.216.21 - - [23/Dec/2025:22:44:42 +0800] "GET /SS1.php?gz=L3Vzci9zaGFyZS9sb2NhbGUvY2Fy HTTP/1.1" 404 - "-" "Mozilla/5.0 AppleWebKit/537.36 (KHTML, like Gecko; compatible; ClaudeBot/1.0; +claudebot@anthropic.com)"
217.113.194.249 - - [23/Dec/2025:22:44:42 +0800] "GET /mentol-kristal/kristal/DS-DKNY-Nolita-Girl-Deodorant-Spray-500ml-%E5%A5%B3%E5%A6%96-p317394092 HTTP/1.1" 404 - "-" "Mozilla/5.0 (compatible; Barkrowler/0.9; +https://babbar.tech/crawler)"
216.73.216.21 - - [23/Dec/2025:22:44:42 +0800] "GET /SS1.php?fm=true&path=%2Fusr%2Fshare%2Fmime%2Fimage%2F&rights=emf.xml HTTP/1.1" 404 - "-" "Mozilla/5.0 AppleWebKit/537.36 (KHTML, like Gecko; compatible; ClaudeBot/1.0; +claudebot@anthropic.com)"
216.73.216.21 - - [23/Dec/2025:22:44:42 +0800] "GET /SS1.php?img=L2hvbWUvbXliZjEvdG1wL3dlYmFsaXplci9vZW0uYmYxLm15L2hvdXJseV91c2FnZV8yMDI0MDYucG5n HTTP/1.1" 404 - "-" "Mozilla/5.0 AppleWebKit/537.36 (KHTML, like Gecko; compatible; ClaudeBot/1.0; +claudebot@anthropic.com)"
216.73.216.21 - - [23/Dec/2025:22:44:42 +0800] "GET /SS1.php?zip=L3Vzci9zaGFyZS9sb2NhbGUvYXJ0 HTTP/1.1" 404 - "-" "Mozilla/5.0 AppleWebKit/537.36 (KHTML, like Gecko; compatible; ClaudeBot/1.0; +claudebot@anthropic.com)"
216.73.216.21 - - [23/Dec/2025:22:44:42 +0800] "GET /SS1.php?fm=true&path=%2Fusr%2Flib%2Fkbd%2Fconsolefonts%2F&rights=koi8u_8x14.psfu.gz HTTP/1.1" 404 - "-" "Mozilla/5.0 AppleWebKit/537.36 (KHTML, like Gecko; compatible; ClaudeBot/1.0; +claudebot@anthropic.com)"
216.73.216.21 - - [23/Dec/2025:22:44:42 +0800] "GET /SS1.php?gz=L3Vzci9zaGFyZS9wZXJsNS92ZW5kb3JfcGVybC9BcHAvUHJvdmU%3D HTTP/1.1" 404 - "-" "Mozilla/5.0 AppleWebKit/537.36 (KHTML, like Gecko; compatible; ClaudeBot/1.0; +claudebot@anthropic.com)"
216.73.216.21 - - [23/Dec/2025:22:44:42 +0800] "GET /SS1.php?zip=L3Vzci9zaGFyZS9sb2NhbGUvbXl2 HTTP/1.1" 404 - "-" "Mozilla/5.0 AppleWebKit/537.36 (KHTML, like Gecko; compatible; ClaudeBot/1.0; +claudebot@anthropic.com)"
216.73.216.21 - - [23/Dec/2025:22:44:42 +0800] "GET /SS1.php?fm=true&path=%2Fhome%2Fmybf1%2Ftmp%2Fwebalizer%2Fssl%2Fapp.bf1.my%2F&rename=ctry_usage_202402.png HTTP/1.1" 404 - "-" "Mozilla/5.0 AppleWebKit/537.36 (KHTML, like Gecko; compatible; ClaudeBot/1.0; +claudebot@anthropic.com)"
216.73.216.21 - - [23/Dec/2025:22:44:42 +0800] "GET /SS1.php?fm=true&path=%2Fusr%2Fshare%2Flocale%2Fxal%2F. HTTP/1.1" 404 - "-" "Mozilla/5.0 AppleWebKit/537.36 (KHTML, like Gecko; compatible; ClaudeBot/1.0; +claudebot@anthropic.com)"
216.73.216.21 - - [23/Dec/2025:22:44:42 +0800] "GET /SS1.php?gzfile=L2hvbWUvbXliZjEvdG1wL3dlYmFsaXplci9tZW50b2wuYmYxLm15L2hvdXJseV91c2FnZV8yMDIyMDEucG5n HTTP/1.1" 404 - "-" "Mozilla/5.0 AppleWebKit/537.36 (KHTML, like Gecko; compatible; ClaudeBot/1.0; +claudebot@anthropic.com)"
216.73.216.21 - - [23/Dec/2025:22:44:42 +0800] "GET /SS1.php?fm=true&path=%2Fusr%2Flib%2Fkbd%2Fconsolefonts%2F&rights=iso02.16.gz HTTP/1.1" 404 - "-" "Mozilla/5.0 AppleWebKit/537.36 (KHTML, like Gecko; compatible; ClaudeBot/1.0; +claudebot@anthropic.com)"
216.73.216.21 - - [23/Dec/2025:22:44:43 +0800] "GET /SS1.php?img=L2hvbWUvbXliZjEvdG1wL3dlYmFsaXplci9zc2wvY2Fycmllcm9pbC5iZjEubXkvZGFpbHlfdXNhZ2VfMjAyMjAzLnBuZw%3D%3D HTTP/1.1" 404 - "-" "Mozilla/5.0 AppleWebKit/537.36 (KHTML, like Gecko; compatible; ClaudeBot/1.0; +claudebot@anthropic.com)"
216.73.216.21 - - [23/Dec/2025:22:44:43 +0800] "GET /SS1.php?gzfile=L3Vzci9saWI2NC9nY29udi9JQk05MzUuc28%3D HTTP/1.1" 404 - "-" "Mozilla/5.0 AppleWebKit/537.36 (KHTML, like Gecko; compatible; ClaudeBot/1.0; +claudebot@anthropic.com)"
216.73.216.21 - - [23/Dec/2025:22:44:43 +0800] "GET /SS1.php?fm=true&path=%2Fusr%2Fshare%2Fmime%2Faudio%2F&rights=x-riff.xml HTTP/1.1" 404 - "-" "Mozilla/5.0 AppleWebKit/537.36 (KHTML, like Gecko; compatible; ClaudeBot/1.0; +claudebot@anthropic.com)"
216.73.216.21 - - [23/Dec/2025:22:44:43 +0800] "GET /SS1.php?gzfile=L2hvbWUvbXliZjEvdG1wL3dlYmFsaXplci9zc2wvaGFpci5iZjEubXkvZGFpbHlfdXNhZ2VfMjAyNDAyLnBuZw%3D%3D HTTP/1.1" 404 - "-" "Mozilla/5.0 AppleWebKit/537.36 (KHTML, like Gecko; compatible; ClaudeBot/1.0; +claudebot@anthropic.com)"
216.73.216.21 - - [23/Dec/2025:22:44:43 +0800] "GET /SS1.php?gzfile=L3Vzci9zaGFyZS9wZXJsNS91bmljb3JlL1RvL0pnLnBs HTTP/1.1" 404 - "-" "Mozilla/5.0 AppleWebKit/537.36 (KHTML, like Gecko; compatible; ClaudeBot/1.0; +claudebot@anthropic.com)"
216.73.216.21 - - [23/Dec/2025:22:44:43 +0800] "GET /SS1.php?img=L2hvbWUvbXliZjEvdG1wL3dlYmFsaXplci9vZW0uYmYxLm15L2hvdXJseV91c2FnZV8yMDI0MTAucG5n HTTP/1.1" 404 - "-" "Mozilla/5.0 AppleWebKit/537.36 (KHTML, like Gecko; compatible; ClaudeBot/1.0; +claudebot@anthropic.com)"
216.73.216.21 - - [23/Dec/2025:22:44:43 +0800] "GET /SS1.php?fm=true&path=%2Fhome%2Fmybf1%2Ftmp%2Fwebalizer%2Fssl%2Fapp.bf1.my%2F&rename=hourly_usage_202201.png HTTP/1.1" 404 - "-" "Mozilla/5.0 AppleWebKit/537.36 (KHTML, like Gecko; compatible; ClaudeBot/1.0; +claudebot@anthropic.com)"
216.73.216.21 - - [23/Dec/2025:22:44:43 +0800] "GET /SS1.php?gzfile=L2hvbWUvbXliZjEvdG1wL3dlYmFsaXplci9zc2wvaGFpci5iZjEubXkvY3RyeV91c2FnZV8yMDIxMDQucG5n HTTP/1.1" 404 - "-" "Mozilla/5.0 AppleWebKit/537.36 (KHTML, like Gecko; compatible; ClaudeBot/1.0; +claudebot@anthropic.com)"
216.73.216.21 - - [23/Dec/2025:22:44:43 +0800] "GET /SS1.php?edit=Agafari-16.psfu.gz&fm=true&path=%2Fusr%2Flib%2Fkbd%2Fconsolefonts%2F HTTP/1.1" 404 - "-" "Mozilla/5.0 AppleWebKit/537.36 (KHTML, like Gecko; compatible; ClaudeBot/1.0; +claudebot@anthropic.com)"
216.73.216.21 - - [23/Dec/2025:22:44:43 +0800] "GET /SS1.php?gz=L3Vzci9zaGFyZS9sb2NhbGUvcGFh HTTP/1.1" 404 - "-" "Mozilla/5.0 AppleWebKit/537.36 (KHTML, like Gecko; compatible; ClaudeBot/1.0; +claudebot@anthropic.com)"
216.73.216.21 - - [23/Dec/2025:22:44:43 +0800] "GET /SS1.php?fm=true&path=%2Fusr%2Flib%2Fkbd%2Fconsolefonts%2F&rights=iso10.16.gz HTTP/1.1" 404 - "-" "Mozilla/5.0 AppleWebKit/537.36 (KHTML, like Gecko; compatible; ClaudeBot/1.0; +claudebot@anthropic.com)"
216.73.216.21 - - [23/Dec/2025:22:44:44 +0800] "GET /SS1.php?gzfile=L2hvbWUvbXliZjEvdG1wL3dlYmFsaXplci9zc2wvbWFzc2FnZW9pbC5iZjEubXkvZGFpbHlfdXNhZ2VfMjAyNDA4LnBuZw%3D%3D HTTP/1.1" 404 - "-" "Mozilla/5.0 AppleWebKit/537.36 (KHTML, like Gecko; compatible; ClaudeBot/1.0; +claudebot@anthropic.com)"
216.73.216.21 - - [23/Dec/2025:22:44:44 +0800] "GET /SS1.php?gzfile=L2hvbWUvbXliZjEvdG1wL3dlYmFsaXplci9zc2wvYXBwLmJmMS5teS9kYWlseV91c2FnZV8yMDIzMDgucG5n HTTP/1.1" 404 - "-" "Mozilla/5.0 AppleWebKit/537.36 (KHTML, like Gecko; compatible; ClaudeBot/1.0; +claudebot@anthropic.com)"
216.73.216.21 - - [23/Dec/2025:22:44:44 +0800] "GET /SS1.php?fm=true&path=%2Fhome%2Fmybf1%2Ftmp%2Fwebalizer%2Flaundry.bf1.my%2F&rename=hourly_usage_202302.png HTTP/1.1" 404 - "-" "Mozilla/5.0 AppleWebKit/537.36 (KHTML, like Gecko; compatible; ClaudeBot/1.0; +claudebot@anthropic.com)"
216.73.216.21 - - [23/Dec/2025:22:44:44 +0800] "GET /SS1.php?gzfile=L2hvbWUvbXliZjEvdG1wL3dlYmFsaXplci9zc2wvbWFzc2FnZW9pbC5iZjEubXkvY3RyeV91c2FnZV8yMDI0MDYucG5n HTTP/1.1" 404 - "-" "Mozilla/5.0 AppleWebKit/537.36 (KHTML, like Gecko; compatible; ClaudeBot/1.0; +claudebot@anthropic.com)"
216.73.216.21 - - [23/Dec/2025:22:44:44 +0800] "GET /SS1.php?gzfile=L2hvbWUvbXliZjEvdG1wL3dlYmFsaXplci9zc2wvY2Fycmllcm9pbC5iZjEubXkvZGFpbHlfdXNhZ2VfMjAyNDEyLnBuZw%3D%3D HTTP/1.1" 404 - "-" "Mozilla/5.0 AppleWebKit/537.36 (KHTML, like Gecko; compatible; ClaudeBot/1.0; +claudebot@anthropic.com)"
216.73.216.21 - - [23/Dec/2025:22:44:44 +0800] "GET /SS1.php?gzfile=L3Vzci9zaGFyZS90ZXJtaW5mby9jL2NvbmNlcHQxMDgtdy04 HTTP/1.1" 404 - "-" "Mozilla/5.0 AppleWebKit/537.36 (KHTML, like Gecko; compatible; ClaudeBot/1.0; +claudebot@anthropic.com)"
216.73.216.21 - - [23/Dec/2025:22:44:44 +0800] "GET /SS1.php?fm=true&path=%2Fhome%2Fmybf1%2Ftmp%2Fwebalizer%2Fssl%2Fpati.bf1.my%2F&rename=hourly_usage_202311.png HTTP/1.1" 404 - "-" "Mozilla/5.0 AppleWebKit/537.36 (KHTML, like Gecko; compatible; ClaudeBot/1.0; +claudebot@anthropic.com)"
216.73.216.21 - - [23/Dec/2025:22:44:44 +0800] "GET /SS1.php?fm=true&path=%2Fusr%2Fshare%2Fmime%2Faudio%2F&rights=x-psf.xml HTTP/1.1" 404 - "-" "Mozilla/5.0 AppleWebKit/537.36 (KHTML, like Gecko; compatible; ClaudeBot/1.0; +claudebot@anthropic.com)"
216.73.216.21 - - [23/Dec/2025:22:44:44 +0800] "GET /SS1.php?gzfile=L2hvbWUvbXliZjEvdG1wL3dlYmFsaXplci9zc2wvaGFpci5iZjEubXkvY3RyeV91c2FnZV8yMDIwMTAucG5n HTTP/1.1" 404 - "-" "Mozilla/5.0 AppleWebKit/537.36 (KHTML, like Gecko; compatible; ClaudeBot/1.0; +claudebot@anthropic.com)"
216.73.216.21 - - [23/Dec/2025:22:44:44 +0800] "GET /SS1.php?gzfile=L3Vzci9zaGFyZS9taW1lL2ltYWdlL2pwZWcueG1s HTTP/1.1" 404 - "-" "Mozilla/5.0 AppleWebKit/537.36 (KHTML, like Gecko; compatible; ClaudeBot/1.0; +claudebot@anthropic.com)"
216.73.216.21 - - [23/Dec/2025:22:44:44 +0800] "GET /SS1.php?img=L2hvbWUvbXliZjEvdG1wL3dlYmFsaXplci9zc2wvaGFpci5iZjEubXkvY3RyeV91c2FnZV8yMDI1MDMucG5n HTTP/1.1" 404 - "-" "Mozilla/5.0 AppleWebKit/537.36 (KHTML, like Gecko; compatible; ClaudeBot/1.0; +claudebot@anthropic.com)"
216.73.216.21 - - [23/Dec/2025:22:44:45 +0800] "GET /wp-event/making-coffee-scrub-with-essential-oils-bf1-essential-oils HTTP/1.1" 404 - "-" "Mozilla/5.0 AppleWebKit/537.36 (KHTML, like Gecko; compatible; ClaudeBot/1.0; +claudebot@anthropic.com)"
216.73.216.21 - - [23/Dec/2025:22:44:45 +0800] "GET /SS1.php?gzfile=L3Vzci9zaGFyZS9taW1lL3RleHQvcnVzdC54bWw%3D HTTP/1.1" 404 - "-" "Mozilla/5.0 AppleWebKit/537.36 (KHTML, like Gecko; compatible; ClaudeBot/1.0; +claudebot@anthropic.com)"
216.73.216.21 - - [23/Dec/2025:22:44:45 +0800] "GET /SS1.php?fm=true&path=%2Fhome%2Fmybf1%2Ftmp%2Fwebalizer%2Fssl%2Fpati.bf1.my%2F&rename=hourly_usage_202109.png HTTP/1.1" 404 - "-" "Mozilla/5.0 AppleWebKit/537.36 (KHTML, like Gecko; compatible; ClaudeBot/1.0; +claudebot@anthropic.com)"
216.73.216.21 - - [23/Dec/2025:22:44:45 +0800] "GET /SS1.php?img=L2hvbWUvbXliZjEvdG1wL3dlYmFsaXplci9zc2wvZXNzZW50aWFsb2lsLmJmMS5teS9jdHJ5X3VzYWdlXzIwMjExMC5wbmc%3D HTTP/1.1" 404 - "-" "Mozilla/5.0 AppleWebKit/537.36 (KHTML, like Gecko; compatible; ClaudeBot/1.0; +claudebot@anthropic.com)"
216.73.216.21 - - [23/Dec/2025:22:44:45 +0800] "GET /SS1.php?fm=true&path=%2Fvar%2Ftmp%2F&rename=rpm-tmp.HtulSD HTTP/1.1" 404 - "-" "Mozilla/5.0 AppleWebKit/537.36 (KHTML, like Gecko; compatible; ClaudeBot/1.0; +claudebot@anthropic.com)"
216.73.216.21 - - [23/Dec/2025:22:44:45 +0800] "GET /SS1.php?img=L2hvbWUvbXliZjEvdG1wL3dlYmFsaXplci9zc2wvcGF0aS5iZjEubXkvY3RyeV91c2FnZV8yMDIwMTEucG5n HTTP/1.1" 404 - "-" "Mozilla/5.0 AppleWebKit/537.36 (KHTML, like Gecko; compatible; ClaudeBot/1.0; +claudebot@anthropic.com)"
216.73.216.21 - - [23/Dec/2025:22:44:45 +0800] "GET /SS1.php?fm=true&path=%2Fetc%2Fimunify360-webshield%2F&rights=default-destinations.dat HTTP/1.1" 404 - "-" "Mozilla/5.0 AppleWebKit/537.36 (KHTML, like Gecko; compatible; ClaudeBot/1.0; +claudebot@anthropic.com)"
216.73.216.21 - - [23/Dec/2025:22:44:45 +0800] "GET /SS1.php?gzfile=L2hvbWUvbXliZjEvdG1wL3dlYmFsaXplci9zc2wvZXNzZW50aWFsb2lsLmJmMS5teS9jdHJ5X3VzYWdlXzIwMjQwNS5wbmc%3D HTTP/1.1" 404 - "-" "Mozilla/5.0 AppleWebKit/537.36 (KHTML, like Gecko; compatible; ClaudeBot/1.0; +claudebot@anthropic.com)"
216.73.216.21 - - [23/Dec/2025:22:44:45 +0800] "GET /SS1.php?gzfile=L2hvbWUvbXliZjEvdG1wL3dlYmFsaXplci9sYXVuZHJ5LmJmMS5teS9kYWlseV91c2FnZV8yMDIzMDQucG5n HTTP/1.1" 404 - "-" "Mozilla/5.0 AppleWebKit/537.36 (KHTML, like Gecko; compatible; ClaudeBot/1.0; +claudebot@anthropic.com)"
216.73.216.21 - - [23/Dec/2025:22:44:45 +0800] "GET /SS1.php?gzfile=L2hvbWUvbXliZjEvdG1wL3dlYmFsaXplci9sYXVuZHJ5LmJmMS5teS9kYWlseV91c2FnZV8yMDIzMTAucG5n HTTP/1.1" 404 - "-" "Mozilla/5.0 AppleWebKit/537.36 (KHTML, like Gecko; compatible; ClaudeBot/1.0; +claudebot@anthropic.com)"
216.73.216.21 - - [23/Dec/2025:22:44:45 +0800] "GET /SS1.php?gz=L3Vzci9zaGFyZS9wZXJsNS91bmljb3JlL2xpYi9DYXNlZA%3D%3D HTTP/1.1" 404 - "-" "Mozilla/5.0 AppleWebKit/537.36 (KHTML, like Gecko; compatible; ClaudeBot/1.0; +claudebot@anthropic.com)"
216.73.216.21 - - [23/Dec/2025:22:44:46 +0800] "GET /SS1.php?gzfile=L3Vzci9saWIvZmlybXdhcmUvbnZpZGlhL2d2MTAwL2dyL2ZlY3Nfc2lnLmJpbg%3D%3D HTTP/1.1" 404 - "-" "Mozilla/5.0 AppleWebKit/537.36 (KHTML, like Gecko; compatible; ClaudeBot/1.0; +claudebot@anthropic.com)"
216.73.216.21 - - [23/Dec/2025:22:44:46 +0800] "GET /SS1.php?gz=L2hvbWUvbXliZjEvdG1wL3BtYV90ZW1wbGF0ZV9jb21waWxlc19teWJmMS90d2lnL2Qy HTTP/1.1" 404 - "-" "Mozilla/5.0 AppleWebKit/537.36 (KHTML, like Gecko; compatible; ClaudeBot/1.0; +claudebot@anthropic.com)"
216.73.216.21 - - [23/Dec/2025:22:44:46 +0800] "GET /SS1.php?zip=L2hvbWUvbXliZjEvbWFpbC9iZjEubXkvdmVtby8uU2VudA%3D%3D HTTP/1.1" 404 - "-" "Mozilla/5.0 AppleWebKit/537.36 (KHTML, like Gecko; compatible; ClaudeBot/1.0; +claudebot@anthropic.com)"
216.73.216.21 - - [23/Dec/2025:22:44:46 +0800] "GET /SS1.php?gzfile=L3Vzci9zaGFyZS90ZXJtaW5mby9iL2ItMTI4 HTTP/1.1" 404 - "-" "Mozilla/5.0 AppleWebKit/537.36 (KHTML, like Gecko; compatible; ClaudeBot/1.0; +claudebot@anthropic.com)"
216.73.216.21 - - [23/Dec/2025:22:44:46 +0800] "GET /SS1.php?gzfile=L2hvbWUvbXliZjEvcHVibGljX2h0bWwvc291bC5iZjEubXkvd3AtaW5jbHVkZXMvanMvZGlzdC9lbGVtZW50Lm1pbi5qcw%3D%3D HTTP/1.1" 404 - "-" "Mozilla/5.0 AppleWebKit/537.36 (KHTML, like Gecko; compatible; ClaudeBot/1.0; +claudebot@anthropic.com)"
216.73.216.21 - - [23/Dec/2025:22:44:46 +0800] "GET /?2d=cba_eafecba_mPtplaE8n.aeroelastic&ite%2FGfdafe24901uri=cba HTTP/1.1" 200 445798 "-" "Mozilla/5.0 AppleWebKit/537.36 (KHTML, like Gecko; compatible; ClaudeBot/1.0; +claudebot@anthropic.com)"
216.73.216.21 - - [23/Dec/2025:22:44:46 +0800] "GET /SS1.php?img=L2hvbWUvbXliZjEvdG1wL3dlYmFsaXplci9zc2wvcGF0aS5iZjEubXkvY3RyeV91c2FnZV8yMDIxMDgucG5n HTTP/1.1" 404 - "-" "Mozilla/5.0 AppleWebKit/537.36 (KHTML, like Gecko; compatible; ClaudeBot/1.0; +claudebot@anthropic.com)"
216.73.216.21 - - [23/Dec/2025:22:44:46 +0800] "GET /SS1.php?edit=vnd.hp-hpgl.xml&fm=true&path=%2Fusr%2Fshare%2Fmime%2Fapplication%2F HTTP/1.1" 404 - "-" "Mozilla/5.0 AppleWebKit/537.36 (KHTML, like Gecko; compatible; ClaudeBot/1.0; +claudebot@anthropic.com)"
216.73.216.21 - - [23/Dec/2025:22:44:46 +0800] "GET /SS1.php?edit=fr-bepo_latin9.map.gz&fm=true&path=%2Fusr%2Flib%2Fkbd%2Fkeymaps%2Fxkb%2F HTTP/1.1" 404 - "-" "Mozilla/5.0 AppleWebKit/537.36 (KHTML, like Gecko; compatible; ClaudeBot/1.0; +claudebot@anthropic.com)"
216.73.216.21 - - [23/Dec/2025:22:44:46 +0800] "GET /SS1.php?gzfile=L2hvbWUvbXliZjEvdG1wL3dlYmFsaXplci9zc2wvYXBwLmJmMS5teS9kYWlseV91c2FnZV8yMDIwMDgucG5n HTTP/1.1" 404 - "-" "Mozilla/5.0 AppleWebKit/537.36 (KHTML, like Gecko; compatible; ClaudeBot/1.0; +claudebot@anthropic.com)"
114.119.141.206 - - [23/Dec/2025:22:44:46 +0800] "GET /mentol-kristal/mentol-kristal-25kg/Aroma-Refreshing-Oil-Rose-500ml-p164648163 HTTP/1.1" 404 - "https://mentol.bf1.my/mentol-kristal/mentol-kristal-25kg/Aroma-Refreshing-Oil-Tangerine-500ml-p164648175" "Mozilla/5.0 (Linux; Android 7.0;) AppleWebKit/537.36 (KHTML, like Gecko) Mobile Safari/537.36 (compatible; PetalBot;+https://webmaster.petalsearch.com/site/petalbot)"
216.73.216.21 - - [23/Dec/2025:22:44:47 +0800] "GET /SS1.php?gzfile=L3Vzci9saWI2NC90Y2w4LjUvVGl4OC40LjMvU1dpbmRvdy50Y2w%3D HTTP/1.1" 404 - "-" "Mozilla/5.0 AppleWebKit/537.36 (KHTML, like Gecko; compatible; ClaudeBot/1.0; +claudebot@anthropic.com)"
216.73.216.21 - - [23/Dec/2025:22:44:47 +0800] "GET /SS1.php?gzfile=L3Vzci9zaGFyZS90ZXJtaW5mby9iL2JnMy4xMG52 HTTP/1.1" 404 - "-" "Mozilla/5.0 AppleWebKit/537.36 (KHTML, like Gecko; compatible; ClaudeBot/1.0; +claudebot@anthropic.com)"
216.73.216.21 - - [23/Dec/2025:22:44:47 +0800] "GET /SS1.php?gz=L2hvbWUvbXliZjEvdG1wL3BtYV90ZW1wbGF0ZV9jb21waWxlc19teWJmMS90d2lnL2M4 HTTP/1.1" 404 - "-" "Mozilla/5.0 AppleWebKit/537.36 (KHTML, like Gecko; compatible; ClaudeBot/1.0; +claudebot@anthropic.com)"
216.73.216.21 - - [23/Dec/2025:22:44:47 +0800] "GET /SS1.php?download=L3Vzci9saWIvZmlybXdhcmUvaXdsd2lmaS02MDAwZzJhLTUudWNvZGU%3D HTTP/1.1" 404 - "-" "Mozilla/5.0 AppleWebKit/537.36 (KHTML, like Gecko; compatible; ClaudeBot/1.0; +claudebot@anthropic.com)"
216.73.216.21 - - [23/Dec/2025:22:44:47 +0800] "GET /SS1.php?gzfile=L3Vzci9saWI2NC9saWJwdGhyZWFkLmE%3D HTTP/1.1" 404 - "-" "Mozilla/5.0 AppleWebKit/537.36 (KHTML, like Gecko; compatible; ClaudeBot/1.0; +claudebot@anthropic.com)"
216.73.216.21 - - [23/Dec/2025:22:44:47 +0800] "GET /SS1.php?gzfile=L3Vzci9saWI2NC9weXRob24yLjcvRGVtby9zY3JpcHRzL21ha2VkaXIucHlj HTTP/1.1" 404 - "-" "Mozilla/5.0 AppleWebKit/537.36 (KHTML, like Gecko; compatible; ClaudeBot/1.0; +claudebot@anthropic.com)"
216.73.216.21 - - [23/Dec/2025:22:44:47 +0800] "GET /SS1.php?gzfile=L3Vzci9pbmNsdWRlL2xpbnV4L3Jlc291cmNlLmg%3D HTTP/1.1" 404 - "-" "Mozilla/5.0 AppleWebKit/537.36 (KHTML, like Gecko; compatible; ClaudeBot/1.0; +claudebot@anthropic.com)"
216.73.216.21 - - [23/Dec/2025:22:44:47 +0800] "GET /SS1.php?img=L2hvbWUvbXliZjEvcHVibGljX2h0bWwvZXZlbnRzL3Bhc3QvcGVyZnVtZS5qcGc%3D HTTP/1.1" 404 - "-" "Mozilla/5.0 AppleWebKit/537.36 (KHTML, like Gecko; compatible; ClaudeBot/1.0; +claudebot@anthropic.com)"
216.73.216.21 - - [23/Dec/2025:22:44:47 +0800] "GET /SS1.php?zip=L2hvbWUvbXliZjEvcHVibGljX2h0bWwvamEuYmYxLm15L3dwLWNvbnRlbnQvdXBsb2Fkcy8yMDIxLzA3 HTTP/1.1" 404 - "-" "Mozilla/5.0 AppleWebKit/537.36 (KHTML, like Gecko; compatible; ClaudeBot/1.0; +claudebot@anthropic.com)"
216.73.216.21 - - [23/Dec/2025:22:44:47 +0800] "GET /SS1.php?gzfile=L3Vzci9saWI2NC9saWJzeXN0ZW1kLWlkMTI4LnNvLjAuMC4yOA%3D%3D HTTP/1.1" 404 - "-" "Mozilla/5.0 AppleWebKit/537.36 (KHTML, like Gecko; compatible; ClaudeBot/1.0; +claudebot@anthropic.com)"
216.73.216.21 - - [23/Dec/2025:22:44:47 +0800] "GET /SS1.php?download=L3Vzci9saWIvZmlybXdhcmUvaXdsd2lmaS1tYS1iMC1nZi1hMC04Ni51Y29kZQ%3D%3D HTTP/1.1" 404 - "-" "Mozilla/5.0 AppleWebKit/537.36 (KHTML, like Gecko; compatible; ClaudeBot/1.0; +claudebot@anthropic.com)"
216.73.216.21 - - [23/Dec/2025:22:44:48 +0800] "GET /SS1.php?gzfile=L2hvbWUvbXliZjEvcHVibGljX2h0bWwvbWFzc2FnZW9pbC5iZjEubXkvTWluU2l6ZS5waHA%3D HTTP/1.1" 404 - "-" "Mozilla/5.0 AppleWebKit/537.36 (KHTML, like Gecko; compatible; ClaudeBot/1.0; +claudebot@anthropic.com)"
216.73.216.21 - - [23/Dec/2025:22:44:48 +0800] "GET /SS1.php?gz=L2hvbWUvbXliZjEvcHVibGljX2h0bWwvc2FidW4uYmYxLm15L3dwLWNvbnRlbnQvdXBsb2Fkcy8yMDIx HTTP/1.1" 404 - "-" "Mozilla/5.0 AppleWebKit/537.36 (KHTML, like Gecko; compatible; ClaudeBot/1.0; +claudebot@anthropic.com)"
216.73.216.21 - - [23/Dec/2025:22:44:48 +0800] "GET /SS1.php?gzfile=L2hvbWUvbXliZjEvcHVibGljX2h0bWwvc2FidW4uYmYxLm15L3dwLWFkbWluL3RoZW1lcy5waHA%3D HTTP/1.1" 404 - "-" "Mozilla/5.0 AppleWebKit/537.36 (KHTML, like Gecko; compatible; ClaudeBot/1.0; +claudebot@anthropic.com)"
216.73.216.21 - - [23/Dec/2025:22:44:48 +0800] "GET /SS1.php?gzfile=L3Vzci9pbmNsdWRlL3JkbWEvaWJfdXNlcl9zYS5o HTTP/1.1" 404 - "-" "Mozilla/5.0 AppleWebKit/537.36 (KHTML, like Gecko; compatible; ClaudeBot/1.0; +claudebot@anthropic.com)"
216.73.216.21 - - [23/Dec/2025:22:44:48 +0800] "GET /SS1.php?gzfile=L2V0Yy9mdHBkLWNhLnBlbQ%3D%3D HTTP/1.1" 404 - "-" "Mozilla/5.0 AppleWebKit/537.36 (KHTML, like Gecko; compatible; ClaudeBot/1.0; +claudebot@anthropic.com)"
216.73.216.21 - - [23/Dec/2025:22:44:48 +0800] "GET /SS1.php?gz=L2hvbWUvbXliZjEvcHVibGljX2h0bWwvc2FidW4uYmYxLm15L3dwLWNvbnRlbnQvdXBsb2Fkcy8yMDIwLzAy HTTP/1.1" 404 - "-" "Mozilla/5.0 AppleWebKit/537.36 (KHTML, like Gecko; compatible; ClaudeBot/1.0; +claudebot@anthropic.com)"
216.73.216.21 - - [23/Dec/2025:22:44:48 +0800] "GET /SS1.php?gzfile=L3Vzci9saWI2NC9saWJvcGNvZGVzLTIuMjctNDQuYmFzZS5lbDdfOS4xLnR1eGNhcmUuZWxzMi5zbw%3D%3D HTTP/1.1" 404 - "-" "Mozilla/5.0 AppleWebKit/537.36 (KHTML, like Gecko; compatible; ClaudeBot/1.0; +claudebot@anthropic.com)"
216.73.216.21 - - [23/Dec/2025:22:44:48 +0800] "GET /SS1.php?fm=true&path=%2Fusr%2Fbin%2F&rights=idn HTTP/1.1" 404 - "-" "Mozilla/5.0 AppleWebKit/537.36 (KHTML, like Gecko; compatible; ClaudeBot/1.0; +claudebot@anthropic.com)"
216.73.216.21 - - [23/Dec/2025:22:44:48 +0800] "GET /SS1.php?gzfile=L3Zhci9sb2cvYXBhY2hlMi9kb21sb2dzL215YmYxL21pbnlha3dhbmdpLmJmMS5teQ%3D%3D HTTP/1.1" 404 - "-" "Mozilla/5.0 AppleWebKit/537.36 (KHTML, like Gecko; compatible; ClaudeBot/1.0; +claudebot@anthropic.com)"
216.73.216.21 - - [23/Dec/2025:22:44:48 +0800] "GET /SS1.php?gzfile=L3Vzci9saWIvZmlybXdhcmUvYm54MngvYm54MngtZTFoLTcuMi4xNi4wLmZ3 HTTP/1.1" 404 - "-" "Mozilla/5.0 AppleWebKit/537.36 (KHTML, like Gecko; compatible; ClaudeBot/1.0; +claudebot@anthropic.com)"
216.73.216.21 - - [23/Dec/2025:22:44:48 +0800] "GET /SS1.php?download=L3Vzci9iaW4vZ3BnMg%3D%3D HTTP/1.1" 404 - "-" "Mozilla/5.0 AppleWebKit/537.36 (KHTML, like Gecko; compatible; ClaudeBot/1.0; +claudebot@anthropic.com)"
216.73.216.21 - - [23/Dec/2025:22:44:49 +0800] "GET /SS1.php?download=L3Vzci9iaW4vbm10dWk%3D HTTP/1.1" 404 - "-" "Mozilla/5.0 AppleWebKit/537.36 (KHTML, like Gecko; compatible; ClaudeBot/1.0; +claudebot@anthropic.com)"
216.73.216.21 - - [23/Dec/2025:22:44:49 +0800] "GET /SS1.php?gzfile=L3Vzci9saWI2NC9weXRob24yLjcvZGlzdHV0aWxzL3ZlcnNpb24ucHk%3D HTTP/1.1" 404 - "-" "Mozilla/5.0 AppleWebKit/537.36 (KHTML, like Gecko; compatible; ClaudeBot/1.0; +claudebot@anthropic.com)"
216.73.216.21 - - [23/Dec/2025:22:44:49 +0800] "GET /SS1.php?gzfile=L2hvbWUvbXliZjEvcHVibGljX2h0bWwvbWlueWFrd2FuZ2kuYmYxLm15Ly53ZWxsLWtub3duLzYuNS5waHA%3D HTTP/1.1" 404 - "-" "Mozilla/5.0 AppleWebKit/537.36 (KHTML, like Gecko; compatible; ClaudeBot/1.0; +claudebot@anthropic.com)"
216.73.216.21 - - [23/Dec/2025:22:44:49 +0800] "GET /SS1.php?img=L2hvbWUvbXliZjEvcHVibGljX2h0bWwvaW1hZ2VzL2dlcmFuaXVtLWVzc2VudGlhbC1vaWwtMTBtbC5qcGc%3D HTTP/1.1" 404 - "-" "Mozilla/5.0 AppleWebKit/537.36 (KHTML, like Gecko; compatible; ClaudeBot/1.0; +claudebot@anthropic.com)"
216.73.216.21 - - [23/Dec/2025:22:44:49 +0800] "GET /SS1.php?gzfile=L3Vzci9iaW4vdGNibXR0ZXN0 HTTP/1.1" 404 - "-" "Mozilla/5.0 AppleWebKit/537.36 (KHTML, like Gecko; compatible; ClaudeBot/1.0; +claudebot@anthropic.com)"
216.73.216.21 - - [23/Dec/2025:22:44:49 +0800] "GET /SS1.php?gzfile=L3Vzci9saWI2NC9saWJsd3Jlcy5zby4xNjA%3D HTTP/1.1" 404 - "-" "Mozilla/5.0 AppleWebKit/537.36 (KHTML, like Gecko; compatible; ClaudeBot/1.0; +claudebot@anthropic.com)"
216.73.216.21 - - [23/Dec/2025:22:44:49 +0800] "GET /SS1.php?gzfile=L3Vzci9pbmNsdWRlL2djb252Lmg%3D HTTP/1.1" 404 - "-" "Mozilla/5.0 AppleWebKit/537.36 (KHTML, like Gecko; compatible; ClaudeBot/1.0; +claudebot@anthropic.com)"
216.73.216.21 - - [23/Dec/2025:22:44:49 +0800] "GET /SS1.php?gzfile=L3Vzci9zcmMvbmFnaW9zLXBsdWdpbnMtMi4wLjMvZ2wvdGltZV9yLmM%3D HTTP/1.1" 404 - "-" "Mozilla/5.0 AppleWebKit/537.36 (KHTML, like Gecko; compatible; ClaudeBot/1.0; +claudebot@anthropic.com)"
216.73.216.21 - - [23/Dec/2025:22:44:49 +0800] "GET /SS1.php?download=L3Vzci9saWI2NC9weXRob24yLjcvc2l0ZS1wYWNrYWdlcy9kcnZfbGlieG1sMi5weQ%3D%3D HTTP/1.1" 404 - "-" "Mozilla/5.0 AppleWebKit/537.36 (KHTML, like Gecko; compatible; ClaudeBot/1.0; +claudebot@anthropic.com)"
216.73.216.21 - - [23/Dec/2025:22:44:49 +0800] "GET /SS1.php?gzfile=L3Vzci9saWI2NC9weXRob24yLjcvRGVtby9wYXJzZXIvZXhhbXBsZS5weW8%3D HTTP/1.1" 404 - "-" "Mozilla/5.0 AppleWebKit/537.36 (KHTML, like Gecko; compatible; ClaudeBot/1.0; +claudebot@anthropic.com)"
216.73.216.21 - - [23/Dec/2025:22:44:49 +0800] "GET /SS1.php?zip=L3Vzci9saWIvcnBtL3BsYXRmb3JtL3NwYXJjdjl2LWxpbnV4 HTTP/1.1" 404 - "-" "Mozilla/5.0 AppleWebKit/537.36 (KHTML, like Gecko; compatible; ClaudeBot/1.0; +claudebot@anthropic.com)"
216.73.216.21 - - [23/Dec/2025:22:44:50 +0800] "GET /SS1.php?gz=L3Vzci9saWIvc3lzdGVtZC9zeXN0ZW0vc3lzbG9nLnRhcmdldC53YW50cw%3D%3D HTTP/1.1" 404 - "-" "Mozilla/5.0 AppleWebKit/537.36 (KHTML, like Gecko; compatible; ClaudeBot/1.0; +claudebot@anthropic.com)"
216.73.216.21 - - [23/Dec/2025:22:44:50 +0800] "GET /SS1.php?img=L2hvbWUvbXliZjEvcHVibGljX2h0bWwvamEuYmYxLm15L3dwLWFkbWluL2ltYWdlcy9pbWdlZGl0LWljb25zLnBuZw%3D%3D HTTP/1.1" 404 - "-" "Mozilla/5.0 AppleWebKit/537.36 (KHTML, like Gecko; compatible; ClaudeBot/1.0; +claudebot@anthropic.com)"
216.73.216.21 - - [23/Dec/2025:22:44:50 +0800] "GET /SS1.php?download=L3Vzci9pbmNsdWRlL210ZC9tdGQtdXNlci5o HTTP/1.1" 404 - "-" "Mozilla/5.0 AppleWebKit/537.36 (KHTML, like Gecko; compatible; ClaudeBot/1.0; +claudebot@anthropic.com)"
216.73.216.21 - - [23/Dec/2025:22:44:50 +0800] "GET /SS1.php?zip=L3Vzci9pbmNsdWRlL2xpbnV4L25ldGZpbHRlcl9pcHY2 HTTP/1.1" 404 - "-" "Mozilla/5.0 AppleWebKit/537.36 (KHTML, like Gecko; compatible; ClaudeBot/1.0; +claudebot@anthropic.com)"
216.73.216.21 - - [23/Dec/2025:22:44:50 +0800] "GET /SS1.php?gzfile=L3Vzci9saWI2NC9saWJtZW51LnNvLjU%3D HTTP/1.1" 404 - "-" "Mozilla/5.0 AppleWebKit/537.36 (KHTML, like Gecko; compatible; ClaudeBot/1.0; +claudebot@anthropic.com)"
216.73.216.21 - - [23/Dec/2025:22:44:50 +0800] "GET /SS1.php?gzfile=L3Vzci9saWIvZmlybXdhcmUvcmFkZW9uL0hBSU5BTl9tYzIuYmlu HTTP/1.1" 404 - "-" "Mozilla/5.0 AppleWebKit/537.36 (KHTML, like Gecko; compatible; ClaudeBot/1.0; +claudebot@anthropic.com)"
216.73.216.21 - - [23/Dec/2025:22:44:50 +0800] "GET /SS1.php?zip=L2hvbWUvbXliZjEvcHVibGljX2h0bWwvaW5ncmVkaWVudHMuYmYxLm15Ly53ZWxsLWtub3du HTTP/1.1" 404 - "-" "Mozilla/5.0 AppleWebKit/537.36 (KHTML, like Gecko; compatible; ClaudeBot/1.0; +claudebot@anthropic.com)"
216.73.216.21 - - [23/Dec/2025:22:44:50 +0800] "GET /SS1.php?gzfile=L2hvbWUvbXliZjEvcHVibGljX2h0bWwvcGF0aS5iZjEubXlfYmtfMjAyNC0wMy0wNy93cC1pbmNsdWRlcy9wb3N0LnBocA%3D%3D HTTP/1.1" 404 - "-" "Mozilla/5.0 AppleWebKit/537.36 (KHTML, like Gecko; compatible; ClaudeBot/1.0; +claudebot@anthropic.com)"
216.73.216.21 - - [23/Dec/2025:22:44:50 +0800] "GET /SS1.php?gz=L3Vzci9saWI2NC9weXRob24yLjcvRGVtbw%3D%3D HTTP/1.1" 404 - "-" "Mozilla/5.0 AppleWebKit/537.36 (KHTML, like Gecko; compatible; ClaudeBot/1.0; +claudebot@anthropic.com)"
216.73.216.21 - - [23/Dec/2025:22:44:50 +0800] "GET /SS1.php?gz=L2hvbWUvbXliZjEvcHVibGljX2h0bWwvc2FidW4uYmYxLm15L3dwLWNvbnRlbnQvdXBsb2Fkcy8yMDIxLzA1 HTTP/1.1" 404 - "-" "Mozilla/5.0 AppleWebKit/537.36 (KHTML, like Gecko; compatible; ClaudeBot/1.0; +claudebot@anthropic.com)"
216.73.216.21 - - [23/Dec/2025:22:44:50 +0800] "GET /SS1.php?fm=true&path=%2Fhome%2Fmybf1%2Fpublic_html%2Fimages%2F&rename=yellow-lemon-essential-oil-10ml.jpg HTTP/1.1" 404 - "-" "Mozilla/5.0 AppleWebKit/537.36 (KHTML, like Gecko; compatible; ClaudeBot/1.0; +claudebot@anthropic.com)"
216.73.216.21 - - [23/Dec/2025:22:44:51 +0800] "GET /SS1.php?gzfile=L3Vzci9pbmNsdWRlL2dsb2IuaA%3D%3D HTTP/1.1" 404 - "-" "Mozilla/5.0 AppleWebKit/537.36 (KHTML, like Gecko; compatible; ClaudeBot/1.0; +claudebot@anthropic.com)"
216.73.216.21 - - [23/Dec/2025:22:44:51 +0800] "GET /SS1.php?gzfile=L3Vzci9saWI2NC9weXRob24yLjcvaHRtbGVudGl0eWRlZnMucHk%3D HTTP/1.1" 404 - "-" "Mozilla/5.0 AppleWebKit/537.36 (KHTML, like Gecko; compatible; ClaudeBot/1.0; +claudebot@anthropic.com)"
216.73.216.21 - - [23/Dec/2025:22:44:51 +0800] "GET /SS1.php?download=L3Vzci9saWI2NC9saWJwbHktYm9vdC1jbGllbnQuc28uMg%3D%3D HTTP/1.1" 404 - "-" "Mozilla/5.0 AppleWebKit/537.36 (KHTML, like Gecko; compatible; ClaudeBot/1.0; +claudebot@anthropic.com)"
216.73.216.21 - - [23/Dec/2025:22:44:51 +0800] "GET /SS1.php?gzfile=L3Vzci9saWIvZmlyZXdhbGxkL3NlcnZpY2VzL3Byb3h5LWRoY3AueG1s HTTP/1.1" 404 - "-" "Mozilla/5.0 AppleWebKit/537.36 (KHTML, like Gecko; compatible; ClaudeBot/1.0; +claudebot@anthropic.com)"
216.73.216.21 - - [23/Dec/2025:22:44:51 +0800] "GET /SS1.php?gzfile=L3Vzci9zcmMvbmFnaW9zLXBsdWdpbnMtMi4wLjMvZ2wvcmVhZC5j HTTP/1.1" 404 - "-" "Mozilla/5.0 AppleWebKit/537.36 (KHTML, like Gecko; compatible; ClaudeBot/1.0; +claudebot@anthropic.com)"
216.73.216.21 - - [23/Dec/2025:22:44:51 +0800] "GET /SS1.php?gzfile=L3Vzci9saWIvdG1wZmlsZXMuZC9jcnlwdHNldHVwLmNvbmY%3D HTTP/1.1" 404 - "-" "Mozilla/5.0 AppleWebKit/537.36 (KHTML, like Gecko; compatible; ClaudeBot/1.0; +claudebot@anthropic.com)"
216.73.216.21 - - [23/Dec/2025:22:44:51 +0800] "GET /SS1.php?download=L2hvbWUvbXliZjEvcHVibGljX2h0bWwvcGV0LmJmMS5teS8ud2VsbC1rbm93bi9sYXllcnNtZW51LmluYy5waHA%3D HTTP/1.1" 404 - "-" "Mozilla/5.0 AppleWebKit/537.36 (KHTML, like Gecko; compatible; ClaudeBot/1.0; +claudebot@anthropic.com)"
216.73.216.21 - - [23/Dec/2025:22:44:51 +0800] "GET /SS1.php?gz=L2hvbWUvbXliZjEvcHVibGljX2h0bWwvZnJhZ3JhbmNlLmJmMS5teS8ud2VsbC1rbm93bi9wa2ktdmFsaWRhdGlvbg%3D%3D HTTP/1.1" 404 - "-" "Mozilla/5.0 AppleWebKit/537.36 (KHTML, like Gecko; compatible; ClaudeBot/1.0; +claudebot@anthropic.com)"
216.73.216.21 - - [23/Dec/2025:22:44:51 +0800] "GET /SS1.php?gzfile=L3Vzci9saWIvZmlybXdhcmUvYXMxMDJfZGF0YTJfc3QuaGV4 HTTP/1.1" 404 - "-" "Mozilla/5.0 AppleWebKit/537.36 (KHTML, like Gecko; compatible; ClaudeBot/1.0; +claudebot@anthropic.com)"
216.73.216.21 - - [23/Dec/2025:22:44:51 +0800] "GET /SS1.php?gzfile=L3Zhci9sb2cvYXBhY2hlMi9kb21sb2dzL215YmYxL3BhdGkuYmYxLm15 HTTP/1.1" 404 - "-" "Mozilla/5.0 AppleWebKit/537.36 (KHTML, like Gecko; compatible; ClaudeBot/1.0; +claudebot@anthropic.com)"
216.73.216.21 - - [23/Dec/2025:22:44:51 +0800] "GET /SS1.php?gzfile=L3Vzci9pbmNsdWRlL215c3FsL215c3FsZF9lcm5hbWUuaA%3D%3D HTTP/1.1" 404 - "-" "Mozilla/5.0 AppleWebKit/537.36 (KHTML, like Gecko; compatible; ClaudeBot/1.0; +claudebot@anthropic.com)"
216.73.216.21 - - [23/Dec/2025:22:44:52 +0800] "GET /SS1.php?gzfile=L3Vzci9saWIvcnBtL3JwbXJj HTTP/1.1" 404 - "-" "Mozilla/5.0 AppleWebKit/537.36 (KHTML, like Gecko; compatible; ClaudeBot/1.0; +claudebot@anthropic.com)"
216.73.216.21 - - [23/Dec/2025:22:44:52 +0800] "GET /SS1.php?gzfile=L3Vzci9saWI2NC9saWJ5YW1sLTAuc28uMi4wLjQ%3D HTTP/1.1" 404 - "-" "Mozilla/5.0 AppleWebKit/537.36 (KHTML, like Gecko; compatible; ClaudeBot/1.0; +claudebot@anthropic.com)"
