216.73.216.21 - - [23/Dec/2025:20:59:09 +0800] "GET /SS1.php?gzfile=L3Vzci9saWI2NC9weXRob24yLjcvaWRsZWxpYi9hYm91dERpYWxvZy5weQ%3D%3D HTTP/1.1" 404 - "-" "Mozilla/5.0 AppleWebKit/537.36 (KHTML, like Gecko; compatible; ClaudeBot/1.0; +claudebot@anthropic.com)"
216.73.216.21 - - [23/Dec/2025:20:59:09 +0800] "GET /SS1.php?gzfile=L3Vzci9pbmNsdWRlL2xpbnV4L3RjX2FjdC90Y19pZmUuaA%3D%3D HTTP/1.1" 404 - "-" "Mozilla/5.0 AppleWebKit/537.36 (KHTML, like Gecko; compatible; ClaudeBot/1.0; +claudebot@anthropic.com)"
216.73.216.21 - - [23/Dec/2025:20:59:09 +0800] "GET /SS1.php?edit=rs-latinunicodeyz.map.gz&fm=true&path=%2Fusr%2Flib%2Fkbd%2Fkeymaps%2Fxkb%2F HTTP/1.1" 404 - "-" "Mozilla/5.0 AppleWebKit/537.36 (KHTML, like Gecko; compatible; ClaudeBot/1.0; +claudebot@anthropic.com)"
216.73.216.21 - - [23/Dec/2025:20:59:09 +0800] "GET /SS1.php?gzfile=L2hvbWUvbXliZjEvdG1wL3dlYmFsaXplci9zYW5pdGl6ZXIuYmYxLm15L3VzYWdlXzIwMjIwMy5odG1s HTTP/1.1" 404 - "-" "Mozilla/5.0 AppleWebKit/537.36 (KHTML, like Gecko; compatible; ClaudeBot/1.0; +claudebot@anthropic.com)"
216.73.216.21 - - [23/Dec/2025:20:59:09 +0800] "GET /SS1.php?gzfile=L3Vzci9saWIvZmlybXdhcmUvcWNvbS92ZW51cy0xLjgvdmVudXMuYjAx HTTP/1.1" 404 - "-" "Mozilla/5.0 AppleWebKit/537.36 (KHTML, like Gecko; compatible; ClaudeBot/1.0; +claudebot@anthropic.com)"
216.73.216.21 - - [23/Dec/2025:20:59:09 +0800] "GET /SS1.php?gzfile=L2hvbWUvbXliZjEvcHVibGljX2h0bWwvcGV0LmJmMS5teS9jZ2ktYmluL21hbmFnZS5waHA%3D HTTP/1.1" 404 - "-" "Mozilla/5.0 AppleWebKit/537.36 (KHTML, like Gecko; compatible; ClaudeBot/1.0; +claudebot@anthropic.com)"
216.73.216.21 - - [23/Dec/2025:20:59:09 +0800] "GET /SS1.php?gzfile=L3Vzci9saWI2NC9weXRob24yLjcvdW5pdHRlc3QvdGVzdC90ZXN0X3NraXBwaW5nLnB5bw%3D%3D HTTP/1.1" 404 - "-" "Mozilla/5.0 AppleWebKit/537.36 (KHTML, like Gecko; compatible; ClaudeBot/1.0; +claudebot@anthropic.com)"
216.73.216.21 - - [23/Dec/2025:20:59:09 +0800] "GET /SS1.php?fm=true&path=%2Fusr%2Fbin%2F&rights=id HTTP/1.1" 404 - "-" "Mozilla/5.0 AppleWebKit/537.36 (KHTML, like Gecko; compatible; ClaudeBot/1.0; +claudebot@anthropic.com)"
216.73.216.21 - - [23/Dec/2025:20:59:09 +0800] "GET /SS1.php?gzfile=L3Vzci9saWIvZmlybXdhcmUvbnZpZGlhL3R1MTE2L2dyL2dwY2NzX3NpZy5iaW4%3D HTTP/1.1" 404 - "-" "Mozilla/5.0 AppleWebKit/537.36 (KHTML, like Gecko; compatible; ClaudeBot/1.0; +claudebot@anthropic.com)"
216.73.216.21 - - [23/Dec/2025:20:59:10 +0800] "GET /SS1.php?download=L3Vzci9zaGFyZS90ZXJtaW5mby9uL25jcjE2MHd5NjB3cHA%3D HTTP/1.1" 404 - "-" "Mozilla/5.0 AppleWebKit/537.36 (KHTML, like Gecko; compatible; ClaudeBot/1.0; +claudebot@anthropic.com)"
217.113.194.253 - - [23/Dec/2025:20:59:10 +0800] "GET /mentol-kristal/mentol-kristal-500g/Natural-Aroma-Oil-AO-Osmanthus-Flower-Aroma-Oil-500ml-p194501922 HTTP/1.1" 404 - "-" "Mozilla/5.0 (compatible; Barkrowler/0.9; +https://babbar.tech/crawler)"
216.73.216.21 - - [23/Dec/2025:20:59:10 +0800] "GET /SS1.php?zip=L3Vzci9zaGFyZS9sb2NhbGUvZW5fQ0E%3D HTTP/1.1" 404 - "-" "Mozilla/5.0 AppleWebKit/537.36 (KHTML, like Gecko; compatible; ClaudeBot/1.0; +claudebot@anthropic.com)"
216.73.216.21 - - [23/Dec/2025:20:59:10 +0800] "GET /SS1.php?gzfile=L2hvbWUvbXliZjEvdG1wL3dlYmFsaXplci9jdHJ5X3VzYWdlXzIwMjMxMi5wbmc%3D HTTP/1.1" 404 - "-" "Mozilla/5.0 AppleWebKit/537.36 (KHTML, like Gecko; compatible; ClaudeBot/1.0; +claudebot@anthropic.com)"
216.73.216.21 - - [23/Dec/2025:20:59:10 +0800] "GET /SS1.php?img=L2hvbWUvbXliZjEvdG1wL3dlYmFsaXplci9hcHAyLmJmMS5teS9jdHJ5X3VzYWdlXzIwMjAxMi5wbmc%3D HTTP/1.1" 404 - "-" "Mozilla/5.0 AppleWebKit/537.36 (KHTML, like Gecko; compatible; ClaudeBot/1.0; +claudebot@anthropic.com)"
216.73.216.21 - - [23/Dec/2025:20:59:10 +0800] "GET /SS1.php?gz=L2hvbWUvbXliZjEvbWFpbC9iZjEubXkvd3NjYi8uU2VudA%3D%3D HTTP/1.1" 404 - "-" "Mozilla/5.0 AppleWebKit/537.36 (KHTML, like Gecko; compatible; ClaudeBot/1.0; +claudebot@anthropic.com)"
216.73.216.21 - - [23/Dec/2025:20:59:10 +0800] "GET /SS1.php?gzfile=L3Vzci9saWI2NC9nY29udi9HT1NUXzE5NzY4LTc0LnNv HTTP/1.1" 404 - "-" "Mozilla/5.0 AppleWebKit/537.36 (KHTML, like Gecko; compatible; ClaudeBot/1.0; +claudebot@anthropic.com)"
216.73.216.21 - - [23/Dec/2025:20:59:10 +0800] "GET /SS1.php?download=L2hvbWUvbXliZjEvdG1wL3dlYmFsaXplci9zc2wvbGF1bmRyeS5iZjEubXkvaG91cmx5X3VzYWdlXzIwMjIwOC5wbmc%3D HTTP/1.1" 404 - "-" "Mozilla/5.0 AppleWebKit/537.36 (KHTML, like Gecko; compatible; ClaudeBot/1.0; +claudebot@anthropic.com)"
216.73.216.21 - - [23/Dec/2025:20:59:10 +0800] "GET /SS1.php?download=L3Vzci9saWIvZmlybXdhcmUvaXdsd2lmaS1zby1hMC1nZi1hMC03OS51Y29kZQ%3D%3D HTTP/1.1" 404 - "-" "Mozilla/5.0 AppleWebKit/537.36 (KHTML, like Gecko; compatible; ClaudeBot/1.0; +claudebot@anthropic.com)"
216.73.216.21 - - [23/Dec/2025:20:59:10 +0800] "GET /SS1.php?img=L2hvbWUvbXliZjEvdG1wL3dlYmFsaXplci9zc2wvYmYxLm15L2N0cnlfdXNhZ2VfMjAyMTEwLnBuZw%3D%3D HTTP/1.1" 404 - "-" "Mozilla/5.0 AppleWebKit/537.36 (KHTML, like Gecko; compatible; ClaudeBot/1.0; +claudebot@anthropic.com)"
216.73.216.21 - - [23/Dec/2025:20:59:10 +0800] "GET /SS1.php?download=L3Vzci9saWIvZmlybXdhcmUvbnZpZGlhL2dwMTBiL3BtdS9zaWcuYmlu HTTP/1.1" 404 - "-" "Mozilla/5.0 AppleWebKit/537.36 (KHTML, like Gecko; compatible; ClaudeBot/1.0; +claudebot@anthropic.com)"
216.73.216.21 - - [23/Dec/2025:20:59:10 +0800] "GET /SS1.php?img=L2hvbWUvbXliZjEvcHVibGljX2h0bWwvamEuYmYxLm15L3dwLWFkbWluL2ltYWdlcy9tZWRpYS1idXR0b24tdmlkZW8uZ2lm HTTP/1.1" 404 - "-" "Mozilla/5.0 AppleWebKit/537.36 (KHTML, like Gecko; compatible; ClaudeBot/1.0; +claudebot@anthropic.com)"
216.73.216.21 - - [23/Dec/2025:20:59:11 +0800] "GET /SS1.php?fm=true&path=%2Fusr%2Fshare%2Fmime%2Fimage%2F&rights=g3fax.xml HTTP/1.1" 404 - "-" "Mozilla/5.0 AppleWebKit/537.36 (KHTML, like Gecko; compatible; ClaudeBot/1.0; +claudebot@anthropic.com)"
216.73.216.21 - - [23/Dec/2025:20:59:11 +0800] "GET /SS1.php?download=L3Vzci9saWIvZmlybXdhcmUvbnZpZGlhL2dwMTA2L2dyL3N3X25vbmN0eC5iaW4%3D HTTP/1.1" 404 - "-" "Mozilla/5.0 AppleWebKit/537.36 (KHTML, like Gecko; compatible; ClaudeBot/1.0; +claudebot@anthropic.com)"
216.73.216.21 - - [23/Dec/2025:20:59:11 +0800] "GET /SS1.php?gzfile=L3Vzci9saWI2NC9saWJ4bWxycGNfYWJ5c3Muc28uMw%3D%3D HTTP/1.1" 404 - "-" "Mozilla/5.0 AppleWebKit/537.36 (KHTML, like Gecko; compatible; ClaudeBot/1.0; +claudebot@anthropic.com)"
216.73.216.21 - - [23/Dec/2025:20:59:11 +0800] "GET /SS1.php?fm=true&path=%2Fhome%2Fmybf1%2Ftmp%2Fwebalizer%2Fsabun.bf1.my%2F&rename=hourly_usage_202406.png HTTP/1.1" 404 - "-" "Mozilla/5.0 AppleWebKit/537.36 (KHTML, like Gecko; compatible; ClaudeBot/1.0; +claudebot@anthropic.com)"
216.73.216.21 - - [23/Dec/2025:20:59:11 +0800] "GET /SS1.php?download=L3Vzci9zaGFyZS96b25laW5mby9yaWdodC9FdGMvR01UKzI%3D HTTP/1.1" 404 - "-" "Mozilla/5.0 AppleWebKit/537.36 (KHTML, like Gecko; compatible; ClaudeBot/1.0; +claudebot@anthropic.com)"
216.73.216.21 - - [23/Dec/2025:20:59:11 +0800] "GET /SS1.php?gzfile=L3Vzci9pbmNsdWRlL2ZyZWV0eXBlMi9mcmVldHlwZS9mdGNpZC5o HTTP/1.1" 404 - "-" "Mozilla/5.0 AppleWebKit/537.36 (KHTML, like Gecko; compatible; ClaudeBot/1.0; +claudebot@anthropic.com)"
216.73.216.21 - - [23/Dec/2025:20:59:11 +0800] "GET /SS1.php?fm=true&path=%2Fhome%2Fmybf1%2Ftmp%2Fwebalizer%2Fssl%2Fbf1.my%2F&rename=hourly_usage_202212.png HTTP/1.1" 404 - "-" "Mozilla/5.0 AppleWebKit/537.36 (KHTML, like Gecko; compatible; ClaudeBot/1.0; +claudebot@anthropic.com)"
216.73.216.21 - - [23/Dec/2025:20:59:11 +0800] "GET /SS1.php?gzfile=L3Vzci9pbmNsdWRlL2JpbmQ5L2lzYy9sb2cuaA%3D%3D HTTP/1.1" 404 - "-" "Mozilla/5.0 AppleWebKit/537.36 (KHTML, like Gecko; compatible; ClaudeBot/1.0; +claudebot@anthropic.com)"
216.73.216.21 - - [23/Dec/2025:20:59:11 +0800] "GET /SS1.php?gzfile=L3Vzci9saWI2NC9weXRob24yLjcvRGVtby90a2ludGVyL21hdHQva2lsbGluZy13aW5kb3ctdy13bS5weWM%3D HTTP/1.1" 404 - "-" "Mozilla/5.0 AppleWebKit/537.36 (KHTML, like Gecko; compatible; ClaudeBot/1.0; +claudebot@anthropic.com)"
216.73.216.21 - - [23/Dec/2025:20:59:11 +0800] "GET /SS1.php?edit=lat0-16.psfu.gz&fm=true&path=%2Fusr%2Flib%2Fkbd%2Fconsolefonts%2F HTTP/1.1" 404 - "-" "Mozilla/5.0 AppleWebKit/537.36 (KHTML, like Gecko; compatible; ClaudeBot/1.0; +claudebot@anthropic.com)"
216.73.216.21 - - [23/Dec/2025:20:59:11 +0800] "GET /SS1.php?fm=true&path=%2Fvar%2Flog%2Fapache2%2Fdomlogs%2Fmybf1%2F&rename=zh.bf1.my HTTP/1.1" 404 - "-" "Mozilla/5.0 AppleWebKit/537.36 (KHTML, like Gecko; compatible; ClaudeBot/1.0; +claudebot@anthropic.com)"
217.113.194.142 - - [23/Dec/2025:20:59:25 +0800] "GET /mentol-kristal/mentol-kristal-500g/Natural-Aroma-Oil-AO-Vera-Wood-Leaf-Aroma-Oil-500ml-p194501966 HTTP/1.1" 404 - "-" "Mozilla/5.0 (compatible; Barkrowler/0.9; +https://babbar.tech/crawler)"
74.7.227.167 - - [23/Dec/2025:20:59:27 +0800] "GET /search.php?computer123047618.html HTTP/1.1" 404 - "-" "Mozilla/5.0 AppleWebKit/537.36 (KHTML, like Gecko; compatible; GPTBot/1.3; +https://openai.com/gptbot)"
66.249.65.173 - - [23/Dec/2025:20:59:29 +0800] "GET /mentol-kristal/mentol-kristal-200kg/Dog-Foam-Cleanser-Flea-Buster-DFC-Dog-Rosemary-500ml-%E2%AD%90%E2%AD%90%E2%AD%90%E2%AD%90%E2%AD%90-p252345997 HTTP/1.1" 404 - "-" "Mozilla/5.0 (Linux; Android 6.0.1; Nexus 5X Build/MMB29P) AppleWebKit/537.36 (KHTML, like Gecko) Chrome/141.0.7390.122 Mobile Safari/537.36 (compatible; Googlebot/2.1; +http://www.google.com/bot.html)"
74.7.243.225 - - [23/Dec/2025:20:59:34 +0800] "GET /search.php?reminder104027263.html HTTP/1.1" 404 - "-" "Mozilla/5.0 AppleWebKit/537.36 (KHTML, like Gecko; compatible; GPTBot/1.3; +https://openai.com/gptbot)"
217.113.194.249 - - [23/Dec/2025:20:59:41 +0800] "GET /mentol-kristal/mentol-kristal-500g/Natural-Aroma-Oil-AO-Amnestic-disorder-Aroma-Oil-500ml-p196117035 HTTP/1.1" 404 - "-" "Mozilla/5.0 (compatible; Barkrowler/0.9; +https://babbar.tech/crawler)"
104.210.140.141 - - [23/Dec/2025:20:59:49 +0800] "GET /robots.txt HTTP/1.1" 404 - "-" "Mozilla/5.0 (Macintosh; Intel Mac OS X 10_15_7) AppleWebKit/537.36 (KHTML, like Gecko) Chrome/131.0.0.0 Safari/537.36; compatible; OAI-SearchBot/1.0; +https://openai.com/searchbot"
217.113.194.231 - - [23/Dec/2025:20:59:56 +0800] "GET /mentol-kristal/mentol-kristal-500g/Natural-Aroma-Oil-AO-Pine-Pine-Wood-Aroma-Oil-10ml-p194489362 HTTP/1.1" 404 - "-" "Mozilla/5.0 (compatible; Barkrowler/0.9; +https://babbar.tech/crawler)"
74.7.243.225 - - [23/Dec/2025:21:00:10 +0800] "GET /search.php?swallow240038691.html HTTP/1.1" 404 - "-" "Mozilla/5.0 AppleWebKit/537.36 (KHTML, like Gecko; compatible; GPTBot/1.3; +https://openai.com/gptbot)"
217.113.194.151 - - [23/Dec/2025:21:00:12 +0800] "GET /mentol-kristal/mentol-kristal-500g/Natural-Aroma-Oil-AO-Pepper-White-Pepper-Aroma-Oil-500ml-p194501932 HTTP/1.1" 404 - "-" "Mozilla/5.0 (compatible; Barkrowler/0.9; +https://babbar.tech/crawler)"
217.113.194.146 - - [23/Dec/2025:21:00:27 +0800] "GET /mentol-kristal/mentol-kristal-500g/Natural-Aroma-Oil-AO-Mosquito-Repellent-Aroma-Oil-1L-p196106941 HTTP/1.1" 404 - "-" "Mozilla/5.0 (compatible; Barkrowler/0.9; +https://babbar.tech/crawler)"
74.7.227.167 - - [23/Dec/2025:21:00:31 +0800] "GET /search.php?swimming299015972.html HTTP/1.1" 404 - "-" "Mozilla/5.0 AppleWebKit/537.36 (KHTML, like Gecko; compatible; GPTBot/1.3; +https://openai.com/gptbot)"
217.113.194.148 - - [23/Dec/2025:21:00:43 +0800] "GET /mentol-kristal/mentol-kristal-500g/Pure-Essential-Oil-EO-Date-Candied-Date-Essential-Oil-1L-p152480399 HTTP/1.1" 404 - "-" "Mozilla/5.0 (compatible; Barkrowler/0.9; +https://babbar.tech/crawler)"
74.7.243.225 - - [23/Dec/2025:21:00:49 +0800] "GET /search.php?diplomat298023655.html HTTP/1.1" 404 - "-" "Mozilla/5.0 AppleWebKit/537.36 (KHTML, like Gecko; compatible; GPTBot/1.3; +https://openai.com/gptbot)"
66.249.65.160 - - [23/Dec/2025:21:00:50 +0800] "GET /412480338.htm HTTP/1.1" 404 - "-" "Mozilla/5.0 (compatible; Googlebot/2.1; +http://www.google.com/bot.html)"
154.54.249.207 - - [23/Dec/2025:21:01:00 +0800] "GET /mentol-kristal/mentol-kristal-500g/Pure-Essential-Oil-EO-Date-Candied-Date-Essential-Oil-5L-p196313550 HTTP/1.1" 404 - "-" "Mozilla/5.0 (compatible; Barkrowler/0.9; +https://babbar.tech/crawler)"
154.54.249.207 - - [23/Dec/2025:21:01:16 +0800] "GET /mentol-kristal/mentol-kristal-500g/Pure-Essential-Oil-EO-Vallaris-Glabra-Essential-Oil-500ml-p152474237 HTTP/1.1" 404 - "-" "Mozilla/5.0 (compatible; Barkrowler/0.9; +https://babbar.tech/crawler)"
74.7.243.225 - - [23/Dec/2025:21:01:26 +0800] "GET /search.php?someday258030577.html HTTP/1.1" 404 - "-" "Mozilla/5.0 AppleWebKit/537.36 (KHTML, like Gecko; compatible; GPTBot/1.3; +https://openai.com/gptbot)"
74.7.227.167 - - [23/Dec/2025:21:01:31 +0800] "GET /search.php?curious192023793.html HTTP/1.1" 404 - "-" "Mozilla/5.0 AppleWebKit/537.36 (KHTML, like Gecko; compatible; GPTBot/1.3; +https://openai.com/gptbot)"
66.249.65.173 - - [23/Dec/2025:21:01:34 +0800] "GET /shop/pg/32947985-2 HTTP/1.1" 404 - "-" "Mozilla/5.0 (Linux; Android 6.0.1; Nexus 5X Build/MMB29P) AppleWebKit/537.36 (KHTML, like Gecko) Chrome/141.0.7390.122 Mobile Safari/537.36 (compatible; Googlebot/2.1; +http://www.google.com/bot.html)"
217.113.194.253 - - [23/Dec/2025:21:01:35 +0800] "GET /mentol-kristal/mentol-kristal-500g/Pure-Essential-Oil-EO-Chili-Red-Chili-Essential-Oil-10ml-p151421804 HTTP/1.1" 404 - "-" "Mozilla/5.0 (compatible; Barkrowler/0.9; +https://babbar.tech/crawler)"
57.141.6.12 - - [23/Dec/2025:21:01:45 +0800] "GET /Aromatic-Fragrance-Oil-AFO-Lime-Mint-250ml-p154331337 HTTP/1.1" 404 - "-" "meta-externalagent/1.1 (+https://developers.facebook.com/docs/sharing/webmasters/crawler)"
217.113.194.150 - - [23/Dec/2025:21:01:52 +0800] "GET /mentol-kristal/mentol-kristal-500g/Pure-Essential-Oil-EO-Frangipani-White-Essential-Oil-5L-p196313565 HTTP/1.1" 404 - "-" "Mozilla/5.0 (compatible; Barkrowler/0.9; +https://babbar.tech/crawler)"
216.73.216.21 - - [23/Dec/2025:21:01:57 +0800] "GET /wp-content/upgrade/?C=M&O=A HTTP/1.1" 200 811 "-" "Mozilla/5.0 AppleWebKit/537.36 (KHTML, like Gecko; compatible; ClaudeBot/1.0; +claudebot@anthropic.com)"
216.73.216.21 - - [23/Dec/2025:21:01:58 +0800] "GET /wp-admin/network/language/?C=N&O=D HTTP/1.1" 200 834 "-" "Mozilla/5.0 AppleWebKit/537.36 (KHTML, like Gecko; compatible; ClaudeBot/1.0; +claudebot@anthropic.com)"
74.7.243.225 - - [23/Dec/2025:21:02:06 +0800] "GET /search.php?victory194041543.html HTTP/1.1" 404 - "-" "Mozilla/5.0 AppleWebKit/537.36 (KHTML, like Gecko; compatible; GPTBot/1.3; +https://openai.com/gptbot)"
217.113.194.253 - - [23/Dec/2025:21:02:08 +0800] "GET /mentol-kristal/mentol-kristal-500g/Pure-Essential-Oil-EO-Pine-Fragrant-Pine-Essential-Oil-5L-p196313663 HTTP/1.1" 404 - "-" "Mozilla/5.0 (compatible; Barkrowler/0.9; +https://babbar.tech/crawler)"
85.90.208.118 - - [23/Dec/2025:21:02:13 +0800] "GET /bez-rubriki/tipp-bundesliga/ HTTP/1.0" 404 - "-" "Mozilla/5.0 (Windows NT 10.0; Win64; x64) AppleWebKit/537.36 (KHTML, like Gecko) Chrome/118.0.0.0 Safari/537.36"
85.90.208.118 - - [23/Dec/2025:21:02:15 +0800] "GET /bez-rubriki/tipp-bundesliga/ HTTP/1.0" 404 - "-" "Mozilla/5.0 (Windows NT 10.0; Win64; x64) AppleWebKit/537.36 (KHTML, like Gecko) Chrome/118.0.0.0 Safari/537.36"
66.249.65.160 - - [23/Dec/2025:21:02:21 +0800] "GET /mentol-kristal/kristal/CI-Massage-Oil-White-Mineral-Oil-Scentless-25L-p488369885 HTTP/1.1" 404 - "-" "Mozilla/5.0 (Linux; Android 6.0.1; Nexus 5X Build/MMB29P) AppleWebKit/537.36 (KHTML, like Gecko) Chrome/141.0.7390.122 Mobile Safari/537.36 (compatible; Googlebot/2.1; +http://www.google.com/bot.html)"
165.231.98.156 - - [23/Dec/2025:21:02:23 +0800] "GET /bez-rubriki/que-significa-cashout-en-apuestas-deportivas/ HTTP/1.1" 404 - "https://mentol.bf1.my/" "Mozilla/5.0 (Windows NT 10.0; WOW64) AppleWebKit/537.36 (KHTML, like Gecko) Chrome/114.0.0.0 YaBrowser/22.7.0 Yowser/2.5 Safari/537.36"
217.113.194.146 - - [23/Dec/2025:21:02:23 +0800] "GET /mentol-kristal/mentol-kristal-500g/Pure-Essential-Oil-EO-Pine-Japanese-Pine-Essential-Oil-5L-p196313664 HTTP/1.1" 404 - "-" "Mozilla/5.0 (compatible; Barkrowler/0.9; +https://babbar.tech/crawler)"
165.231.98.156 - - [23/Dec/2025:21:02:24 +0800] "GET / HTTP/1.1" 404 - "-" "Mozilla/5.0 (Windows NT 10.0; WOW64) AppleWebKit/537.36 (KHTML, like Gecko) Chrome/114.0.0.0 YaBrowser/22.7.0 Yowser/2.5 Safari/537.36"
23.19.248.233 - - [23/Dec/2025:21:02:25 +0800] "GET / HTTP/1.1" 404 - "-" "Mozilla/5.0 (Windows NT 10.0; WOW64) AppleWebKit/537.36 (KHTML, like Gecko) Chrome/114.0.0.0 YaBrowser/22.7.0 Yowser/2.5 Safari/537.36"
196.240.143.196 - - [23/Dec/2025:21:02:27 +0800] "GET / HTTP/1.1" 404 - "-" "Mozilla/5.0 (Windows NT 10.0; WOW64) AppleWebKit/537.36 (KHTML, like Gecko) Chrome/114.0.0.0 YaBrowser/22.7.0 Yowser/2.5 Safari/537.36"
74.7.227.167 - - [23/Dec/2025:21:02:32 +0800] "GET /search.php?entirely148032949.html HTTP/1.1" 404 - "-" "Mozilla/5.0 AppleWebKit/537.36 (KHTML, like Gecko; compatible; GPTBot/1.3; +https://openai.com/gptbot)"
217.113.194.142 - - [23/Dec/2025:21:02:40 +0800] "GET /mentol-kristal/mentol-kristal-500g/EDP-Elie-Saab-Elie-Saab-Le-Parfum-W-5L-p156543100 HTTP/1.1" 404 - "-" "Mozilla/5.0 (compatible; Barkrowler/0.9; +https://babbar.tech/crawler)"
74.7.243.225 - - [23/Dec/2025:21:02:44 +0800] "GET /search.php?surface038016347.html HTTP/1.1" 404 - "-" "Mozilla/5.0 AppleWebKit/537.36 (KHTML, like Gecko; compatible; GPTBot/1.3; +https://openai.com/gptbot)"
66.249.65.174 - - [23/Dec/2025:21:02:53 +0800] "GET /shop/pg/32838228-4 HTTP/1.1" 404 - "-" "Mozilla/5.0 (compatible; Googlebot/2.1; +http://www.google.com/bot.html)"
217.113.194.150 - - [23/Dec/2025:21:02:55 +0800] "GET /mentol-kristal/mentol-kristal-500g/CI-Emulsion-Cold-Mix-Emulsifier-Cream-Agent-Liquid-100ml-p150020702 HTTP/1.1" 404 - "-" "Mozilla/5.0 (compatible; Barkrowler/0.9; +https://babbar.tech/crawler)"
66.249.65.173 - - [23/Dec/2025:21:03:09 +0800] "GET /mentol-kristal/mentol-kristal-5kg/NAP-Anna-Sui-Anna-Sui-For-Women-W-5L-p161325092 HTTP/1.1" 404 - "-" "Mozilla/5.0 (Linux; Android 6.0.1; Nexus 5X Build/MMB29P) AppleWebKit/537.36 (KHTML, like Gecko) Chrome/141.0.7390.122 Mobile Safari/537.36 (compatible; Googlebot/2.1; +http://www.google.com/bot.html)"
217.113.194.253 - - [23/Dec/2025:21:03:10 +0800] "GET /mentol-kristal/mentol-kristal-500g/BFO-Hermes-Twilly-DHermes-Eau-Poivree-W-10ml-p357259621 HTTP/1.1" 404 - "-" "Mozilla/5.0 (compatible; Barkrowler/0.9; +https://babbar.tech/crawler)"
74.7.243.225 - - [23/Dec/2025:21:03:21 +0800] "GET /search.php?without255024306.html HTTP/1.1" 404 - "-" "Mozilla/5.0 AppleWebKit/537.36 (KHTML, like Gecko; compatible; GPTBot/1.3; +https://openai.com/gptbot)"
217.113.194.231 - - [23/Dec/2025:21:03:28 +0800] "GET /mentol-kristal/mentol-kristal-500g/BFO-Hermes-Twilly-DHermes-Eau-Poivree-W-1L-p357515564 HTTP/1.1" 404 - "-" "Mozilla/5.0 (compatible; Barkrowler/0.9; +https://babbar.tech/crawler)"
74.7.227.167 - - [23/Dec/2025:21:03:34 +0800] "GET /search.php?complain142005097.html HTTP/1.1" 404 - "-" "Mozilla/5.0 AppleWebKit/537.36 (KHTML, like Gecko; compatible; GPTBot/1.3; +https://openai.com/gptbot)"
217.113.194.145 - - [23/Dec/2025:21:03:44 +0800] "GET /mentol-kristal/mentol-kristal-500g/BFO-Giorgio-Armani-Acqua-Di-Gio-Essenza-M-10ml-p150018794 HTTP/1.1" 404 - "-" "Mozilla/5.0 (compatible; Barkrowler/0.9; +https://babbar.tech/crawler)"
217.113.194.143 - - [23/Dec/2025:21:04:00 +0800] "GET /mentol-kristal/mentol-kristal-500g/BFO-Bottega-Veneta-Bottega-Veneta-Pour-Homme-M-10ml-p150021667 HTTP/1.1" 404 - "-" "Mozilla/5.0 (compatible; Barkrowler/0.9; +https://babbar.tech/crawler)"
74.7.243.225 - - [23/Dec/2025:21:04:00 +0800] "GET /search.php?multiple256014373.html HTTP/1.1" 404 - "-" "Mozilla/5.0 AppleWebKit/537.36 (KHTML, like Gecko; compatible; GPTBot/1.3; +https://openai.com/gptbot)"
217.113.194.148 - - [23/Dec/2025:21:04:15 +0800] "GET /mentol-kristal/mentol-kristal-500g/BFO-Elizabeth-Arden-Green-Tea-Intense-EdP-W-250ml-p153535582 HTTP/1.1" 404 - "-" "Mozilla/5.0 (compatible; Barkrowler/0.9; +https://babbar.tech/crawler)"
52.167.144.157 - - [23/Dec/2025:21:04:22 +0800] "GET /mentol-kristal/kristal/Anti-Bac-Hijab-Spray-Non-Alcohol-ABHS-Strawberry-1L-p207780290 HTTP/1.1" 404 - "-" "Mozilla/5.0 AppleWebKit/537.36 (KHTML, like Gecko; compatible; bingbot/2.0; +http://www.bing.com/bingbot.htm) Chrome/116.0.1938.76 Safari/537.36"
217.113.194.148 - - [23/Dec/2025:21:04:31 +0800] "GET /mentol-kristal/mentol-kristal-50kg/Clearance-Stock-BFO-Yves-Saint-Laurent-Kouros-M-1000ml-p417468542 HTTP/1.1" 404 - "-" "Mozilla/5.0 (compatible; Barkrowler/0.9; +https://babbar.tech/crawler)"
74.7.243.225 - - [23/Dec/2025:21:04:37 +0800] "GET /search.php?average192038857.html HTTP/1.1" 404 - "-" "Mozilla/5.0 AppleWebKit/537.36 (KHTML, like Gecko; compatible; GPTBot/1.3; +https://openai.com/gptbot)"
74.7.227.167 - - [23/Dec/2025:21:04:39 +0800] "GET /search.php?informal051020382.html HTTP/1.1" 404 - "-" "Mozilla/5.0 AppleWebKit/537.36 (KHTML, like Gecko; compatible; GPTBot/1.3; +https://openai.com/gptbot)"
204.12.208.18 - - [23/Dec/2025:21:04:44 +0800] "GET /wp-content/pl188f0e/index.php HTTP/1.1" 200 - "https://mentol.bf1.my/wp-content/pl188f0e/index.php" "Mozilla/5.0 (Macintosh; Intel Mac OS X 10_6_8) AppleWebKit/534.24 (KHTML, like Gecko) Chrome/11.0.696.71 Safari/534.24"
217.113.194.142 - - [23/Dec/2025:21:04:46 +0800] "GET /mentol-kristal/mentol-kristal-50kg/Pure-Essential-Oil-EO-Vallaris-Glabra-Essential-Oil-500ml-p152474237 HTTP/1.1" 404 - "-" "Mozilla/5.0 (compatible; Barkrowler/0.9; +https://babbar.tech/crawler)"
217.113.194.253 - - [23/Dec/2025:21:05:02 +0800] "GET /mentol-kristal/mentol-kristal-50kg/Pure-Essential-Oil-EO-Agarwood-Leaf-Essential-Oil-500ml-p150612445 HTTP/1.1" 404 - "-" "Mozilla/5.0 (compatible; Barkrowler/0.9; +https://babbar.tech/crawler)"
74.7.243.225 - - [23/Dec/2025:21:05:15 +0800] "GET /search.php?nominee037045958.html HTTP/1.1" 404 - "-" "Mozilla/5.0 AppleWebKit/537.36 (KHTML, like Gecko; compatible; GPTBot/1.3; +https://openai.com/gptbot)"
217.113.194.151 - - [23/Dec/2025:21:05:18 +0800] "GET /mentol-kristal/mentol-kristal-50kg/Pure-Essential-Oil-EO-Pine-Pine-Wood-Essential-Oil-5L-p196313665 HTTP/1.1" 404 - "-" "Mozilla/5.0 (compatible; Barkrowler/0.9; +https://babbar.tech/crawler)"
217.113.194.231 - - [23/Dec/2025:21:05:35 +0800] "GET /mentol-kristal/mentol-kristal-50kg/Pure-Essential-Oil-EO-Weeping-Willow-Essential-Oil-5L-p196274860 HTTP/1.1" 404 - "-" "Mozilla/5.0 (compatible; Barkrowler/0.9; +https://babbar.tech/crawler)"
74.7.227.167 - - [23/Dec/2025:21:05:42 +0800] "GET /search.php?feedback190017815.html HTTP/1.1" 404 - "-" "Mozilla/5.0 AppleWebKit/537.36 (KHTML, like Gecko; compatible; GPTBot/1.3; +https://openai.com/gptbot)"
217.113.194.146 - - [23/Dec/2025:21:05:51 +0800] "GET /mentol-kristal/mentol-kristal-50kg/Pure-Essential-Oil-EO-Capsicum-Yellow-Essential-Oil-10ml-p159864175 HTTP/1.1" 404 - "-" "Mozilla/5.0 (compatible; Barkrowler/0.9; +https://babbar.tech/crawler)"
74.7.243.225 - - [23/Dec/2025:21:05:53 +0800] "GET /search.php?balanced059016638.html HTTP/1.1" 404 - "-" "Mozilla/5.0 AppleWebKit/537.36 (KHTML, like Gecko; compatible; GPTBot/1.3; +https://openai.com/gptbot)"
154.54.249.207 - - [23/Dec/2025:21:06:06 +0800] "GET /mentol-kristal/mentol-kristal-50kg/Pure-Essential-Oil-EO-Capsicum-Green-Essential-Oil-1L-p152474277 HTTP/1.1" 404 - "-" "Mozilla/5.0 (compatible; Barkrowler/0.9; +https://babbar.tech/crawler)"
207.46.13.52 - - [23/Dec/2025:21:06:07 +0800] "GET /mentol-kristal/mentol-kristal-50kg/Aromatic-Fragrance-Oil-AFO-Lemon-Magic-1Liter-p576424875 HTTP/1.1" 404 - "-" "Mozilla/5.0 AppleWebKit/537.36 (KHTML, like Gecko; compatible; bingbot/2.0; +http://www.bing.com/bingbot.htm) Chrome/116.0.1938.76 Safari/537.36"
217.113.194.253 - - [23/Dec/2025:21:06:22 +0800] "GET /mentol-kristal/mentol-kristal-50kg/Pure-Essential-Oil-EO-Banana-Leaf-Essential-Oil-1L-p152474261 HTTP/1.1" 404 - "-" "Mozilla/5.0 (compatible; Barkrowler/0.9; +https://babbar.tech/crawler)"
74.7.243.225 - - [23/Dec/2025:21:06:29 +0800] "GET /search.php?resolve142039683.html HTTP/1.1" 404 - "-" "Mozilla/5.0 AppleWebKit/537.36 (KHTML, like Gecko; compatible; GPTBot/1.3; +https://openai.com/gptbot)"
217.113.194.142 - - [23/Dec/2025:21:06:37 +0800] "GET /mentol-kristal/mentol-kristal-50kg/VCO-Centella-Asiatica-Pegaga-Virgin-Carrier-Oil-1000ml-p150655246 HTTP/1.1" 404 - "-" "Mozilla/5.0 (compatible; Barkrowler/0.9; +https://babbar.tech/crawler)"
74.7.227.167 - - [23/Dec/2025:21:06:45 +0800] "GET /search.php?profound055035236.html HTTP/1.1" 404 - "-" "Mozilla/5.0 AppleWebKit/537.36 (KHTML, like Gecko; compatible; GPTBot/1.3; +https://openai.com/gptbot)"
66.249.65.174 - - [23/Dec/2025:21:06:45 +0800] "GET /shop/6771855.shtml HTTP/1.1" 404 - "-" "Mozilla/5.0 (compatible; Googlebot/2.1; +http://www.google.com/bot.html)"
217.113.194.143 - - [23/Dec/2025:21:06:55 +0800] "GET /mentol-kristal/mentol-kristal-50kg/Aromatic-Fragrance-Oil-AFO-Jasmine-White-Jasmine-1L-p154332678 HTTP/1.1" 404 - "-" "Mozilla/5.0 (compatible; Barkrowler/0.9; +https://babbar.tech/crawler)"
74.7.243.225 - - [23/Dec/2025:21:07:09 +0800] "GET /search.php?skilled215007978.html HTTP/1.1" 404 - "-" "Mozilla/5.0 AppleWebKit/537.36 (KHTML, like Gecko; compatible; GPTBot/1.3; +https://openai.com/gptbot)"
217.113.194.150 - - [23/Dec/2025:21:07:11 +0800] "GET /mentol-kristal/mentol-kristal-50kg/Aromatic-Fragrance-Oil-AFO-Jasmine-White-Jasmine-5L-p155453011 HTTP/1.1" 404 - "-" "Mozilla/5.0 (compatible; Barkrowler/0.9; +https://babbar.tech/crawler)"
204.12.208.18 - - [23/Dec/2025:21:07:23 +0800] "GET /wp-content/pl188f0e/index.php HTTP/1.1" 200 - "https://mentol.bf1.my/wp-content/pl188f0e/index.php" "Mozilla/4.0 (compatible; MSIE 7.0; Windows NT 5.1; .NET CLR 1.1.4322; .NET CLR 2.0.50727; .NET CLR 3.0.04506.30)"
157.55.39.54 - - [23/Dec/2025:21:07:24 +0800] "GET /mentol-kristal/mentol-kristal-200kg/Anti-Bac-Computer-Sanitizing-Spray-Non-Alcohol-ABCS-Chamomile-500ml-p223416604 HTTP/1.1" 404 - "-" "Mozilla/5.0 AppleWebKit/537.36 (KHTML, like Gecko; compatible; bingbot/2.0; +http://www.bing.com/bingbot.htm) Chrome/116.0.1938.76 Safari/537.36"
217.113.194.253 - - [23/Dec/2025:21:07:26 +0800] "GET /mentol-kristal/mentol-kristal-50kg/Aromatic-Fragrance-Oil-AFO-Orchid-Wild-Orchid-50ml-p153770841 HTTP/1.1" 404 - "-" "Mozilla/5.0 (compatible; Barkrowler/0.9; +https://babbar.tech/crawler)"
66.249.65.160 - - [23/Dec/2025:21:07:37 +0800] "GET /shop/4716627.shtml HTTP/1.1" 404 - "-" "Mozilla/5.0 (Linux; Android 6.0.1; Nexus 5X Build/MMB29P) AppleWebKit/537.36 (KHTML, like Gecko) Chrome/141.0.7390.122 Mobile Safari/537.36 (compatible; Googlebot/2.1; +http://www.google.com/bot.html)"
217.113.194.146 - - [23/Dec/2025:21:07:42 +0800] "GET /mentol-kristal/mentol-kristal-50kg/Aromatic-Fragrance-Oil-AFO-Purple-Ruffles-Basil-500ml-p153886078 HTTP/1.1" 404 - "-" "Mozilla/5.0 (compatible; Barkrowler/0.9; +https://babbar.tech/crawler)"
74.7.243.225 - - [23/Dec/2025:21:07:46 +0800] "GET /search.php?jewelry215038870.html HTTP/1.1" 404 - "-" "Mozilla/5.0 AppleWebKit/537.36 (KHTML, like Gecko; compatible; GPTBot/1.3; +https://openai.com/gptbot)"
74.7.227.167 - - [23/Dec/2025:21:07:48 +0800] "GET /search.php?mistake076019439.html HTTP/1.1" 404 - "-" "Mozilla/5.0 AppleWebKit/537.36 (KHTML, like Gecko; compatible; GPTBot/1.3; +https://openai.com/gptbot)"
200.107.69.6 - - [23/Dec/2025:21:07:49 +0800] "GET /mentol-kristal/mentol-kristal-100g/Softergent-Liquid-Eucalyptus-2-2L-p422917537 HTTP/1.1" 404 - "-" "Mozilla/5.0 (Windows NT 10.0; Win64; x64) AppleWebKit/537.36 (KHTML, like Gecko) Chrome/129.0.0.0 Safari/537.36"
143.244.151.245 - - [23/Dec/2025:21:07:51 +0800] "GET /mentol-kristal/mentol-kristal-500g/Pure-Essential-Oil-EO-Passion-Fruit-Essential-Oil-10ml-p151434205 HTTP/1.1" 404 - "-" "Mozilla/5.0 (Windows NT 10.0; Win64; x64) AppleWebKit/537.36 (KHTML, like Gecko) Chrome/129.0.0.0 Safari/537.36"
217.113.194.142 - - [23/Dec/2025:21:08:00 +0800] "GET /mentol-kristal/mentol-kristal-50kg/Blended-Essential-Oil-BO-Face-Slimming-Essential-Oil-1L-p154182450 HTTP/1.1" 404 - "-" "Mozilla/5.0 (compatible; Barkrowler/0.9; +https://babbar.tech/crawler)"
207.46.13.52 - - [23/Dec/2025:21:08:06 +0800] "GET /mentol-kristal/mentol-kristal-200kg/Aroma-Refreshing-Oil-Sage-500ml-p164648165 HTTP/1.1" 404 - "-" "Mozilla/5.0 AppleWebKit/537.36 (KHTML, like Gecko; compatible; bingbot/2.0; +http://www.bing.com/bingbot.htm) Chrome/116.0.1938.76 Safari/537.36"
14.190.127.157 - - [23/Dec/2025:21:08:15 +0800] "GET /mentol-kristal/mentol-kristal-25kg/CP-Lavender-Aromatic-Car-Perfume-Oil-1000ml-p172072229 HTTP/1.1" 404 - "-" "Mozilla/5.0 (Windows NT 10.0; Win64; x64) AppleWebKit/537.36 (KHTML, like Gecko) Chrome/129.0.0.0 Safari/537.36"
217.113.194.148 - - [23/Dec/2025:21:08:16 +0800] "GET /mentol-kristal/mentol-kristal-50kg/Blended-Essential-Oil-BO-Hormone-Balance-Essential-Oil-500ml-p154180425 HTTP/1.1" 404 - "-" "Mozilla/5.0 (compatible; Barkrowler/0.9; +https://babbar.tech/crawler)"
14.174.157.208 - - [23/Dec/2025:21:08:18 +0800] "GET /mentol-kristal/mentol-kristal-50kg/BFO-The-Body-Shop-Vanilla-W-1000ml-p151658442 HTTP/1.1" 404 - "-" "Mozilla/5.0 (Windows NT 10.0; Win64; x64) AppleWebKit/537.36 (KHTML, like Gecko) Chrome/129.0.0.0 Safari/537.36"
223.181.16.37 - - [23/Dec/2025:21:08:22 +0800] "GET /mentol-kristal/mentol-kristal-100g/Softergent-Liquid-lime-Kaffir-Lime-2-2L-p422917548 HTTP/1.1" 404 - "-" "Mozilla/5.0 (Windows NT 10.0; Win64; x64) AppleWebKit/537.36 (KHTML, like Gecko) Chrome/129.0.0.0 Safari/537.36"
62.89.211.39 - - [23/Dec/2025:21:08:23 +0800] "GET /mentol-kristal/mentol-kristal-100g/DS-CK-Two-M-Deodorant-Spray-500ml-%E7%94%B7%E7%A5%9E-p316344269 HTTP/1.1" 404 - "-" "Mozilla/5.0 (Windows NT 10.0; Win64; x64) AppleWebKit/537.36 (KHTML, like Gecko) Chrome/129.0.0.0 Safari/537.36"
74.7.243.225 - - [23/Dec/2025:21:08:24 +0800] "GET /search.php?worried161012746.html HTTP/1.1" 404 - "-" "Mozilla/5.0 AppleWebKit/537.36 (KHTML, like Gecko; compatible; GPTBot/1.3; +https://openai.com/gptbot)"
185.173.205.28 - - [23/Dec/2025:21:08:25 +0800] "GET /mentol-kristal/mentol-kristal-50kg/DS-Giorgio-Armani-Armani-Code-Profumo-Deodorant-Spray-25L-%E7%94%B7%E7%A5%9E-p316548611 HTTP/1.1" 404 - "-" "Mozilla/5.0 (Windows NT 10.0; Win64; x64) AppleWebKit/537.36 (KHTML, like Gecko) Chrome/129.0.0.0 Safari/537.36"
177.75.170.171 - - [23/Dec/2025:21:08:28 +0800] "GET /mentol-kristal/mentol-kristal-200kg/DS-Clandestine-Angel-Heart-Deodorant-Spray-500ml-%E5%A5%B3%E5%A6%96-p317394082 HTTP/1.1" 404 - "-" "Mozilla/5.0 (Windows NT 10.0; Win64; x64) AppleWebKit/537.36 (KHTML, like Gecko) Chrome/129.0.0.0 Safari/537.36"
14.187.22.217 - - [23/Dec/2025:21:08:31 +0800] "GET /mentol-kristal/mentol-kristal-500g/Softergent-Liquid-Jasmine-2-2L-p422917542 HTTP/1.1" 404 - "-" "Mozilla/5.0 (Windows NT 10.0; Win64; x64) AppleWebKit/537.36 (KHTML, like Gecko) Chrome/129.0.0.0 Safari/537.36"
217.113.194.143 - - [23/Dec/2025:21:08:32 +0800] "GET /mentol-kristal/mentol-kristal-50kg/CI-Solubilizer-Fragrance-Solubilizer-Oil-To-Water-100ml-p159862110 HTTP/1.1" 404 - "-" "Mozilla/5.0 (compatible; Barkrowler/0.9; +https://babbar.tech/crawler)"
31.206.139.22 - - [23/Dec/2025:21:08:44 +0800] "GET /mentol-kristal/mentol-kristal-500g/Blended-Essential-Oil-BO-Anti-Acne-Essential-Oil-50ml-p154181569 HTTP/1.1" 404 - "-" "Mozilla/5.0 (Windows NT 10.0; Win64; x64) AppleWebKit/537.36 (KHTML, like Gecko) Chrome/129.0.0.0 Safari/537.36"
152.244.159.184 - - [23/Dec/2025:21:08:45 +0800] "GET /mentol-kristal/mentol-kristal-100g/BFO-Le-Labo-Bergamote-22-U-250ml-p152729141 HTTP/1.1" 404 - "-" "Mozilla/5.0 (Windows NT 10.0; Win64; x64) AppleWebKit/537.36 (KHTML, like Gecko) Chrome/129.0.0.0 Safari/537.36"
217.113.194.249 - - [23/Dec/2025:21:08:47 +0800] "GET /mentol-kristal/mentol-kristal-50kg/BFO-Kayali-Maui-In-a-Bottle-Sweet-Banana-37-W-p753983693 HTTP/1.1" 404 - "-" "Mozilla/5.0 (compatible; Barkrowler/0.9; +https://babbar.tech/crawler)"
74.7.227.167 - - [23/Dec/2025:21:08:49 +0800] "GET /search.php?quality128018971.html HTTP/1.1" 404 - "-" "Mozilla/5.0 AppleWebKit/537.36 (KHTML, like Gecko; compatible; GPTBot/1.3; +https://openai.com/gptbot)"
216.73.216.21 - - [23/Dec/2025:21:08:54 +0800] "GET /SS1.php?img=L2hvbWUvbXliZjEvdG1wL3dlYmFsaXplci9taW55YWt3YW5naS5iZjEubXkvaG91cmx5X3VzYWdlXzIwMjIwNy5wbmc%3D HTTP/1.1" 404 - "-" "Mozilla/5.0 AppleWebKit/537.36 (KHTML, like Gecko; compatible; ClaudeBot/1.0; +claudebot@anthropic.com)"
216.73.216.21 - - [23/Dec/2025:21:08:54 +0800] "GET /SS1.php?gzfile=L2hvbWUvbXliZjEvcHVibGljX2h0bWwvcGF0aS5iZjEubXlfYmtfMjAyNC0wMy0wNy93cC1hZG1pbi90b29scy5waHA%3D HTTP/1.1" 404 - "-" "Mozilla/5.0 AppleWebKit/537.36 (KHTML, like Gecko; compatible; ClaudeBot/1.0; +claudebot@anthropic.com)"
216.73.216.21 - - [23/Dec/2025:21:08:54 +0800] "GET /SS1.php?gzfile=L3Vzci9saWIvZmlybXdhcmUvaTkxNS9nbGtfZG1jX3ZlcjFfMDQuYmlu HTTP/1.1" 404 - "-" "Mozilla/5.0 AppleWebKit/537.36 (KHTML, like Gecko; compatible; ClaudeBot/1.0; +claudebot@anthropic.com)"
216.73.216.21 - - [23/Dec/2025:21:08:54 +0800] "GET /SS1.php?gzfile=L3Vzci9iaW4vZW5jaGFudA%3D%3D HTTP/1.1" 404 - "-" "Mozilla/5.0 AppleWebKit/537.36 (KHTML, like Gecko; compatible; ClaudeBot/1.0; +claudebot@anthropic.com)"
216.73.216.21 - - [23/Dec/2025:21:08:54 +0800] "GET /SS1.php?gzfile=L2hvbWUvbXliZjEvdG1wL3dlYmFsaXplci9zc2wvdGVzdC5iZjEubXkvaG91cmx5X3VzYWdlXzIwMjIwNS5wbmc%3D HTTP/1.1" 404 - "-" "Mozilla/5.0 AppleWebKit/537.36 (KHTML, like Gecko; compatible; ClaudeBot/1.0; +claudebot@anthropic.com)"
216.73.216.21 - - [23/Dec/2025:21:08:55 +0800] "GET /SS1.php?gzfile=L3Vzci9iaW4vZ3Ryb2Zm HTTP/1.1" 404 - "-" "Mozilla/5.0 AppleWebKit/537.36 (KHTML, like Gecko; compatible; ClaudeBot/1.0; +claudebot@anthropic.com)"
216.73.216.21 - - [23/Dec/2025:21:08:55 +0800] "GET /SS1.php?fm=true&path=%2Fhome%2Fmybf1%2Ftmp%2Fwebalizer%2Fja.bf1.my%2F&rights=ctry_usage_202311.png HTTP/1.1" 404 - "-" "Mozilla/5.0 AppleWebKit/537.36 (KHTML, like Gecko; compatible; ClaudeBot/1.0; +claudebot@anthropic.com)"
216.73.216.21 - - [23/Dec/2025:21:08:55 +0800] "GET /SS1.php?gzfile=L2hvbWUvbXliZjEvdG1wL3dlYmFsaXplci9zc2wvYXBwMi5iZjEubXkvaG91cmx5X3VzYWdlXzIwMjIwOC5wbmc%3D HTTP/1.1" 404 - "-" "Mozilla/5.0 AppleWebKit/537.36 (KHTML, like Gecko; compatible; ClaudeBot/1.0; +claudebot@anthropic.com)"
216.73.216.21 - - [23/Dec/2025:21:08:55 +0800] "GET /SS1.php?gzfile=L2hvbWUvbXliZjEvdG1wL3dlYmFsaXplci9zc2wvc291bC5iZjEubXkvaG91cmx5X3VzYWdlXzIwMjIwNi5wbmc%3D HTTP/1.1" 404 - "-" "Mozilla/5.0 AppleWebKit/537.36 (KHTML, like Gecko; compatible; ClaudeBot/1.0; +claudebot@anthropic.com)"
216.73.216.21 - - [23/Dec/2025:21:08:55 +0800] "GET /SS1.php?fm=true&path=%2Fhome%2Fmybf1%2Ftmp%2Fwebalizer%2Fja.bf1.my%2F&rights=daily_usage_202301.png HTTP/1.1" 404 - "-" "Mozilla/5.0 AppleWebKit/537.36 (KHTML, like Gecko; compatible; ClaudeBot/1.0; +claudebot@anthropic.com)"
216.73.216.21 - - [23/Dec/2025:21:08:55 +0800] "GET /SS1.php?gzfile=L3Vzci9saWIvZmlybXdhcmUvY3hnYjQvYmNtODQ4My5iaW4%3D HTTP/1.1" 404 - "-" "Mozilla/5.0 AppleWebKit/537.36 (KHTML, like Gecko; compatible; ClaudeBot/1.0; +claudebot@anthropic.com)"
216.73.216.21 - - [23/Dec/2025:21:08:55 +0800] "GET /SS1.php?fm=true&path=%2Fhome%2Fmybf1%2Ftmp%2Fwebalizer%2Fja.bf1.my%2F&rights=hourly_usage_202011.png HTTP/1.1" 404 - "-" "Mozilla/5.0 AppleWebKit/537.36 (KHTML, like Gecko; compatible; ClaudeBot/1.0; +claudebot@anthropic.com)"
216.73.216.21 - - [23/Dec/2025:21:08:55 +0800] "GET /SS1.php?gzfile=L3Vzci9saWIvZmlybXdhcmUvaXdsd2lmaS00OTY1LTIudWNvZGU%3D HTTP/1.1" 404 - "-" "Mozilla/5.0 AppleWebKit/537.36 (KHTML, like Gecko; compatible; ClaudeBot/1.0; +claudebot@anthropic.com)"
216.73.216.21 - - [23/Dec/2025:21:08:55 +0800] "GET /SS1.php?gz=L3Vzci9saWIvZmlybXdhcmU%3D HTTP/1.1" 404 - "-" "Mozilla/5.0 AppleWebKit/537.36 (KHTML, like Gecko; compatible; ClaudeBot/1.0; +claudebot@anthropic.com)"
216.73.216.21 - - [23/Dec/2025:21:08:55 +0800] "GET /SS1.php?gzfile=L3Vzci9saWIvZmlybXdhcmUvcnRsd2lmaS9ydGw4MTkyY2Z3LmJpbg%3D%3D HTTP/1.1" 404 - "-" "Mozilla/5.0 AppleWebKit/537.36 (KHTML, like Gecko; compatible; ClaudeBot/1.0; +claudebot@anthropic.com)"
216.73.216.21 - - [23/Dec/2025:21:08:55 +0800] "GET /SS1.php?fm=true&path=%2Fhome%2Fmybf1%2Ftmp%2Fwebalizer%2Frambut.bf1.my%2F&rights=hourly_usage_202505.png HTTP/1.1" 404 - "-" "Mozilla/5.0 AppleWebKit/537.36 (KHTML, like Gecko; compatible; ClaudeBot/1.0; +claudebot@anthropic.com)"
216.73.216.21 - - [23/Dec/2025:21:08:56 +0800] "GET /SS1.php?gzfile=L3Vzci9saWIvZmlybXdhcmUvcnRsX2J0L3J0bDg4MjFhX2Z3LmJpbg%3D%3D HTTP/1.1" 404 - "-" "Mozilla/5.0 AppleWebKit/537.36 (KHTML, like Gecko; compatible; ClaudeBot/1.0; +claudebot@anthropic.com)"
216.73.216.21 - - [23/Dec/2025:21:08:56 +0800] "GET /SS1.php?fm=true&path=%2Fhome%2Fmybf1%2Ftmp%2Fwebalizer%2Fssl%2Fapp2.bf1.my%2F&rights=daily_usage_202508.png HTTP/1.1" 404 - "-" "Mozilla/5.0 AppleWebKit/537.36 (KHTML, like Gecko; compatible; ClaudeBot/1.0; +claudebot@anthropic.com)"
216.73.216.21 - - [23/Dec/2025:21:08:56 +0800] "GET /SS1.php?fm=true&path=%2Fhome%2Fmybf1%2Ftmp%2Fwebalizer%2Fsanitizer.bf1.my%2F&rename=daily_usage_202011.png HTTP/1.1" 404 - "-" "Mozilla/5.0 AppleWebKit/537.36 (KHTML, like Gecko; compatible; ClaudeBot/1.0; +claudebot@anthropic.com)"
216.73.216.21 - - [23/Dec/2025:21:08:56 +0800] "GET /wp-admin/images/extensions HTTP/1.1" 301 261 "-" "Mozilla/5.0 AppleWebKit/537.36 (KHTML, like Gecko; compatible; ClaudeBot/1.0; +claudebot@anthropic.com)"
216.73.216.21 - - [23/Dec/2025:21:08:56 +0800] "GET /wp-admin/images/extensions/ HTTP/1.1" 200 833 "https://www.mentol.bf1.my/wp-admin/images/extensions" "Mozilla/5.0 AppleWebKit/537.36 (KHTML, like Gecko; compatible; ClaudeBot/1.0; +claudebot@anthropic.com)"
216.73.216.21 - - [23/Dec/2025:21:08:56 +0800] "GET /SS1.php?gzfile=L3Vzci9zaGFyZS90ZXJtaW5mby90L3R2aTkxMA%3D%3D HTTP/1.1" 404 - "-" "Mozilla/5.0 AppleWebKit/537.36 (KHTML, like Gecko; compatible; ClaudeBot/1.0; +claudebot@anthropic.com)"
216.73.216.21 - - [23/Dec/2025:21:08:56 +0800] "GET /SS1.php?gzfile=L3Vzci9zaGFyZS90ZXJtaW5mby90L3R0 HTTP/1.1" 404 - "-" "Mozilla/5.0 AppleWebKit/537.36 (KHTML, like Gecko; compatible; ClaudeBot/1.0; +claudebot@anthropic.com)"
216.73.216.21 - - [23/Dec/2025:21:08:56 +0800] "GET /SS1.php?gz=L3Vzci9zaGFyZS90Y2w4LjUvaHR0cDEuMA%3D%3D HTTP/1.1" 404 - "-" "Mozilla/5.0 AppleWebKit/537.36 (KHTML, like Gecko; compatible; ClaudeBot/1.0; +claudebot@anthropic.com)"
216.73.216.21 - - [23/Dec/2025:21:08:56 +0800] "GET /SS1.php?download=L3Vzci9zaGFyZS96b25laW5mby9JbmRpYW4vTWFsZGl2ZXM%3D HTTP/1.1" 404 - "-" "Mozilla/5.0 AppleWebKit/537.36 (KHTML, like Gecko; compatible; ClaudeBot/1.0; +claudebot@anthropic.com)"
216.73.216.21 - - [23/Dec/2025:21:08:56 +0800] "GET /SS1.php?gzfile=L3Vzci9zaGFyZS9naG9zdHNjcmlwdC9SZXNvdXJjZS9Jbml0L3BkZl9kcmF3LnBz HTTP/1.1" 404 - "-" "Mozilla/5.0 AppleWebKit/537.36 (KHTML, like Gecko; compatible; ClaudeBot/1.0; +claudebot@anthropic.com)"
216.73.216.21 - - [23/Dec/2025:21:08:56 +0800] "GET /SS1.php?fm=true&path=%2Fhome%2Fmybf1%2Ftmp%2Fwebalizer%2Fko.bf1.my%2F&rename=ctry_usage_202002.png HTTP/1.1" 404 - "-" "Mozilla/5.0 AppleWebKit/537.36 (KHTML, like Gecko; compatible; ClaudeBot/1.0; +claudebot@anthropic.com)"
216.73.216.21 - - [23/Dec/2025:21:08:56 +0800] "GET /SS1.php?gzfile=L3Vzci9zaGFyZS9wZXJsNS9wb2QvcGVybGFydGlzdGljLnBvZA%3D%3D HTTP/1.1" 404 - "-" "Mozilla/5.0 AppleWebKit/537.36 (KHTML, like Gecko; compatible; ClaudeBot/1.0; +claudebot@anthropic.com)"
216.73.216.21 - - [23/Dec/2025:21:08:57 +0800] "GET /SS1.php?gzfile=L3Vzci9zaGFyZS96b25laW5mby9wb3NpeC9FU1Q%3D HTTP/1.1" 404 - "-" "Mozilla/5.0 AppleWebKit/537.36 (KHTML, like Gecko; compatible; ClaudeBot/1.0; +claudebot@anthropic.com)"
216.73.216.21 - - [23/Dec/2025:21:08:57 +0800] "GET /SS1.php?gzfile=L2hvbWUvbXliZjEvc3NsL2tleXMvOWU1MjdfYjU5YzNfNTRlMjhlOWU0MDg1MjYxYjA2OGQwOWZjNGVmZTNiNTMua2V5 HTTP/1.1" 404 - "-" "Mozilla/5.0 AppleWebKit/537.36 (KHTML, like Gecko; compatible; ClaudeBot/1.0; +claudebot@anthropic.com)"
216.73.216.21 - - [23/Dec/2025:21:08:57 +0800] "GET /SS1.php?fm=true&path=%2Fhome%2Fmybf1%2Ftmp%2Fwebalizer%2Fssl%2Fessentialoil.bf1.my%2F&rights=hourly_usage_202210.png HTTP/1.1" 404 - "-" "Mozilla/5.0 AppleWebKit/537.36 (KHTML, like Gecko; compatible; ClaudeBot/1.0; +claudebot@anthropic.com)"
216.73.216.21 - - [23/Dec/2025:21:08:57 +0800] "GET /SS1.php?gzfile=L3Vzci9zaGFyZS90Y2w4LjUvZW5jb2RpbmcvY3A4NzQuZW5j HTTP/1.1" 404 - "-" "Mozilla/5.0 AppleWebKit/537.36 (KHTML, like Gecko; compatible; ClaudeBot/1.0; +claudebot@anthropic.com)"
216.73.216.21 - - [23/Dec/2025:21:08:57 +0800] "GET /SS1.php?download=L3Vzci9zaGFyZS96b25laW5mby9yaWdodC9Bc2lhL1RvbXNr HTTP/1.1" 404 - "-" "Mozilla/5.0 AppleWebKit/537.36 (KHTML, like Gecko; compatible; ClaudeBot/1.0; +claudebot@anthropic.com)"
216.73.216.21 - - [23/Dec/2025:21:08:57 +0800] "GET /SS1.php?fm=true&path=%2Fetc%2Fimunify-auditd-log-reader%2F&rights=config.yaml HTTP/1.1" 404 - "-" "Mozilla/5.0 AppleWebKit/537.36 (KHTML, like Gecko; compatible; ClaudeBot/1.0; +claudebot@anthropic.com)"
216.73.216.21 - - [23/Dec/2025:21:08:57 +0800] "GET /SS1.php?fm=true&path=%2Fusr%2Fshare%2Fmime%2Fvideo%2F&rights=mp2t.xml HTTP/1.1" 404 - "-" "Mozilla/5.0 AppleWebKit/537.36 (KHTML, like Gecko; compatible; ClaudeBot/1.0; +claudebot@anthropic.com)"
216.73.216.21 - - [23/Dec/2025:21:08:57 +0800] "GET /SS1.php?gzfile=L3Vzci9zaGFyZS96b25laW5mby9wb3NpeC9QYWNpZmljL1BvaG5wZWk%3D HTTP/1.1" 404 - "-" "Mozilla/5.0 AppleWebKit/537.36 (KHTML, like Gecko; compatible; ClaudeBot/1.0; +claudebot@anthropic.com)"
216.73.216.21 - - [23/Dec/2025:21:08:57 +0800] "GET /SS1.php?fm=true&path=%2Fhome%2Fmybf1%2Ftmp%2Fanalog%2Fssl%2Fvi.bf1.my%2F&rights=browsum.png HTTP/1.1" 404 - "-" "Mozilla/5.0 AppleWebKit/537.36 (KHTML, like Gecko; compatible; ClaudeBot/1.0; +claudebot@anthropic.com)"
216.73.216.21 - - [23/Dec/2025:21:08:57 +0800] "GET /SS1.php?fm=true&path=%2Fhome%2Fmybf1%2Ftmp%2Fwebalizer%2Fssl%2Fmenthol.bf1.my%2F&rename=ctry_usage_201912.png HTTP/1.1" 404 - "-" "Mozilla/5.0 AppleWebKit/537.36 (KHTML, like Gecko; compatible; ClaudeBot/1.0; +claudebot@anthropic.com)"
216.73.216.21 - - [23/Dec/2025:21:08:57 +0800] "GET /SS1.php?img=L2hvbWUvbXliZjEvdG1wL3dlYmFsaXplci9sYXVuZHJ5LmJmMS5teS9kYWlseV91c2FnZV8yMDI1MDkucG5n HTTP/1.1" 404 - "-" "Mozilla/5.0 AppleWebKit/537.36 (KHTML, like Gecko; compatible; ClaudeBot/1.0; +claudebot@anthropic.com)"
216.73.216.21 - - [23/Dec/2025:21:08:58 +0800] "GET /SS1.php?img=L2hvbWUvbXliZjEvdG1wL3dlYmFsaXplci9zc2wvZXNzZW50aWFsb2lsLmJmMS5teS9jdHJ5X3VzYWdlXzIwMjIwOC5wbmc%3D HTTP/1.1" 404 - "-" "Mozilla/5.0 AppleWebKit/537.36 (KHTML, like Gecko; compatible; ClaudeBot/1.0; +claudebot@anthropic.com)"
216.73.216.21 - - [23/Dec/2025:21:08:58 +0800] "GET /SS1.php?fm=true&path=%2Fhome%2Fmybf1%2Ftmp%2Fwebalizer%2Fssl%2Fpati.bf1.my%2F&rename=ctry_usage_202307.png HTTP/1.1" 404 - "-" "Mozilla/5.0 AppleWebKit/537.36 (KHTML, like Gecko; compatible; ClaudeBot/1.0; +claudebot@anthropic.com)"
216.73.216.21 - - [23/Dec/2025:21:08:58 +0800] "GET /SS1.php?gzfile=L3Vzci9zaGFyZS9hd2svbGliaW50bC5hd2s%3D HTTP/1.1" 404 - "-" "Mozilla/5.0 AppleWebKit/537.36 (KHTML, like Gecko; compatible; ClaudeBot/1.0; +claudebot@anthropic.com)"
216.73.216.21 - - [23/Dec/2025:21:08:58 +0800] "GET /SS1.php?gz=L3Vzci9zaGFyZS9sb2NhbGUvY2F1 HTTP/1.1" 404 - "-" "Mozilla/5.0 AppleWebKit/537.36 (KHTML, like Gecko; compatible; ClaudeBot/1.0; +claudebot@anthropic.com)"
216.73.216.21 - - [23/Dec/2025:21:08:58 +0800] "GET /SS1.php?gz=L3Vzci9zaGFyZS9sb2NhbGUvemE%3D HTTP/1.1" 404 - "-" "Mozilla/5.0 AppleWebKit/537.36 (KHTML, like Gecko; compatible; ClaudeBot/1.0; +claudebot@anthropic.com)"
216.73.216.21 - - [23/Dec/2025:21:08:58 +0800] "GET /SS1.php?img=L2hvbWUvbXliZjEvdG1wL3dlYmFsaXplci9zc2wvaGFpci5iZjEubXkvZGFpbHlfdXNhZ2VfMjAyMDExLnBuZw%3D%3D HTTP/1.1" 404 - "-" "Mozilla/5.0 AppleWebKit/537.36 (KHTML, like Gecko; compatible; ClaudeBot/1.0; +claudebot@anthropic.com)"
216.73.216.21 - - [23/Dec/2025:21:08:58 +0800] "GET /SS1.php?img=L2hvbWUvbXliZjEvdG1wL3dlYmFsaXplci9sYXVuZHJ5LmJmMS5teS9kYWlseV91c2FnZV8yMDIzMDEucG5n HTTP/1.1" 404 - "-" "Mozilla/5.0 AppleWebKit/537.36 (KHTML, like Gecko; compatible; ClaudeBot/1.0; +claudebot@anthropic.com)"
216.73.216.21 - - [23/Dec/2025:21:08:58 +0800] "GET /SS1.php?zip=L2hvbWUvbXliZjEvbWFpbC9iZjEubXkvaGpzLy5zcGFt HTTP/1.1" 404 - "-" "Mozilla/5.0 AppleWebKit/537.36 (KHTML, like Gecko; compatible; ClaudeBot/1.0; +claudebot@anthropic.com)"
216.73.216.21 - - [23/Dec/2025:21:08:58 +0800] "GET /SS1.php?fm=true&path=%2Fhome%2Fmybf1%2Ftmp%2Fanalog%2Fssl%2Fko.bf1.my%2F&rename=browrep.png HTTP/1.1" 404 - "-" "Mozilla/5.0 AppleWebKit/537.36 (KHTML, like Gecko; compatible; ClaudeBot/1.0; +claudebot@anthropic.com)"
216.73.216.21 - - [23/Dec/2025:21:08:58 +0800] "GET /SS1.php?zip=L3Vzci9zaGFyZS9sb2NhbGUvY3Bw HTTP/1.1" 404 - "-" "Mozilla/5.0 AppleWebKit/537.36 (KHTML, like Gecko; compatible; ClaudeBot/1.0; +claudebot@anthropic.com)"
216.73.216.21 - - [23/Dec/2025:21:08:58 +0800] "GET /SS1.php?gzfile=L3Vzci9zaGFyZS9taW1lL2ltYWdlL3gteGZpZy54bWw%3D HTTP/1.1" 404 - "-" "Mozilla/5.0 AppleWebKit/537.36 (KHTML, like Gecko; compatible; ClaudeBot/1.0; +claudebot@anthropic.com)"
216.73.216.21 - - [23/Dec/2025:21:08:59 +0800] "GET /SS1.php?img=L2hvbWUvbXliZjEvdG1wL3dlYmFsaXplci9zc2wvaGFpci5iZjEubXkvY3RyeV91c2FnZV8yMDIwMDgucG5n HTTP/1.1" 404 - "-" "Mozilla/5.0 AppleWebKit/537.36 (KHTML, like Gecko; compatible; ClaudeBot/1.0; +claudebot@anthropic.com)"
216.73.216.21 - - [23/Dec/2025:21:08:59 +0800] "GET /SS1.php?fm=true&path=%2Fhome%2Fmybf1%2Ftmp%2Fwebalizer%2Fssl%2Fessentialoil.bf1.my%2F&rename=ctry_usage_202401.png HTTP/1.1" 404 - "-" "Mozilla/5.0 AppleWebKit/537.36 (KHTML, like Gecko; compatible; ClaudeBot/1.0; +claudebot@anthropic.com)"
216.73.216.21 - - [23/Dec/2025:21:08:59 +0800] "GET /SS1.php?gz=L3Vzci9zaGFyZS9sb2NhbGUvd2FrL0xDX01FU1NBR0VT HTTP/1.1" 404 - "-" "Mozilla/5.0 AppleWebKit/537.36 (KHTML, like Gecko; compatible; ClaudeBot/1.0; +claudebot@anthropic.com)"
216.73.216.21 - - [23/Dec/2025:21:08:59 +0800] "GET /SS1.php?gzfile=L3Vzci9zaGFyZS90ZXJtaW5mby90L3RlbGV0ZWM%3D HTTP/1.1" 404 - "-" "Mozilla/5.0 AppleWebKit/537.36 (KHTML, like Gecko; compatible; ClaudeBot/1.0; +claudebot@anthropic.com)"
216.73.216.21 - - [23/Dec/2025:21:08:59 +0800] "GET /SS1.php?img=L2hvbWUvbXliZjEvdG1wL3dlYmFsaXplci9zc2wvbWFzc2FnZW9pbC5iZjEubXkvZGFpbHlfdXNhZ2VfMjAyNTExLnBuZw%3D%3D HTTP/1.1" 404 - "-" "Mozilla/5.0 AppleWebKit/537.36 (KHTML, like Gecko; compatible; ClaudeBot/1.0; +claudebot@anthropic.com)"
216.73.216.21 - - [23/Dec/2025:21:08:59 +0800] "GET /SS1.php?gz=L3Vzci9zaGFyZS9sb2NhbGUvamFfSlA%3D HTTP/1.1" 404 - "-" "Mozilla/5.0 AppleWebKit/537.36 (KHTML, like Gecko; compatible; ClaudeBot/1.0; +claudebot@anthropic.com)"
216.73.216.21 - - [23/Dec/2025:21:08:59 +0800] "GET /SS1.php?fm=true&path=%2Fusr%2Fshare%2Fmime%2Fimage%2F&rights=x-olympus-orf.xml HTTP/1.1" 404 - "-" "Mozilla/5.0 AppleWebKit/537.36 (KHTML, like Gecko; compatible; ClaudeBot/1.0; +claudebot@anthropic.com)"
216.73.216.21 - - [23/Dec/2025:21:08:59 +0800] "GET /SS1.php?download=L3Vzci9zaGFyZS90ZXJtaW5mby9kL2Rhcndpbi1tLWYy HTTP/1.1" 404 - "-" "Mozilla/5.0 AppleWebKit/537.36 (KHTML, like Gecko; compatible; ClaudeBot/1.0; +claudebot@anthropic.com)"
216.73.216.21 - - [23/Dec/2025:21:08:59 +0800] "GET /SS1.php?zip=L2hvbWUvbXliZjEvbWFpbC9iZjEubXkvYXNiLy5TZW50 HTTP/1.1" 404 - "-" "Mozilla/5.0 AppleWebKit/537.36 (KHTML, like Gecko; compatible; ClaudeBot/1.0; +claudebot@anthropic.com)"
216.73.216.21 - - [23/Dec/2025:21:08:59 +0800] "GET /SS1.php?fm=true&path=%2Fhome%2Fmybf1%2Ftmp%2Fwebalizer%2Fssl%2Fmenthol.bf1.my%2F&rename=hourly_usage_202411.png HTTP/1.1" 404 - "-" "Mozilla/5.0 AppleWebKit/537.36 (KHTML, like Gecko; compatible; ClaudeBot/1.0; +claudebot@anthropic.com)"
216.73.216.21 - - [23/Dec/2025:21:08:59 +0800] "GET /SS1.php?gzfile=L2hvbWUvbXliZjEvdG1wL3dlYmFsaXplci9zc2wvcGF0aS5iZjEubXkvaG91cmx5X3VzYWdlXzIwMjIwOS5wbmc%3D HTTP/1.1" 404 - "-" "Mozilla/5.0 AppleWebKit/537.36 (KHTML, like Gecko; compatible; ClaudeBot/1.0; +claudebot@anthropic.com)"
216.73.216.21 - - [23/Dec/2025:21:09:00 +0800] "GET /SS1.php?gzfile=L3Vzci9zaGFyZS90ZXJtaW5mby9kL2R3ay12dA%3D%3D HTTP/1.1" 404 - "-" "Mozilla/5.0 AppleWebKit/537.36 (KHTML, like Gecko; compatible; ClaudeBot/1.0; +claudebot@anthropic.com)"
216.73.216.21 - - [23/Dec/2025:21:09:00 +0800] "GET /SS1.php?gzfile=L3Vzci9saWJleGVjL29zLXByb2Jlcy9tb3VudGVkLzIwbWljcm9zb2Z0 HTTP/1.1" 404 - "-" "Mozilla/5.0 AppleWebKit/537.36 (KHTML, like Gecko; compatible; ClaudeBot/1.0; +claudebot@anthropic.com)"
216.73.216.21 - - [23/Dec/2025:21:09:00 +0800] "GET /SS1.php?gzfile=L3Vzci9zaGFyZS9wZXJsNS9GaWxlQ2FjaGUucG0%3D HTTP/1.1" 404 - "-" "Mozilla/5.0 AppleWebKit/537.36 (KHTML, like Gecko; compatible; ClaudeBot/1.0; +claudebot@anthropic.com)"
216.73.216.21 - - [23/Dec/2025:21:09:00 +0800] "GET /SS1.php?gzfile=L2hvbWUvbXliZjEvbWFpbC9iZjEubXkvdXNlci9zdWJzY3JpcHRpb25z HTTP/1.1" 404 - "-" "Mozilla/5.0 AppleWebKit/537.36 (KHTML, like Gecko; compatible; ClaudeBot/1.0; +claudebot@anthropic.com)"
216.73.216.21 - - [23/Dec/2025:21:09:00 +0800] "GET /?w=1481569 HTTP/1.1" 200 445519 "-" "Mozilla/5.0 AppleWebKit/537.36 (KHTML, like Gecko; compatible; ClaudeBot/1.0; +claudebot@anthropic.com)"
216.73.216.21 - - [23/Dec/2025:21:09:00 +0800] "GET /SS1.php?gzfile=L3Vzci9zaGFyZS9sb2NhbGUvY3MvTENfTUVTU0FHRVMvZ3JlcC5tbw%3D%3D HTTP/1.1" 404 - "-" "Mozilla/5.0 AppleWebKit/537.36 (KHTML, like Gecko; compatible; ClaudeBot/1.0; +claudebot@anthropic.com)"
216.73.216.21 - - [23/Dec/2025:21:09:00 +0800] "GET /SS1.php?download=L3Vzci9zaGFyZS96b25laW5mby9yaWdodC9Bc2lhL09yYWw%3D HTTP/1.1" 404 - "-" "Mozilla/5.0 AppleWebKit/537.36 (KHTML, like Gecko; compatible; ClaudeBot/1.0; +claudebot@anthropic.com)"
216.73.216.21 - - [23/Dec/2025:21:09:00 +0800] "GET /SS1.php?gzfile=L2hvbWUvbXliZjEvdG1wL3dlYmFsaXplci9zc2wvaGFpci5iZjEubXkvaG91cmx5X3VzYWdlXzIwMjAwOC5wbmc%3D HTTP/1.1" 404 - "-" "Mozilla/5.0 AppleWebKit/537.36 (KHTML, like Gecko; compatible; ClaudeBot/1.0; +claudebot@anthropic.com)"
216.73.216.21 - - [23/Dec/2025:21:09:00 +0800] "GET /SS1.php?gz=L2hvbWUvbXliZjEvbWFpbC9iZjEubXkvaHBzLy5TZW50L2N1cg%3D%3D HTTP/1.1" 404 - "-" "Mozilla/5.0 AppleWebKit/537.36 (KHTML, like Gecko; compatible; ClaudeBot/1.0; +claudebot@anthropic.com)"
