216.73.216.21 - - [23/Dec/2025:21:13:03 +0800] "GET /?w=81281 HTTP/1.1" 200 445405 "-" "Mozilla/5.0 AppleWebKit/537.36 (KHTML, like Gecko; compatible; ClaudeBot/1.0; +claudebot@anthropic.com)"
216.73.216.21 - - [23/Dec/2025:21:13:03 +0800] "GET /?w=432231 HTTP/1.1" 200 445651 "-" "Mozilla/5.0 AppleWebKit/537.36 (KHTML, like Gecko; compatible; ClaudeBot/1.0; +claudebot@anthropic.com)"
216.73.216.21 - - [23/Dec/2025:21:13:03 +0800] "GET /?w=1482005 HTTP/1.1" 200 445684 "-" "Mozilla/5.0 AppleWebKit/537.36 (KHTML, like Gecko; compatible; ClaudeBot/1.0; +claudebot@anthropic.com)"
216.73.216.21 - - [23/Dec/2025:21:13:03 +0800] "GET /?w=1695605 HTTP/1.1" 200 446080 "-" "Mozilla/5.0 AppleWebKit/537.36 (KHTML, like Gecko; compatible; ClaudeBot/1.0; +claudebot@anthropic.com)"
216.73.216.21 - - [23/Dec/2025:21:13:03 +0800] "GET /?w=26239 HTTP/1.1" 200 446215 "-" "Mozilla/5.0 AppleWebKit/537.36 (KHTML, like Gecko; compatible; ClaudeBot/1.0; +claudebot@anthropic.com)"
216.73.216.21 - - [23/Dec/2025:21:13:03 +0800] "GET /?w=311531 HTTP/1.1" 200 445660 "-" "Mozilla/5.0 AppleWebKit/537.36 (KHTML, like Gecko; compatible; ClaudeBot/1.0; +claudebot@anthropic.com)"
216.73.216.21 - - [23/Dec/2025:21:13:03 +0800] "GET /?w=1845391 HTTP/1.1" 200 445357 "-" "Mozilla/5.0 AppleWebKit/537.36 (KHTML, like Gecko; compatible; ClaudeBot/1.0; +claudebot@anthropic.com)"
216.73.216.21 - - [23/Dec/2025:21:13:03 +0800] "GET /?w=1464864 HTTP/1.1" 200 445555 "-" "Mozilla/5.0 AppleWebKit/537.36 (KHTML, like Gecko; compatible; ClaudeBot/1.0; +claudebot@anthropic.com)"
216.73.216.21 - - [23/Dec/2025:21:13:03 +0800] "GET /?w=252809 HTTP/1.1" 200 445843 "-" "Mozilla/5.0 AppleWebKit/537.36 (KHTML, like Gecko; compatible; ClaudeBot/1.0; +claudebot@anthropic.com)"
216.73.216.21 - - [23/Dec/2025:21:13:03 +0800] "GET /?w=111341 HTTP/1.1" 200 445072 "-" "Mozilla/5.0 AppleWebKit/537.36 (KHTML, like Gecko; compatible; ClaudeBot/1.0; +claudebot@anthropic.com)"
216.73.216.21 - - [23/Dec/2025:21:13:04 +0800] "GET /?w=1153363 HTTP/1.1" 200 445303 "-" "Mozilla/5.0 AppleWebKit/537.36 (KHTML, like Gecko; compatible; ClaudeBot/1.0; +claudebot@anthropic.com)"
216.73.216.21 - - [23/Dec/2025:21:13:04 +0800] "GET /?w=1933716 HTTP/1.1" 200 444619 "-" "Mozilla/5.0 AppleWebKit/537.36 (KHTML, like Gecko; compatible; ClaudeBot/1.0; +claudebot@anthropic.com)"
216.73.216.21 - - [23/Dec/2025:21:13:04 +0800] "GET /?w=1255027 HTTP/1.1" 200 446053 "-" "Mozilla/5.0 AppleWebKit/537.36 (KHTML, like Gecko; compatible; ClaudeBot/1.0; +claudebot@anthropic.com)"
216.73.216.21 - - [23/Dec/2025:21:13:04 +0800] "GET /?w=1505784 HTTP/1.1" 200 445702 "-" "Mozilla/5.0 AppleWebKit/537.36 (KHTML, like Gecko; compatible; ClaudeBot/1.0; +claudebot@anthropic.com)"
216.73.216.21 - - [23/Dec/2025:21:13:04 +0800] "GET /?w=1540118 HTTP/1.1" 200 445687 "-" "Mozilla/5.0 AppleWebKit/537.36 (KHTML, like Gecko; compatible; ClaudeBot/1.0; +claudebot@anthropic.com)"
216.73.216.21 - - [23/Dec/2025:21:13:04 +0800] "GET /?w=826516 HTTP/1.1" 200 445909 "-" "Mozilla/5.0 AppleWebKit/537.36 (KHTML, like Gecko; compatible; ClaudeBot/1.0; +claudebot@anthropic.com)"
216.73.216.21 - - [23/Dec/2025:21:13:04 +0800] "GET /?w=1362859 HTTP/1.1" 200 445711 "-" "Mozilla/5.0 AppleWebKit/537.36 (KHTML, like Gecko; compatible; ClaudeBot/1.0; +claudebot@anthropic.com)"
216.73.216.21 - - [23/Dec/2025:21:13:04 +0800] "GET /?w=14417 HTTP/1.1" 200 445123 "-" "Mozilla/5.0 AppleWebKit/537.36 (KHTML, like Gecko; compatible; ClaudeBot/1.0; +claudebot@anthropic.com)"
216.73.216.21 - - [23/Dec/2025:21:13:04 +0800] "GET /?w=1996041 HTTP/1.1" 200 445057 "-" "Mozilla/5.0 AppleWebKit/537.36 (KHTML, like Gecko; compatible; ClaudeBot/1.0; +claudebot@anthropic.com)"
216.73.216.21 - - [23/Dec/2025:21:13:04 +0800] "GET /menthol.bf1.my HTTP/1.1" 404 - "-" "Mozilla/5.0 AppleWebKit/537.36 (KHTML, like Gecko; compatible; ClaudeBot/1.0; +claudebot@anthropic.com)"
216.73.216.21 - - [23/Dec/2025:21:13:04 +0800] "GET /?w=1463477 HTTP/1.1" 200 445621 "-" "Mozilla/5.0 AppleWebKit/537.36 (KHTML, like Gecko; compatible; ClaudeBot/1.0; +claudebot@anthropic.com)"
216.73.216.21 - - [23/Dec/2025:21:13:05 +0800] "GET /?w=1459980 HTTP/1.1" 200 446935 "-" "Mozilla/5.0 AppleWebKit/537.36 (KHTML, like Gecko; compatible; ClaudeBot/1.0; +claudebot@anthropic.com)"
216.73.216.21 - - [23/Dec/2025:21:13:05 +0800] "GET /?w=1845962 HTTP/1.1" 200 445081 "-" "Mozilla/5.0 AppleWebKit/537.36 (KHTML, like Gecko; compatible; ClaudeBot/1.0; +claudebot@anthropic.com)"
216.73.216.21 - - [23/Dec/2025:21:13:05 +0800] "GET /?w=2369913 HTTP/1.1" 200 445501 "-" "Mozilla/5.0 AppleWebKit/537.36 (KHTML, like Gecko; compatible; ClaudeBot/1.0; +claudebot@anthropic.com)"
216.73.216.21 - - [23/Dec/2025:21:13:05 +0800] "GET /?w=1806135 HTTP/1.1" 200 446215 "-" "Mozilla/5.0 AppleWebKit/537.36 (KHTML, like Gecko; compatible; ClaudeBot/1.0; +claudebot@anthropic.com)"
216.73.216.21 - - [23/Dec/2025:21:13:05 +0800] "GET /?w=1134841 HTTP/1.1" 200 445471 "-" "Mozilla/5.0 AppleWebKit/537.36 (KHTML, like Gecko; compatible; ClaudeBot/1.0; +claudebot@anthropic.com)"
216.73.216.21 - - [23/Dec/2025:21:13:05 +0800] "GET /?w=805570 HTTP/1.1" 200 445801 "-" "Mozilla/5.0 AppleWebKit/537.36 (KHTML, like Gecko; compatible; ClaudeBot/1.0; +claudebot@anthropic.com)"
103.179.246.144 - - [23/Dec/2025:21:13:05 +0800] "GET /mentol-kristal/mentol-kristal-100g/Softergent-Liquid-lime-Kaffir-Lime-2-2L-p422917548 HTTP/1.1" 404 - "-" "Mozilla/5.0 (Windows NT 10.0; Win64; x64) AppleWebKit/537.36 (KHTML, like Gecko) Chrome/129.0.0.0 Safari/537.36"
216.73.216.21 - - [23/Dec/2025:21:13:05 +0800] "GET /?w=1470112 HTTP/1.1" 200 445630 "-" "Mozilla/5.0 AppleWebKit/537.36 (KHTML, like Gecko; compatible; ClaudeBot/1.0; +claudebot@anthropic.com)"
216.73.216.21 - - [23/Dec/2025:21:13:05 +0800] "GET /?w=604370 HTTP/1.1" 200 445546 "-" "Mozilla/5.0 AppleWebKit/537.36 (KHTML, like Gecko; compatible; ClaudeBot/1.0; +claudebot@anthropic.com)"
216.73.216.21 - - [23/Dec/2025:21:13:05 +0800] "GET /?w=1593 HTTP/1.1" 200 444460 "-" "Mozilla/5.0 AppleWebKit/537.36 (KHTML, like Gecko; compatible; ClaudeBot/1.0; +claudebot@anthropic.com)"
216.73.216.21 - - [23/Dec/2025:21:13:05 +0800] "GET /?w=705718 HTTP/1.1" 200 445618 "-" "Mozilla/5.0 AppleWebKit/537.36 (KHTML, like Gecko; compatible; ClaudeBot/1.0; +claudebot@anthropic.com)"
66.249.65.173 - - [23/Dec/2025:21:13:05 +0800] "GET /shop/6607627.shtml HTTP/1.1" 404 - "-" "Mozilla/5.0 (compatible; Googlebot/2.1; +http://www.google.com/bot.html)"
143.198.118.33 - - [23/Dec/2025:21:13:05 +0800] "GET /mentol-kristal/mentol-kristal-50kg/DS-Giorgio-Armani-Armani-Code-Profumo-Deodorant-Spray-25L-%E7%94%B7%E7%A5%9E-p316548611 HTTP/1.1" 404 - "-" "Mozilla/5.0 (Windows NT 10.0; Win64; x64) AppleWebKit/537.36 (KHTML, like Gecko) Chrome/129.0.0.0 Safari/537.36"
216.73.216.21 - - [23/Dec/2025:21:13:05 +0800] "GET /?w=1439043 HTTP/1.1" 200 445417 "-" "Mozilla/5.0 AppleWebKit/537.36 (KHTML, like Gecko; compatible; ClaudeBot/1.0; +claudebot@anthropic.com)"
216.73.216.21 - - [23/Dec/2025:21:13:06 +0800] "GET /?w=210029 HTTP/1.1" 200 445549 "-" "Mozilla/5.0 AppleWebKit/537.36 (KHTML, like Gecko; compatible; ClaudeBot/1.0; +claudebot@anthropic.com)"
216.73.216.21 - - [23/Dec/2025:21:13:06 +0800] "GET /?w=1816178 HTTP/1.1" 200 444358 "-" "Mozilla/5.0 AppleWebKit/537.36 (KHTML, like Gecko; compatible; ClaudeBot/1.0; +claudebot@anthropic.com)"
216.73.216.21 - - [23/Dec/2025:21:13:06 +0800] "GET /?w=1935470 HTTP/1.1" 200 444661 "-" "Mozilla/5.0 AppleWebKit/537.36 (KHTML, like Gecko; compatible; ClaudeBot/1.0; +claudebot@anthropic.com)"
216.73.216.21 - - [23/Dec/2025:21:13:06 +0800] "GET /?w=533843 HTTP/1.1" 200 445528 "-" "Mozilla/5.0 AppleWebKit/537.36 (KHTML, like Gecko; compatible; ClaudeBot/1.0; +claudebot@anthropic.com)"
216.73.216.21 - - [23/Dec/2025:21:13:06 +0800] "GET /?w=972466 HTTP/1.1" 200 445825 "-" "Mozilla/5.0 AppleWebKit/537.36 (KHTML, like Gecko; compatible; ClaudeBot/1.0; +claudebot@anthropic.com)"
216.73.216.21 - - [23/Dec/2025:21:13:06 +0800] "GET /?w=1898924 HTTP/1.1" 200 445516 "-" "Mozilla/5.0 AppleWebKit/537.36 (KHTML, like Gecko; compatible; ClaudeBot/1.0; +claudebot@anthropic.com)"
216.73.216.21 - - [23/Dec/2025:21:13:06 +0800] "GET /?w=1423780 HTTP/1.1" 200 445648 "-" "Mozilla/5.0 AppleWebKit/537.36 (KHTML, like Gecko; compatible; ClaudeBot/1.0; +claudebot@anthropic.com)"
216.73.216.21 - - [23/Dec/2025:21:13:06 +0800] "GET /?w=1047189 HTTP/1.1" 200 446005 "-" "Mozilla/5.0 AppleWebKit/537.36 (KHTML, like Gecko; compatible; ClaudeBot/1.0; +claudebot@anthropic.com)"
216.73.216.21 - - [23/Dec/2025:21:13:06 +0800] "GET /?w=628046 HTTP/1.1" 200 445507 "-" "Mozilla/5.0 AppleWebKit/537.36 (KHTML, like Gecko; compatible; ClaudeBot/1.0; +claudebot@anthropic.com)"
216.73.216.21 - - [23/Dec/2025:21:13:06 +0800] "GET /?w=1364287 HTTP/1.1" 200 445780 "-" "Mozilla/5.0 AppleWebKit/537.36 (KHTML, like Gecko; compatible; ClaudeBot/1.0; +claudebot@anthropic.com)"
216.73.216.21 - - [23/Dec/2025:21:13:06 +0800] "GET /?w=654471 HTTP/1.1" 200 445294 "-" "Mozilla/5.0 AppleWebKit/537.36 (KHTML, like Gecko; compatible; ClaudeBot/1.0; +claudebot@anthropic.com)"
216.73.216.21 - - [23/Dec/2025:21:13:07 +0800] "GET /?w=1552308 HTTP/1.1" 200 446344 "-" "Mozilla/5.0 AppleWebKit/537.36 (KHTML, like Gecko; compatible; ClaudeBot/1.0; +claudebot@anthropic.com)"
216.73.216.21 - - [23/Dec/2025:21:13:07 +0800] "GET /?w=205321 HTTP/1.1" 200 446035 "-" "Mozilla/5.0 AppleWebKit/537.36 (KHTML, like Gecko; compatible; ClaudeBot/1.0; +claudebot@anthropic.com)"
216.73.216.21 - - [23/Dec/2025:21:13:07 +0800] "GET /?w=2006992 HTTP/1.1" 200 446380 "-" "Mozilla/5.0 AppleWebKit/537.36 (KHTML, like Gecko; compatible; ClaudeBot/1.0; +claudebot@anthropic.com)"
216.73.216.21 - - [23/Dec/2025:21:13:07 +0800] "GET /?w=121044 HTTP/1.1" 200 445441 "-" "Mozilla/5.0 AppleWebKit/537.36 (KHTML, like Gecko; compatible; ClaudeBot/1.0; +claudebot@anthropic.com)"
216.73.216.21 - - [23/Dec/2025:21:13:07 +0800] "GET /?w=713370 HTTP/1.1" 200 445267 "-" "Mozilla/5.0 AppleWebKit/537.36 (KHTML, like Gecko; compatible; ClaudeBot/1.0; +claudebot@anthropic.com)"
216.73.216.21 - - [23/Dec/2025:21:13:07 +0800] "GET /?w=1879400 HTTP/1.1" 200 445684 "-" "Mozilla/5.0 AppleWebKit/537.36 (KHTML, like Gecko; compatible; ClaudeBot/1.0; +claudebot@anthropic.com)"
216.73.216.21 - - [23/Dec/2025:21:13:07 +0800] "GET /?srsltid=AfmBOoq2avO1xMLSupvIiyoxbqs9B34F_TpQnQIEfYPuRjHtXixCubzS HTTP/1.1" 200 446710 "-" "Mozilla/5.0 AppleWebKit/537.36 (KHTML, like Gecko; compatible; ClaudeBot/1.0; +claudebot@anthropic.com)"
216.73.216.21 - - [23/Dec/2025:21:13:07 +0800] "GET /?w=552153 HTTP/1.1" 200 445402 "-" "Mozilla/5.0 AppleWebKit/537.36 (KHTML, like Gecko; compatible; ClaudeBot/1.0; +claudebot@anthropic.com)"
216.73.216.21 - - [23/Dec/2025:21:13:07 +0800] "GET /?w=283360 HTTP/1.1" 200 445696 "-" "Mozilla/5.0 AppleWebKit/537.36 (KHTML, like Gecko; compatible; ClaudeBot/1.0; +claudebot@anthropic.com)"
216.73.216.21 - - [23/Dec/2025:21:13:08 +0800] "GET /?w=906220 HTTP/1.1" 200 445105 "-" "Mozilla/5.0 AppleWebKit/537.36 (KHTML, like Gecko; compatible; ClaudeBot/1.0; +claudebot@anthropic.com)"
216.73.216.21 - - [23/Dec/2025:21:13:08 +0800] "GET /?w=276473 HTTP/1.1" 200 445837 "-" "Mozilla/5.0 AppleWebKit/537.36 (KHTML, like Gecko; compatible; ClaudeBot/1.0; +claudebot@anthropic.com)"
216.73.216.21 - - [23/Dec/2025:21:13:08 +0800] "GET /?w=1432626 HTTP/1.1" 200 445792 "-" "Mozilla/5.0 AppleWebKit/537.36 (KHTML, like Gecko; compatible; ClaudeBot/1.0; +claudebot@anthropic.com)"
216.73.216.21 - - [23/Dec/2025:21:13:08 +0800] "GET /?w=1659183 HTTP/1.1" 200 445729 "-" "Mozilla/5.0 AppleWebKit/537.36 (KHTML, like Gecko; compatible; ClaudeBot/1.0; +claudebot@anthropic.com)"
204.199.113.42 - - [23/Dec/2025:21:13:08 +0800] "GET /mentol-kristal/mentol-kristal-500g/Softergent-Liquid-Jasmine-2-2L-p422917542 HTTP/1.1" 404 - "-" "Mozilla/5.0 (Windows NT 10.0; Win64; x64) AppleWebKit/537.36 (KHTML, like Gecko) Chrome/129.0.0.0 Safari/537.36"
216.73.216.21 - - [23/Dec/2025:21:13:08 +0800] "GET /?w=744741 HTTP/1.1" 200 445327 "-" "Mozilla/5.0 AppleWebKit/537.36 (KHTML, like Gecko; compatible; ClaudeBot/1.0; +claudebot@anthropic.com)"
216.73.216.21 - - [23/Dec/2025:21:13:08 +0800] "GET /?w=441007 HTTP/1.1" 200 445174 "-" "Mozilla/5.0 AppleWebKit/537.36 (KHTML, like Gecko; compatible; ClaudeBot/1.0; +claudebot@anthropic.com)"
216.73.216.21 - - [23/Dec/2025:21:13:08 +0800] "GET /?w=948845 HTTP/1.1" 200 445972 "-" "Mozilla/5.0 AppleWebKit/537.36 (KHTML, like Gecko; compatible; ClaudeBot/1.0; +claudebot@anthropic.com)"
216.73.216.21 - - [23/Dec/2025:21:13:08 +0800] "GET /?w=1050346 HTTP/1.1" 200 446206 "-" "Mozilla/5.0 AppleWebKit/537.36 (KHTML, like Gecko; compatible; ClaudeBot/1.0; +claudebot@anthropic.com)"
216.73.216.21 - - [23/Dec/2025:21:13:08 +0800] "GET /?w=1580915 HTTP/1.1" 200 445714 "-" "Mozilla/5.0 AppleWebKit/537.36 (KHTML, like Gecko; compatible; ClaudeBot/1.0; +claudebot@anthropic.com)"
216.73.216.21 - - [23/Dec/2025:21:13:08 +0800] "GET /?w=176898 HTTP/1.1" 200 446740 "-" "Mozilla/5.0 AppleWebKit/537.36 (KHTML, like Gecko; compatible; ClaudeBot/1.0; +claudebot@anthropic.com)"
216.73.216.21 - - [23/Dec/2025:21:13:08 +0800] "GET /?w=143256 HTTP/1.1" 200 445576 "-" "Mozilla/5.0 AppleWebKit/537.36 (KHTML, like Gecko; compatible; ClaudeBot/1.0; +claudebot@anthropic.com)"
136.158.124.139 - - [23/Dec/2025:21:13:09 +0800] "GET /mentol-kristal/mentol-kristal-200kg/DS-Clandestine-Angel-Heart-Deodorant-Spray-500ml-%E5%A5%B3%E5%A6%96-p317394082 HTTP/1.1" 404 - "-" "Mozilla/5.0 (Windows NT 10.0; Win64; x64) AppleWebKit/537.36 (KHTML, like Gecko) Chrome/129.0.0.0 Safari/537.36"
216.73.216.21 - - [23/Dec/2025:21:13:08 +0800] "GET /?w=1665291 HTTP/1.1" 200 445165 "-" "Mozilla/5.0 AppleWebKit/537.36 (KHTML, like Gecko; compatible; ClaudeBot/1.0; +claudebot@anthropic.com)"
216.73.216.21 - - [23/Dec/2025:21:13:08 +0800] "GET /?w=1263914 HTTP/1.1" 200 446389 "-" "Mozilla/5.0 AppleWebKit/537.36 (KHTML, like Gecko; compatible; ClaudeBot/1.0; +claudebot@anthropic.com)"
216.73.216.21 - - [23/Dec/2025:21:13:09 +0800] "GET /?w=1026273 HTTP/1.1" 200 445921 "-" "Mozilla/5.0 AppleWebKit/537.36 (KHTML, like Gecko; compatible; ClaudeBot/1.0; +claudebot@anthropic.com)"
216.73.216.21 - - [23/Dec/2025:21:13:09 +0800] "GET /?w=407720 HTTP/1.1" 200 445588 "-" "Mozilla/5.0 AppleWebKit/537.36 (KHTML, like Gecko; compatible; ClaudeBot/1.0; +claudebot@anthropic.com)"
216.73.216.21 - - [23/Dec/2025:21:13:09 +0800] "GET /?w=949594 HTTP/1.1" 200 445441 "-" "Mozilla/5.0 AppleWebKit/537.36 (KHTML, like Gecko; compatible; ClaudeBot/1.0; +claudebot@anthropic.com)"
216.73.216.21 - - [23/Dec/2025:21:13:09 +0800] "GET /?w=1043142 HTTP/1.1" 200 445177 "-" "Mozilla/5.0 AppleWebKit/537.36 (KHTML, like Gecko; compatible; ClaudeBot/1.0; +claudebot@anthropic.com)"
216.73.216.21 - - [23/Dec/2025:21:13:09 +0800] "GET /?w=132281 HTTP/1.1" 200 446203 "-" "Mozilla/5.0 AppleWebKit/537.36 (KHTML, like Gecko; compatible; ClaudeBot/1.0; +claudebot@anthropic.com)"
216.73.216.21 - - [23/Dec/2025:21:13:09 +0800] "GET /?w=284846 HTTP/1.1" 200 446140 "-" "Mozilla/5.0 AppleWebKit/537.36 (KHTML, like Gecko; compatible; ClaudeBot/1.0; +claudebot@anthropic.com)"
216.73.216.21 - - [23/Dec/2025:21:13:09 +0800] "GET /SS1.php?gzfile=L3Vzci9zaGFyZS9taW1lL3RleHQveC1lcmxhbmcueG1s HTTP/1.1" 404 - "-" "Mozilla/5.0 AppleWebKit/537.36 (KHTML, like Gecko; compatible; ClaudeBot/1.0; +claudebot@anthropic.com)"
216.73.216.21 - - [23/Dec/2025:21:13:09 +0800] "GET /?w=1488632 HTTP/1.1" 200 446833 "-" "Mozilla/5.0 AppleWebKit/537.36 (KHTML, like Gecko; compatible; ClaudeBot/1.0; +claudebot@anthropic.com)"
216.73.216.21 - - [23/Dec/2025:21:13:09 +0800] "GET /?w=105533 HTTP/1.1" 200 445009 "-" "Mozilla/5.0 AppleWebKit/537.36 (KHTML, like Gecko; compatible; ClaudeBot/1.0; +claudebot@anthropic.com)"
216.73.216.21 - - [23/Dec/2025:21:13:09 +0800] "GET /?w=151390 HTTP/1.1" 200 445159 "-" "Mozilla/5.0 AppleWebKit/537.36 (KHTML, like Gecko; compatible; ClaudeBot/1.0; +claudebot@anthropic.com)"
216.73.216.21 - - [23/Dec/2025:21:13:09 +0800] "GET /?w=91893 HTTP/1.1" 200 445009 "-" "Mozilla/5.0 AppleWebKit/537.36 (KHTML, like Gecko; compatible; ClaudeBot/1.0; +claudebot@anthropic.com)"
216.73.216.21 - - [23/Dec/2025:21:13:10 +0800] "GET /?w=285311 HTTP/1.1" 200 445774 "-" "Mozilla/5.0 AppleWebKit/537.36 (KHTML, like Gecko; compatible; ClaudeBot/1.0; +claudebot@anthropic.com)"
216.73.216.21 - - [23/Dec/2025:21:13:10 +0800] "GET /?w=2458322 HTTP/1.1" 200 445669 "-" "Mozilla/5.0 AppleWebKit/537.36 (KHTML, like Gecko; compatible; ClaudeBot/1.0; +claudebot@anthropic.com)"
216.73.216.21 - - [23/Dec/2025:21:13:10 +0800] "GET /?w=1978430 HTTP/1.1" 200 446125 "-" "Mozilla/5.0 AppleWebKit/537.36 (KHTML, like Gecko; compatible; ClaudeBot/1.0; +claudebot@anthropic.com)"
216.73.216.21 - - [23/Dec/2025:21:13:10 +0800] "GET /?w=1004364 HTTP/1.1" 200 445696 "-" "Mozilla/5.0 AppleWebKit/537.36 (KHTML, like Gecko; compatible; ClaudeBot/1.0; +claudebot@anthropic.com)"
169.224.124.52 - - [23/Dec/2025:21:13:10 +0800] "GET /mentol-kristal/mentol-kristal-50kg/BFO-The-Body-Shop-Vanilla-W-1000ml-p151658442 HTTP/1.1" 404 - "-" "Mozilla/5.0 (Windows NT 10.0; Win64; x64) AppleWebKit/537.36 (KHTML, like Gecko) Chrome/129.0.0.0 Safari/537.36"
216.73.216.21 - - [23/Dec/2025:21:13:10 +0800] "GET /?w=343309 HTTP/1.1" 200 445759 "-" "Mozilla/5.0 AppleWebKit/537.36 (KHTML, like Gecko; compatible; ClaudeBot/1.0; +claudebot@anthropic.com)"
216.73.216.21 - - [23/Dec/2025:21:13:10 +0800] "GET /wp-content/upgrade/?C=S&O=D HTTP/1.1" 200 811 "-" "Mozilla/5.0 AppleWebKit/537.36 (KHTML, like Gecko; compatible; ClaudeBot/1.0; +claudebot@anthropic.com)"
216.73.216.21 - - [23/Dec/2025:21:13:10 +0800] "GET /SS1.php?img=L2hvbWUvbXliZjEvdG1wL3dlYmFsaXplci9zc2wvdGVzdC5iZjEubXkvaG91cmx5X3VzYWdlXzIwMjIxMC5wbmc%3D HTTP/1.1" 404 - "-" "Mozilla/5.0 AppleWebKit/537.36 (KHTML, like Gecko; compatible; ClaudeBot/1.0; +claudebot@anthropic.com)"
113.164.44.93 - - [23/Dec/2025:21:13:10 +0800] "GET /mentol-kristal/mentol-kristal-100g/DS-CK-Two-M-Deodorant-Spray-500ml-%E7%94%B7%E7%A5%9E-p316344269 HTTP/1.1" 404 - "-" "Mozilla/5.0 (Windows NT 10.0; Win64; x64) AppleWebKit/537.36 (KHTML, like Gecko) Chrome/129.0.0.0 Safari/537.36"
216.73.216.21 - - [23/Dec/2025:21:13:10 +0800] "GET /wp-admin/images/media/language HTTP/1.1" 301 265 "-" "Mozilla/5.0 AppleWebKit/537.36 (KHTML, like Gecko; compatible; ClaudeBot/1.0; +claudebot@anthropic.com)"
216.73.216.21 - - [23/Dec/2025:21:13:10 +0800] "GET /SS1.php?gzfile=L3Vzci9zaGFyZS90ZXJtaW5mby9oL2h6MTU1Mg%3D%3D HTTP/1.1" 404 - "-" "Mozilla/5.0 AppleWebKit/537.36 (KHTML, like Gecko; compatible; ClaudeBot/1.0; +claudebot@anthropic.com)"
216.73.216.21 - - [23/Dec/2025:21:13:10 +0800] "GET /wp-admin/images/media/language/ HTTP/1.1" 200 845 "https://www.mentol.bf1.my/wp-admin/images/media/language" "Mozilla/5.0 AppleWebKit/537.36 (KHTML, like Gecko; compatible; ClaudeBot/1.0; +claudebot@anthropic.com)"
216.73.216.21 - - [23/Dec/2025:21:13:10 +0800] "GET /SS1.php?gzfile=L3Vzci9iaW4vdXN4Mnlsb2FkZXI%3D HTTP/1.1" 404 - "-" "Mozilla/5.0 AppleWebKit/537.36 (KHTML, like Gecko; compatible; ClaudeBot/1.0; +claudebot@anthropic.com)"
216.73.216.21 - - [23/Dec/2025:21:13:10 +0800] "GET /?w=1563721 HTTP/1.1" 200 445042 "-" "Mozilla/5.0 AppleWebKit/537.36 (KHTML, like Gecko; compatible; ClaudeBot/1.0; +claudebot@anthropic.com)"
216.73.216.21 - - [23/Dec/2025:21:13:11 +0800] "GET /SS1.php?img=L2hvbWUvbXliZjEvdG1wL3dlYmFsaXplci9zc2wvY2Fycmllcm9pbC5iZjEubXkvaG91cmx5X3VzYWdlXzIwMjIwNC5wbmc%3D HTTP/1.1" 404 - "-" "Mozilla/5.0 AppleWebKit/537.36 (KHTML, like Gecko; compatible; ClaudeBot/1.0; +claudebot@anthropic.com)"
216.73.216.21 - - [23/Dec/2025:21:13:11 +0800] "GET /SS1.php?gzfile=L2V0Yy9pbXVuaWZ5MzYwLXdlYnNoaWVsZC9jYXB0Y2hhLmNvbmY%3D HTTP/1.1" 404 - "-" "Mozilla/5.0 AppleWebKit/537.36 (KHTML, like Gecko; compatible; ClaudeBot/1.0; +claudebot@anthropic.com)"
216.73.216.21 - - [23/Dec/2025:21:13:11 +0800] "GET /how-to-win-in-casinos HTTP/1.1" 404 - "-" "Mozilla/5.0 AppleWebKit/537.36 (KHTML, like Gecko; compatible; ClaudeBot/1.0; +claudebot@anthropic.com)"
189.4.74.70 - - [23/Dec/2025:21:13:12 +0800] "GET /mentol-kristal/mentol-kristal-100g/BFO-Le-Labo-Bergamote-22-U-250ml-p152729141 HTTP/1.1" 404 - "-" "Mozilla/5.0 (Windows NT 10.0; Win64; x64) AppleWebKit/537.36 (KHTML, like Gecko) Chrome/129.0.0.0 Safari/537.36"
186.206.200.208 - - [23/Dec/2025:21:13:12 +0800] "GET /mentol-kristal/mentol-kristal-25kg/CP-Lavender-Aromatic-Car-Perfume-Oil-1000ml-p172072229 HTTP/1.1" 404 - "-" "Mozilla/5.0 (Windows NT 10.0; Win64; x64) AppleWebKit/537.36 (KHTML, like Gecko) Chrome/129.0.0.0 Safari/537.36"
216.73.216.21 - - [23/Dec/2025:21:13:13 +0800] "GET /?w=1598335 HTTP/1.1" 200 445132 "-" "Mozilla/5.0 AppleWebKit/537.36 (KHTML, like Gecko; compatible; ClaudeBot/1.0; +claudebot@anthropic.com)"
216.73.216.21 - - [23/Dec/2025:21:13:13 +0800] "GET /?w=860262 HTTP/1.1" 200 444766 "-" "Mozilla/5.0 AppleWebKit/537.36 (KHTML, like Gecko; compatible; ClaudeBot/1.0; +claudebot@anthropic.com)"
216.73.216.21 - - [23/Dec/2025:21:13:13 +0800] "GET /casino-slots-game-free HTTP/1.1" 404 - "-" "Mozilla/5.0 AppleWebKit/537.36 (KHTML, like Gecko; compatible; ClaudeBot/1.0; +claudebot@anthropic.com)"
216.73.216.21 - - [23/Dec/2025:21:13:13 +0800] "GET /?store-page=Natural-Aroma-Oil-AO-Roselle-Flower-Aroma-Oil-50ml-p194501831 HTTP/1.1" 200 446071 "-" "Mozilla/5.0 AppleWebKit/537.36 (KHTML, like Gecko; compatible; ClaudeBot/1.0; +claudebot@anthropic.com)"
216.73.216.21 - - [23/Dec/2025:21:13:13 +0800] "GET /?w=176666 HTTP/1.1" 200 445948 "-" "Mozilla/5.0 AppleWebKit/537.36 (KHTML, like Gecko; compatible; ClaudeBot/1.0; +claudebot@anthropic.com)"
216.73.216.21 - - [23/Dec/2025:21:13:13 +0800] "GET /?w=700696 HTTP/1.1" 200 446320 "-" "Mozilla/5.0 AppleWebKit/537.36 (KHTML, like Gecko; compatible; ClaudeBot/1.0; +claudebot@anthropic.com)"
216.73.216.21 - - [23/Dec/2025:21:13:13 +0800] "GET /?w=533882 HTTP/1.1" 200 446488 "-" "Mozilla/5.0 AppleWebKit/537.36 (KHTML, like Gecko; compatible; ClaudeBot/1.0; +claudebot@anthropic.com)"
216.73.216.21 - - [23/Dec/2025:21:13:13 +0800] "GET /?w=1117956 HTTP/1.1" 200 445555 "-" "Mozilla/5.0 AppleWebKit/537.36 (KHTML, like Gecko; compatible; ClaudeBot/1.0; +claudebot@anthropic.com)"
216.73.216.21 - - [23/Dec/2025:21:13:13 +0800] "GET /watling-slot-machines-for-sale HTTP/1.1" 404 - "-" "Mozilla/5.0 AppleWebKit/537.36 (KHTML, like Gecko; compatible; ClaudeBot/1.0; +claudebot@anthropic.com)"
185.187.77.243 - - [23/Dec/2025:21:13:13 +0800] "GET /mentol-kristal/mentol-kristal-500g/Blended-Essential-Oil-BO-Anti-Acne-Essential-Oil-50ml-p154181569 HTTP/1.1" 404 - "-" "Mozilla/5.0 (Windows NT 10.0; Win64; x64) AppleWebKit/537.36 (KHTML, like Gecko) Chrome/129.0.0.0 Safari/537.36"
216.73.216.21 - - [23/Dec/2025:21:13:13 +0800] "GET /?w=1558485 HTTP/1.1" 200 445036 "-" "Mozilla/5.0 AppleWebKit/537.36 (KHTML, like Gecko; compatible; ClaudeBot/1.0; +claudebot@anthropic.com)"
216.73.216.21 - - [23/Dec/2025:21:13:13 +0800] "GET /free-online-slots-games-no-download-no-registration HTTP/1.1" 404 - "-" "Mozilla/5.0 AppleWebKit/537.36 (KHTML, like Gecko; compatible; ClaudeBot/1.0; +claudebot@anthropic.com)"
216.73.216.21 - - [23/Dec/2025:21:13:13 +0800] "GET /?w=456666 HTTP/1.1" 200 445747 "-" "Mozilla/5.0 AppleWebKit/537.36 (KHTML, like Gecko; compatible; ClaudeBot/1.0; +claudebot@anthropic.com)"
216.73.216.21 - - [23/Dec/2025:21:13:13 +0800] "GET /casino-games-for-free HTTP/1.1" 404 - "-" "Mozilla/5.0 AppleWebKit/537.36 (KHTML, like Gecko; compatible; ClaudeBot/1.0; +claudebot@anthropic.com)"
216.73.216.21 - - [23/Dec/2025:21:13:13 +0800] "GET /?w=525016 HTTP/1.1" 200 445369 "-" "Mozilla/5.0 AppleWebKit/537.36 (KHTML, like Gecko; compatible; ClaudeBot/1.0; +claudebot@anthropic.com)"
216.73.216.21 - - [23/Dec/2025:21:13:14 +0800] "GET /fair-go-casino-no-deposit HTTP/1.1" 404 - "-" "Mozilla/5.0 AppleWebKit/537.36 (KHTML, like Gecko; compatible; ClaudeBot/1.0; +claudebot@anthropic.com)"
216.73.216.21 - - [23/Dec/2025:21:13:13 +0800] "GET /?w=800381 HTTP/1.1" 200 445579 "-" "Mozilla/5.0 AppleWebKit/537.36 (KHTML, like Gecko; compatible; ClaudeBot/1.0; +claudebot@anthropic.com)"
216.73.216.21 - - [23/Dec/2025:21:13:14 +0800] "GET /slot-machines-aristocrat HTTP/1.1" 404 - "-" "Mozilla/5.0 AppleWebKit/537.36 (KHTML, like Gecko; compatible; ClaudeBot/1.0; +claudebot@anthropic.com)"
216.73.216.21 - - [23/Dec/2025:21:13:14 +0800] "GET /midway-casino HTTP/1.1" 404 - "-" "Mozilla/5.0 AppleWebKit/537.36 (KHTML, like Gecko; compatible; ClaudeBot/1.0; +claudebot@anthropic.com)"
216.73.216.21 - - [23/Dec/2025:21:13:14 +0800] "GET /?store-page=BFO-The-Body-Shop-Dewberry-W-1000ml-p151630543 HTTP/1.1" 200 446185 "-" "Mozilla/5.0 AppleWebKit/537.36 (KHTML, like Gecko; compatible; ClaudeBot/1.0; +claudebot@anthropic.com)"
216.73.216.21 - - [23/Dec/2025:21:13:14 +0800] "GET /?w=1899628 HTTP/1.1" 200 445900 "-" "Mozilla/5.0 AppleWebKit/537.36 (KHTML, like Gecko; compatible; ClaudeBot/1.0; +claudebot@anthropic.com)"
216.73.216.21 - - [23/Dec/2025:21:13:14 +0800] "GET /gambling-astrology HTTP/1.1" 404 - "-" "Mozilla/5.0 AppleWebKit/537.36 (KHTML, like Gecko; compatible; ClaudeBot/1.0; +claudebot@anthropic.com)"
216.73.216.21 - - [23/Dec/2025:21:13:14 +0800] "GET /?w=1277976 HTTP/1.1" 200 445513 "-" "Mozilla/5.0 AppleWebKit/537.36 (KHTML, like Gecko; compatible; ClaudeBot/1.0; +claudebot@anthropic.com)"
216.73.216.21 - - [23/Dec/2025:21:13:14 +0800] "GET /?w=70347 HTTP/1.1" 200 444976 "-" "Mozilla/5.0 AppleWebKit/537.36 (KHTML, like Gecko; compatible; ClaudeBot/1.0; +claudebot@anthropic.com)"
216.73.216.21 - - [23/Dec/2025:21:13:14 +0800] "GET /?store-page=BFO-Yves-Saint-Laurent-Baby-Doll-W-10ml-p150308382 HTTP/1.1" 200 446380 "-" "Mozilla/5.0 AppleWebKit/537.36 (KHTML, like Gecko; compatible; ClaudeBot/1.0; +claudebot@anthropic.com)"
66.249.65.174 - - [23/Dec/2025:21:13:14 +0800] "GET /shop/5490154.shtml HTTP/1.1" 404 - "-" "Mozilla/5.0 (compatible; Googlebot/2.1; +http://www.google.com/bot.html)"
216.73.216.21 - - [23/Dec/2025:21:13:14 +0800] "GET /?w=627490 HTTP/1.1" 200 445534 "-" "Mozilla/5.0 AppleWebKit/537.36 (KHTML, like Gecko; compatible; ClaudeBot/1.0; +claudebot@anthropic.com)"
216.73.216.21 - - [23/Dec/2025:21:13:14 +0800] "GET /?w=639793 HTTP/1.1" 200 445534 "-" "Mozilla/5.0 AppleWebKit/537.36 (KHTML, like Gecko; compatible; ClaudeBot/1.0; +claudebot@anthropic.com)"
216.73.216.21 - - [23/Dec/2025:21:13:15 +0800] "GET /large-casino-machines HTTP/1.1" 404 - "-" "Mozilla/5.0 AppleWebKit/537.36 (KHTML, like Gecko; compatible; ClaudeBot/1.0; +claudebot@anthropic.com)"
216.73.216.21 - - [23/Dec/2025:21:13:15 +0800] "GET /?w=1500361 HTTP/1.1" 200 444814 "-" "Mozilla/5.0 AppleWebKit/537.36 (KHTML, like Gecko; compatible; ClaudeBot/1.0; +claudebot@anthropic.com)"
216.73.216.21 - - [23/Dec/2025:21:13:15 +0800] "GET /?w=951764 HTTP/1.1" 200 446704 "-" "Mozilla/5.0 AppleWebKit/537.36 (KHTML, like Gecko; compatible; ClaudeBot/1.0; +claudebot@anthropic.com)"
216.73.216.21 - - [23/Dec/2025:21:13:15 +0800] "GET /?w=380490 HTTP/1.1" 200 445672 "-" "Mozilla/5.0 AppleWebKit/537.36 (KHTML, like Gecko; compatible; ClaudeBot/1.0; +claudebot@anthropic.com)"
216.73.216.21 - - [23/Dec/2025:21:13:15 +0800] "GET /?w=1731150 HTTP/1.1" 200 445312 "-" "Mozilla/5.0 AppleWebKit/537.36 (KHTML, like Gecko; compatible; ClaudeBot/1.0; +claudebot@anthropic.com)"
216.73.216.21 - - [23/Dec/2025:21:13:15 +0800] "GET /?w=538759 HTTP/1.1" 200 445732 "-" "Mozilla/5.0 AppleWebKit/537.36 (KHTML, like Gecko; compatible; ClaudeBot/1.0; +claudebot@anthropic.com)"
216.73.216.21 - - [23/Dec/2025:21:13:15 +0800] "GET /?w=713750 HTTP/1.1" 200 445264 "-" "Mozilla/5.0 AppleWebKit/537.36 (KHTML, like Gecko; compatible; ClaudeBot/1.0; +claudebot@anthropic.com)"
216.73.216.21 - - [23/Dec/2025:21:13:15 +0800] "GET /?w=2527793 HTTP/1.1" 200 445690 "-" "Mozilla/5.0 AppleWebKit/537.36 (KHTML, like Gecko; compatible; ClaudeBot/1.0; +claudebot@anthropic.com)"
216.73.216.21 - - [23/Dec/2025:21:13:15 +0800] "GET /non-gambling-poker-games HTTP/1.1" 404 - "-" "Mozilla/5.0 AppleWebKit/537.36 (KHTML, like Gecko; compatible; ClaudeBot/1.0; +claudebot@anthropic.com)"
217.113.194.147 - - [23/Dec/2025:21:13:17 +0800] "GET /mentol-kristal/mentol-kristal-25kg/EDP-Poison-Eau-De-Parfum-By-Christian-Dior-W-1000ml-p153201615 HTTP/1.1" 404 - "-" "Mozilla/5.0 (compatible; Barkrowler/0.9; +https://babbar.tech/crawler)"
74.7.243.225 - - [23/Dec/2025:21:13:33 +0800] "GET /search.php?obstacle137048098.html HTTP/1.1" 404 - "-" "Mozilla/5.0 AppleWebKit/537.36 (KHTML, like Gecko; compatible; GPTBot/1.3; +https://openai.com/gptbot)"
217.113.194.148 - - [23/Dec/2025:21:13:33 +0800] "GET /mentol-kristal/mentol-kristal-25kg/BFO-Paco-Rabanne-Black-XS-LExces-For-Him-M-10ml-p154550324 HTTP/1.1" 404 - "-" "Mozilla/5.0 (compatible; Barkrowler/0.9; +https://babbar.tech/crawler)"
57.141.6.29 - - [23/Dec/2025:21:13:34 +0800] "GET /mentol-kristal/mentol-kristal-500g/DS-CK-Liquid-Gold-Euphoria-Man-Deodorant-Spray-500ml-%E7%94%B7%E7%A5%9E-p316344260 HTTP/1.1" 404 - "-" "meta-externalagent/1.1 (+https://developers.facebook.com/docs/sharing/webmasters/crawler)"
217.113.194.149 - - [23/Dec/2025:21:13:49 +0800] "GET /mentol-kristal/mentol-kristal-25kg/BFO-Creed-Aventus-For-Her-W-25KG-100KG-p159955346 HTTP/1.1" 404 - "-" "Mozilla/5.0 (compatible; Barkrowler/0.9; +https://babbar.tech/crawler)"
66.92.33.48 - - [23/Dec/2025:21:13:56 +0800] "GET /bez-rubriki/apuestas-regulares-en-catalan/ HTTP/1.1" 404 - "https://mentol.bf1.my/" "Mozilla/5.0 (X11; Ubuntu; Linux x86_64; rv:114.0) Gecko/20100101 Firefox/114.0"
66.92.33.48 - - [23/Dec/2025:21:13:57 +0800] "GET /bez-rubriki/apuestas-regulares-en-catalan/ HTTP/1.1" 404 - "https://mentol.bf1.my/" "Mozilla/5.0 (X11; Ubuntu; Linux x86_64; rv:114.0) Gecko/20100101 Firefox/114.0"
66.92.33.48 - - [23/Dec/2025:21:13:58 +0800] "GET / HTTP/1.1" 404 - "-" "Mozilla/5.0 (X11; Ubuntu; Linux x86_64; rv:114.0) Gecko/20100101 Firefox/114.0"
138.229.107.195 - - [23/Dec/2025:21:13:59 +0800] "GET / HTTP/1.1" 404 - "-" "Mozilla/5.0 (X11; Ubuntu; Linux x86_64; rv:114.0) Gecko/20100101 Firefox/114.0"
138.229.107.195 - - [23/Dec/2025:21:14:00 +0800] "GET / HTTP/1.1" 404 - "-" "Mozilla/5.0 (X11; Ubuntu; Linux x86_64; rv:114.0) Gecko/20100101 Firefox/114.0"
139.180.229.40 - - [23/Dec/2025:21:14:01 +0800] "GET / HTTP/1.1" 404 - "-" "Mozilla/5.0 (X11; Ubuntu; Linux x86_64; rv:114.0) Gecko/20100101 Firefox/114.0"
139.180.229.40 - - [23/Dec/2025:21:14:02 +0800] "GET / HTTP/1.1" 404 - "-" "Mozilla/5.0 (X11; Ubuntu; Linux x86_64; rv:114.0) Gecko/20100101 Firefox/114.0"
74.7.227.167 - - [23/Dec/2025:21:14:03 +0800] "GET /search.php?airplane128047613.html HTTP/1.1" 404 - "-" "Mozilla/5.0 AppleWebKit/537.36 (KHTML, like Gecko; compatible; GPTBot/1.3; +https://openai.com/gptbot)"
217.113.194.147 - - [23/Dec/2025:21:14:04 +0800] "GET /mentol-kristal/mentol-kristal-25kg/Pure-Essential-Oil-EO-Fennel-Leaf-Essential-Oil-5L-p196313559 HTTP/1.1" 404 - "-" "Mozilla/5.0 (compatible; Barkrowler/0.9; +https://babbar.tech/crawler)"
66.249.65.173 - - [23/Dec/2025:21:14:10 +0800] "GET /shop/4528366.shtml HTTP/1.1" 404 - "-" "Mozilla/5.0 (compatible; Googlebot/2.1; +http://www.google.com/bot.html)"
74.7.243.225 - - [23/Dec/2025:21:14:12 +0800] "GET /search.php?explode242035973.html HTTP/1.1" 404 - "-" "Mozilla/5.0 AppleWebKit/537.36 (KHTML, like Gecko; compatible; GPTBot/1.3; +https://openai.com/gptbot)"
217.113.194.149 - - [23/Dec/2025:21:14:20 +0800] "GET /mentol-kristal/mentol-kristal-25kg/Pure-Essential-Oil-EO-Lemon-Yellow-Lemon-Essential-Oil-50ml-p152171039 HTTP/1.1" 404 - "-" "Mozilla/5.0 (compatible; Barkrowler/0.9; +https://babbar.tech/crawler)"
217.113.194.231 - - [23/Dec/2025:21:14:35 +0800] "GET /mentol-kristal/mentol-kristal-25kg/Pure-Essential-Oil-EO-Pine-Pine-Wood-Essential-Oil-1L-p152481372 HTTP/1.1" 404 - "-" "Mozilla/5.0 (compatible; Barkrowler/0.9; +https://babbar.tech/crawler)"
66.249.65.173 - - [23/Dec/2025:21:14:49 +0800] "GET /shop/5148513.shtml HTTP/1.1" 404 - "-" "Mozilla/5.0 (Linux; Android 6.0.1; Nexus 5X Build/MMB29P) AppleWebKit/537.36 (KHTML, like Gecko) Chrome/141.0.7390.122 Mobile Safari/537.36 (compatible; Googlebot/2.1; +http://www.google.com/bot.html)"
74.7.243.225 - - [23/Dec/2025:21:14:49 +0800] "GET /search.php?initial271034584.html HTTP/1.1" 404 - "-" "Mozilla/5.0 AppleWebKit/537.36 (KHTML, like Gecko; compatible; GPTBot/1.3; +https://openai.com/gptbot)"
66.249.65.173 - - [23/Dec/2025:21:14:49 +0800] "GET /shop/5621078.shtml HTTP/1.1" 404 - "-" "Mozilla/5.0 (compatible; Googlebot/2.1; +http://www.google.com/bot.html)"
217.113.194.231 - - [23/Dec/2025:21:14:52 +0800] "GET /mentol-kristal/mentol-kristal-25kg/Pure-Essential-Oil-EO-Bergamot-Leaf-Essential-Oil-500ml-p152344416 HTTP/1.1" 404 - "-" "Mozilla/5.0 (compatible; Barkrowler/0.9; +https://babbar.tech/crawler)"
74.7.227.167 - - [23/Dec/2025:21:15:05 +0800] "GET /search.php?halfway251035668.html HTTP/1.1" 404 - "-" "Mozilla/5.0 AppleWebKit/537.36 (KHTML, like Gecko; compatible; GPTBot/1.3; +https://openai.com/gptbot)"
217.113.194.142 - - [23/Dec/2025:21:15:08 +0800] "GET /mentol-kristal/mentol-kristal-25kg/Pure-Essential-Oil-EO-Agarwood-Leaf-Essential-Oil-1L-p150611504 HTTP/1.1" 404 - "-" "Mozilla/5.0 (compatible; Barkrowler/0.9; +https://babbar.tech/crawler)"
217.113.194.145 - - [23/Dec/2025:21:15:23 +0800] "GET /mentol-kristal/mentol-kristal-25kg/Pure-Essential-Oil-EO-Frangipani-White-Essential-Oil-500ml-p152359288 HTTP/1.1" 404 - "-" "Mozilla/5.0 (compatible; Barkrowler/0.9; +https://babbar.tech/crawler)"
74.7.243.225 - - [23/Dec/2025:21:15:29 +0800] "GET /search.php?isolate156038143.html HTTP/1.1" 404 - "-" "Mozilla/5.0 AppleWebKit/537.36 (KHTML, like Gecko; compatible; GPTBot/1.3; +https://openai.com/gptbot)"
177.156.143.71 - - [23/Dec/2025:21:15:30 +0800] "GET /mentol-kristal/mentol-kristal-500g/Pure-Essential-Oil-EO-Passion-Fruit-Essential-Oil-10ml-p151434205 HTTP/1.1" 404 - "-" "Mozilla/5.0 (Windows NT 10.0; Win64; x64) AppleWebKit/537.36 (KHTML, like Gecko) Chrome/129.0.0.0 Safari/537.36"
182.69.178.55 - - [23/Dec/2025:21:15:32 +0800] "GET /mentol-kristal/mentol-kristal-100g/Softergent-Liquid-Eucalyptus-2-2L-p422917537 HTTP/1.1" 404 - "-" "Mozilla/5.0 (Windows NT 10.0; Win64; x64) AppleWebKit/537.36 (KHTML, like Gecko) Chrome/129.0.0.0 Safari/537.36"
89.237.196.78 - - [23/Dec/2025:21:15:33 +0800] "GET /mentol-kristal/mentol-kristal-50kg/DS-Giorgio-Armani-Armani-Code-Profumo-Deodorant-Spray-25L-%E7%94%B7%E7%A5%9E-p316548611 HTTP/1.1" 404 - "-" "Mozilla/5.0 (Windows NT 10.0; Win64; x64) AppleWebKit/537.36 (KHTML, like Gecko) Chrome/129.0.0.0 Safari/537.36"
41.56.65.208 - - [23/Dec/2025:21:15:36 +0800] "GET /mentol-kristal/mentol-kristal-500g/Softergent-Liquid-Jasmine-2-2L-p422917542 HTTP/1.1" 404 - "-" "Mozilla/5.0 (Windows NT 10.0; Win64; x64) AppleWebKit/537.36 (KHTML, like Gecko) Chrome/129.0.0.0 Safari/537.36"
217.113.194.145 - - [23/Dec/2025:21:15:39 +0800] "GET /mentol-kristal/mentol-kristal-25kg/Pure-Essential-Oil-EO-Frangipani-Red-Essential-Oil-5L-p196313564 HTTP/1.1" 404 - "-" "Mozilla/5.0 (compatible; Barkrowler/0.9; +https://babbar.tech/crawler)"
5.38.30.213 - - [23/Dec/2025:21:15:40 +0800] "GET /mentol-kristal/mentol-kristal-100g/BFO-Le-Labo-Bergamote-22-U-250ml-p152729141 HTTP/1.1" 404 - "-" "Mozilla/5.0 (Windows NT 10.0; Win64; x64) AppleWebKit/537.36 (KHTML, like Gecko) Chrome/129.0.0.0 Safari/537.36"
91.186.248.36 - - [23/Dec/2025:21:15:46 +0800] "GET /mentol-kristal/mentol-kristal-25kg/CP-Lavender-Aromatic-Car-Perfume-Oil-1000ml-p172072229 HTTP/1.1" 404 - "-" "Mozilla/5.0 (Windows NT 10.0; Win64; x64) AppleWebKit/537.36 (KHTML, like Gecko) Chrome/129.0.0.0 Safari/537.36"
66.249.65.174 - - [23/Dec/2025:21:15:47 +0800] "GET /shop/6771095.shtml HTTP/1.1" 404 - "-" "Mozilla/5.0 (compatible; Googlebot/2.1; +http://www.google.com/bot.html)"
49.42.190.18 - - [23/Dec/2025:21:15:49 +0800] "GET /mentol-kristal/mentol-kristal-500g/Blended-Essential-Oil-BO-Anti-Acne-Essential-Oil-50ml-p154181569 HTTP/1.1" 404 - "-" "Mozilla/5.0 (Windows NT 10.0; Win64; x64) AppleWebKit/537.36 (KHTML, like Gecko) Chrome/129.0.0.0 Safari/537.36"
112.203.200.96 - - [23/Dec/2025:21:15:53 +0800] "GET /mentol-kristal/mentol-kristal-100g/Softergent-Liquid-lime-Kaffir-Lime-2-2L-p422917548 HTTP/1.1" 404 - "-" "Mozilla/5.0 (Windows NT 10.0; Win64; x64) AppleWebKit/537.36 (KHTML, like Gecko) Chrome/129.0.0.0 Safari/537.36"
217.113.194.145 - - [23/Dec/2025:21:15:55 +0800] "GET /mentol-kristal/mentol-kristal-25kg/Pure-Essential-Oil-EO-Frangipani-Red-Essential-Oil-10ml-p151435156 HTTP/1.1" 404 - "-" "Mozilla/5.0 (compatible; Barkrowler/0.9; +https://babbar.tech/crawler)"
150.228.105.234 - - [23/Dec/2025:21:15:56 +0800] "GET /mentol-kristal/mentol-kristal-50kg/BFO-The-Body-Shop-Vanilla-W-1000ml-p151658442 HTTP/1.1" 404 - "-" "Mozilla/5.0 (Windows NT 10.0; Win64; x64) AppleWebKit/537.36 (KHTML, like Gecko) Chrome/129.0.0.0 Safari/537.36"
213.230.92.75 - - [23/Dec/2025:21:15:57 +0800] "GET /mentol-kristal/mentol-kristal-100g/DS-CK-Two-M-Deodorant-Spray-500ml-%E7%94%B7%E7%A5%9E-p316344269 HTTP/1.1" 404 - "-" "Mozilla/5.0 (Windows NT 10.0; Win64; x64) AppleWebKit/537.36 (KHTML, like Gecko) Chrome/129.0.0.0 Safari/537.36"
74.7.243.225 - - [23/Dec/2025:21:16:08 +0800] "GET /search.php?pregnant298001345.html HTTP/1.1" 404 - "-" "Mozilla/5.0 AppleWebKit/537.36 (KHTML, like Gecko; compatible; GPTBot/1.3; +https://openai.com/gptbot)"
74.7.227.167 - - [23/Dec/2025:21:16:09 +0800] "GET /search.php?fatigue044037241.html HTTP/1.1" 404 - "-" "Mozilla/5.0 AppleWebKit/537.36 (KHTML, like Gecko; compatible; GPTBot/1.3; +https://openai.com/gptbot)"
154.54.249.207 - - [23/Dec/2025:21:16:11 +0800] "GET /mentol-kristal/mentol-kristal-25kg/Pure-Essential-Oil-EO-Ephedra-Sinica-Essential-Oil-10ml-p159864284 HTTP/1.1" 404 - "-" "Mozilla/5.0 (compatible; Barkrowler/0.9; +https://babbar.tech/crawler)"
95.70.209.110 - - [23/Dec/2025:21:16:12 +0800] "GET /mentol-kristal/mentol-kristal-100g/Softergent-Liquid-lime-Kaffir-Lime-2-2L-p422917548 HTTP/1.1" 404 - "-" "Mozilla/5.0 (Windows NT 10.0; Win64; x64) AppleWebKit/537.36 (KHTML, like Gecko) Chrome/129.0.0.0 Safari/537.36"
181.124.234.106 - - [23/Dec/2025:21:16:15 +0800] "GET /mentol-kristal/mentol-kristal-200kg/DS-Clandestine-Angel-Heart-Deodorant-Spray-500ml-%E5%A5%B3%E5%A6%96-p317394082 HTTP/1.1" 404 - "-" "Mozilla/5.0 (Windows NT 10.0; Win64; x64) AppleWebKit/537.36 (KHTML, like Gecko) Chrome/129.0.0.0 Safari/537.36"
217.113.194.253 - - [23/Dec/2025:21:16:26 +0800] "GET /mentol-kristal/mentol-kristal-25kg/Pure-Essential-Oil-EO-Banana-Leaf-Essential-Oil-500ml-p152359227 HTTP/1.1" 404 - "-" "Mozilla/5.0 (compatible; Barkrowler/0.9; +https://babbar.tech/crawler)"
217.113.194.151 - - [23/Dec/2025:21:16:42 +0800] "GET /mentol-kristal/mentol-kristal-25kg/Pure-Essential-Oil-EO-Capsicum-Red-Essential-Oil-5L-p196313514 HTTP/1.1" 404 - "-" "Mozilla/5.0 (compatible; Barkrowler/0.9; +https://babbar.tech/crawler)"
74.7.243.225 - - [23/Dec/2025:21:16:48 +0800] "GET /search.php?justify106033411.html HTTP/1.1" 404 - "-" "Mozilla/5.0 AppleWebKit/537.36 (KHTML, like Gecko; compatible; GPTBot/1.3; +https://openai.com/gptbot)"
217.113.194.249 - - [23/Dec/2025:21:16:57 +0800] "GET /mentol-kristal/mentol-kristal-25kg/Pure-Essential-Oil-EO-Capsicum-Yellow-Essential-Oil-500ml-p152359264 HTTP/1.1" 404 - "-" "Mozilla/5.0 (compatible; Barkrowler/0.9; +https://babbar.tech/crawler)"
74.7.227.167 - - [23/Dec/2025:21:17:09 +0800] "GET /search.php?ancestor108017965.html HTTP/1.1" 404 - "-" "Mozilla/5.0 AppleWebKit/537.36 (KHTML, like Gecko; compatible; GPTBot/1.3; +https://openai.com/gptbot)"
217.113.194.148 - - [23/Dec/2025:21:17:13 +0800] "GET /mentol-kristal/mentol-kristal-25kg/Pure-Essential-Oil-EO-Capsicum-Green-Essential-Oil-500ml-p152359262 HTTP/1.1" 404 - "-" "Mozilla/5.0 (compatible; Barkrowler/0.9; +https://babbar.tech/crawler)"
74.7.243.225 - - [23/Dec/2025:21:17:28 +0800] "GET /search.php?suspect186047539.html HTTP/1.1" 404 - "-" "Mozilla/5.0 AppleWebKit/537.36 (KHTML, like Gecko; compatible; GPTBot/1.3; +https://openai.com/gptbot)"
217.113.194.142 - - [23/Dec/2025:21:17:29 +0800] "GET /mentol-kristal/mentol-kristal-25kg/Natural-Aroma-Oil-AO-Mosquito-Repellent-Aroma-Oil-10ml-p196117015 HTTP/1.1" 404 - "-" "Mozilla/5.0 (compatible; Barkrowler/0.9; +https://babbar.tech/crawler)"
216.73.216.21 - - [23/Dec/2025:21:17:29 +0800] "GET /wp-includes/ID3/lang/desktop/?C=N&O=A HTTP/1.1" 200 840 "-" "Mozilla/5.0 AppleWebKit/537.36 (KHTML, like Gecko; compatible; ClaudeBot/1.0; +claudebot@anthropic.com)"
217.113.194.151 - - [23/Dec/2025:21:17:44 +0800] "GET /mentol-kristal/mentol-kristal-25kg/Natural-Aroma-Oil-AO-Hope-Aura-Aroma-Oil-10ml-p198691221 HTTP/1.1" 404 - "-" "Mozilla/5.0 (compatible; Barkrowler/0.9; +https://babbar.tech/crawler)"
217.113.194.145 - - [23/Dec/2025:21:18:00 +0800] "GET /mentol-kristal/mentol-kristal-25kg/Natural-Aroma-Oil-AO-Orange-Color-Aura-Aroma-Oil-50ml-p198680395 HTTP/1.1" 404 - "-" "Mozilla/5.0 (compatible; Barkrowler/0.9; +https://babbar.tech/crawler)"
74.7.243.225 - - [23/Dec/2025:21:18:05 +0800] "GET /search.php?consider272046779.html HTTP/1.1" 404 - "-" "Mozilla/5.0 AppleWebKit/537.36 (KHTML, like Gecko; compatible; GPTBot/1.3; +https://openai.com/gptbot)"
74.7.227.167 - - [23/Dec/2025:21:18:12 +0800] "GET /search.php?funeral156020921.html HTTP/1.1" 404 - "-" "Mozilla/5.0 AppleWebKit/537.36 (KHTML, like Gecko; compatible; GPTBot/1.3; +https://openai.com/gptbot)"
154.54.249.207 - - [23/Dec/2025:21:18:16 +0800] "GET /mentol-kristal/mentol-kristal-25kg/Natural-Aroma-Oil-AO-Forest-Aura-Aroma-Oil-10ml-p198691218 HTTP/1.1" 404 - "-" "Mozilla/5.0 (compatible; Barkrowler/0.9; +https://babbar.tech/crawler)"
216.73.216.21 - - [23/Dec/2025:21:18:23 +0800] "GET /wp-admin/maint/?C=S&O=A HTTP/1.1" 200 981 "-" "Mozilla/5.0 AppleWebKit/537.36 (KHTML, like Gecko; compatible; ClaudeBot/1.0; +claudebot@anthropic.com)"
66.249.65.173 - - [23/Dec/2025:21:18:31 +0800] "GET /shop/6132804.shtml HTTP/1.1" 404 - "-" "Mozilla/5.0 (Linux; Android 6.0.1; Nexus 5X Build/MMB29P) AppleWebKit/537.36 (KHTML, like Gecko) Chrome/141.0.7390.122 Mobile Safari/537.36 (compatible; Googlebot/2.1; +http://www.google.com/bot.html)"
217.113.194.148 - - [23/Dec/2025:21:18:32 +0800] "GET /mentol-kristal/mentol-kristal-25kg/Natural-Aroma-Oil-AO-Turmeric-Leaf-Aroma-Oil-50ml-p194501848 HTTP/1.1" 404 - "-" "Mozilla/5.0 (compatible; Barkrowler/0.9; +https://babbar.tech/crawler)"
74.7.243.225 - - [23/Dec/2025:21:18:43 +0800] "GET /search.php?project154038925.html HTTP/1.1" 404 - "-" "Mozilla/5.0 AppleWebKit/537.36 (KHTML, like Gecko; compatible; GPTBot/1.3; +https://openai.com/gptbot)"
207.46.13.102 - - [23/Dec/2025:21:18:47 +0800] "GET /mentol-kristal/kristal/Aromatic-Fragrance-Oil-AFO-Coconut-50ml-p153831765 HTTP/1.1" 404 - "-" "Mozilla/5.0 AppleWebKit/537.36 (KHTML, like Gecko; compatible; bingbot/2.0; +http://www.bing.com/bingbot.htm) Chrome/116.0.1938.76 Safari/537.36"
217.113.194.142 - - [23/Dec/2025:21:18:47 +0800] "GET /mentol-kristal/mentol-kristal-25kg/Natural-Aroma-Oil-AO-White-Color-Aura-Aroma-Oil-50ml-p198680422 HTTP/1.1" 404 - "-" "Mozilla/5.0 (compatible; Barkrowler/0.9; +https://babbar.tech/crawler)"
217.113.194.249 - - [23/Dec/2025:21:19:03 +0800] "GET /mentol-kristal/mentol-kristal-25kg/Natural-Aroma-Oil-AO-Blue-Color-Aura-Aroma-Oil-10ml-p198691207 HTTP/1.1" 404 - "-" "Mozilla/5.0 (compatible; Barkrowler/0.9; +https://babbar.tech/crawler)"
43.173.173.248 - - [23/Dec/2025:21:19:09 +0800] "GET /mentol-kristal/mentol-kristal-50kg/Blended-Essential-Oil-BO-Nose-Sinus-Relief-Essential-Oil-500ml-p154182219 HTTP/1.1" 404 - "-" "Mozilla/5.0 (Windows NT 6.1; Win64; x64) AppleWebKit/537.36 (KHTML, like Gecko) Chrome/126.0.6478.114 Safari/537.36"
74.7.227.167 - - [23/Dec/2025:21:19:14 +0800] "GET /search.php?surround259028812.html HTTP/1.1" 404 - "-" "Mozilla/5.0 AppleWebKit/537.36 (KHTML, like Gecko; compatible; GPTBot/1.3; +https://openai.com/gptbot)"
217.113.194.249 - - [23/Dec/2025:21:19:19 +0800] "GET /mentol-kristal/mentol-kristal-25kg/Carpet-Sanitizer-Deodorizer-Spray-mint-Peppermint-5L-p268265372 HTTP/1.1" 404 - "-" "Mozilla/5.0 (compatible; Barkrowler/0.9; +https://babbar.tech/crawler)"
74.7.243.225 - - [23/Dec/2025:21:19:20 +0800] "GET /search.php?surround221042394.html HTTP/1.1" 404 - "-" "Mozilla/5.0 AppleWebKit/537.36 (KHTML, like Gecko; compatible; GPTBot/1.3; +https://openai.com/gptbot)"
154.54.249.207 - - [23/Dec/2025:21:19:34 +0800] "GET /mentol-kristal/mentol-kristal-25kg/VCO-Daun-Sirih-Kaduk-Virgin-Carrier-Oil-1000ml-p150658263 HTTP/1.1" 404 - "-" "Mozilla/5.0 (compatible; Barkrowler/0.9; +https://babbar.tech/crawler)"
154.54.249.207 - - [23/Dec/2025:21:19:52 +0800] "GET /mentol-kristal/mentol-kristal-25kg/VCO-Centella-Asiatica-Pegaga-Virgin-Carrier-Oil-100ml-p150657177 HTTP/1.1" 404 - "-" "Mozilla/5.0 (compatible; Barkrowler/0.9; +https://babbar.tech/crawler)"
74.7.243.225 - - [23/Dec/2025:21:19:59 +0800] "GET /search.php?utility234018661.html HTTP/1.1" 404 - "-" "Mozilla/5.0 AppleWebKit/537.36 (KHTML, like Gecko; compatible; GPTBot/1.3; +https://openai.com/gptbot)"
217.113.194.231 - - [23/Dec/2025:21:20:08 +0800] "GET /mentol-kristal/mentol-kristal-25kg/VCO-Chireta-Hempedu-Bumi-Virgin-Carrier-Oil-1000ml-p150655249 HTTP/1.1" 404 - "-" "Mozilla/5.0 (compatible; Barkrowler/0.9; +https://babbar.tech/crawler)"
74.7.227.167 - - [23/Dec/2025:21:20:18 +0800] "GET /search.php?director137040288.html HTTP/1.1" 404 - "-" "Mozilla/5.0 AppleWebKit/537.36 (KHTML, like Gecko; compatible; GPTBot/1.3; +https://openai.com/gptbot)"
217.113.194.147 - - [23/Dec/2025:21:20:23 +0800] "GET /mentol-kristal/mentol-kristal-25kg/Foot-Deodorant-Spray-Inspired-Perfume-Scents-1000ml-1L-p507797307 HTTP/1.1" 404 - "-" "Mozilla/5.0 (compatible; Barkrowler/0.9; +https://babbar.tech/crawler)"
74.7.243.225 - - [23/Dec/2025:21:20:37 +0800] "GET /search.php?perform267048530.html HTTP/1.1" 404 - "-" "Mozilla/5.0 AppleWebKit/537.36 (KHTML, like Gecko; compatible; GPTBot/1.3; +https://openai.com/gptbot)"
217.113.194.145 - - [23/Dec/2025:21:20:39 +0800] "GET /mentol-kristal/mentol-kristal-25kg/Blended-Essential-Oil-BO-Face-Slimming-Essential-Oil-1L-p154182450 HTTP/1.1" 404 - "-" "Mozilla/5.0 (compatible; Barkrowler/0.9; +https://babbar.tech/crawler)"
66.249.65.174 - - [23/Dec/2025:21:20:41 +0800] "GET /shop/4222260.shtml HTTP/1.1" 404 - "-" "Mozilla/5.0 (compatible; Googlebot/2.1; +http://www.google.com/bot.html)"
217.113.194.146 - - [23/Dec/2025:21:20:55 +0800] "GET /mentol-kristal/mentol-kristal-25kg/Blended-Essential-Oil-BO-Hormone-Balance-Essential-Oil-10ml-p151630541 HTTP/1.1" 404 - "-" "Mozilla/5.0 (compatible; Barkrowler/0.9; +https://babbar.tech/crawler)"
171.7.234.16 - - [23/Dec/2025:21:21:06 +0800] "GET /bez-rubriki/buchmacher-vorhersagen/ HTTP/1.1" 404 - "https://mentol.bf1.my/" "Mozilla/5.0 (Macintosh; Intel Mac OS X 12_5) AppleWebKit/537.36 (KHTML, like Gecko) Chrome/114.0.0.0 Safari/537.36"
171.7.234.16 - - [23/Dec/2025:21:21:07 +0800] "GET / HTTP/1.1" 404 - "-" "Mozilla/5.0 (Macintosh; Intel Mac OS X 12_5) AppleWebKit/537.36 (KHTML, like Gecko) Chrome/114.0.0.0 Safari/537.36"
171.7.234.16 - - [23/Dec/2025:21:21:09 +0800] "GET / HTTP/1.1" 404 - "-" "Mozilla/5.0 (Macintosh; Intel Mac OS X 12_5) AppleWebKit/537.36 (KHTML, like Gecko) Chrome/114.0.0.0 Safari/537.36"
171.7.234.16 - - [23/Dec/2025:21:21:10 +0800] "GET / HTTP/1.1" 404 - "-" "Mozilla/5.0 (Macintosh; Intel Mac OS X 12_5) AppleWebKit/537.36 (KHTML, like Gecko) Chrome/114.0.0.0 Safari/537.36"
217.113.194.249 - - [23/Dec/2025:21:21:11 +0800] "GET /mentol-kristal/mentol-kristal-25kg/Blended-Essential-Oil-BO-Skin-Rash-Essential-Oil-1L-p154231032 HTTP/1.1" 404 - "-" "Mozilla/5.0 (compatible; Barkrowler/0.9; +https://babbar.tech/crawler)"
74.7.243.225 - - [23/Dec/2025:21:21:14 +0800] "GET /search.php?cocaine206038691.html HTTP/1.1" 404 - "-" "Mozilla/5.0 AppleWebKit/537.36 (KHTML, like Gecko; compatible; GPTBot/1.3; +https://openai.com/gptbot)"
74.7.227.167 - - [23/Dec/2025:21:21:22 +0800] "GET /search.php?stumble278003579.html HTTP/1.1" 404 - "-" "Mozilla/5.0 AppleWebKit/537.36 (KHTML, like Gecko; compatible; GPTBot/1.3; +https://openai.com/gptbot)"
217.113.194.144 - - [23/Dec/2025:21:21:26 +0800] "GET /mentol-kristal/mentol-kristal-25kg/Blended-Essential-Oil-BO-Stress-Relief-Essential-Oil-500ml-p162508334 HTTP/1.1" 404 - "-" "Mozilla/5.0 (compatible; Barkrowler/0.9; +https://babbar.tech/crawler)"
217.113.194.142 - - [23/Dec/2025:21:21:42 +0800] "GET /mentol-kristal/mentol-kristal-25kg/Aromatic-Fragrance-Oil-AFO-Japanese-Pine-Leaf-5L-p155461002 HTTP/1.1" 404 - "-" "Mozilla/5.0 (compatible; Barkrowler/0.9; +https://babbar.tech/crawler)"
52.167.144.147 - - [23/Dec/2025:21:21:45 +0800] "GET /mentol-kristal/mentol-kristal-200kg/Aromatic-Fragrance-Oil-AFO-Kaffir-Lime-Leaf-1L-p158297197 HTTP/1.1" 404 - "-" "Mozilla/5.0 AppleWebKit/537.36 (KHTML, like Gecko; compatible; bingbot/2.0; +http://www.bing.com/bingbot.htm) Chrome/116.0.1938.76 Safari/537.36"
74.7.243.225 - - [23/Dec/2025:21:21:51 +0800] "GET /search.php?blessing133018156.html HTTP/1.1" 404 - "-" "Mozilla/5.0 AppleWebKit/537.36 (KHTML, like Gecko; compatible; GPTBot/1.3; +https://openai.com/gptbot)"
217.113.194.147 - - [23/Dec/2025:21:21:59 +0800] "GET /mentol-kristal/mentol-kristal-25kg/Aromatic-Fragrance-Oil-AFO-Jasmine-White-Jasmine-1L-p154332678 HTTP/1.1" 404 - "-" "Mozilla/5.0 (compatible; Barkrowler/0.9; +https://babbar.tech/crawler)"
204.12.208.18 - - [23/Dec/2025:21:22:04 +0800] "GET /wp-content/pl188f0e/index.php HTTP/1.1" 200 - "https://mentol.bf1.my/wp-content/pl188f0e/index.php" "Mozilla/5.0 (compatible; MSIE 10.0; Windows NT 6.2; ARM; Trident/6.0)"
185.170.167.18 - - [23/Dec/2025:21:22:05 +0800] "GET /robots.txt HTTP/1.1" 404 - "-" "Mozilla/5.0 (compatible; BacklinksExtendedBot)"
185.170.167.18 - - [23/Dec/2025:21:22:05 +0800] "GET /bez-rubriki/cote-lyon-ce-soir/ HTTP/1.1" 404 - "-" "Mozilla/5.0 (compatible; BacklinksExtendedBot)"
