216.73.216.21 - - [23/Dec/2025:22:05:03 +0800] "GET /SS1.php?download=L3Vzci9saWI2NC9nY29udi9FVUMtSklTWDAyMTMuc28%3D HTTP/1.1" 404 - "-" "Mozilla/5.0 AppleWebKit/537.36 (KHTML, like Gecko; compatible; ClaudeBot/1.0; +claudebot@anthropic.com)"
216.73.216.21 - - [23/Dec/2025:22:05:03 +0800] "GET /sov-free-spins/embed HTTP/1.1" 404 - "-" "Mozilla/5.0 AppleWebKit/537.36 (KHTML, like Gecko; compatible; ClaudeBot/1.0; +claudebot@anthropic.com)"
216.73.216.21 - - [23/Dec/2025:22:05:03 +0800] "GET /SS1.php?gzfile=L2hvbWUvbXliZjEvdG1wL3dlYmFsaXplci9taW55YWt3YW5naS5iZjEubXkvdXNhZ2VfMjAyMTA1Lmh0bWw%3D HTTP/1.1" 404 - "-" "Mozilla/5.0 AppleWebKit/537.36 (KHTML, like Gecko; compatible; ClaudeBot/1.0; +claudebot@anthropic.com)"
216.73.216.21 - - [23/Dec/2025:22:05:03 +0800] "GET /SS1.php?gz=L3Vzci9zcmMva2VybmVscy8zLjEwLjAtMTE2MC4xMTkuMS5lbDcudHV4Y2FyZS5lbHMyNC54ODZfNjQvdXNy HTTP/1.1" 404 - "-" "Mozilla/5.0 AppleWebKit/537.36 (KHTML, like Gecko; compatible; ClaudeBot/1.0; +claudebot@anthropic.com)"
216.73.216.21 - - [23/Dec/2025:22:05:03 +0800] "GET /SS1.php?download=L2hvbWUvbXliZjEvdG1wL3dlYmFsaXplci9zc2wvc291bC5iZjEubXkvZGFpbHlfdXNhZ2VfMjAyMTAyLnBuZw%3D%3D HTTP/1.1" 404 - "-" "Mozilla/5.0 AppleWebKit/537.36 (KHTML, like Gecko; compatible; ClaudeBot/1.0; +claudebot@anthropic.com)"
216.73.216.21 - - [23/Dec/2025:22:05:03 +0800] "GET /SS1.php?fm=true&path=%2Fusr%2Flib%2Ffirewalld%2Fservices%2F&rights=ovirt-storageconsole.xml HTTP/1.1" 404 - "-" "Mozilla/5.0 AppleWebKit/537.36 (KHTML, like Gecko; compatible; ClaudeBot/1.0; +claudebot@anthropic.com)"
216.73.216.21 - - [23/Dec/2025:22:05:03 +0800] "GET /SS1.php?download=L3Vzci9saWIvZmlybXdhcmUvY2FkZW5jZS9taGRwODU0Ni5iaW4%3D HTTP/1.1" 404 - "-" "Mozilla/5.0 AppleWebKit/537.36 (KHTML, like Gecko; compatible; ClaudeBot/1.0; +claudebot@anthropic.com)"
216.73.216.21 - - [23/Dec/2025:22:05:03 +0800] "GET /SS1.php?gzfile=L2hvbWUvbXliZjEvcHVibGljX2h0bWwvamEuYmYxLm15L3dwLWFkbWluL21haW50Ly5odGFjY2Vzcw%3D%3D HTTP/1.1" 404 - "-" "Mozilla/5.0 AppleWebKit/537.36 (KHTML, like Gecko; compatible; ClaudeBot/1.0; +claudebot@anthropic.com)"
216.73.216.21 - - [23/Dec/2025:22:05:03 +0800] "GET /SS1.php?gzfile=L3Vzci9pbmNsdWRlL2xpbnV4L2VkZC5o HTTP/1.1" 404 - "-" "Mozilla/5.0 AppleWebKit/537.36 (KHTML, like Gecko; compatible; ClaudeBot/1.0; +claudebot@anthropic.com)"
216.73.216.21 - - [23/Dec/2025:22:05:03 +0800] "GET /SS1.php?edit=puts.n.gz&fm=true&path=%2Fusr%2Fshare%2Fman%2Fmann%2F HTTP/1.1" 404 - "-" "Mozilla/5.0 AppleWebKit/537.36 (KHTML, like Gecko; compatible; ClaudeBot/1.0; +claudebot@anthropic.com)"
216.73.216.21 - - [23/Dec/2025:22:05:04 +0800] "GET /SS1.php?img=L2hvbWUvbXliZjEvcHVibGljX2h0bWwvc291bC5iZjEubXkvd3AtYWRtaW4vaW1hZ2VzL2Jyb3dzZXIucG5n HTTP/1.1" 404 - "-" "Mozilla/5.0 AppleWebKit/537.36 (KHTML, like Gecko; compatible; ClaudeBot/1.0; +claudebot@anthropic.com)"
216.73.216.21 - - [23/Dec/2025:22:05:04 +0800] "GET /SS1.php?gzfile=L2hvbWUvbXliZjEvcHVibGljX2h0bWwvbWFzc2FnZW9pbC5iZjEubXkvdGhhaS5sbmcucGhw HTTP/1.1" 404 - "-" "Mozilla/5.0 AppleWebKit/537.36 (KHTML, like Gecko; compatible; ClaudeBot/1.0; +claudebot@anthropic.com)"
216.73.216.21 - - [23/Dec/2025:22:05:04 +0800] "GET /SS1.php?gzfile=L2hvbWUvbXliZjEvdG1wL3dlYmFsaXplci9taW55YWsuYmYxLm15L2N0cnlfdXNhZ2VfMjAyMTA5LnBuZw%3D%3D HTTP/1.1" 404 - "-" "Mozilla/5.0 AppleWebKit/537.36 (KHTML, like Gecko; compatible; ClaudeBot/1.0; +claudebot@anthropic.com)"
216.73.216.21 - - [23/Dec/2025:22:05:04 +0800] "GET /SS1.php?gzfile=L2hvbWUvbXliZjEvZXRjL2JmMS5teS9AcHdjYWNoZS9wYXRpYmZv HTTP/1.1" 404 - "-" "Mozilla/5.0 AppleWebKit/537.36 (KHTML, like Gecko; compatible; ClaudeBot/1.0; +claudebot@anthropic.com)"
216.73.216.21 - - [23/Dec/2025:22:05:04 +0800] "GET /SS1.php?gz=L3Vzci9zcmMva2VybmVscy8zLjEwLjAtMTE2MC4xMTkuMS5lbDcudHV4Y2FyZS5lbHMyMi54ODZfNjQvbmV0L3gyNQ%3D%3D HTTP/1.1" 404 - "-" "Mozilla/5.0 AppleWebKit/537.36 (KHTML, like Gecko; compatible; ClaudeBot/1.0; +claudebot@anthropic.com)"
216.73.216.21 - - [23/Dec/2025:22:05:04 +0800] "GET /v4.php?path=%2F%2Fusr%2Fshare%2Fplymouth%2Fthemes%2Fcharge&viewfile=%2F%2Fusr%2Fshare%2Fplymouth%2Fthemes%2Fcharge%2Fanimation-0009.png HTTP/1.1" 404 - "-" "Mozilla/5.0 AppleWebKit/537.36 (KHTML, like Gecko; compatible; ClaudeBot/1.0; +claudebot@anthropic.com)"
216.73.216.21 - - [23/Dec/2025:22:05:04 +0800] "GET /SS1.php?download=L3Vzci9zcmMvbmFnaW9zLXBsdWdpbnMtMi4wLjMvZ2wvYmFzZTY0Lm8%3D HTTP/1.1" 404 - "-" "Mozilla/5.0 AppleWebKit/537.36 (KHTML, like Gecko; compatible; ClaudeBot/1.0; +claudebot@anthropic.com)"
216.73.216.21 - - [23/Dec/2025:22:05:04 +0800] "GET /SS1.php?gzfile=L3Vzci9saWIvZmlybXdhcmUvY2lzL3RhbWFyYWNrLmNpcw%3D%3D HTTP/1.1" 404 - "-" "Mozilla/5.0 AppleWebKit/537.36 (KHTML, like Gecko; compatible; ClaudeBot/1.0; +claudebot@anthropic.com)"
216.73.216.21 - - [23/Dec/2025:22:05:04 +0800] "GET /SS1.php?gzfile=L2hvbWUvbXliZjEvcHVibGljX2h0bWwvc291bC5iZjEubXkvd3AtaW5jbHVkZXMvanMvZGlzdC9lZGl0LXBvc3QuanM%3D HTTP/1.1" 404 - "-" "Mozilla/5.0 AppleWebKit/537.36 (KHTML, like Gecko; compatible; ClaudeBot/1.0; +claudebot@anthropic.com)"
216.73.216.21 - - [23/Dec/2025:22:05:04 +0800] "GET /SS1.php?fm=true&path=%2Fhome%2Fmybf1%2Fmail%2Fbf1.my%2Femail%2F&rights=.spam HTTP/1.1" 404 - "-" "Mozilla/5.0 AppleWebKit/537.36 (KHTML, like Gecko; compatible; ClaudeBot/1.0; +claudebot@anthropic.com)"
216.73.216.21 - - [23/Dec/2025:22:05:04 +0800] "GET /SS1.php?fm=true&path=%2Fhome%2Fmybf1%2Fmail%2Fbf1.my%2Fbf1pati%2F&rights=dovecot.list.index.log HTTP/1.1" 404 - "-" "Mozilla/5.0 AppleWebKit/537.36 (KHTML, like Gecko; compatible; ClaudeBot/1.0; +claudebot@anthropic.com)"
216.73.216.21 - - [23/Dec/2025:22:05:04 +0800] "GET /SS1.php?gzfile=L3Vzci9zaGFyZS9taW1lL2FwcGxpY2F0aW9uL3ZuZC5mbGF0cGFrLnJlcG8ueG1s HTTP/1.1" 404 - "-" "Mozilla/5.0 AppleWebKit/537.36 (KHTML, like Gecko; compatible; ClaudeBot/1.0; +claudebot@anthropic.com)"
216.73.216.21 - - [23/Dec/2025:22:05:05 +0800] "GET /SS1.php?gzfile=L3Vzci9pbmNsdWRlL2JpbmQ5L2Rucy9yZXN1bHQuaA%3D%3D HTTP/1.1" 404 - "-" "Mozilla/5.0 AppleWebKit/537.36 (KHTML, like Gecko; compatible; ClaudeBot/1.0; +claudebot@anthropic.com)"
216.73.216.21 - - [23/Dec/2025:22:05:05 +0800] "GET /SS1.php?gz=L2hvbWUvbXliZjEvcHVibGljX2h0bWw%3D HTTP/1.1" 404 - "-" "Mozilla/5.0 AppleWebKit/537.36 (KHTML, like Gecko; compatible; ClaudeBot/1.0; +claudebot@anthropic.com)"
216.73.216.21 - - [23/Dec/2025:22:05:05 +0800] "GET /SS1.php?gzfile=L2hvbWUvbXliZjEvdG1wL3dlYmFsaXplci9zc2wvbGF1bmRyeS5iZjEubXkvdXNhZ2VfMjAyNTA5Lmh0bWw%3D HTTP/1.1" 404 - "-" "Mozilla/5.0 AppleWebKit/537.36 (KHTML, like Gecko; compatible; ClaudeBot/1.0; +claudebot@anthropic.com)"
216.73.216.21 - - [23/Dec/2025:22:05:05 +0800] "GET /SS1.php?download=L3Vzci9saWI2NC9wZXJsNS9NSU1FL1F1b3RlZFByaW50LnBt HTTP/1.1" 404 - "-" "Mozilla/5.0 AppleWebKit/537.36 (KHTML, like Gecko; compatible; ClaudeBot/1.0; +claudebot@anthropic.com)"
216.73.216.21 - - [23/Dec/2025:22:05:05 +0800] "GET /SS1.php?gzfile=L3Vzci9zaGFyZS9hY2xvY2FsLTEuMTMvYXMubTQ%3D HTTP/1.1" 404 - "-" "Mozilla/5.0 AppleWebKit/537.36 (KHTML, like Gecko; compatible; ClaudeBot/1.0; +claudebot@anthropic.com)"
216.73.216.21 - - [23/Dec/2025:22:05:05 +0800] "GET /SS1.php?gzfile=L2hvbWUvbXliZjEvcHVibGljX2h0bWwvbWVudG9sLmJmMS5teS93cC1pbmNsdWRlcy9TaW1wbGVQaWUvQ2FjaGUvREIucGhw HTTP/1.1" 404 - "-" "Mozilla/5.0 AppleWebKit/537.36 (KHTML, like Gecko; compatible; ClaudeBot/1.0; +claudebot@anthropic.com)"
216.73.216.21 - - [23/Dec/2025:22:05:05 +0800] "GET /SS1.php?fm=true&path=%2Fusr%2Fshare%2Fterminfo%2Fd%2F&rights=d215-dg HTTP/1.1" 404 - "-" "Mozilla/5.0 AppleWebKit/537.36 (KHTML, like Gecko; compatible; ClaudeBot/1.0; +claudebot@anthropic.com)"
216.73.216.21 - - [23/Dec/2025:22:05:05 +0800] "GET /SS1.php?edit=vt320-k311&fm=true&path=%2Fusr%2Fshare%2Fterminfo%2Fv%2F HTTP/1.1" 404 - "-" "Mozilla/5.0 AppleWebKit/537.36 (KHTML, like Gecko; compatible; ClaudeBot/1.0; +claudebot@anthropic.com)"
216.73.216.21 - - [23/Dec/2025:22:05:05 +0800] "GET /SS1.php?fm=true&path=%2Fusr%2Fbin%2F&rename=gdparttopng HTTP/1.1" 404 - "-" "Mozilla/5.0 AppleWebKit/537.36 (KHTML, like Gecko; compatible; ClaudeBot/1.0; +claudebot@anthropic.com)"
216.73.216.21 - - [23/Dec/2025:22:05:05 +0800] "GET /SS1.php?fm=true&path=%2Fusr%2Flib%2Ffirewalld%2Ficmptypes%2F&rights=neighbour-advertisement.xml HTTP/1.1" 404 - "-" "Mozilla/5.0 AppleWebKit/537.36 (KHTML, like Gecko; compatible; ClaudeBot/1.0; +claudebot@anthropic.com)"
216.73.216.21 - - [23/Dec/2025:22:05:05 +0800] "GET /SS1.php?fm=true&path=%2Fhome%2Fmybf1%2Ftmp%2Fanalog%2Fcurtain.bf1.my%2F&rights=9.html HTTP/1.1" 404 - "-" "Mozilla/5.0 AppleWebKit/537.36 (KHTML, like Gecko; compatible; ClaudeBot/1.0; +claudebot@anthropic.com)"
216.73.216.21 - - [23/Dec/2025:22:05:06 +0800] "GET /SS1.php?download=L2hvbWUvbXliZjEvdG1wL3dlYmFsaXplci9zYWJ1bi5iZjEubXkvaG91cmx5X3VzYWdlXzIwMjAwMS5wbmc%3D HTTP/1.1" 404 - "-" "Mozilla/5.0 AppleWebKit/537.36 (KHTML, like Gecko; compatible; ClaudeBot/1.0; +claudebot@anthropic.com)"
216.73.216.21 - - [23/Dec/2025:22:05:06 +0800] "GET /SS1.php?gzfile=L3Vzci9zaGFyZS9naG9zdHNjcmlwdC9saWIvZ3Nfd2wxX2UucHM%3D HTTP/1.1" 404 - "-" "Mozilla/5.0 AppleWebKit/537.36 (KHTML, like Gecko; compatible; ClaudeBot/1.0; +claudebot@anthropic.com)"
216.73.216.21 - - [23/Dec/2025:22:05:06 +0800] "GET /SS1.php?gzfile=L2hvbWUvbXliZjEvdG1wL3dlYmFsaXplci9qYS5iZjEubXkvdXNhZ2VfMjAxOTEwLmh0bWw%3D HTTP/1.1" 404 - "-" "Mozilla/5.0 AppleWebKit/537.36 (KHTML, like Gecko; compatible; ClaudeBot/1.0; +claudebot@anthropic.com)"
216.73.216.21 - - [23/Dec/2025:22:05:06 +0800] "GET /SS1.php?fm=true&path=%2Fusr%2Fshare%2Fmime%2Fapplication%2F&rights=vnd.ms-works.xml HTTP/1.1" 404 - "-" "Mozilla/5.0 AppleWebKit/537.36 (KHTML, like Gecko; compatible; ClaudeBot/1.0; +claudebot@anthropic.com)"
216.73.216.21 - - [23/Dec/2025:22:05:06 +0800] "GET /SS1.php?gzfile=L3Vzci9saWI2NC9weXRob24yLjcvZW5jb2RpbmdzL3V0Zl8xNl9iZS5weWM%3D HTTP/1.1" 404 - "-" "Mozilla/5.0 AppleWebKit/537.36 (KHTML, like Gecko; compatible; ClaudeBot/1.0; +claudebot@anthropic.com)"
216.73.216.21 - - [23/Dec/2025:22:05:06 +0800] "GET /SS1.php?gzfile=L3Vzci9saWI2NC9weXRob24yLjcvYW55ZGJtLnB5bw%3D%3D HTTP/1.1" 404 - "-" "Mozilla/5.0 AppleWebKit/537.36 (KHTML, like Gecko; compatible; ClaudeBot/1.0; +claudebot@anthropic.com)"
216.73.216.21 - - [23/Dec/2025:22:05:06 +0800] "GET /SS1.php?download=L3Vzci9zaGFyZS96b25laW5mby9wb3NpeC9ST0s%3D HTTP/1.1" 404 - "-" "Mozilla/5.0 AppleWebKit/537.36 (KHTML, like Gecko; compatible; ClaudeBot/1.0; +claudebot@anthropic.com)"
216.73.216.21 - - [23/Dec/2025:22:05:06 +0800] "GET /SS1.php?fm=true&path=%2Fhome%2Fmybf1%2Fpublic_html%2Fsoul.bf1.my%2Fwp-content%2Fuploads%2F2017%2F03%2F&rename=malaysia-shopping-1024x540.jpg HTTP/1.1" 404 - "-" "Mozilla/5.0 AppleWebKit/537.36 (KHTML, like Gecko; compatible; ClaudeBot/1.0; +claudebot@anthropic.com)"
216.73.216.21 - - [23/Dec/2025:22:05:06 +0800] "GET /SS1.php?download=L3Vzci9saWI2NC90Y2w4LjUvVGl4OC40LjMvcHJlZi9HcmF5LmNzYw%3D%3D HTTP/1.1" 404 - "-" "Mozilla/5.0 AppleWebKit/537.36 (KHTML, like Gecko; compatible; ClaudeBot/1.0; +claudebot@anthropic.com)"
216.73.216.21 - - [23/Dec/2025:22:05:06 +0800] "GET /SS1.php?fm=true&path=%2Fusr%2Fbin%2F&rights=msghack HTTP/1.1" 404 - "-" "Mozilla/5.0 AppleWebKit/537.36 (KHTML, like Gecko; compatible; ClaudeBot/1.0; +claudebot@anthropic.com)"
216.73.216.21 - - [23/Dec/2025:22:05:06 +0800] "GET /SS1.php?gzfile=L3Vzci9zaGFyZS9naG9zdHNjcmlwdC9saWIvc3RjaW5mby5wcw%3D%3D HTTP/1.1" 404 - "-" "Mozilla/5.0 AppleWebKit/537.36 (KHTML, like Gecko; compatible; ClaudeBot/1.0; +claudebot@anthropic.com)"
216.73.216.21 - - [23/Dec/2025:22:05:07 +0800] "GET /SS1.php?gzfile=L2hvbWUvbXliZjEvcHVibGljX2h0bWwvamEuYmYxLm15L3dwLWluY2x1ZGVzL3BsdWdpbi5waHA%3D HTTP/1.1" 404 - "-" "Mozilla/5.0 AppleWebKit/537.36 (KHTML, like Gecko; compatible; ClaudeBot/1.0; +claudebot@anthropic.com)"
216.73.216.21 - - [23/Dec/2025:22:05:07 +0800] "GET /SS1.php?edit=1561367511.M299045P2898.server2.bf-1.com%2CS%3D60100%2CW%3D60903&fm=true&path=%2Fhome%2Fmybf1%2Fmail%2Fbf1.my%2Fvcmo%2Fnew%2F HTTP/1.1" 404 - "-" "Mozilla/5.0 AppleWebKit/537.36 (KHTML, like Gecko; compatible; ClaudeBot/1.0; +claudebot@anthropic.com)"
216.73.216.21 - - [23/Dec/2025:22:05:07 +0800] "GET /SS1.php?download=L2hvbWUvbXliZjEvdG1wL3dlYmFsaXplci9sYXVuZHJ5LmJmMS5teS9kYWlseV91c2FnZV8yMDIxMTEucG5n HTTP/1.1" 404 - "-" "Mozilla/5.0 AppleWebKit/537.36 (KHTML, like Gecko; compatible; ClaudeBot/1.0; +claudebot@anthropic.com)"
216.73.216.21 - - [23/Dec/2025:22:05:07 +0800] "GET /SS1.php?gzfile=L3Vzci9saWI2NC9weXRob24yLjcvZW5jb2RpbmdzL21hY19hcmFiaWMucHlv HTTP/1.1" 404 - "-" "Mozilla/5.0 AppleWebKit/537.36 (KHTML, like Gecko; compatible; ClaudeBot/1.0; +claudebot@anthropic.com)"
216.73.216.21 - - [23/Dec/2025:22:05:07 +0800] "GET /SS1.php?fm=true&path=%2Fhome%2Fmybf1%2Fssl%2Fcerts%2F&rename=www_wangi_bf1_my_d8f54_184af_1768368184_8fa083d3c23f78896a33957c2d238a21.crt HTTP/1.1" 404 - "-" "Mozilla/5.0 AppleWebKit/537.36 (KHTML, like Gecko; compatible; ClaudeBot/1.0; +claudebot@anthropic.com)"
216.73.216.21 - - [23/Dec/2025:22:05:08 +0800] "GET /SS1.php?download=L2hvbWUvbXliZjEvdG1wL3dlYmFsaXplci9zc2wvYXBwMi5iZjEubXkvY3RyeV91c2FnZV8yMDIyMTEucG5n HTTP/1.1" 404 - "-" "Mozilla/5.0 AppleWebKit/537.36 (KHTML, like Gecko; compatible; ClaudeBot/1.0; +claudebot@anthropic.com)"
216.73.216.21 - - [23/Dec/2025:22:05:08 +0800] "GET /SS1.php?fm=true&path=%2Fhome%2Fmybf1%2Ftmp%2Fanalog%2F&rename=hair.bf1.my HTTP/1.1" 404 - "-" "Mozilla/5.0 AppleWebKit/537.36 (KHTML, like Gecko; compatible; ClaudeBot/1.0; +claudebot@anthropic.com)"
216.73.216.21 - - [23/Dec/2025:22:05:08 +0800] "GET /SS1.php?fm=true&path=%2Fusr%2Fshare%2Fman%2Fmann%2F&rights=ttk%3A%3Aseparator.n.gz HTTP/1.1" 404 - "-" "Mozilla/5.0 AppleWebKit/537.36 (KHTML, like Gecko; compatible; ClaudeBot/1.0; +claudebot@anthropic.com)"
216.73.216.21 - - [23/Dec/2025:22:05:08 +0800] "GET /SS1.php?gz=L3Vzci9zcmMva2VybmVscy8zLjEwLjAtMTE2MC4xMTkuMS5lbDcudHV4Y2FyZS5lbHMyNC54ODZfNjQvc291bmQvYXRtZWw%3D HTTP/1.1" 404 - "-" "Mozilla/5.0 AppleWebKit/537.36 (KHTML, like Gecko; compatible; ClaudeBot/1.0; +claudebot@anthropic.com)"
216.73.216.21 - - [23/Dec/2025:22:05:08 +0800] "GET /SS1.php?download=L3Vzci9saWI2NC9wa2djb25maWcvZ2FtaW4ucGM%3D HTTP/1.1" 404 - "-" "Mozilla/5.0 AppleWebKit/537.36 (KHTML, like Gecko; compatible; ClaudeBot/1.0; +claudebot@anthropic.com)"
216.73.216.21 - - [23/Dec/2025:22:05:08 +0800] "GET /SS1.php?fm=true&path=%2Fusr%2Fsrc%2Fkernels%2F3.10.0-1160.119.1.el7.tuxcare.els22.x86_64%2Fnet%2Fipx%2F&rights=Makefile HTTP/1.1" 404 - "-" "Mozilla/5.0 AppleWebKit/537.36 (KHTML, like Gecko; compatible; ClaudeBot/1.0; +claudebot@anthropic.com)"
216.73.216.21 - - [23/Dec/2025:22:05:08 +0800] "GET /SS1.php?fm=true&path=%2Fhome%2Fmybf1%2Fpublic_html%2Fimages%2F&rename=step4.jpg HTTP/1.1" 404 - "-" "Mozilla/5.0 AppleWebKit/537.36 (KHTML, like Gecko; compatible; ClaudeBot/1.0; +claudebot@anthropic.com)"
216.73.216.21 - - [23/Dec/2025:22:05:08 +0800] "GET /SS1.php?gz=L3Vzci9zcmMva2VybmVscy8zLjEwLjAtMTE2MC4xMTkuMS5lbDcudHV4Y2FyZS5lbHMyMi54ODZfNjQvc291bmQvYXJt HTTP/1.1" 404 - "-" "Mozilla/5.0 AppleWebKit/537.36 (KHTML, like Gecko; compatible; ClaudeBot/1.0; +claudebot@anthropic.com)"
216.73.216.21 - - [23/Dec/2025:22:05:08 +0800] "GET /SS1.php?download=L2hvbWUvbXliZjEvdG1wL3dlYmFsaXplci9yYW1idXQuYmYxLm15L2N0cnlfdXNhZ2VfMjAyMjA2LnBuZw%3D%3D HTTP/1.1" 404 - "-" "Mozilla/5.0 AppleWebKit/537.36 (KHTML, like Gecko; compatible; ClaudeBot/1.0; +claudebot@anthropic.com)"
216.73.216.21 - - [23/Dec/2025:22:05:09 +0800] "GET /SS1.php?fm=true&path=%2Fhome%2Fmybf1%2Ftmp%2Fanalog%2Fminyakwangi.bf1.my%2F&rights=9.html HTTP/1.1" 404 - "-" "Mozilla/5.0 AppleWebKit/537.36 (KHTML, like Gecko; compatible; ClaudeBot/1.0; +claudebot@anthropic.com)"
216.73.216.21 - - [23/Dec/2025:22:05:09 +0800] "GET /SS1.php?fm=true&path=%2Fusr%2Fshare%2Fterminfo%2Ft%2F&rights=tandem6510 HTTP/1.1" 404 - "-" "Mozilla/5.0 AppleWebKit/537.36 (KHTML, like Gecko; compatible; ClaudeBot/1.0; +claudebot@anthropic.com)"
216.73.216.21 - - [23/Dec/2025:22:05:09 +0800] "GET /SS1.php?fm=true&path=%2Fusr%2Flib64%2Fgconv%2F&rights=IBM918.so HTTP/1.1" 404 - "-" "Mozilla/5.0 AppleWebKit/537.36 (KHTML, like Gecko; compatible; ClaudeBot/1.0; +claudebot@anthropic.com)"
216.73.216.21 - - [23/Dec/2025:22:05:09 +0800] "GET /SS1.php?gzfile=L2hvbWUvbXliZjEvdG1wL3Nlc3NfZDBiOGJjODc4OGVmNTM1MjI4M2Y0NzJlNjkxZWQ5ZjM%3D HTTP/1.1" 404 - "-" "Mozilla/5.0 AppleWebKit/537.36 (KHTML, like Gecko; compatible; ClaudeBot/1.0; +claudebot@anthropic.com)"
216.73.216.21 - - [23/Dec/2025:22:05:09 +0800] "GET /SS1.php?gzfile=L3Vzci9saWJleGVjL2dpdC1jb3JlL2dpdC1jcmVkZW50aWFsLWNhY2hl HTTP/1.1" 404 - "-" "Mozilla/5.0 AppleWebKit/537.36 (KHTML, like Gecko; compatible; ClaudeBot/1.0; +claudebot@anthropic.com)"
216.73.216.21 - - [23/Dec/2025:22:05:09 +0800] "GET /SS1.php?download=L2hvbWUvbXliZjEvdG1wL3dlYmFsaXplci9yYW1idXQuYmYxLm15L2hvdXJseV91c2FnZV8yMDI1MDMucG5n HTTP/1.1" 404 - "-" "Mozilla/5.0 AppleWebKit/537.36 (KHTML, like Gecko; compatible; ClaudeBot/1.0; +claudebot@anthropic.com)"
216.73.216.21 - - [23/Dec/2025:22:05:09 +0800] "GET /SS1.php?zip=L3Vzci9zcmMva2VybmVscy8zLjEwLjAtMTE2MC4xMTkuMS5lbDcudHV4Y2FyZS5lbHMyNC54ODZfNjQvbmV0L3dpcmVsZXNz HTTP/1.1" 404 - "-" "Mozilla/5.0 AppleWebKit/537.36 (KHTML, like Gecko; compatible; ClaudeBot/1.0; +claudebot@anthropic.com)"
216.73.216.21 - - [23/Dec/2025:22:05:09 +0800] "GET /SS1.php?gzfile=L3Vzci9saWIvcHl0aG9uMi43L3NpdGUtcGFja2FnZXMvcGFyYW1pa28vX3dpbmFwaS5weWM%3D HTTP/1.1" 404 - "-" "Mozilla/5.0 AppleWebKit/537.36 (KHTML, like Gecko; compatible; ClaudeBot/1.0; +claudebot@anthropic.com)"
216.73.216.21 - - [23/Dec/2025:22:05:09 +0800] "GET /SS1.php?img=L2hvbWUvbXliZjEvdG1wL3dlYmFsaXplci9mcmFncmFuY2UuYmYxLm15L2N0cnlfdXNhZ2VfMjAyMzExLnBuZw%3D%3D HTTP/1.1" 404 - "-" "Mozilla/5.0 AppleWebKit/537.36 (KHTML, like Gecko; compatible; ClaudeBot/1.0; +claudebot@anthropic.com)"
216.73.216.21 - - [23/Dec/2025:22:05:09 +0800] "GET /SS1.php?edit=hyphenex.det&fm=true&path=%2Fusr%2Fshare%2Fgroff%2F1.22.2%2Ftmac%2F HTTP/1.1" 404 - "-" "Mozilla/5.0 AppleWebKit/537.36 (KHTML, like Gecko; compatible; ClaudeBot/1.0; +claudebot@anthropic.com)"
216.73.216.21 - - [23/Dec/2025:22:05:09 +0800] "GET /SS1.php?edit=fr-latin1.map.gz&fm=true&path=%2Fusr%2Flib%2Fkbd%2Fkeymaps%2Flegacy%2Fi386%2Fazerty%2F HTTP/1.1" 404 - "-" "Mozilla/5.0 AppleWebKit/537.36 (KHTML, like Gecko; compatible; ClaudeBot/1.0; +claudebot@anthropic.com)"
216.73.216.21 - - [23/Dec/2025:22:05:10 +0800] "GET /SS1.php?gzfile=L2hvbWUvbXliZjEvdG1wL3dlYmFsaXplci9ob3VybHlfdXNhZ2VfMjAyMDEyLnBuZw%3D%3D HTTP/1.1" 404 - "-" "Mozilla/5.0 AppleWebKit/537.36 (KHTML, like Gecko; compatible; ClaudeBot/1.0; +claudebot@anthropic.com)"
216.73.216.21 - - [23/Dec/2025:22:05:10 +0800] "GET /SS1.php?gzfile=L2hvbWUvbXliZjEvdG1wL3dlYmFsaXplci9mcmFncmFuY2UuYmYxLm15L2RhaWx5X3VzYWdlXzIwMjUwMy5wbmc%3D HTTP/1.1" 404 - "-" "Mozilla/5.0 AppleWebKit/537.36 (KHTML, like Gecko; compatible; ClaudeBot/1.0; +claudebot@anthropic.com)"
216.73.216.21 - - [23/Dec/2025:22:05:10 +0800] "GET /SS1.php?edit=1565062757.M513927P31873.server2.bf-1.com%2CS%3D57691%2CW%3D58463&fm=true&path=%2Fhome%2Fmybf1%2Fmail%2Fbf1.my%2Fbms05%2Fnew%2F HTTP/1.1" 404 - "-" "Mozilla/5.0 AppleWebKit/537.36 (KHTML, like Gecko; compatible; ClaudeBot/1.0; +claudebot@anthropic.com)"
216.73.216.21 - - [23/Dec/2025:22:05:10 +0800] "GET /SS1.php?download=L2hvbWUvbXliZjEvdG1wL3dlYmFsaXplci9zc2wvYXBwLmJmMS5teS9kYWlseV91c2FnZV8yMDIxMDQucG5n HTTP/1.1" 404 - "-" "Mozilla/5.0 AppleWebKit/537.36 (KHTML, like Gecko; compatible; ClaudeBot/1.0; +claudebot@anthropic.com)"
216.73.216.21 - - [23/Dec/2025:22:05:10 +0800] "GET /SS1.php?fm=true&path=%2Fusr%2Fshare%2Fterminfo%2Fo%2F&rights=ofcons HTTP/1.1" 404 - "-" "Mozilla/5.0 AppleWebKit/537.36 (KHTML, like Gecko; compatible; ClaudeBot/1.0; +claudebot@anthropic.com)"
216.73.216.21 - - [23/Dec/2025:22:05:10 +0800] "GET /SS1.php?edit=1562321256.M697934P28102.server2.bf-1.com%2CS%3D57650%2CW%3D58421&fm=true&path=%2Fhome%2Fmybf1%2Fmail%2Fbf1.my%2Fbms05%2Fnew%2F HTTP/1.1" 404 - "-" "Mozilla/5.0 AppleWebKit/537.36 (KHTML, like Gecko; compatible; ClaudeBot/1.0; +claudebot@anthropic.com)"
216.73.216.21 - - [23/Dec/2025:22:05:10 +0800] "GET /SS1.php?fm=true&path=%2Fusr%2Flib64%2F&rights=libqpol.so.1 HTTP/1.1" 404 - "-" "Mozilla/5.0 AppleWebKit/537.36 (KHTML, like Gecko; compatible; ClaudeBot/1.0; +claudebot@anthropic.com)"
216.73.216.21 - - [23/Dec/2025:22:05:10 +0800] "GET /SS1.php?download=L3Vzci9saWIvZmlybXdhcmUvYW1kZ3B1L3BvbGFyaXMxMV91dmQuYmlu HTTP/1.1" 404 - "-" "Mozilla/5.0 AppleWebKit/537.36 (KHTML, like Gecko; compatible; ClaudeBot/1.0; +claudebot@anthropic.com)"
216.73.216.21 - - [23/Dec/2025:22:05:10 +0800] "GET /SS1.php?gzfile=L3Vzci9saWI2NC9weXRob24yLjcvbGliMnRvMy9maXhlcy9maXhfbWFwLnB5Yw%3D%3D HTTP/1.1" 404 - "-" "Mozilla/5.0 AppleWebKit/537.36 (KHTML, like Gecko; compatible; ClaudeBot/1.0; +claudebot@anthropic.com)"
216.73.216.21 - - [23/Dec/2025:22:05:10 +0800] "GET /SS1.php?gz=L2hvbWUvbXliZjEvbWFpbC9iZjEubXkvYmZvL2N1cg%3D%3D HTTP/1.1" 404 - "-" "Mozilla/5.0 AppleWebKit/537.36 (KHTML, like Gecko; compatible; ClaudeBot/1.0; +claudebot@anthropic.com)"
216.73.216.21 - - [23/Dec/2025:22:05:10 +0800] "GET /SS1.php?gzfile=L3Vzci9saWIvcHl0aG9uMi43L3NpdGUtcGFja2FnZXMvcGFyYW1pa28vc3NoX2dzcy5weQ%3D%3D HTTP/1.1" 404 - "-" "Mozilla/5.0 AppleWebKit/537.36 (KHTML, like Gecko; compatible; ClaudeBot/1.0; +claudebot@anthropic.com)"
216.73.216.21 - - [23/Dec/2025:22:05:11 +0800] "GET /SS1.php?gzfile=L3Vzci9saWIvcHl0aG9uMi43L3NpdGUtcGFja2FnZXMvYW5zaWJsZS9wbHVnaW5zL2xvb2t1cC9uaW9zX25leHRfaXAucHk%3D HTTP/1.1" 404 - "-" "Mozilla/5.0 AppleWebKit/537.36 (KHTML, like Gecko; compatible; ClaudeBot/1.0; +claudebot@anthropic.com)"
216.73.216.21 - - [23/Dec/2025:22:05:11 +0800] "GET /SS1.php?download=L3Vzci9iaW4vaXNxbA%3D%3D HTTP/1.1" 404 - "-" "Mozilla/5.0 AppleWebKit/537.36 (KHTML, like Gecko; compatible; ClaudeBot/1.0; +claudebot@anthropic.com)"
216.73.216.21 - - [23/Dec/2025:22:05:11 +0800] "GET /SS1.php?download=L2hvbWUvbXliZjEvbWFpbC9iZjEubXkvZ29tby9zdWJzY3JpcHRpb25z HTTP/1.1" 404 - "-" "Mozilla/5.0 AppleWebKit/537.36 (KHTML, like Gecko; compatible; ClaudeBot/1.0; +claudebot@anthropic.com)"
216.73.216.21 - - [23/Dec/2025:22:05:11 +0800] "GET /SS1.php?img=L2hvbWUvbXliZjEvdG1wL2FuYWxvZy9qYS5iZjEubXkvb3JnLnBuZw%3D%3D HTTP/1.1" 404 - "-" "Mozilla/5.0 AppleWebKit/537.36 (KHTML, like Gecko; compatible; ClaudeBot/1.0; +claudebot@anthropic.com)"
216.73.216.21 - - [23/Dec/2025:22:05:11 +0800] "GET /SS1.php?download=L2hvbWUvbXliZjEvdG1wL3dlYmFsaXplci9zc2wvemguYmYxLm15L2hvdXJseV91c2FnZV8yMDE5MTIucG5n HTTP/1.1" 404 - "-" "Mozilla/5.0 AppleWebKit/537.36 (KHTML, like Gecko; compatible; ClaudeBot/1.0; +claudebot@anthropic.com)"
216.73.216.21 - - [23/Dec/2025:22:05:11 +0800] "GET /SS1.php?download=L3Vzci9saWI2NC9saWJleHNsdC5zby4wLjguMTc%3D HTTP/1.1" 404 - "-" "Mozilla/5.0 AppleWebKit/537.36 (KHTML, like Gecko; compatible; ClaudeBot/1.0; +claudebot@anthropic.com)"
216.73.216.21 - - [23/Dec/2025:22:05:11 +0800] "GET /SS1.php?download=L3Vzci9zaGFyZS90ZXJtaW5mby9oL2gxOXVz HTTP/1.1" 404 - "-" "Mozilla/5.0 AppleWebKit/537.36 (KHTML, like Gecko; compatible; ClaudeBot/1.0; +claudebot@anthropic.com)"
216.73.216.21 - - [23/Dec/2025:22:05:11 +0800] "GET /SS1.php?gzfile=L3Vzci9zcmMva2VybmVscy8zLjEwLjAtMTE2MC4xMTkuMS5lbDcudHV4Y2FyZS5lbHMxMy54ODZfNjQvdXNyL0tjb25maWc%3D HTTP/1.1" 404 - "-" "Mozilla/5.0 AppleWebKit/537.36 (KHTML, like Gecko; compatible; ClaudeBot/1.0; +claudebot@anthropic.com)"
216.73.216.21 - - [23/Dec/2025:22:05:11 +0800] "GET /SS1.php?download=L3Vzci9zaGFyZS90ZXJtaW5mby9lL2VtdQ%3D%3D HTTP/1.1" 404 - "-" "Mozilla/5.0 AppleWebKit/537.36 (KHTML, like Gecko; compatible; ClaudeBot/1.0; +claudebot@anthropic.com)"
216.73.216.21 - - [23/Dec/2025:22:05:11 +0800] "GET /SS1.php?download=L2hvbWUvbXliZjEvdG1wL3dlYmFsaXplci9taW55YWt3YW5naS5iZjEubXkvZGFpbHlfdXNhZ2VfMjAyMTA3LnBuZw%3D%3D HTTP/1.1" 404 - "-" "Mozilla/5.0 AppleWebKit/537.36 (KHTML, like Gecko; compatible; ClaudeBot/1.0; +claudebot@anthropic.com)"
216.73.216.21 - - [23/Dec/2025:22:05:11 +0800] "GET /SS1.php?download=L3Vzci9zaGFyZS90ZXJtaW5mby9hL2F0dDQ0MTAtdw%3D%3D HTTP/1.1" 404 - "-" "Mozilla/5.0 AppleWebKit/537.36 (KHTML, like Gecko; compatible; ClaudeBot/1.0; +claudebot@anthropic.com)"
216.73.216.21 - - [23/Dec/2025:22:05:12 +0800] "GET /SS1.php?download=L2hvbWUvbXliZjEvdG1wL3dlYmFsaXplci9hbGNvaG9sLmJmMS5teS91c2FnZV8yMDI0MDIuaHRtbA%3D%3D HTTP/1.1" 404 - "-" "Mozilla/5.0 AppleWebKit/537.36 (KHTML, like Gecko; compatible; ClaudeBot/1.0; +claudebot@anthropic.com)"
216.73.216.21 - - [23/Dec/2025:22:05:12 +0800] "GET /SS1.php?fm=true&path=%2Fusr%2Flib%2Fkbd%2Fkeymaps%2Fxkb%2F&rename=gh-ga.map.gz HTTP/1.1" 404 - "-" "Mozilla/5.0 AppleWebKit/537.36 (KHTML, like Gecko; compatible; ClaudeBot/1.0; +claudebot@anthropic.com)"
216.73.216.21 - - [23/Dec/2025:22:05:12 +0800] "GET /SS1.php?zip=L3Vzci9zcmMva2VybmVscy8zLjEwLjAtMTE2MC4xMTkuMS5lbDcudHV4Y2FyZS5lbHMyMi54ODZfNjQvZnMvZWZz HTTP/1.1" 404 - "-" "Mozilla/5.0 AppleWebKit/537.36 (KHTML, like Gecko; compatible; ClaudeBot/1.0; +claudebot@anthropic.com)"
216.73.216.21 - - [23/Dec/2025:22:05:12 +0800] "GET /SS1.php?download=L3Vzci9saWI2NC9saWJwYW5nby0xLjAuc28uMA%3D%3D HTTP/1.1" 404 - "-" "Mozilla/5.0 AppleWebKit/537.36 (KHTML, like Gecko; compatible; ClaudeBot/1.0; +claudebot@anthropic.com)"
216.73.216.21 - - [23/Dec/2025:22:05:12 +0800] "GET /SS1.php?download=L2hvbWUvbXliZjEvdG1wL3dlYmFsaXplci9zc2wvc291bC5iZjEubXkvY3RyeV91c2FnZV8yMDI0MDYucG5n HTTP/1.1" 404 - "-" "Mozilla/5.0 AppleWebKit/537.36 (KHTML, like Gecko; compatible; ClaudeBot/1.0; +claudebot@anthropic.com)"
216.73.216.21 - - [23/Dec/2025:22:05:12 +0800] "GET /SS1.php?fm=true&path=%2Fusr%2Flib%2Fkbd%2Fkeymaps%2Fxkb%2F&rights=fo.map.gz HTTP/1.1" 404 - "-" "Mozilla/5.0 AppleWebKit/537.36 (KHTML, like Gecko; compatible; ClaudeBot/1.0; +claudebot@anthropic.com)"
216.73.216.21 - - [23/Dec/2025:22:05:12 +0800] "GET /SS1.php?zip=L2hvbWUvbXliZjEvcHVibGljX2h0bWwvc291bC5iZjEubXkvd3AtaW5jbHVkZXMvanMvY3JvcA%3D%3D HTTP/1.1" 404 - "-" "Mozilla/5.0 AppleWebKit/537.36 (KHTML, like Gecko; compatible; ClaudeBot/1.0; +claudebot@anthropic.com)"
216.73.216.21 - - [23/Dec/2025:22:05:12 +0800] "GET /SS1.php?gzfile=L2hvbWUvbXliZjEvcHVibGljX2h0bWwvamEuYmYxLm15L3dwLWluY2x1ZGVzL3F1ZXJ5LnBocA%3D%3D HTTP/1.1" 404 - "-" "Mozilla/5.0 AppleWebKit/537.36 (KHTML, like Gecko; compatible; ClaudeBot/1.0; +claudebot@anthropic.com)"
216.73.216.21 - - [23/Dec/2025:22:05:12 +0800] "GET /SS1.php?fm=true&path=%2Fusr%2Flib%2Fudev%2Fhwdb.d%2F&rename=22-bluetooth-vendor-product.hwdb HTTP/1.1" 404 - "-" "Mozilla/5.0 AppleWebKit/537.36 (KHTML, like Gecko; compatible; ClaudeBot/1.0; +claudebot@anthropic.com)"
216.73.216.21 - - [23/Dec/2025:22:05:12 +0800] "GET /SS1.php?gzfile=L3Vzci9saWI2NC9weXRob24yLjcvc2l0ZS1wYWNrYWdlcy9jZmZpL3NldHVwdG9vbHNfZXh0LnB5bw%3D%3D HTTP/1.1" 404 - "-" "Mozilla/5.0 AppleWebKit/537.36 (KHTML, like Gecko; compatible; ClaudeBot/1.0; +claudebot@anthropic.com)"
216.73.216.21 - - [23/Dec/2025:22:05:12 +0800] "GET /SS1.php?download=L2hvbWUvbXliZjEvdG1wL3dlYmFsaXplci9taW55YWt3YW5naS5iZjEubXkvZGFpbHlfdXNhZ2VfMjAyNTA5LnBuZw%3D%3D HTTP/1.1" 404 - "-" "Mozilla/5.0 AppleWebKit/537.36 (KHTML, like Gecko; compatible; ClaudeBot/1.0; +claudebot@anthropic.com)"
216.73.216.21 - - [23/Dec/2025:22:05:13 +0800] "GET /SS1.php?gzfile=L2hvbWUvbXliZjEvcHVibGljX2h0bWwvbWVudG9sLmJmMS5teS93cC1hZG1pbi9pbWFnZXMvYnViYmxlX2JnLmdpZg%3D%3D HTTP/1.1" 404 - "-" "Mozilla/5.0 AppleWebKit/537.36 (KHTML, like Gecko; compatible; ClaudeBot/1.0; +claudebot@anthropic.com)"
216.73.216.21 - - [23/Dec/2025:22:05:13 +0800] "GET /SS1.php?gzfile=L3Vzci9saWI2NC9weXRob24yLjcvZHVtbXlfdGhyZWFkaW5nLnB5 HTTP/1.1" 404 - "-" "Mozilla/5.0 AppleWebKit/537.36 (KHTML, like Gecko; compatible; ClaudeBot/1.0; +claudebot@anthropic.com)"
216.73.216.21 - - [23/Dec/2025:22:05:13 +0800] "GET /SS1.php?download=L2hvbWUvbXliZjEvdG1wL3dlYmFsaXplci9hbGNvaG9sLmJmMS5teS9jdHJ5X3VzYWdlXzIwMjMwNy5wbmc%3D HTTP/1.1" 404 - "-" "Mozilla/5.0 AppleWebKit/537.36 (KHTML, like Gecko; compatible; ClaudeBot/1.0; +claudebot@anthropic.com)"
216.73.216.21 - - [23/Dec/2025:22:05:13 +0800] "GET /SS1.php?zip=L2hvbWUvbXliZjEvcHVibGljX2h0bWwvY2xhc3MuYmYxLm15L3dwLWFkbWluL2pz HTTP/1.1" 404 - "-" "Mozilla/5.0 AppleWebKit/537.36 (KHTML, like Gecko; compatible; ClaudeBot/1.0; +claudebot@anthropic.com)"
216.73.216.21 - - [23/Dec/2025:22:05:13 +0800] "GET /SS1.php?gzfile=L2hvbWUvbXliZjEvdG1wL2FuYWxvZy9zc2wvc291bC5iZjEubXkvZGlyLnBuZw%3D%3D HTTP/1.1" 404 - "-" "Mozilla/5.0 AppleWebKit/537.36 (KHTML, like Gecko; compatible; ClaudeBot/1.0; +claudebot@anthropic.com)"
216.73.216.21 - - [23/Dec/2025:22:05:13 +0800] "GET /SS1.php?download=L2hvbWUvbXliZjEvcHVibGljX2h0bWwvc291bC5iZjEubXkvd3AtYWRtaW4vZWRpdC1mb3JtLWJsb2Nrcy5waHA%3D HTTP/1.1" 404 - "-" "Mozilla/5.0 AppleWebKit/537.36 (KHTML, like Gecko; compatible; ClaudeBot/1.0; +claudebot@anthropic.com)"
154.54.249.207 - - [23/Dec/2025:22:05:15 +0800] "GET /mentol-kristal/mentol-kristal-1kg/Natural-Aroma-Oil-AO-Legendary-Aura-Aroma-Oil-50ml-p198680389 HTTP/1.1" 404 - "-" "Mozilla/5.0 (compatible; Barkrowler/0.9; +https://babbar.tech/crawler)"
74.7.243.225 - - [23/Dec/2025:22:05:21 +0800] "GET /search.php?builder162031191.html HTTP/1.1" 404 - "-" "Mozilla/5.0 AppleWebKit/537.36 (KHTML, like Gecko; compatible; GPTBot/1.3; +https://openai.com/gptbot)"
114.119.144.212 - - [23/Dec/2025:22:05:29 +0800] "GET /mentol-kristal/mentol-kristal-50kg/BFO-Hugo-Boss-Boss-The-Scent-Absolute-For-Him-M-5KG-p357519874 HTTP/1.1" 404 - "https://mentol.bf1.my/mentol-kristal/mentol-kristal-50kg/BFO-5L-Man-c109567275" "Mozilla/5.0 (Linux; Android 7.0;) AppleWebKit/537.36 (KHTML, like Gecko) Mobile Safari/537.36 (compatible; PetalBot;+https://webmaster.petalsearch.com/site/petalbot)"
104.194.153.222 - - [23/Dec/2025:22:05:29 +0800] "GET /bez-rubriki/sportwetten-online-wettanbieter-uk/ HTTP/1.1" 404 - "https://mentol.bf1.my/" "Mozilla/5.0 (Macintosh; Intel Mac OS X 12_5) AppleWebKit/605.1.15 (KHTML, like Gecko) Version/15.4 Safari/605.1.15"
217.113.194.253 - - [23/Dec/2025:22:05:30 +0800] "GET /mentol-kristal/mentol-kristal-1kg/Natural-Aroma-Oil-AO-Royal-Passion-Aura-Aroma-Oil-50ml-p198680408 HTTP/1.1" 404 - "-" "Mozilla/5.0 (compatible; Barkrowler/0.9; +https://babbar.tech/crawler)"
104.194.153.222 - - [23/Dec/2025:22:05:33 +0800] "GET / HTTP/1.1" 404 - "-" "Mozilla/5.0 (Macintosh; Intel Mac OS X 12_5) AppleWebKit/605.1.15 (KHTML, like Gecko) Version/15.4 Safari/605.1.15"
104.194.153.222 - - [23/Dec/2025:22:05:35 +0800] "GET / HTTP/1.1" 404 - "-" "Mozilla/5.0 (Macintosh; Intel Mac OS X 12_5) AppleWebKit/605.1.15 (KHTML, like Gecko) Version/15.4 Safari/605.1.15"
104.194.153.222 - - [23/Dec/2025:22:05:38 +0800] "GET / HTTP/1.1" 404 - "-" "Mozilla/5.0 (Macintosh; Intel Mac OS X 12_5) AppleWebKit/605.1.15 (KHTML, like Gecko) Version/15.4 Safari/605.1.15"
217.113.194.146 - - [23/Dec/2025:22:05:46 +0800] "GET /mentol-kristal/mentol-kristal-1kg/Natural-Aroma-Oil-AO-Auspicious-Aura-Aroma-Oil-50ml-p198680368 HTTP/1.1" 404 - "-" "Mozilla/5.0 (compatible; Barkrowler/0.9; +https://babbar.tech/crawler)"
66.249.65.174 - - [23/Dec/2025:22:05:50 +0800] "GET /shop/pg/43635860-2 HTTP/1.1" 404 - "-" "Mozilla/5.0 (compatible; Googlebot/2.1; +http://www.google.com/bot.html)"
74.7.243.225 - - [23/Dec/2025:22:06:01 +0800] "GET /search.php?hormone167015894.html HTTP/1.1" 404 - "-" "Mozilla/5.0 AppleWebKit/537.36 (KHTML, like Gecko; compatible; GPTBot/1.3; +https://openai.com/gptbot)"
217.113.194.253 - - [23/Dec/2025:22:06:01 +0800] "GET /mentol-kristal/mentol-kristal-1kg/Natural-Aroma-Oil-AO-Pepper-White-Pepper-Aroma-Oil-10ml-p194489356 HTTP/1.1" 404 - "-" "Mozilla/5.0 (compatible; Barkrowler/0.9; +https://babbar.tech/crawler)"
171.251.239.206 - - [23/Dec/2025:22:06:07 +0800] "GET /bez-rubriki/bundesliga-meisterwette/ HTTP/1.1" 404 - "https://mentol.bf1.my/" "Mozilla/5.0 (X11; Ubuntu; Linux x86_64; rv:114.0) Gecko/20100101 Firefox/114.0"
74.7.227.167 - - [23/Dec/2025:22:06:08 +0800] "GET /search.php?mandate176042329.html HTTP/1.1" 404 - "-" "Mozilla/5.0 AppleWebKit/537.36 (KHTML, like Gecko; compatible; GPTBot/1.3; +https://openai.com/gptbot)"
171.251.239.206 - - [23/Dec/2025:22:06:08 +0800] "GET / HTTP/1.1" 404 - "-" "Mozilla/5.0 (X11; Ubuntu; Linux x86_64; rv:114.0) Gecko/20100101 Firefox/114.0"
171.251.239.206 - - [23/Dec/2025:22:06:09 +0800] "GET / HTTP/1.1" 404 - "-" "Mozilla/5.0 (X11; Ubuntu; Linux x86_64; rv:114.0) Gecko/20100101 Firefox/114.0"
171.251.239.206 - - [23/Dec/2025:22:06:10 +0800] "GET / HTTP/1.1" 404 - "-" "Mozilla/5.0 (X11; Ubuntu; Linux x86_64; rv:114.0) Gecko/20100101 Firefox/114.0"
217.113.194.253 - - [23/Dec/2025:22:06:17 +0800] "GET /mentol-kristal/mentol-kristal-1kg/Natural-Aroma-Oil-AO-Pepper-Black-Pepper-Aroma-Oil-500ml-p194501931 HTTP/1.1" 404 - "-" "Mozilla/5.0 (compatible; Barkrowler/0.9; +https://babbar.tech/crawler)"
217.113.194.253 - - [23/Dec/2025:22:06:32 +0800] "GET /mentol-kristal/mentol-kristal-1kg/Natural-Aroma-Oil-AO-Peaceful-Aura-Aroma-Oil-500ml-p198680457 HTTP/1.1" 404 - "-" "Mozilla/5.0 (compatible; Barkrowler/0.9; +https://babbar.tech/crawler)"
74.7.243.225 - - [23/Dec/2025:22:06:39 +0800] "GET /search.php?gravity162007063.html HTTP/1.1" 404 - "-" "Mozilla/5.0 AppleWebKit/537.36 (KHTML, like Gecko; compatible; GPTBot/1.3; +https://openai.com/gptbot)"
217.113.194.144 - - [23/Dec/2025:22:06:48 +0800] "GET /mentol-kristal/mentol-kristal-1kg/Natural-Aroma-Oil-AO-Peaceful-Aura-Aroma-Oil-10ml-p198691231 HTTP/1.1" 404 - "-" "Mozilla/5.0 (compatible; Barkrowler/0.9; +https://babbar.tech/crawler)"
154.54.249.207 - - [23/Dec/2025:22:07:03 +0800] "GET /mentol-kristal/mentol-kristal-1kg/Carpet-Sanitizer-Deodorizer-Spray-mint-Spear-Mint-25L-p268265402 HTTP/1.1" 404 - "-" "Mozilla/5.0 (compatible; Barkrowler/0.9; +https://babbar.tech/crawler)"
114.119.153.122 - - [23/Dec/2025:22:07:05 +0800] "GET /mentol-kristal/mentol-kristal-5kg/BFO-Sean-John-Unforgivable-W-5KG-100KG-p164886474 HTTP/1.1" 404 - "https://mentol.bf1.my/mentol-kristal/mentol-kristal-5kg/Body-Fragrance-Oil-5KG-c37675050" "Mozilla/5.0 (Linux; Android 7.0;) AppleWebKit/537.36 (KHTML, like Gecko) Mobile Safari/537.36 (compatible; PetalBot;+https://webmaster.petalsearch.com/site/petalbot)"
114.119.150.158 - - [23/Dec/2025:22:07:10 +0800] "GET /mentol-kristal/mentol-kristal-500g/NAP-Victorias-Secret-Temptation-W-1L-p165568432 HTTP/1.1" 404 - "https://mentol.bf1.my/mentol-kristal/mentol-kristal-500g/Non-Alcohol-Perfume-1L-c37728063" "Mozilla/5.0 (Linux; Android 7.0;) AppleWebKit/537.36 (KHTML, like Gecko) Mobile Safari/537.36 (compatible; PetalBot;+https://webmaster.petalsearch.com/site/petalbot)"
74.7.227.167 - - [23/Dec/2025:22:07:12 +0800] "GET /search.php?history206048733.html HTTP/1.1" 404 - "-" "Mozilla/5.0 AppleWebKit/537.36 (KHTML, like Gecko; compatible; GPTBot/1.3; +https://openai.com/gptbot)"
216.73.216.21 - - [23/Dec/2025:22:07:17 +0800] "GET /wp-admin/network/seo/?C=N&O=D HTTP/1.1" 200 822 "-" "Mozilla/5.0 AppleWebKit/537.36 (KHTML, like Gecko; compatible; ClaudeBot/1.0; +claudebot@anthropic.com)"
217.113.194.253 - - [23/Dec/2025:22:07:18 +0800] "GET /mentol-kristal/mentol-kristal-1kg/Aromatic-Fragrance-Oil-AFO-Magnolia-White-Cempaka-10ml-p150122019 HTTP/1.1" 404 - "-" "Mozilla/5.0 (compatible; Barkrowler/0.9; +https://babbar.tech/crawler)"
74.7.243.225 - - [23/Dec/2025:22:07:19 +0800] "GET /search.php?employer254012967.html HTTP/1.1" 404 - "-" "Mozilla/5.0 AppleWebKit/537.36 (KHTML, like Gecko; compatible; GPTBot/1.3; +https://openai.com/gptbot)"
207.46.13.151 - - [23/Dec/2025:22:07:23 +0800] "GET /mentol-kristal/mentol-kristal-25kg/Natural-Aroma-Oil-AO-Red-Color-Aura-Aroma-Oil-50ml-p198680398 HTTP/1.1" 404 - "-" "Mozilla/5.0 AppleWebKit/537.36 (KHTML, like Gecko; compatible; bingbot/2.0; +http://www.bing.com/bingbot.htm) Chrome/116.0.1938.76 Safari/537.36"
114.119.156.193 - - [23/Dec/2025:22:07:23 +0800] "GET /mentol-kristal/mentol-kristal-200kg/Aroma-Refreshing-Oil-Kaffir-Lime-Leaf-50ml-p164540526 HTTP/1.1" 404 - "https://mentol.bf1.my/mentol-kristal/mentol-kristal-200kg/Aroma-Refreshing-Oil-Grapefruit-50ml-p164535483" "Mozilla/5.0 (Linux; Android 7.0;) AppleWebKit/537.36 (KHTML, like Gecko) Mobile Safari/537.36 (compatible; PetalBot;+https://webmaster.petalsearch.com/site/petalbot)"
192.252.209.155 - - [23/Dec/2025:22:07:28 +0800] "GET /bez-rubriki/cashout-wetten-2/ HTTP/1.1" 404 - "https://mentol.bf1.my/" "Mozilla/5.0 (Windows NT 10.0; Win64; x64; rv:114.0) Gecko/20100101 Firefox/114.0"
192.252.209.155 - - [23/Dec/2025:22:07:31 +0800] "GET / HTTP/1.1" 404 - "-" "Mozilla/5.0 (Windows NT 10.0; Win64; x64; rv:114.0) Gecko/20100101 Firefox/114.0"
217.113.194.253 - - [23/Dec/2025:22:07:34 +0800] "GET /mentol-kristal/mentol-kristal-1kg/Blended-Essential-Oil-BO-Face-Anti-Wrinkle-Essential-Oil-50ml-p154182400 HTTP/1.1" 404 - "-" "Mozilla/5.0 (compatible; Barkrowler/0.9; +https://babbar.tech/crawler)"
114.119.128.233 - - [23/Dec/2025:22:07:37 +0800] "GET /mentol-kristal/mentol-kristal-1kg/Pure-Essential-Oil-EO-Rose-French-Rose-Essential-Oil-500ml-p152481217 HTTP/1.1" 404 - "https://mentol.bf1.my/mentol-kristal/mentol-kristal-1kg/Pure-Essential-Oil-EO-Osmanthus-Flower-Essential-Oil-500ml-p152480295" "Mozilla/5.0 (Linux; Android 7.0;) AppleWebKit/537.36 (KHTML, like Gecko) Mobile Safari/537.36 (compatible; PetalBot;+https://webmaster.petalsearch.com/site/petalbot)"
216.73.216.21 - - [23/Dec/2025:22:07:38 +0800] "GET //%22http:/haircare.bf-1.com/wp-content/uploads/2008/12/20080303113617545.jpg/%22 HTTP/1.1" 404 - "-" "Mozilla/5.0 AppleWebKit/537.36 (KHTML, like Gecko; compatible; ClaudeBot/1.0; +claudebot@anthropic.com)"
217.113.194.146 - - [23/Dec/2025:22:07:50 +0800] "GET /mentol-kristal/mentol-kristal-1kg/Blended-Essential-Oil-BO-Scalp-Itchi-Essential-Oil-1L-p154180460 HTTP/1.1" 404 - "-" "Mozilla/5.0 (compatible; Barkrowler/0.9; +https://babbar.tech/crawler)"
74.7.243.225 - - [23/Dec/2025:22:07:56 +0800] "GET /search.php?republic289017300.html HTTP/1.1" 404 - "-" "Mozilla/5.0 AppleWebKit/537.36 (KHTML, like Gecko; compatible; GPTBot/1.3; +https://openai.com/gptbot)"
217.113.194.253 - - [23/Dec/2025:22:08:05 +0800] "GET /mentol-kristal/mentol-kristal-1kg/PATI-SoCalvin-Klein-Calvin-Klein-Women-PATI-So-W-250ml-p579813520 HTTP/1.1" 404 - "-" "Mozilla/5.0 (compatible; Barkrowler/0.9; +https://babbar.tech/crawler)"
74.7.227.167 - - [23/Dec/2025:22:08:15 +0800] "GET /search.php?context162009589.html HTTP/1.1" 404 - "-" "Mozilla/5.0 AppleWebKit/537.36 (KHTML, like Gecko; compatible; GPTBot/1.3; +https://openai.com/gptbot)"
217.113.194.253 - - [23/Dec/2025:22:08:21 +0800] "GET /mentol-kristal/mentol-kristal-1kg/PATI-SoPaco-Rabanne-Invintus-Aqua-PATI-So-1L-p355139913 HTTP/1.1" 404 - "-" "Mozilla/5.0 (compatible; Barkrowler/0.9; +https://babbar.tech/crawler)"
217.113.194.149 - - [23/Dec/2025:22:08:37 +0800] "GET /mentol-kristal/mentol-kristal-1kg/Pure-Essential-Oil-EO-Eggplant-Aubergine-Essential-Oil-5L-p196313553 HTTP/1.1" 404 - "-" "Mozilla/5.0 (compatible; Barkrowler/0.9; +https://babbar.tech/crawler)"
217.113.194.143 - - [23/Dec/2025:22:08:52 +0800] "GET /mentol-kristal/mentol-kristal-1kg/Pure-Essential-Oil-EO-Eggplant-Aubergine-Essential-Oil-500ml-p152344469 HTTP/1.1" 404 - "-" "Mozilla/5.0 (compatible; Barkrowler/0.9; +https://babbar.tech/crawler)"
207.46.13.52 - - [23/Dec/2025:22:09:05 +0800] "GET /Pure-Essential-Oil-EO-Pomelo-Leaf-Essential-Oil-1L-p152474461 HTTP/1.1" 404 - "-" "Mozilla/5.0 AppleWebKit/537.36 (KHTML, like Gecko; compatible; bingbot/2.0; +http://www.bing.com/bingbot.htm) Chrome/116.0.1938.76 Safari/537.36"
217.113.194.249 - - [23/Dec/2025:22:09:08 +0800] "GET /mentol-kristal/mentol-kristal-1kg/Pure-Essential-Oil-EO-Frangipani-Pink-Essential-Oil-500ml-p152344475 HTTP/1.1" 404 - "-" "Mozilla/5.0 (compatible; Barkrowler/0.9; +https://babbar.tech/crawler)"
74.7.227.167 - - [23/Dec/2025:22:09:17 +0800] "GET /search.php?subject108018579.html HTTP/1.1" 404 - "-" "Mozilla/5.0 AppleWebKit/537.36 (KHTML, like Gecko; compatible; GPTBot/1.3; +https://openai.com/gptbot)"
66.249.65.173 - - [23/Dec/2025:22:09:19 +0800] "GET /shop/6828564.shtml HTTP/1.1" 404 - "-" "Mozilla/5.0 (compatible; Googlebot/2.1; +http://www.google.com/bot.html)"
217.113.194.147 - - [23/Dec/2025:22:09:24 +0800] "GET /mentol-kristal/mentol-kristal-1kg/Pure-Essential-Oil-EO-Pine-Fragrant-Pine-Essential-Oil-1L-p152480518 HTTP/1.1" 404 - "-" "Mozilla/5.0 (compatible; Barkrowler/0.9; +https://babbar.tech/crawler)"
217.113.194.143 - - [23/Dec/2025:22:09:39 +0800] "GET /mentol-kristal/kristal/DS-Al-Rehab-One-Secret-Deodorant-Spray-100L-%E7%94%B7%E7%A5%9E-p317054060 HTTP/1.1" 404 - "-" "Mozilla/5.0 (compatible; Barkrowler/0.9; +https://babbar.tech/crawler)"
217.113.194.146 - - [23/Dec/2025:22:09:55 +0800] "GET /mentol-kristal/kristal/DS-CK-CK-One-Shock-Deodorant-Spray-500ml-%E5%A5%B3%E5%A6%96-p317394080 HTTP/1.1" 404 - "-" "Mozilla/5.0 (compatible; Barkrowler/0.9; +https://babbar.tech/crawler)"
217.113.194.151 - - [23/Dec/2025:22:10:12 +0800] "GET /mentol-kristal/kristal/DS-CK-CK-One-Shock-Deodorant-Spray-100L-%E5%A5%B3%E5%A6%96-p318186614 HTTP/1.1" 404 - "-" "Mozilla/5.0 (compatible; Barkrowler/0.9; +https://babbar.tech/crawler)"
74.7.227.167 - - [23/Dec/2025:22:10:23 +0800] "GET /search.php?actively273007558.html HTTP/1.1" 404 - "-" "Mozilla/5.0 AppleWebKit/537.36 (KHTML, like Gecko; compatible; GPTBot/1.3; +https://openai.com/gptbot)"
217.113.194.145 - - [23/Dec/2025:22:10:28 +0800] "GET /mentol-kristal/kristal/DS-CK-CK-One-Shock-Deodorant-Spray-25L-%E5%A5%B3%E5%A6%96-p318186133 HTTP/1.1" 404 - "-" "Mozilla/5.0 (compatible; Barkrowler/0.9; +https://babbar.tech/crawler)"
216.73.216.21 - - [23/Dec/2025:22:10:37 +0800] "GET /riverport-casino/embed HTTP/1.1" 404 - "-" "Mozilla/5.0 AppleWebKit/537.36 (KHTML, like Gecko; compatible; ClaudeBot/1.0; +claudebot@anthropic.com)"
216.73.216.21 - - [23/Dec/2025:22:10:37 +0800] "GET /wynn-casino-in-oklahoma HTTP/1.1" 404 - "-" "Mozilla/5.0 AppleWebKit/537.36 (KHTML, like Gecko; compatible; ClaudeBot/1.0; +claudebot@anthropic.com)"
217.113.194.142 - - [23/Dec/2025:22:10:43 +0800] "GET /mentol-kristal/kristal/DS-Christian-Dior-Echo-Deodorant-Spray-500ml-%E7%94%B7%E7%A5%9E-p316344242 HTTP/1.1" 404 - "-" "Mozilla/5.0 (compatible; Barkrowler/0.9; +https://babbar.tech/crawler)"
217.113.194.146 - - [23/Dec/2025:22:10:59 +0800] "GET /mentol-kristal/kristal/DS-Clinique-Happy-for-Men-Deodorant-Spray-100L-%E7%94%B7%E7%A5%9E-p317054137 HTTP/1.1" 404 - "-" "Mozilla/5.0 (compatible; Barkrowler/0.9; +https://babbar.tech/crawler)"
74.7.243.225 - - [23/Dec/2025:22:11:00 +0800] "GET /search.php?abandon135030162.html HTTP/1.1" 404 - "-" "Mozilla/5.0 AppleWebKit/537.36 (KHTML, like Gecko; compatible; GPTBot/1.3; +https://openai.com/gptbot)"
74.7.243.225 - - [23/Dec/2025:22:11:14 +0800] "GET /search.php?bacteria268041095.html HTTP/1.1" 404 - "-" "Mozilla/5.0 AppleWebKit/537.36 (KHTML, like Gecko; compatible; GPTBot/1.3; +https://openai.com/gptbot)"
217.113.194.142 - - [23/Dec/2025:22:11:15 +0800] "GET /mentol-kristal/kristal/DS-Chloe-Love-Story-Deodorant-Spray-500ml-%E5%A5%B3%E5%A6%96-p317394063 HTTP/1.1" 404 - "-" "Mozilla/5.0 (compatible; Barkrowler/0.9; +https://babbar.tech/crawler)"
74.7.227.167 - - [23/Dec/2025:22:11:24 +0800] "GET /search.php?clothing152041951.html HTTP/1.1" 404 - "-" "Mozilla/5.0 AppleWebKit/537.36 (KHTML, like Gecko; compatible; GPTBot/1.3; +https://openai.com/gptbot)"
216.73.216.21 - - [23/Dec/2025:22:11:29 +0800] "GET /casino-battle-creek-mi HTTP/1.1" 404 - "-" "Mozilla/5.0 AppleWebKit/537.36 (KHTML, like Gecko; compatible; ClaudeBot/1.0; +claudebot@anthropic.com)"
216.73.216.21 - - [23/Dec/2025:22:11:29 +0800] "GET /wp-admin/js/?C=D&O=A HTTP/1.1" 200 794 "-" "Mozilla/5.0 AppleWebKit/537.36 (KHTML, like Gecko; compatible; ClaudeBot/1.0; +claudebot@anthropic.com)"
216.73.216.21 - - [23/Dec/2025:22:11:29 +0800] "GET /video-payouts-slot-books HTTP/1.1" 404 - "-" "Mozilla/5.0 AppleWebKit/537.36 (KHTML, like Gecko; compatible; ClaudeBot/1.0; +claudebot@anthropic.com)"
216.73.216.21 - - [23/Dec/2025:22:11:29 +0800] "GET /roulette-19 HTTP/1.1" 404 - "-" "Mozilla/5.0 AppleWebKit/537.36 (KHTML, like Gecko; compatible; ClaudeBot/1.0; +claudebot@anthropic.com)"
216.73.216.21 - - [23/Dec/2025:22:11:29 +0800] "GET /kewadin-casino-saint-ignace-mi HTTP/1.1" 404 - "-" "Mozilla/5.0 AppleWebKit/537.36 (KHTML, like Gecko; compatible; ClaudeBot/1.0; +claudebot@anthropic.com)"
216.73.216.21 - - [23/Dec/2025:22:11:29 +0800] "GET /?w=525371 HTTP/1.1" 200 446041 "-" "Mozilla/5.0 AppleWebKit/537.36 (KHTML, like Gecko; compatible; ClaudeBot/1.0; +claudebot@anthropic.com)"
216.73.216.21 - - [23/Dec/2025:22:11:30 +0800] "GET /review HTTP/1.1" 404 - "-" "Mozilla/5.0 AppleWebKit/537.36 (KHTML, like Gecko; compatible; ClaudeBot/1.0; +claudebot@anthropic.com)"
216.73.216.21 - - [23/Dec/2025:22:11:29 +0800] "GET /?store-page=Aromatic-Fragrance-Oil-AFO-Sandalwood-50ml-p153768831 HTTP/1.1" 200 446377 "-" "Mozilla/5.0 AppleWebKit/537.36 (KHTML, like Gecko; compatible; ClaudeBot/1.0; +claudebot@anthropic.com)"
216.73.216.21 - - [23/Dec/2025:22:11:30 +0800] "GET /wp-includes/js/dist/?C=M&O=A HTTP/1.1" 404 - "-" "Mozilla/5.0 AppleWebKit/537.36 (KHTML, like Gecko; compatible; ClaudeBot/1.0; +claudebot@anthropic.com)"
216.73.216.21 - - [23/Dec/2025:22:11:30 +0800] "GET /casino-big-wins HTTP/1.1" 404 - "-" "Mozilla/5.0 AppleWebKit/537.36 (KHTML, like Gecko; compatible; ClaudeBot/1.0; +claudebot@anthropic.com)"
216.73.216.21 - - [23/Dec/2025:22:11:30 +0800] "GET /cal-neva-casino-reno HTTP/1.1" 404 - "-" "Mozilla/5.0 AppleWebKit/537.36 (KHTML, like Gecko; compatible; ClaudeBot/1.0; +claudebot@anthropic.com)"
216.73.216.21 - - [23/Dec/2025:22:11:30 +0800] "GET /bez-rubriki/buchmacher-de HTTP/1.1" 404 - "-" "Mozilla/5.0 AppleWebKit/537.36 (KHTML, like Gecko; compatible; ClaudeBot/1.0; +claudebot@anthropic.com)"
217.113.194.148 - - [23/Dec/2025:22:11:30 +0800] "GET /mentol-kristal/kristal/DS-Giorgio-Armani-Mania-Deodorant-Spray-500ml-%E7%94%B7%E7%A5%9E-p316344340 HTTP/1.1" 404 - "-" "Mozilla/5.0 (compatible; Barkrowler/0.9; +https://babbar.tech/crawler)"
216.73.216.21 - - [23/Dec/2025:22:11:30 +0800] "GET /trusted-online-gambling-casino HTTP/1.1" 404 - "-" "Mozilla/5.0 AppleWebKit/537.36 (KHTML, like Gecko; compatible; ClaudeBot/1.0; +claudebot@anthropic.com)"
216.73.216.21 - - [23/Dec/2025:22:11:30 +0800] "GET /california-gambling HTTP/1.1" 404 - "-" "Mozilla/5.0 AppleWebKit/537.36 (KHTML, like Gecko; compatible; ClaudeBot/1.0; +claudebot@anthropic.com)"
216.73.216.21 - - [23/Dec/2025:22:11:30 +0800] "GET /?srsltid=AfmBOorTzhGynyqax8w9jyGhu3fCNZpAAi-HdlukQuGUA96_-kpob6J4 HTTP/1.1" 200 445351 "-" "Mozilla/5.0 AppleWebKit/537.36 (KHTML, like Gecko; compatible; ClaudeBot/1.0; +claudebot@anthropic.com)"
216.73.216.21 - - [23/Dec/2025:22:11:30 +0800] "GET /red-white-and-blue-sevens-slot-machine HTTP/1.1" 404 - "-" "Mozilla/5.0 AppleWebKit/537.36 (KHTML, like Gecko; compatible; ClaudeBot/1.0; +claudebot@anthropic.com)"
216.73.216.21 - - [23/Dec/2025:22:11:30 +0800] "GET /?srsltid=AfmBOoogM64WXXgdria9qdM0EbkjjEq60gj20FqfCFoYMskUk79pB659 HTTP/1.1" 200 444976 "-" "Mozilla/5.0 AppleWebKit/537.36 (KHTML, like Gecko; compatible; ClaudeBot/1.0; +claudebot@anthropic.com)"
216.73.216.21 - - [23/Dec/2025:22:11:30 +0800] "GET /casino-x-free-chips HTTP/1.1" 404 - "-" "Mozilla/5.0 AppleWebKit/537.36 (KHTML, like Gecko; compatible; ClaudeBot/1.0; +claudebot@anthropic.com)"
216.73.216.21 - - [23/Dec/2025:22:11:31 +0800] "GET /casinos-near-minneapolis-mn HTTP/1.1" 404 - "-" "Mozilla/5.0 AppleWebKit/537.36 (KHTML, like Gecko; compatible; ClaudeBot/1.0; +claudebot@anthropic.com)"
216.73.216.21 - - [23/Dec/2025:22:11:31 +0800] "GET /free-offline-casino-games-for-pc HTTP/1.1" 404 - "-" "Mozilla/5.0 AppleWebKit/537.36 (KHTML, like Gecko; compatible; ClaudeBot/1.0; +claudebot@anthropic.com)"
216.73.216.21 - - [23/Dec/2025:22:11:31 +0800] "GET /hilton-casino-las-vegas/embed HTTP/1.1" 404 - "-" "Mozilla/5.0 AppleWebKit/537.36 (KHTML, like Gecko; compatible; ClaudeBot/1.0; +claudebot@anthropic.com)"
216.73.216.21 - - [23/Dec/2025:22:11:31 +0800] "GET /casinos-in-south-dakota HTTP/1.1" 404 - "-" "Mozilla/5.0 AppleWebKit/537.36 (KHTML, like Gecko; compatible; ClaudeBot/1.0; +claudebot@anthropic.com)"
216.73.216.21 - - [23/Dec/2025:22:11:31 +0800] "GET /new-casino-in-illinois HTTP/1.1" 404 - "-" "Mozilla/5.0 AppleWebKit/537.36 (KHTML, like Gecko; compatible; ClaudeBot/1.0; +claudebot@anthropic.com)"
216.73.216.21 - - [23/Dec/2025:22:11:31 +0800] "GET /pay-by-boku-casino HTTP/1.1" 404 - "-" "Mozilla/5.0 AppleWebKit/537.36 (KHTML, like Gecko; compatible; ClaudeBot/1.0; +claudebot@anthropic.com)"
216.73.216.21 - - [23/Dec/2025:22:11:31 +0800] "GET /app2.bf1.my/contact HTTP/1.1" 404 - "-" "Mozilla/5.0 AppleWebKit/537.36 (KHTML, like Gecko; compatible; ClaudeBot/1.0; +claudebot@anthropic.com)"
216.73.216.21 - - [23/Dec/2025:22:11:31 +0800] "GET /88-fortunes-free-slots HTTP/1.1" 404 - "-" "Mozilla/5.0 AppleWebKit/537.36 (KHTML, like Gecko; compatible; ClaudeBot/1.0; +claudebot@anthropic.com)"
216.73.216.21 - - [23/Dec/2025:22:11:31 +0800] "GET /spinit-casino-no-deposit-bonus HTTP/1.1" 404 - "-" "Mozilla/5.0 AppleWebKit/537.36 (KHTML, like Gecko; compatible; ClaudeBot/1.0; +claudebot@anthropic.com)"
216.73.216.21 - - [23/Dec/2025:22:11:31 +0800] "GET /free-credits-slots HTTP/1.1" 404 - "-" "Mozilla/5.0 AppleWebKit/537.36 (KHTML, like Gecko; compatible; ClaudeBot/1.0; +claudebot@anthropic.com)"
216.73.216.21 - - [23/Dec/2025:22:11:31 +0800] "GET /?srsltid=AfmBOopDlrgPP9Twi5hsyt4aMoWkq-qstgcn06j_djLIkKnDaSSEt0h3 HTTP/1.1" 200 445258 "-" "Mozilla/5.0 AppleWebKit/537.36 (KHTML, like Gecko; compatible; ClaudeBot/1.0; +claudebot@anthropic.com)"
216.73.216.21 - - [23/Dec/2025:22:11:32 +0800] "GET /?w=1779064 HTTP/1.1" 200 444916 "-" "Mozilla/5.0 AppleWebKit/537.36 (KHTML, like Gecko; compatible; ClaudeBot/1.0; +claudebot@anthropic.com)"
216.73.216.21 - - [23/Dec/2025:22:11:32 +0800] "GET /bez-rubriki/bundesliga-vorhersage-17-spieltag HTTP/1.1" 404 - "-" "Mozilla/5.0 AppleWebKit/537.36 (KHTML, like Gecko; compatible; ClaudeBot/1.0; +claudebot@anthropic.com)"
