芝麻web文件管理V1.00
编辑当前文件:/home/mybf1/access-logs/mentol.bf1.my-ssl_log
66.249.65.160 - - [23/Dec/2025:20:16:07 +0800] "GET /shop/6512362.shtml HTTP/1.1" 404 - "-" "Mozilla/5.0 (Linux; Android 6.0.1; Nexus 5X Build/MMB29P) AppleWebKit/537.36 (KHTML, like Gecko) Chrome/141.0.7390.122 Mobile Safari/537.36 (compatible; Googlebot/2.1; +http://www.google.com/bot.html)"
66.249.65.174 - - [23/Dec/2025:20:16:07 +0800] "GET /shop/5891074.shtml HTTP/1.1" 404 - "-" "Mozilla/5.0 (Linux; Android 6.0.1; Nexus 5X Build/MMB29P) AppleWebKit/537.36 (KHTML, like Gecko) Chrome/141.0.7390.122 Mobile Safari/537.36 (compatible; Googlebot/2.1; +http://www.google.com/bot.html)"
217.113.194.150 - - [23/Dec/2025:20:16:10 +0800] "GET /mentol-kristal/mentol-kristal-50kg/Pure-Essential-Oil-EO-Lemon-Green-Lemon-Essential-Oil-1L-p152480430 HTTP/1.1" 404 - "-" "Mozilla/5.0 (compatible; Barkrowler/0.9; +https://babbar.tech/crawler)"
74.7.227.167 - - [23/Dec/2025:20:16:17 +0800] "GET /search.php?shopping175007368.html HTTP/1.1" 404 - "-" "Mozilla/5.0 AppleWebKit/537.36 (KHTML, like Gecko; compatible; GPTBot/1.3; +https://openai.com/gptbot)"
66.249.65.174 - - [23/Dec/2025:20:16:19 +0800] "GET /shop/5477127.shtml HTTP/1.1" 404 - "-" "Mozilla/5.0 (Linux; Android 6.0.1; Nexus 5X Build/MMB29P) AppleWebKit/537.36 (KHTML, like Gecko) Chrome/141.0.7390.122 Mobile Safari/537.36 (compatible; Googlebot/2.1; +http://www.google.com/bot.html)"
74.7.243.225 - - [23/Dec/2025:20:16:20 +0800] "GET /search.php?request186049203.html HTTP/1.1" 404 - "-" "Mozilla/5.0 AppleWebKit/537.36 (KHTML, like Gecko; compatible; GPTBot/1.3; +https://openai.com/gptbot)"
217.113.194.144 - - [23/Dec/2025:20:16:26 +0800] "GET /mentol-kristal/mentol-kristal-50kg/Pure-Essential-Oil-EO-Lemon-Green-Lemon-Essential-Oil-10ml-p151435202 HTTP/1.1" 404 - "-" "Mozilla/5.0 (compatible; Barkrowler/0.9; +https://babbar.tech/crawler)"
217.113.194.142 - - [23/Dec/2025:20:16:41 +0800] "GET /mentol-kristal/mentol-kristal-50kg/Pure-Essential-Oil-EO-Lemon-Verbena-Essential-Oil-1L-p152480433 HTTP/1.1" 404 - "-" "Mozilla/5.0 (compatible; Barkrowler/0.9; +https://babbar.tech/crawler)"
217.113.194.231 - - [23/Dec/2025:20:16:57 +0800] "GET /mentol-kristal/mentol-kristal-50kg/Carpet-Sanitizer-Deodorizer-Spray-Honey-Melon-500ml-p268265334 HTTP/1.1" 404 - "-" "Mozilla/5.0 (compatible; Barkrowler/0.9; +https://babbar.tech/crawler)"
74.7.243.225 - - [23/Dec/2025:20:16:58 +0800] "GET /search.php?opponent274035469.html HTTP/1.1" 404 - "-" "Mozilla/5.0 AppleWebKit/537.36 (KHTML, like Gecko; compatible; GPTBot/1.3; +https://openai.com/gptbot)"
217.113.194.145 - - [23/Dec/2025:20:17:12 +0800] "GET /mentol-kristal/mentol-kristal-50kg/Hijab-Spray-Inspired-Perfume-Scents-25000ml-25L-p491641461 HTTP/1.1" 404 - "-" "Mozilla/5.0 (compatible; Barkrowler/0.9; +https://babbar.tech/crawler)"
74.7.227.167 - - [23/Dec/2025:20:17:18 +0800] "GET /search.php?location160041843.html HTTP/1.1" 404 - "-" "Mozilla/5.0 AppleWebKit/537.36 (KHTML, like Gecko; compatible; GPTBot/1.3; +https://openai.com/gptbot)"
217.113.194.149 - - [23/Dec/2025:20:17:28 +0800] "GET /mentol-kristal/mentol-kristal-50kg/Helmet-Sanitizer-And-Deodorizer-Spray-Citronella-500ml-p221907515 HTTP/1.1" 404 - "-" "Mozilla/5.0 (compatible; Barkrowler/0.9; +https://babbar.tech/crawler)"
74.7.243.225 - - [23/Dec/2025:20:17:35 +0800] "GET /search.php?struggle235004396.html HTTP/1.1" 404 - "-" "Mozilla/5.0 AppleWebKit/537.36 (KHTML, like Gecko; compatible; GPTBot/1.3; +https://openai.com/gptbot)"
216.73.216.21 - - [23/Dec/2025:20:17:35 +0800] "GET //%22http:/haircare.bf-1.com/wp-content/uploads/2009/08/P103006011.jpg/%22 HTTP/1.1" 404 - "-" "Mozilla/5.0 AppleWebKit/537.36 (KHTML, like Gecko; compatible; ClaudeBot/1.0; +claudebot@anthropic.com)"
216.73.216.21 - - [23/Dec/2025:20:17:35 +0800] "GET /.well-known/ai.txt HTTP/1.1" 404 - "-" "Mozilla/5.0 AppleWebKit/537.36 (KHTML, like Gecko; compatible; ClaudeBot/1.0; +claudebot@anthropic.com)"
216.73.216.21 - - [23/Dec/2025:20:17:36 +0800] "GET /hard-rock-tampa-slots HTTP/1.1" 404 - "-" "Mozilla/5.0 AppleWebKit/537.36 (KHTML, like Gecko; compatible; ClaudeBot/1.0; +claudebot@anthropic.com)"
216.73.216.21 - - [23/Dec/2025:20:17:36 +0800] "GET /bez-rubriki/bundesliga-vorhersage-tipps-18-spieltag HTTP/1.1" 404 - "-" "Mozilla/5.0 AppleWebKit/537.36 (KHTML, like Gecko; compatible; ClaudeBot/1.0; +claudebot@anthropic.com)"
216.73.216.21 - - [23/Dec/2025:20:17:36 +0800] "GET /casino-paypal-payment HTTP/1.1" 404 - "-" "Mozilla/5.0 AppleWebKit/537.36 (KHTML, like Gecko; compatible; ClaudeBot/1.0; +claudebot@anthropic.com)"
216.73.216.21 - - [23/Dec/2025:20:17:36 +0800] "GET /nj-online-casino-bonus-codes HTTP/1.1" 404 - "-" "Mozilla/5.0 AppleWebKit/537.36 (KHTML, like Gecko; compatible; ClaudeBot/1.0; +claudebot@anthropic.com)"
216.73.216.21 - - [23/Dec/2025:20:17:36 +0800] "GET /en/eo/rosemary-essential-oil-10ml.html HTTP/1.1" 404 - "-" "Mozilla/5.0 AppleWebKit/537.36 (KHTML, like Gecko; compatible; ClaudeBot/1.0; +claudebot@anthropic.com)"
216.73.216.21 - - [23/Dec/2025:20:17:36 +0800] "GET /earn-money-in-online-casinos/embed HTTP/1.1" 404 - "-" "Mozilla/5.0 AppleWebKit/537.36 (KHTML, like Gecko; compatible; ClaudeBot/1.0; +claudebot@anthropic.com)"
216.73.216.21 - - [23/Dec/2025:20:17:36 +0800] "GET /5-best-casinos HTTP/1.1" 404 - "-" "Mozilla/5.0 AppleWebKit/537.36 (KHTML, like Gecko; compatible; ClaudeBot/1.0; +claudebot@anthropic.com)"
216.73.216.21 - - [23/Dec/2025:20:17:36 +0800] "GET /wild-life-video-gambling HTTP/1.1" 404 - "-" "Mozilla/5.0 AppleWebKit/537.36 (KHTML, like Gecko; compatible; ClaudeBot/1.0; +claudebot@anthropic.com)"
216.73.216.21 - - [23/Dec/2025:20:17:36 +0800] "GET /bez-rubriki/buchmacher-dresden HTTP/1.1" 404 - "-" "Mozilla/5.0 AppleWebKit/537.36 (KHTML, like Gecko; compatible; ClaudeBot/1.0; +claudebot@anthropic.com)"
216.73.216.21 - - [23/Dec/2025:20:17:36 +0800] "GET /casino-open-in-northern-california HTTP/1.1" 404 - "-" "Mozilla/5.0 AppleWebKit/537.36 (KHTML, like Gecko; compatible; ClaudeBot/1.0; +claudebot@anthropic.com)"
216.73.216.21 - - [23/Dec/2025:20:17:36 +0800] "GET /bez-rubriki/buchmacher-lizenz-erwerben HTTP/1.1" 404 - "-" "Mozilla/5.0 AppleWebKit/537.36 (KHTML, like Gecko; compatible; ClaudeBot/1.0; +claudebot@anthropic.com)"
216.73.216.21 - - [23/Dec/2025:20:17:37 +0800] "GET /roulette-odds-online HTTP/1.1" 404 - "-" "Mozilla/5.0 AppleWebKit/537.36 (KHTML, like Gecko; compatible; ClaudeBot/1.0; +claudebot@anthropic.com)"
216.73.216.21 - - [23/Dec/2025:20:17:37 +0800] "GET /bez-rubriki/apuestas-reales-de-murcia HTTP/1.1" 404 - "-" "Mozilla/5.0 AppleWebKit/537.36 (KHTML, like Gecko; compatible; ClaudeBot/1.0; +claudebot@anthropic.com)"
216.73.216.21 - - [23/Dec/2025:20:17:37 +0800] "GET /four-kings-casino-free-spins HTTP/1.1" 404 - "-" "Mozilla/5.0 AppleWebKit/537.36 (KHTML, like Gecko; compatible; ClaudeBot/1.0; +claudebot@anthropic.com)"
216.73.216.21 - - [23/Dec/2025:20:17:37 +0800] "GET /biggest-casino-in-arizona HTTP/1.1" 404 - "-" "Mozilla/5.0 AppleWebKit/537.36 (KHTML, like Gecko; compatible; ClaudeBot/1.0; +claudebot@anthropic.com)"
216.73.216.21 - - [23/Dec/2025:20:17:37 +0800] "GET /online-casinos-2021 HTTP/1.1" 404 - "-" "Mozilla/5.0 AppleWebKit/537.36 (KHTML, like Gecko; compatible; ClaudeBot/1.0; +claudebot@anthropic.com)"
216.73.216.21 - - [23/Dec/2025:20:17:37 +0800] "GET /bez-rubriki/buchmacher-fuball-tipps HTTP/1.1" 404 - "-" "Mozilla/5.0 AppleWebKit/537.36 (KHTML, like Gecko; compatible; ClaudeBot/1.0; +claudebot@anthropic.com)"
216.73.216.21 - - [23/Dec/2025:20:17:37 +0800] "GET /greektown-casino-scheduling HTTP/1.1" 404 - "-" "Mozilla/5.0 AppleWebKit/537.36 (KHTML, like Gecko; compatible; ClaudeBot/1.0; +claudebot@anthropic.com)"
216.73.216.21 - - [23/Dec/2025:20:17:37 +0800] "GET /events/mosquitoes-repellents.htm HTTP/1.1" 404 - "-" "Mozilla/5.0 AppleWebKit/537.36 (KHTML, like Gecko; compatible; ClaudeBot/1.0; +claudebot@anthropic.com)"
216.73.216.21 - - [23/Dec/2025:20:17:37 +0800] "GET /hello-casino-no-deposit-bonus HTTP/1.1" 404 - "-" "Mozilla/5.0 AppleWebKit/537.36 (KHTML, like Gecko; compatible; ClaudeBot/1.0; +claudebot@anthropic.com)"
216.73.216.21 - - [23/Dec/2025:20:17:37 +0800] "GET /online-casino-ideal HTTP/1.1" 404 - "-" "Mozilla/5.0 AppleWebKit/537.36 (KHTML, like Gecko; compatible; ClaudeBot/1.0; +claudebot@anthropic.com)"
216.73.216.21 - - [23/Dec/2025:20:17:38 +0800] "GET /1-dollar-deposit-online-casino/embed HTTP/1.1" 404 - "-" "Mozilla/5.0 AppleWebKit/537.36 (KHTML, like Gecko; compatible; ClaudeBot/1.0; +claudebot@anthropic.com)"
216.73.216.21 - - [23/Dec/2025:20:17:37 +0800] "GET /?store-page=BFO-Victorias-Secret-Love-Spell-Water-Blooms-W-1000ml-p151630502 HTTP/1.1" 200 446626 "-" "Mozilla/5.0 AppleWebKit/537.36 (KHTML, like Gecko; compatible; ClaudeBot/1.0; +claudebot@anthropic.com)"
216.73.216.21 - - [23/Dec/2025:20:17:38 +0800] "GET /casino-free-deposit/embed HTTP/1.1" 404 - "-" "Mozilla/5.0 AppleWebKit/537.36 (KHTML, like Gecko; compatible; ClaudeBot/1.0; +claudebot@anthropic.com)"
216.73.216.21 - - [23/Dec/2025:20:17:38 +0800] "GET /?w=1975590 HTTP/1.1" 200 445057 "-" "Mozilla/5.0 AppleWebKit/537.36 (KHTML, like Gecko; compatible; ClaudeBot/1.0; +claudebot@anthropic.com)"
216.73.216.21 - - [23/Dec/2025:20:17:38 +0800] "GET /the-royal-casino-everett HTTP/1.1" 404 - "-" "Mozilla/5.0 AppleWebKit/537.36 (KHTML, like Gecko; compatible; ClaudeBot/1.0; +claudebot@anthropic.com)"
216.73.216.21 - - [23/Dec/2025:20:17:38 +0800] "GET /no-deposit-casino-bonus-with-no-max-cash HTTP/1.1" 404 - "-" "Mozilla/5.0 AppleWebKit/537.36 (KHTML, like Gecko; compatible; ClaudeBot/1.0; +claudebot@anthropic.com)"
216.73.216.21 - - [23/Dec/2025:20:17:38 +0800] "GET /online-virtual-casino HTTP/1.1" 404 - "-" "Mozilla/5.0 AppleWebKit/537.36 (KHTML, like Gecko; compatible; ClaudeBot/1.0; +claudebot@anthropic.com)"
216.73.216.21 - - [23/Dec/2025:20:17:38 +0800] "GET /casino-downtown-vancouver/embed HTTP/1.1" 404 - "-" "Mozilla/5.0 AppleWebKit/537.36 (KHTML, like Gecko; compatible; ClaudeBot/1.0; +claudebot@anthropic.com)"
216.73.216.21 - - [23/Dec/2025:20:17:38 +0800] "GET /play-slots-for-free-now HTTP/1.1" 404 - "-" "Mozilla/5.0 AppleWebKit/537.36 (KHTML, like Gecko; compatible; ClaudeBot/1.0; +claudebot@anthropic.com)"
216.73.216.21 - - [23/Dec/2025:20:17:38 +0800] "GET /netent-casino-bonuses HTTP/1.1" 404 - "-" "Mozilla/5.0 AppleWebKit/537.36 (KHTML, like Gecko; compatible; ClaudeBot/1.0; +claudebot@anthropic.com)"
216.73.216.21 - - [23/Dec/2025:20:17:38 +0800] "GET /casinoland-login HTTP/1.1" 404 - "-" "Mozilla/5.0 AppleWebKit/537.36 (KHTML, like Gecko; compatible; ClaudeBot/1.0; +claudebot@anthropic.com)"
216.73.216.21 - - [23/Dec/2025:20:17:39 +0800] "GET /big-apple-casino HTTP/1.1" 404 - "-" "Mozilla/5.0 AppleWebKit/537.36 (KHTML, like Gecko; compatible; ClaudeBot/1.0; +claudebot@anthropic.com)"
216.73.216.21 - - [23/Dec/2025:20:17:39 +0800] "GET /casino-offers-without-deposit HTTP/1.1" 404 - "-" "Mozilla/5.0 AppleWebKit/537.36 (KHTML, like Gecko; compatible; ClaudeBot/1.0; +claudebot@anthropic.com)"
216.73.216.21 - - [23/Dec/2025:20:17:38 +0800] "GET /?w=59625 HTTP/1.1" 200 445348 "-" "Mozilla/5.0 AppleWebKit/537.36 (KHTML, like Gecko; compatible; ClaudeBot/1.0; +claudebot@anthropic.com)"
216.73.216.21 - - [23/Dec/2025:20:17:39 +0800] "GET /mont-tremblant-casino HTTP/1.1" 404 - "-" "Mozilla/5.0 AppleWebKit/537.36 (KHTML, like Gecko; compatible; ClaudeBot/1.0; +claudebot@anthropic.com)"
216.73.216.21 - - [23/Dec/2025:20:17:39 +0800] "GET /best-casino-loyalty-programs HTTP/1.1" 404 - "-" "Mozilla/5.0 AppleWebKit/537.36 (KHTML, like Gecko; compatible; ClaudeBot/1.0; +claudebot@anthropic.com)"
216.73.216.21 - - [23/Dec/2025:20:17:39 +0800] "GET /oem/?+AND+1=1+OR+%28%3C%27%22%3EiKO%29%29%2C&srsltid=%27nvOpzp HTTP/1.1" 404 - "-" "Mozilla/5.0 AppleWebKit/537.36 (KHTML, like Gecko; compatible; ClaudeBot/1.0; +claudebot@anthropic.com)"
216.73.216.21 - - [23/Dec/2025:20:17:39 +0800] "GET /riverside-casino-riverside-iowa HTTP/1.1" 404 - "-" "Mozilla/5.0 AppleWebKit/537.36 (KHTML, like Gecko; compatible; ClaudeBot/1.0; +claudebot@anthropic.com)"
216.73.216.21 - - [23/Dec/2025:20:17:39 +0800] "GET /maria-casino-online-with-real-money-review HTTP/1.1" 404 - "-" "Mozilla/5.0 AppleWebKit/537.36 (KHTML, like Gecko; compatible; ClaudeBot/1.0; +claudebot@anthropic.com)"
216.73.216.21 - - [23/Dec/2025:20:17:39 +0800] "GET /?w=1945079 HTTP/1.1" 200 445525 "-" "Mozilla/5.0 AppleWebKit/537.36 (KHTML, like Gecko; compatible; ClaudeBot/1.0; +claudebot@anthropic.com)"
216.73.216.21 - - [23/Dec/2025:20:17:39 +0800] "GET /?w=2501251 HTTP/1.1" 200 445150 "-" "Mozilla/5.0 AppleWebKit/537.36 (KHTML, like Gecko; compatible; ClaudeBot/1.0; +claudebot@anthropic.com)"
216.73.216.21 - - [23/Dec/2025:20:17:39 +0800] "GET /money-slots-games HTTP/1.1" 404 - "-" "Mozilla/5.0 AppleWebKit/537.36 (KHTML, like Gecko; compatible; ClaudeBot/1.0; +claudebot@anthropic.com)"
216.73.216.21 - - [23/Dec/2025:20:17:39 +0800] "GET /cross-lanes-casino-wv HTTP/1.1" 404 - "-" "Mozilla/5.0 AppleWebKit/537.36 (KHTML, like Gecko; compatible; ClaudeBot/1.0; +claudebot@anthropic.com)"
216.73.216.21 - - [23/Dec/2025:20:17:40 +0800] "GET /online-slots-win-real-money HTTP/1.1" 404 - "-" "Mozilla/5.0 AppleWebKit/537.36 (KHTML, like Gecko; compatible; ClaudeBot/1.0; +claudebot@anthropic.com)"
216.73.216.21 - - [23/Dec/2025:20:17:40 +0800] "GET /casinos-near-dc HTTP/1.1" 404 - "-" "Mozilla/5.0 AppleWebKit/537.36 (KHTML, like Gecko; compatible; ClaudeBot/1.0; +claudebot@anthropic.com)"
216.73.216.21 - - [23/Dec/2025:20:17:40 +0800] "GET /free-big-red-pokies HTTP/1.1" 404 - "-" "Mozilla/5.0 AppleWebKit/537.36 (KHTML, like Gecko; compatible; ClaudeBot/1.0; +claudebot@anthropic.com)"
216.73.216.21 - - [23/Dec/2025:20:17:40 +0800] "GET /chanz-casino-no-deposit-bonus-codes-2021 HTTP/1.1" 404 - "-" "Mozilla/5.0 AppleWebKit/537.36 (KHTML, like Gecko; compatible; ClaudeBot/1.0; +claudebot@anthropic.com)"
216.73.216.21 - - [23/Dec/2025:20:17:40 +0800] "GET /whidbey-island-casino HTTP/1.1" 404 - "-" "Mozilla/5.0 AppleWebKit/537.36 (KHTML, like Gecko; compatible; ClaudeBot/1.0; +claudebot@anthropic.com)"
216.73.216.21 - - [23/Dec/2025:20:17:40 +0800] "GET /wp-content/fonts/ajax/?C=M&O=A HTTP/1.1" 200 825 "-" "Mozilla/5.0 AppleWebKit/537.36 (KHTML, like Gecko; compatible; ClaudeBot/1.0; +claudebot@anthropic.com)"
216.73.216.21 - - [23/Dec/2025:20:17:40 +0800] "GET /grand-wild-casino-instant-play HTTP/1.1" 404 - "-" "Mozilla/5.0 AppleWebKit/537.36 (KHTML, like Gecko; compatible; ClaudeBot/1.0; +claudebot@anthropic.com)"
216.73.216.21 - - [23/Dec/2025:20:17:40 +0800] "GET /free-double-diamond-deluxe-slots HTTP/1.1" 404 - "-" "Mozilla/5.0 AppleWebKit/537.36 (KHTML, like Gecko; compatible; ClaudeBot/1.0; +claudebot@anthropic.com)"
216.73.216.21 - - [23/Dec/2025:20:17:40 +0800] "GET /free-slot-games-2021 HTTP/1.1" 404 - "-" "Mozilla/5.0 AppleWebKit/537.36 (KHTML, like Gecko; compatible; ClaudeBot/1.0; +claudebot@anthropic.com)"
216.73.216.21 - - [23/Dec/2025:20:17:40 +0800] "GET /morgantown-pa-casino HTTP/1.1" 404 - "-" "Mozilla/5.0 AppleWebKit/537.36 (KHTML, like Gecko; compatible; ClaudeBot/1.0; +claudebot@anthropic.com)"
216.73.216.21 - - [23/Dec/2025:20:17:41 +0800] "GET /online-gambling-stocks-to-buy HTTP/1.1" 404 - "-" "Mozilla/5.0 AppleWebKit/537.36 (KHTML, like Gecko; compatible; ClaudeBot/1.0; +claudebot@anthropic.com)"
216.73.216.21 - - [23/Dec/2025:20:17:41 +0800] "GET /how-to-win-electronic-casino-roulette HTTP/1.1" 404 - "-" "Mozilla/5.0 AppleWebKit/537.36 (KHTML, like Gecko; compatible; ClaudeBot/1.0; +claudebot@anthropic.com)"
216.73.216.21 - - [23/Dec/2025:20:17:40 +0800] "GET /?store-page=Aromatic-Fragrance-Oil-AFO-Passion-Fruits-500ml-p153869115 HTTP/1.1" 200 445063 "-" "Mozilla/5.0 AppleWebKit/537.36 (KHTML, like Gecko; compatible; ClaudeBot/1.0; +claudebot@anthropic.com)"
216.73.216.21 - - [23/Dec/2025:20:17:41 +0800] "GET /'+i+' HTTP/1.1" 404 - "-" "Mozilla/5.0 AppleWebKit/537.36 (KHTML, like Gecko; compatible; ClaudeBot/1.0; +claudebot@anthropic.com)"
216.73.216.21 - - [23/Dec/2025:20:17:41 +0800] "GET /saint-joe-frontier-casino HTTP/1.1" 404 - "-" "Mozilla/5.0 AppleWebKit/537.36 (KHTML, like Gecko; compatible; ClaudeBot/1.0; +claudebot@anthropic.com)"
216.73.216.21 - - [23/Dec/2025:20:17:41 +0800] "GET /how-much-do-casino-slot-machines-pay-out HTTP/1.1" 404 - "-" "Mozilla/5.0 AppleWebKit/537.36 (KHTML, like Gecko; compatible; ClaudeBot/1.0; +claudebot@anthropic.com)"
216.73.216.21 - - [23/Dec/2025:20:17:41 +0800] "GET /online-roulette-games-with-betway/embed HTTP/1.1" 404 - "-" "Mozilla/5.0 AppleWebKit/537.36 (KHTML, like Gecko; compatible; ClaudeBot/1.0; +claudebot@anthropic.com)"
216.73.216.21 - - [23/Dec/2025:20:17:41 +0800] "GET /cirrus-uk-online-casino/embed HTTP/1.1" 404 - "-" "Mozilla/5.0 AppleWebKit/537.36 (KHTML, like Gecko; compatible; ClaudeBot/1.0; +claudebot@anthropic.com)"
216.73.216.21 - - [23/Dec/2025:20:17:41 +0800] "GET /casino-with-free-bonuses HTTP/1.1" 404 - "-" "Mozilla/5.0 AppleWebKit/537.36 (KHTML, like Gecko; compatible; ClaudeBot/1.0; +claudebot@anthropic.com)"
216.73.216.21 - - [23/Dec/2025:20:17:41 +0800] "GET /wp-content/themes/vendor/?C=N&O=D HTTP/1.1" 200 832 "-" "Mozilla/5.0 AppleWebKit/537.36 (KHTML, like Gecko; compatible; ClaudeBot/1.0; +claudebot@anthropic.com)"
216.73.216.21 - - [23/Dec/2025:20:17:41 +0800] "GET /SS1.php?fm=true&rights=OFL.txt HTTP/1.1" 404 - "-" "Mozilla/5.0 AppleWebKit/537.36 (KHTML, like Gecko; compatible; ClaudeBot/1.0; +claudebot@anthropic.com)"
216.73.216.21 - - [23/Dec/2025:20:17:41 +0800] "GET /wp-content/uploads/output/?C=S&O=A HTTP/1.1" 200 832 "-" "Mozilla/5.0 AppleWebKit/537.36 (KHTML, like Gecko; compatible; ClaudeBot/1.0; +claudebot@anthropic.com)"
217.113.194.142 - - [23/Dec/2025:20:17:44 +0800] "GET /mentol-kristal/mentol-kristal-50kg/Aromatic-Fragrance-Oil-AFO-Kaffir-Lime-Flower-50ml-p153770807 HTTP/1.1" 404 - "-" "Mozilla/5.0 (compatible; Barkrowler/0.9; +https://babbar.tech/crawler)"
66.249.65.173 - - [23/Dec/2025:20:17:56 +0800] "GET /shop/4092091.shtml HTTP/1.1" 404 - "-" "Mozilla/5.0 (Linux; Android 6.0.1; Nexus 5X Build/MMB29P) AppleWebKit/537.36 (KHTML, like Gecko) Chrome/141.0.7390.122 Mobile Safari/537.36 (compatible; Googlebot/2.1; +http://www.google.com/bot.html)"
217.113.194.149 - - [23/Dec/2025:20:17:59 +0800] "GET /mentol-kristal/mentol-kristal-50kg/BFO-Abercrombie-&-Fitch-First-Instinct-Blue-W-10ml-p154549628 HTTP/1.1" 404 - "-" "Mozilla/5.0 (compatible; Barkrowler/0.9; +https://babbar.tech/crawler)"
74.7.243.225 - - [23/Dec/2025:20:18:13 +0800] "GET /search.php?spectrum231045678.html HTTP/1.1" 404 - "-" "Mozilla/5.0 AppleWebKit/537.36 (KHTML, like Gecko; compatible; GPTBot/1.3; +https://openai.com/gptbot)"
217.113.194.148 - - [23/Dec/2025:20:18:15 +0800] "GET /mentol-kristal/mentol-kristal-50kg/BFO-Marc-Jacobs-Daisy-Eau-So-Fresh-W-10ml-p154702486 HTTP/1.1" 404 - "-" "Mozilla/5.0 (compatible; Barkrowler/0.9; +https://babbar.tech/crawler)"
74.7.227.167 - - [23/Dec/2025:20:18:22 +0800] "GET /search.php?magazine157010902.html HTTP/1.1" 404 - "-" "Mozilla/5.0 AppleWebKit/537.36 (KHTML, like Gecko; compatible; GPTBot/1.3; +https://openai.com/gptbot)"
91.132.114.98 - - [23/Dec/2025:20:18:28 +0800] "GET /bez-rubriki/mega-dice-code-promo-paris-sportif-1er-pari/ HTTP/1.1" 404 - "https://mentol.bf1.my/" "Mozilla/5.0 (X11; Linux x86_64) AppleWebKit/537.36 (KHTML, like Gecko) Chrome/114.0.0.0 Safari/537.36 OPR/89.0.4447.51"
91.132.114.98 - - [23/Dec/2025:20:18:29 +0800] "GET / HTTP/1.1" 404 - "-" "Mozilla/5.0 (X11; Linux x86_64) AppleWebKit/537.36 (KHTML, like Gecko) Chrome/114.0.0.0 Safari/537.36 OPR/89.0.4447.51"
217.113.194.253 - - [23/Dec/2025:20:18:30 +0800] "GET /mentol-kristal/mentol-kristal-50kg/BFO-Jo-Malone-Earl-Grey-&-Cucumber-U-10ml-p154550485 HTTP/1.1" 404 - "-" "Mozilla/5.0 (compatible; Barkrowler/0.9; +https://babbar.tech/crawler)"
196.196.164.177 - - [23/Dec/2025:20:18:31 +0800] "GET / HTTP/1.1" 404 - "-" "Mozilla/5.0 (X11; Linux x86_64) AppleWebKit/537.36 (KHTML, like Gecko) Chrome/114.0.0.0 Safari/537.36 OPR/89.0.4447.51"
196.196.31.27 - - [23/Dec/2025:20:18:33 +0800] "GET / HTTP/1.1" 404 - "-" "Mozilla/5.0 (X11; Linux x86_64) AppleWebKit/537.36 (KHTML, like Gecko) Chrome/114.0.0.0 Safari/537.36 OPR/89.0.4447.51"
217.113.194.253 - - [23/Dec/2025:20:18:46 +0800] "GET /mentol-kristal/mentol-kristal-50kg/BFO-Jo-Malone-Wood-Sage-&-Sea-Salt-U-10ml-p154550497 HTTP/1.1" 404 - "-" "Mozilla/5.0 (compatible; Barkrowler/0.9; +https://babbar.tech/crawler)"
74.7.243.225 - - [23/Dec/2025:20:18:51 +0800] "GET /search.php?incident285025310.html HTTP/1.1" 404 - "-" "Mozilla/5.0 AppleWebKit/537.36 (KHTML, like Gecko; compatible; GPTBot/1.3; +https://openai.com/gptbot)"
173.213.93.121 - - [23/Dec/2025:20:18:59 +0800] "GET /bez-rubriki/bvb-holzwickede-ergebnis/ HTTP/1.1" 404 - "https://mentol.bf1.my/" "Mozilla/5.0 (Windows NT 10.0; Win64; x64; rv:114.0) Gecko/20100101 Firefox/114.0"
173.213.93.121 - - [23/Dec/2025:20:19:01 +0800] "GET / HTTP/1.1" 404 - "-" "Mozilla/5.0 (Windows NT 10.0; Win64; x64; rv:114.0) Gecko/20100101 Firefox/114.0"
217.113.194.148 - - [23/Dec/2025:20:19:02 +0800] "GET /mentol-kristal/mentol-kristal-50kg/Perfume-Body-Mist-Inspired-Perfume-Scents-1000ml-1L-p491641462 HTTP/1.1" 404 - "-" "Mozilla/5.0 (compatible; Barkrowler/0.9; +https://babbar.tech/crawler)"
192.210.177.181 - - [23/Dec/2025:20:19:02 +0800] "GET / HTTP/1.1" 404 - "-" "Mozilla/5.0 (Windows NT 10.0; Win64; x64; rv:114.0) Gecko/20100101 Firefox/114.0"
196.196.23.34 - - [23/Dec/2025:20:19:05 +0800] "GET / HTTP/1.1" 404 - "-" "Mozilla/5.0 (Windows NT 10.0; Win64; x64; rv:114.0) Gecko/20100101 Firefox/114.0"
173.249.59.57 - - [23/Dec/2025:20:19:08 +0800] "GET /bez-rubriki/sportwetten-online-wettanbieter-uk/ HTTP/1.1" 404 - "https://mentol.bf1.my/" "Mozilla/5.0 (Windows NT 10.0; Win64; x64; Xbox; Xbox One) AppleWebKit/537.36 (KHTML, like Gecko) Chrome/114.0.0.0 Safari/537.36 Edge/44.18363.8131"
173.249.59.57 - - [23/Dec/2025:20:19:08 +0800] "GET / HTTP/1.1" 404 - "-" "Mozilla/5.0 (Windows NT 10.0; Win64; x64; Xbox; Xbox One) AppleWebKit/537.36 (KHTML, like Gecko) Chrome/114.0.0.0 Safari/537.36 Edge/44.18363.8131"
173.249.59.57 - - [23/Dec/2025:20:19:09 +0800] "GET / HTTP/1.1" 404 - "-" "Mozilla/5.0 (Windows NT 10.0; Win64; x64; Xbox; Xbox One) AppleWebKit/537.36 (KHTML, like Gecko) Chrome/114.0.0.0 Safari/537.36 Edge/44.18363.8131"
173.249.59.57 - - [23/Dec/2025:20:19:10 +0800] "GET / HTTP/1.1" 404 - "-" "Mozilla/5.0 (Windows NT 10.0; Win64; x64; Xbox; Xbox One) AppleWebKit/537.36 (KHTML, like Gecko) Chrome/114.0.0.0 Safari/537.36 Edge/44.18363.8131"
197.205.146.243 - - [23/Dec/2025:20:19:18 +0800] "GET /bez-rubriki/cote-match-ce-soir/ HTTP/1.1" 404 - "https://mentol.bf1.my/" "Mozilla/5.0 (X11; Ubuntu; Linux i686; rv:114.0) Gecko/20100101 Firefox/114.0"
217.113.194.147 - - [23/Dec/2025:20:19:19 +0800] "GET /mentol-kristal/mentol-kristal-50kg/CP-Calamansi-Leaf-Aromatic-Car-Perfume-Oil-1000ml-p153932628 HTTP/1.1" 404 - "-" "Mozilla/5.0 (compatible; Barkrowler/0.9; +https://babbar.tech/crawler)"
74.7.227.167 - - [23/Dec/2025:20:19:24 +0800] "GET /search.php?evening212033559.html HTTP/1.1" 404 - "-" "Mozilla/5.0 AppleWebKit/537.36 (KHTML, like Gecko; compatible; GPTBot/1.3; +https://openai.com/gptbot)"
207.46.13.51 - - [23/Dec/2025:20:19:28 +0800] "GET /mentol-kristal/mentol-kristal-200kg/Household-Fragrance-HFO-Soul-Black-Wood-Household-Fragrance-500ml-p198645571 HTTP/1.1" 404 - "-" "Mozilla/5.0 AppleWebKit/537.36 (KHTML, like Gecko; compatible; bingbot/2.0; +http://www.bing.com/bingbot.htm) Chrome/116.0.1938.76 Safari/537.36"
74.7.243.225 - - [23/Dec/2025:20:19:30 +0800] "GET /search.php?isolated115025344.html HTTP/1.1" 404 - "-" "Mozilla/5.0 AppleWebKit/537.36 (KHTML, like Gecko; compatible; GPTBot/1.3; +https://openai.com/gptbot)"
197.205.146.243 - - [23/Dec/2025:20:19:34 +0800] "GET / HTTP/1.1" 404 - "-" "Mozilla/5.0 (X11; Ubuntu; Linux i686; rv:114.0) Gecko/20100101 Firefox/114.0"
217.113.194.142 - - [23/Dec/2025:20:19:34 +0800] "GET /mentol-kristal/mentol-kristal-50kg/Natural-Aroma-Oil-AO-Forest-Aura-Aroma-Oil-50ml-p198680383 HTTP/1.1" 404 - "-" "Mozilla/5.0 (compatible; Barkrowler/0.9; +https://babbar.tech/crawler)"
217.113.194.146 - - [23/Dec/2025:20:19:50 +0800] "GET /mentol-kristal/mentol-kristal-50kg/Natural-Aroma-Oil-AO-Sweet-Aura-Aroma-Oil-1L-p198691313 HTTP/1.1" 404 - "-" "Mozilla/5.0 (compatible; Barkrowler/0.9; +https://babbar.tech/crawler)"
66.249.65.174 - - [23/Dec/2025:20:20:01 +0800] "GET /shop/4092583.shtml HTTP/1.1" 404 - "-" "Mozilla/5.0 (Linux; Android 6.0.1; Nexus 5X Build/MMB29P) AppleWebKit/537.36 (KHTML, like Gecko) Chrome/141.0.7390.122 Mobile Safari/537.36 (compatible; Googlebot/2.1; +http://www.google.com/bot.html)"
217.113.194.253 - - [23/Dec/2025:20:20:05 +0800] "GET /mentol-kristal/mentol-kristal-25kg/BFO-Calvin-Klein-Eternity-Aqua-for-Men-M-5KG-p747852754 HTTP/1.1" 404 - "-" "Mozilla/5.0 (compatible; Barkrowler/0.9; +https://babbar.tech/crawler)"
74.7.243.225 - - [23/Dec/2025:20:20:09 +0800] "GET /search.php?commonly117032974.html HTTP/1.1" 404 - "-" "Mozilla/5.0 AppleWebKit/537.36 (KHTML, like Gecko; compatible; GPTBot/1.3; +https://openai.com/gptbot)"
149.50.187.135 - - [23/Dec/2025:20:20:14 +0800] "GET /bez-rubriki/bvb-heidenheim-ergebnis/ HTTP/1.1" 404 - "https://mentol.bf1.my/" "Mozilla/5.0 (Windows NT 10.0; Win64; x64; rv:114.0) Gecko/20100101 Firefox/114.0"
149.50.187.135 - - [23/Dec/2025:20:20:15 +0800] "GET / HTTP/1.1" 404 - "-" "Mozilla/5.0 (Windows NT 10.0; Win64; x64; rv:114.0) Gecko/20100101 Firefox/114.0"
149.50.187.135 - - [23/Dec/2025:20:20:15 +0800] "GET / HTTP/1.1" 404 - "-" "Mozilla/5.0 (Windows NT 10.0; Win64; x64; rv:114.0) Gecko/20100101 Firefox/114.0"
149.50.187.135 - - [23/Dec/2025:20:20:16 +0800] "GET / HTTP/1.1" 404 - "-" "Mozilla/5.0 (Windows NT 10.0; Win64; x64; rv:114.0) Gecko/20100101 Firefox/114.0"
217.113.194.142 - - [23/Dec/2025:20:20:21 +0800] "GET /mentol-kristal/mentol-kristal-25kg/BFO-Victorias-Secret-Sweet-Temptation-W-25KG-100KG-p160114000 HTTP/1.1" 404 - "-" "Mozilla/5.0 (compatible; Barkrowler/0.9; +https://babbar.tech/crawler)"
74.7.227.167 - - [23/Dec/2025:20:20:26 +0800] "GET /search.php?alliance129043864.html HTTP/1.1" 404 - "-" "Mozilla/5.0 AppleWebKit/537.36 (KHTML, like Gecko; compatible; GPTBot/1.3; +https://openai.com/gptbot)"
217.113.194.148 - - [23/Dec/2025:20:20:37 +0800] "GET /mentol-kristal/mentol-kristal-25kg/NAP-Christian-Dior-Dior-Addict-Eau-Fraiche-W-1000ml-p164360387 HTTP/1.1" 404 - "-" "Mozilla/5.0 (compatible; Barkrowler/0.9; +https://babbar.tech/crawler)"
74.7.243.225 - - [23/Dec/2025:20:20:48 +0800] "GET /search.php?highway206023571.html HTTP/1.1" 404 - "-" "Mozilla/5.0 AppleWebKit/537.36 (KHTML, like Gecko; compatible; GPTBot/1.3; +https://openai.com/gptbot)"
217.113.194.142 - - [23/Dec/2025:20:20:54 +0800] "GET /mentol-kristal/mentol-kristal-25kg/Pure-Essential-Oil-EO-Bitter-Gourd-Essential-Oil-500ml-p152359259 HTTP/1.1" 404 - "-" "Mozilla/5.0 (compatible; Barkrowler/0.9; +https://babbar.tech/crawler)"
40.77.167.16 - - [23/Dec/2025:20:20:58 +0800] "GET /mentol-kristal/kristal/Active-Cooling-Agent-Liquid-500ml-p150020080 HTTP/1.1" 404 - "-" "Mozilla/5.0 AppleWebKit/537.36 (KHTML, like Gecko; compatible; bingbot/2.0; +http://www.bing.com/bingbot.htm) Chrome/116.0.1938.76 Safari/537.36"
217.113.194.253 - - [23/Dec/2025:20:21:10 +0800] "GET /mentol-kristal/mentol-kristal-25kg/Pure-Essential-Oil-EO-Peach-Flower-Essential-Oil-500ml-p152481212 HTTP/1.1" 404 - "-" "Mozilla/5.0 (compatible; Barkrowler/0.9; +https://babbar.tech/crawler)"
66.249.65.174 - - [23/Dec/2025:20:21:12 +0800] "GET /shop/6697535.shtml HTTP/1.1" 404 - "-" "Mozilla/5.0 (compatible; Googlebot/2.1; +http://www.google.com/bot.html)"
217.113.194.231 - - [23/Dec/2025:20:21:26 +0800] "GET /mentol-kristal/mentol-kristal-25kg/Pure-Essential-Oil-EO-Calendula-Flower-Essential-Oil-1L-p152480377 HTTP/1.1" 404 - "-" "Mozilla/5.0 (compatible; Barkrowler/0.9; +https://babbar.tech/crawler)"
74.7.243.225 - - [23/Dec/2025:20:21:26 +0800] "GET /search.php?planning193036744.html HTTP/1.1" 404 - "-" "Mozilla/5.0 AppleWebKit/537.36 (KHTML, like Gecko; compatible; GPTBot/1.3; +https://openai.com/gptbot)"
74.7.227.167 - - [23/Dec/2025:20:21:28 +0800] "GET /search.php?homeland185034228.html HTTP/1.1" 404 - "-" "Mozilla/5.0 AppleWebKit/537.36 (KHTML, like Gecko; compatible; GPTBot/1.3; +https://openai.com/gptbot)"
217.113.194.231 - - [23/Dec/2025:20:21:42 +0800] "GET /mentol-kristal/mentol-kristal-25kg/CP-Calamansi-Leaf-Aromatic-Car-Perfume-Oil-1000ml-p153932628 HTTP/1.1" 404 - "-" "Mozilla/5.0 (compatible; Barkrowler/0.9; +https://babbar.tech/crawler)"
200.53.197.8 - - [23/Dec/2025:20:21:44 +0800] "GET /mentol-kristal/mentol-kristal-25kg/CP-Lavender-Aromatic-Car-Perfume-Oil-1000ml-p172072229 HTTP/1.1" 404 - "-" "Mozilla/5.0 (Windows NT 10.0; Win64; x64) AppleWebKit/537.36 (KHTML, like Gecko) Chrome/129.0.0.0 Safari/537.36"
191.189.27.222 - - [23/Dec/2025:20:21:45 +0800] "GET /mentol-kristal/mentol-kristal-100g/DS-CK-Two-M-Deodorant-Spray-500ml-%E7%94%B7%E7%A5%9E-p316344269 HTTP/1.1" 404 - "-" "Mozilla/5.0 (Windows NT 10.0; Win64; x64) AppleWebKit/537.36 (KHTML, like Gecko) Chrome/129.0.0.0 Safari/537.36"
14.247.41.207 - - [23/Dec/2025:20:21:46 +0800] "GET /mentol-kristal/mentol-kristal-100g/Softergent-Liquid-Eucalyptus-2-2L-p422917537 HTTP/1.1" 404 - "-" "Mozilla/5.0 (Windows NT 10.0; Win64; x64) AppleWebKit/537.36 (KHTML, like Gecko) Chrome/129.0.0.0 Safari/537.36"
38.61.134.14 - - [23/Dec/2025:20:21:47 +0800] "GET /mentol-kristal/mentol-kristal-200kg/DS-Clandestine-Angel-Heart-Deodorant-Spray-500ml-%E5%A5%B3%E5%A6%96-p317394082 HTTP/1.1" 404 - "-" "Mozilla/5.0 (Windows NT 10.0; Win64; x64) AppleWebKit/537.36 (KHTML, like Gecko) Chrome/129.0.0.0 Safari/537.36"
38.137.29.190 - - [23/Dec/2025:20:21:48 +0800] "GET /mentol-kristal/mentol-kristal-100g/Softergent-Liquid-lime-Kaffir-Lime-2-2L-p422917548 HTTP/1.1" 404 - "-" "Mozilla/5.0 (Windows NT 10.0; Win64; x64) AppleWebKit/537.36 (KHTML, like Gecko) Chrome/129.0.0.0 Safari/537.36"
177.185.43.172 - - [23/Dec/2025:20:21:49 +0800] "GET /mentol-kristal/mentol-kristal-50kg/DS-Giorgio-Armani-Armani-Code-Profumo-Deodorant-Spray-25L-%E7%94%B7%E7%A5%9E-p316548611 HTTP/1.1" 404 - "-" "Mozilla/5.0 (Windows NT 10.0; Win64; x64) AppleWebKit/537.36 (KHTML, like Gecko) Chrome/129.0.0.0 Safari/537.36"
43.152.141.12 - - [23/Dec/2025:20:21:50 +0800] "GET /mentol-kristal/mentol-kristal-100g/BFO-Le-Labo-Bergamote-22-U-250ml-p152729141 HTTP/1.1" 404 - "-" "Mozilla/5.0 (Windows NT 10.0; Win64; x64) AppleWebKit/537.36 (KHTML, like Gecko) Chrome/139.0.0.0 Safari/537.36"
43.152.141.12 - - [23/Dec/2025:20:21:50 +0800] "GET /favicon.ico HTTP/1.1" 404 - "https://mentol.bf1.my/mentol-kristal/mentol-kristal-100g/BFO-Le-Labo-Bergamote-22-U-250ml-p152729141" "Mozilla/5.0 (Windows NT 10.0; Win64; x64) AppleWebKit/537.36 (KHTML, like Gecko) Chrome/139.0.0.0 Safari/537.36"
123.24.6.97 - - [23/Dec/2025:20:21:53 +0800] "GET /mentol-kristal/mentol-kristal-500g/Blended-Essential-Oil-BO-Anti-Acne-Essential-Oil-50ml-p154181569 HTTP/1.1" 404 - "-" "Mozilla/5.0 (Windows NT 10.0; Win64; x64) AppleWebKit/537.36 (KHTML, like Gecko) Chrome/129.0.0.0 Safari/537.36"
217.113.194.253 - - [23/Dec/2025:20:21:57 +0800] "GET /mentol-kristal/mentol-kristal-25kg/Natural-Aroma-Oil-AO-Hope-Aura-Aroma-Oil-50ml-p198680386 HTTP/1.1" 404 - "-" "Mozilla/5.0 (compatible; Barkrowler/0.9; +https://babbar.tech/crawler)"
171.251.239.206 - - [23/Dec/2025:20:21:57 +0800] "GET /bez-rubriki/bvb-holzwickede-ergebnis/ HTTP/1.1" 404 - "https://mentol.bf1.my/" "Mozilla/5.0 (Windows NT 10.0; WOW64) AppleWebKit/537.36 (KHTML, like Gecko) Chrome/114.0.0.0 Safari/537.36 Vivaldi/5.3.2679.68"
171.251.239.206 - - [23/Dec/2025:20:21:58 +0800] "GET / HTTP/1.1" 404 - "-" "Mozilla/5.0 (Windows NT 10.0; WOW64) AppleWebKit/537.36 (KHTML, like Gecko) Chrome/114.0.0.0 Safari/537.36 Vivaldi/5.3.2679.68"
171.251.239.206 - - [23/Dec/2025:20:21:59 +0800] "GET / HTTP/1.1" 404 - "-" "Mozilla/5.0 (Windows NT 10.0; WOW64) AppleWebKit/537.36 (KHTML, like Gecko) Chrome/114.0.0.0 Safari/537.36 Vivaldi/5.3.2679.68"
171.251.239.206 - - [23/Dec/2025:20:22:01 +0800] "GET / HTTP/1.1" 404 - "-" "Mozilla/5.0 (Windows NT 10.0; WOW64) AppleWebKit/537.36 (KHTML, like Gecko) Chrome/114.0.0.0 Safari/537.36 Vivaldi/5.3.2679.68"
74.7.243.225 - - [23/Dec/2025:20:22:05 +0800] "GET /search.php?history044032697.html HTTP/1.1" 404 - "-" "Mozilla/5.0 AppleWebKit/537.36 (KHTML, like Gecko; compatible; GPTBot/1.3; +https://openai.com/gptbot)"
217.113.194.146 - - [23/Dec/2025:20:22:12 +0800] "GET /mentol-kristal/mentol-kristal-25kg/Natural-Aroma-Oil-AO-Earth-Aura-Aroma-Oil-10ml-p198691213 HTTP/1.1" 404 - "-" "Mozilla/5.0 (compatible; Barkrowler/0.9; +https://babbar.tech/crawler)"
213.230.87.70 - - [23/Dec/2025:20:22:13 +0800] "GET /mentol-kristal/mentol-kristal-50kg/BFO-The-Body-Shop-Vanilla-W-1000ml-p151658442 HTTP/1.1" 404 - "-" "Mozilla/5.0 (Windows NT 10.0; Win64; x64) AppleWebKit/537.36 (KHTML, like Gecko) Chrome/129.0.0.0 Safari/537.36"
95.56.201.228 - - [23/Dec/2025:20:22:26 +0800] "GET /mentol-kristal/mentol-kristal-500g/Pure-Essential-Oil-EO-Passion-Fruit-Essential-Oil-10ml-p151434205 HTTP/1.1" 404 - "-" "Mozilla/5.0 (Windows NT 10.0; Win64; x64) AppleWebKit/537.36 (KHTML, like Gecko) Chrome/129.0.0.0 Safari/537.36"
154.54.249.207 - - [23/Dec/2025:20:22:28 +0800] "GET /mentol-kristal/mentol-kristal-25kg/Foot-Moisturizer-and-Deodorizer-Inspired-Perfume-Scents-c139092501 HTTP/1.1" 404 - "-" "Mozilla/5.0 (compatible; Barkrowler/0.9; +https://babbar.tech/crawler)"
74.7.227.167 - - [23/Dec/2025:20:22:33 +0800] "GET /search.php?identity215011830.html HTTP/1.1" 404 - "-" "Mozilla/5.0 AppleWebKit/537.36 (KHTML, like Gecko; compatible; GPTBot/1.3; +https://openai.com/gptbot)"
74.7.243.225 - - [23/Dec/2025:20:22:43 +0800] "GET /search.php?republic085032472.html HTTP/1.1" 404 - "-" "Mozilla/5.0 AppleWebKit/537.36 (KHTML, like Gecko; compatible; GPTBot/1.3; +https://openai.com/gptbot)"
217.113.194.150 - - [23/Dec/2025:20:22:43 +0800] "GET /mentol-kristal/mentol-kristal-25kg/Blended-Essential-Oil-BO-Anti-Acne-Essential-Oil-10ml-p152725159 HTTP/1.1" 404 - "-" "Mozilla/5.0 (compatible; Barkrowler/0.9; +https://babbar.tech/crawler)"
66.249.65.160 - - [23/Dec/2025:20:22:58 +0800] "GET /shop/5239479.shtml HTTP/1.1" 404 - "-" "Mozilla/5.0 (Linux; Android 6.0.1; Nexus 5X Build/MMB29P) AppleWebKit/537.36 (KHTML, like Gecko) Chrome/141.0.7390.122 Mobile Safari/537.36 (compatible; Googlebot/2.1; +http://www.google.com/bot.html)"
217.113.194.142 - - [23/Dec/2025:20:22:59 +0800] "GET /mentol-kristal/mentol-kristal-25kg/Blended-Essential-Oil-BO-Sleep-Well-Essential-Oil-500ml-p154182222 HTTP/1.1" 404 - "-" "Mozilla/5.0 (compatible; Barkrowler/0.9; +https://babbar.tech/crawler)"
217.113.194.231 - - [23/Dec/2025:20:23:16 +0800] "GET /mentol-kristal/mentol-kristal-25kg/Blended-Essential-Oil-BO-Stress-Relief-Essential-Oil-10ml-p162517120 HTTP/1.1" 404 - "-" "Mozilla/5.0 (compatible; Barkrowler/0.9; +https://babbar.tech/crawler)"
74.7.243.225 - - [23/Dec/2025:20:23:20 +0800] "GET /search.php?entirely198004605.html HTTP/1.1" 404 - "-" "Mozilla/5.0 AppleWebKit/537.36 (KHTML, like Gecko; compatible; GPTBot/1.3; +https://openai.com/gptbot)"
217.113.194.148 - - [23/Dec/2025:20:23:32 +0800] "GET /mentol-kristal/mentol-kristal-25kg/Aromatic-Fragrance-Oil-AFO-Orchid-Black-Orchid-1L-p154231095 HTTP/1.1" 404 - "-" "Mozilla/5.0 (compatible; Barkrowler/0.9; +https://babbar.tech/crawler)"
104.194.152.141 - - [23/Dec/2025:20:23:33 +0800] "GET /bez-rubriki/sportwetten-online-wettanbieter-uk/ HTTP/1.1" 404 - "https://mentol.bf1.my/" "Mozilla/5.0 (Windows NT 10.0; Win64; x64) AppleWebKit/537.36 (KHTML, like Gecko) Chrome/114.0.0.0 Safari/537.36 Vivaldi/5.3.2679.68"
104.194.152.141 - - [23/Dec/2025:20:23:34 +0800] "GET / HTTP/1.1" 404 - "-" "Mozilla/5.0 (Windows NT 10.0; Win64; x64) AppleWebKit/537.36 (KHTML, like Gecko) Chrome/114.0.0.0 Safari/537.36 Vivaldi/5.3.2679.68"
104.194.152.141 - - [23/Dec/2025:20:23:35 +0800] "GET / HTTP/1.1" 404 - "-" "Mozilla/5.0 (Windows NT 10.0; Win64; x64) AppleWebKit/537.36 (KHTML, like Gecko) Chrome/114.0.0.0 Safari/537.36 Vivaldi/5.3.2679.68"
104.194.152.141 - - [23/Dec/2025:20:23:36 +0800] "GET / HTTP/1.1" 404 - "-" "Mozilla/5.0 (Windows NT 10.0; Win64; x64) AppleWebKit/537.36 (KHTML, like Gecko) Chrome/114.0.0.0 Safari/537.36 Vivaldi/5.3.2679.68"
74.7.227.167 - - [23/Dec/2025:20:23:37 +0800] "GET /search.php?solution209005866.html HTTP/1.1" 404 - "-" "Mozilla/5.0 AppleWebKit/537.36 (KHTML, like Gecko; compatible; GPTBot/1.3; +https://openai.com/gptbot)"
217.113.194.146 - - [23/Dec/2025:20:23:47 +0800] "GET /mentol-kristal/mentol-kristal-25kg/Aromatic-Fragrance-Oil-AFO-Blazing-Star-Flower-5L-p155367339 HTTP/1.1" 404 - "-" "Mozilla/5.0 (compatible; Barkrowler/0.9; +https://babbar.tech/crawler)"
66.249.65.174 - - [23/Dec/2025:20:23:49 +0800] "GET /shop/pg/20268113-3 HTTP/1.1" 404 - "-" "Mozilla/5.0 (Linux; Android 6.0.1; Nexus 5X Build/MMB29P) AppleWebKit/537.36 (KHTML, like Gecko) Chrome/141.0.7390.122 Mobile Safari/537.36 (compatible; Googlebot/2.1; +http://www.google.com/bot.html)"
74.7.243.225 - - [23/Dec/2025:20:23:59 +0800] "GET /search.php?patience138024753.html HTTP/1.1" 404 - "-" "Mozilla/5.0 AppleWebKit/537.36 (KHTML, like Gecko; compatible; GPTBot/1.3; +https://openai.com/gptbot)"
217.113.194.142 - - [23/Dec/2025:20:24:03 +0800] "GET /mentol-kristal/mentol-kristal-25kg/Aromatic-Fragrance-Oil-AFO-Bergamot-Leaf-500ml-p153770960 HTTP/1.1" 404 - "-" "Mozilla/5.0 (compatible; Barkrowler/0.9; +https://babbar.tech/crawler)"
216.73.216.21 - - [23/Dec/2025:20:24:11 +0800] "GET /usa-casino-no-deposit-bonus-codes-2021 HTTP/1.1" 404 - "-" "Mozilla/5.0 AppleWebKit/537.36 (KHTML, like Gecko; compatible; ClaudeBot/1.0; +claudebot@anthropic.com)"
216.73.216.21 - - [23/Dec/2025:20:24:11 +0800] "GET /online-casino-downloads HTTP/1.1" 404 - "-" "Mozilla/5.0 AppleWebKit/537.36 (KHTML, like Gecko; compatible; ClaudeBot/1.0; +claudebot@anthropic.com)"
216.73.216.21 - - [23/Dec/2025:20:24:12 +0800] "GET /casino-virus HTTP/1.1" 404 - "-" "Mozilla/5.0 AppleWebKit/537.36 (KHTML, like Gecko; compatible; ClaudeBot/1.0; +claudebot@anthropic.com)"
216.73.216.21 - - [23/Dec/2025:20:24:12 +0800] "GET /gambling-websites-legal HTTP/1.1" 404 - "-" "Mozilla/5.0 AppleWebKit/537.36 (KHTML, like Gecko; compatible; ClaudeBot/1.0; +claudebot@anthropic.com)"
216.73.216.21 - - [23/Dec/2025:20:24:13 +0800] "GET /old-quarter-slot-machines-northern-nevada HTTP/1.1" 404 - "-" "Mozilla/5.0 AppleWebKit/537.36 (KHTML, like Gecko; compatible; ClaudeBot/1.0; +claudebot@anthropic.com)"
216.73.216.21 - - [23/Dec/2025:20:24:13 +0800] "GET /are-online-casinos-rigged HTTP/1.1" 404 - "-" "Mozilla/5.0 AppleWebKit/537.36 (KHTML, like Gecko; compatible; ClaudeBot/1.0; +claudebot@anthropic.com)"
216.73.216.21 - - [23/Dec/2025:20:24:14 +0800] "GET /uptown-pokies-bonus HTTP/1.1" 404 - "-" "Mozilla/5.0 AppleWebKit/537.36 (KHTML, like Gecko; compatible; ClaudeBot/1.0; +claudebot@anthropic.com)"
216.73.216.21 - - [23/Dec/2025:20:24:14 +0800] "GET /?store-page=Aromatic-Fragrance-Oil-AFO-Orchid-Black-Orchid-10ml-p150317267 HTTP/1.1" 200 446083 "-" "Mozilla/5.0 AppleWebKit/537.36 (KHTML, like Gecko; compatible; ClaudeBot/1.0; +claudebot@anthropic.com)"
216.73.216.21 - - [23/Dec/2025:20:24:15 +0800] "GET /free-casino-slots-games-to-play-for-fun HTTP/1.1" 404 - "-" "Mozilla/5.0 AppleWebKit/537.36 (KHTML, like Gecko; compatible; ClaudeBot/1.0; +claudebot@anthropic.com)"
216.73.216.21 - - [23/Dec/2025:20:24:15 +0800] "GET /nevada-gambling-news HTTP/1.1" 404 - "-" "Mozilla/5.0 AppleWebKit/537.36 (KHTML, like Gecko; compatible; ClaudeBot/1.0; +claudebot@anthropic.com)"
216.73.216.21 - - [23/Dec/2025:20:24:15 +0800] "GET /casino-in-coos-bay HTTP/1.1" 404 - "-" "Mozilla/5.0 AppleWebKit/537.36 (KHTML, like Gecko; compatible; ClaudeBot/1.0; +claudebot@anthropic.com)"
216.73.216.21 - - [23/Dec/2025:20:24:15 +0800] "GET /the-jack-casino-cincinnati/embed HTTP/1.1" 404 - "-" "Mozilla/5.0 AppleWebKit/537.36 (KHTML, like Gecko; compatible; ClaudeBot/1.0; +claudebot@anthropic.com)"
217.113.194.145 - - [23/Dec/2025:20:24:18 +0800] "GET /mentol-kristal/mentol-kristal-1kg/EDP-Dunhill-Desire-For-A-Women-Pink-Bottle-W-5L-p156543097 HTTP/1.1" 404 - "-" "Mozilla/5.0 (compatible; Barkrowler/0.9; +https://babbar.tech/crawler)"
217.113.194.142 - - [23/Dec/2025:20:24:34 +0800] "GET /mentol-kristal/mentol-kristal-1kg/BFO-Juicy-Couture-Viva-La-Juicy-Sucre-W-10ml-p154696466 HTTP/1.1" 404 - "-" "Mozilla/5.0 (compatible; Barkrowler/0.9; +https://babbar.tech/crawler)"
74.7.243.225 - - [23/Dec/2025:20:24:36 +0800] "GET /search.php?directly194005815.html HTTP/1.1" 404 - "-" "Mozilla/5.0 AppleWebKit/537.36 (KHTML, like Gecko; compatible; GPTBot/1.3; +https://openai.com/gptbot)"
74.7.227.167 - - [23/Dec/2025:20:24:38 +0800] "GET /search.php?casualty248019565.html HTTP/1.1" 404 - "-" "Mozilla/5.0 AppleWebKit/537.36 (KHTML, like Gecko; compatible; GPTBot/1.3; +https://openai.com/gptbot)"
217.113.194.145 - - [23/Dec/2025:20:24:49 +0800] "GET /mentol-kristal/mentol-kristal-1kg/NAP-Calvin-Klein-CK-IN2U-for-Her-W-5L-p161849527 HTTP/1.1" 404 - "-" "Mozilla/5.0 (compatible; Barkrowler/0.9; +https://babbar.tech/crawler)"
216.73.216.21 - - [23/Dec/2025:20:24:52 +0800] "GET /doubledown-casino-slots-promo-codes HTTP/1.1" 404 - "-" "Mozilla/5.0 AppleWebKit/537.36 (KHTML, like Gecko; compatible; ClaudeBot/1.0; +claudebot@anthropic.com)"
216.73.216.21 - - [23/Dec/2025:20:24:52 +0800] "GET /free-casino-slots-for-fun-no-download-no-registration HTTP/1.1" 404 - "-" "Mozilla/5.0 AppleWebKit/537.36 (KHTML, like Gecko; compatible; ClaudeBot/1.0; +claudebot@anthropic.com)"
216.73.216.21 - - [23/Dec/2025:20:24:52 +0800] "GET /boston-to-twin-river-casino HTTP/1.1" 404 - "-" "Mozilla/5.0 AppleWebKit/537.36 (KHTML, like Gecko; compatible; ClaudeBot/1.0; +claudebot@anthropic.com)"
216.73.216.21 - - [23/Dec/2025:20:24:53 +0800] "GET /wp-includes/js/dist/?C=D&O=A HTTP/1.1" 404 - "-" "Mozilla/5.0 AppleWebKit/537.36 (KHTML, like Gecko; compatible; ClaudeBot/1.0; +claudebot@anthropic.com)"
216.73.216.21 - - [23/Dec/2025:20:24:53 +0800] "GET /casino-win-receipt/embed HTTP/1.1" 404 - "-" "Mozilla/5.0 AppleWebKit/537.36 (KHTML, like Gecko; compatible; ClaudeBot/1.0; +claudebot@anthropic.com)"
216.73.216.21 - - [23/Dec/2025:20:24:53 +0800] "GET /news/?attachment_id=4025 HTTP/1.1" 404 - "-" "Mozilla/5.0 AppleWebKit/537.36 (KHTML, like Gecko; compatible; ClaudeBot/1.0; +claudebot@anthropic.com)"
216.73.216.21 - - [23/Dec/2025:20:24:53 +0800] "GET /casino-conrad HTTP/1.1" 404 - "-" "Mozilla/5.0 AppleWebKit/537.36 (KHTML, like Gecko; compatible; ClaudeBot/1.0; +claudebot@anthropic.com)"
216.73.216.21 - - [23/Dec/2025:20:24:54 +0800] "GET /online-casino-games-with-leader HTTP/1.1" 404 - "-" "Mozilla/5.0 AppleWebKit/537.36 (KHTML, like Gecko; compatible; ClaudeBot/1.0; +claudebot@anthropic.com)"
216.73.216.21 - - [23/Dec/2025:20:24:54 +0800] "GET /casinos-in-dominican-republic HTTP/1.1" 404 - "-" "Mozilla/5.0 AppleWebKit/537.36 (KHTML, like Gecko; compatible; ClaudeBot/1.0; +claudebot@anthropic.com)"
216.73.216.21 - - [23/Dec/2025:20:24:54 +0800] "GET /casino-free-spins-no-deposit-bonus-2021 HTTP/1.1" 404 - "-" "Mozilla/5.0 AppleWebKit/537.36 (KHTML, like Gecko; compatible; ClaudeBot/1.0; +claudebot@anthropic.com)"
216.73.216.21 - - [23/Dec/2025:20:24:54 +0800] "GET /launceston-casino-opening-hours HTTP/1.1" 404 - "-" "Mozilla/5.0 AppleWebKit/537.36 (KHTML, like Gecko; compatible; ClaudeBot/1.0; +claudebot@anthropic.com)"
216.73.216.21 - - [23/Dec/2025:20:24:55 +0800] "GET /greenvalley-ranch-casino/embed HTTP/1.1" 404 - "-" "Mozilla/5.0 AppleWebKit/537.36 (KHTML, like Gecko; compatible; ClaudeBot/1.0; +claudebot@anthropic.com)"
216.73.216.21 - - [23/Dec/2025:20:24:55 +0800] "GET /?store-page=DL-Dishwash-Liquid-Honey-Melon-p379892610&variation=216110773 HTTP/1.1" 200 446326 "-" "Mozilla/5.0 AppleWebKit/537.36 (KHTML, like Gecko; compatible; ClaudeBot/1.0; +claudebot@anthropic.com)"
216.73.216.21 - - [23/Dec/2025:20:24:55 +0800] "GET /lake-of-torches-casino HTTP/1.1" 404 - "-" "Mozilla/5.0 AppleWebKit/537.36 (KHTML, like Gecko; compatible; ClaudeBot/1.0; +claudebot@anthropic.com)"
216.73.216.21 - - [23/Dec/2025:20:24:55 +0800] "GET /las-vegas-free-slot-machine HTTP/1.1" 404 - "-" "Mozilla/5.0 AppleWebKit/537.36 (KHTML, like Gecko; compatible; ClaudeBot/1.0; +claudebot@anthropic.com)"
216.73.216.21 - - [23/Dec/2025:20:24:55 +0800] "GET /bez-rubriki/red-dog-casino-mobile-app HTTP/1.1" 404 - "-" "Mozilla/5.0 AppleWebKit/537.36 (KHTML, like Gecko; compatible; ClaudeBot/1.0; +claudebot@anthropic.com)"
216.73.216.21 - - [23/Dec/2025:20:24:55 +0800] "GET /money-honey-slot-machine HTTP/1.1" 404 - "-" "Mozilla/5.0 AppleWebKit/537.36 (KHTML, like Gecko; compatible; ClaudeBot/1.0; +claudebot@anthropic.com)"
216.73.216.21 - - [23/Dec/2025:20:24:56 +0800] "GET /news/?attachment_id=4312 HTTP/1.1" 404 - "-" "Mozilla/5.0 AppleWebKit/537.36 (KHTML, like Gecko; compatible; ClaudeBot/1.0; +claudebot@anthropic.com)"
216.73.216.21 - - [23/Dec/2025:20:24:56 +0800] "GET /dumplings-crown-casino/embed HTTP/1.1" 404 - "-" "Mozilla/5.0 AppleWebKit/537.36 (KHTML, like Gecko; compatible; ClaudeBot/1.0; +claudebot@anthropic.com)"
216.73.216.21 - - [23/Dec/2025:20:24:56 +0800] "GET /manitoba-casino-online HTTP/1.1" 404 - "-" "Mozilla/5.0 AppleWebKit/537.36 (KHTML, like Gecko; compatible; ClaudeBot/1.0; +claudebot@anthropic.com)"
216.73.216.21 - - [23/Dec/2025:20:24:56 +0800] "GET /wp-admin/css/?C=M&O=A HTTP/1.1" 200 1329 "-" "Mozilla/5.0 AppleWebKit/537.36 (KHTML, like Gecko; compatible; ClaudeBot/1.0; +claudebot@anthropic.com)"
216.73.216.21 - - [23/Dec/2025:20:24:56 +0800] "GET /bez-rubriki/buchmacher-vergleich-usa-2 HTTP/1.1" 404 - "-" "Mozilla/5.0 AppleWebKit/537.36 (KHTML, like Gecko; compatible; ClaudeBot/1.0; +claudebot@anthropic.com)"
216.73.216.21 - - [23/Dec/2025:20:24:56 +0800] "GET /slot-machines-springfield-il HTTP/1.1" 404 - "-" "Mozilla/5.0 AppleWebKit/537.36 (KHTML, like Gecko; compatible; ClaudeBot/1.0; +claudebot@anthropic.com)"
216.73.216.21 - - [23/Dec/2025:20:24:57 +0800] "GET /online-pokies-win HTTP/1.1" 404 - "-" "Mozilla/5.0 AppleWebKit/537.36 (KHTML, like Gecko; compatible; ClaudeBot/1.0; +claudebot@anthropic.com)"
216.73.216.21 - - [23/Dec/2025:20:24:57 +0800] "GET /video/sunshine-club-video-playlist HTTP/1.1" 404 - "-" "Mozilla/5.0 AppleWebKit/537.36 (KHTML, like Gecko; compatible; ClaudeBot/1.0; +claudebot@anthropic.com)"
216.73.216.21 - - [23/Dec/2025:20:24:57 +0800] "GET /brockton-casino/embed HTTP/1.1" 404 - "-" "Mozilla/5.0 AppleWebKit/537.36 (KHTML, like Gecko; compatible; ClaudeBot/1.0; +claudebot@anthropic.com)"
216.73.216.21 - - [23/Dec/2025:20:24:57 +0800] "GET /free-jackpot-slots-games/embed HTTP/1.1" 404 - "-" "Mozilla/5.0 AppleWebKit/537.36 (KHTML, like Gecko; compatible; ClaudeBot/1.0; +claudebot@anthropic.com)"
216.73.216.21 - - [23/Dec/2025:20:24:57 +0800] "GET /?w=1098062 HTTP/1.1" 200 446926 "-" "Mozilla/5.0 AppleWebKit/537.36 (KHTML, like Gecko; compatible; ClaudeBot/1.0; +claudebot@anthropic.com)"
216.73.216.21 - - [23/Dec/2025:20:24:57 +0800] "GET /wp-content/maintenance/auth/?C=N&O=A HTTP/1.1" 200 839 "-" "Mozilla/5.0 AppleWebKit/537.36 (KHTML, like Gecko; compatible; ClaudeBot/1.0; +claudebot@anthropic.com)"
216.73.216.21 - - [23/Dec/2025:20:24:57 +0800] "GET /morongo-casino-rewards HTTP/1.1" 404 - "-" "Mozilla/5.0 AppleWebKit/537.36 (KHTML, like Gecko; compatible; ClaudeBot/1.0; +claudebot@anthropic.com)"
216.73.216.21 - - [23/Dec/2025:20:24:57 +0800] "GET /cropped-bf1-1-png HTTP/1.1" 404 - "-" "Mozilla/5.0 AppleWebKit/537.36 (KHTML, like Gecko; compatible; ClaudeBot/1.0; +claudebot@anthropic.com)"
216.73.216.21 - - [23/Dec/2025:20:24:58 +0800] "GET /casino-vancouver-downtown/embed HTTP/1.1" 404 - "-" "Mozilla/5.0 AppleWebKit/537.36 (KHTML, like Gecko; compatible; ClaudeBot/1.0; +claudebot@anthropic.com)"
216.73.216.21 - - [23/Dec/2025:20:24:58 +0800] "GET /g-casino-luton-poker-schedule HTTP/1.1" 404 - "-" "Mozilla/5.0 AppleWebKit/537.36 (KHTML, like Gecko; compatible; ClaudeBot/1.0; +claudebot@anthropic.com)"
216.73.216.21 - - [23/Dec/2025:20:24:58 +0800] "GET /free-spins-money-slots-real-money HTTP/1.1" 404 - "-" "Mozilla/5.0 AppleWebKit/537.36 (KHTML, like Gecko; compatible; ClaudeBot/1.0; +claudebot@anthropic.com)"
216.73.216.21 - - [23/Dec/2025:20:24:58 +0800] "GET /top-free-spin-deals HTTP/1.1" 404 - "-" "Mozilla/5.0 AppleWebKit/537.36 (KHTML, like Gecko; compatible; ClaudeBot/1.0; +claudebot@anthropic.com)"
216.73.216.21 - - [23/Dec/2025:20:24:58 +0800] "GET /?w=1614751 HTTP/1.1" 200 445012 "-" "Mozilla/5.0 AppleWebKit/537.36 (KHTML, like Gecko; compatible; ClaudeBot/1.0; +claudebot@anthropic.com)"
216.73.216.21 - - [23/Dec/2025:20:24:58 +0800] "GET /bez-rubriki/beo-bet HTTP/1.1" 404 - "-" "Mozilla/5.0 AppleWebKit/537.36 (KHTML, like Gecko; compatible; ClaudeBot/1.0; +claudebot@anthropic.com)"
216.73.216.21 - - [23/Dec/2025:20:24:58 +0800] "GET /big-dollar-casino-no-deposit HTTP/1.1" 404 - "-" "Mozilla/5.0 AppleWebKit/537.36 (KHTML, like Gecko; compatible; ClaudeBot/1.0; +claudebot@anthropic.com)"
216.73.216.21 - - [23/Dec/2025:20:24:58 +0800] "GET /online-roulette-for-money-review HTTP/1.1" 404 - "-" "Mozilla/5.0 AppleWebKit/537.36 (KHTML, like Gecko; compatible; ClaudeBot/1.0; +claudebot@anthropic.com)"
216.73.216.21 - - [23/Dec/2025:20:24:58 +0800] "GET /tag/orkid-minyak-wanig-malaysia HTTP/1.1" 404 - "-" "Mozilla/5.0 AppleWebKit/537.36 (KHTML, like Gecko; compatible; ClaudeBot/1.0; +claudebot@anthropic.com)"
216.73.216.21 - - [23/Dec/2025:20:24:59 +0800] "GET /casinoland-no-deposit-bonus HTTP/1.1" 404 - "-" "Mozilla/5.0 AppleWebKit/537.36 (KHTML, like Gecko; compatible; ClaudeBot/1.0; +claudebot@anthropic.com)"
