190.8.61.206 - - [23/Dec/2025:20:41:06 +0800] "GET /mentol-kristal/mentol-kristal-100g/Softergent-Liquid-lime-Kaffir-Lime-2-2L-p422917548 HTTP/1.1" 404 - "-" "Mozilla/5.0 (Windows NT 10.0; Win64; x64) AppleWebKit/537.36 (KHTML, like Gecko) Chrome/129.0.0.0 Safari/537.36"
74.7.243.225 - - [23/Dec/2025:20:41:09 +0800] "GET /search.php?minister126027547.html HTTP/1.1" 404 - "-" "Mozilla/5.0 AppleWebKit/537.36 (KHTML, like Gecko; compatible; GPTBot/1.3; +https://openai.com/gptbot)"
217.113.194.148 - - [23/Dec/2025:20:41:09 +0800] "GET /mentol-kristal/mentol-kristal-5kg/Natural-Aroma-Oil-AO-Sensual-Aura-Aroma-Oil-10ml-p198691247 HTTP/1.1" 404 - "-" "Mozilla/5.0 (compatible; Barkrowler/0.9; +https://babbar.tech/crawler)"
74.7.227.167 - - [23/Dec/2025:20:41:24 +0800] "GET /search.php?everyone128019517.html HTTP/1.1" 404 - "-" "Mozilla/5.0 AppleWebKit/537.36 (KHTML, like Gecko; compatible; GPTBot/1.3; +https://openai.com/gptbot)"
217.113.194.231 - - [23/Dec/2025:20:41:25 +0800] "GET /mentol-kristal/mentol-kristal-5kg/Aromatic-Fragrance-Oil-AFO-Kaffir-Lime-Flower-1L-p154332679 HTTP/1.1" 404 - "-" "Mozilla/5.0 (compatible; Barkrowler/0.9; +https://babbar.tech/crawler)"
41.139.153.55 - - [23/Dec/2025:20:41:27 +0800] "GET /mentol-kristal/mentol-kristal-100g/Softergent-Liquid-lime-Kaffir-Lime-2-2L-p422917548 HTTP/1.1" 404 - "-" "Mozilla/5.0 (Windows NT 10.0; Win64; x64) AppleWebKit/537.36 (KHTML, like Gecko) Chrome/129.0.0.0 Safari/537.36"
217.113.194.253 - - [23/Dec/2025:20:41:40 +0800] "GET /mentol-kristal/mentol-kristal-5kg/Aromatic-Fragrance-Oil-AFO-Jasmine-White-Jasmine-500ml-p153886037 HTTP/1.1" 404 - "-" "Mozilla/5.0 (compatible; Barkrowler/0.9; +https://babbar.tech/crawler)"
74.7.243.225 - - [23/Dec/2025:20:41:48 +0800] "GET /search.php?outcome253048310.html HTTP/1.1" 404 - "-" "Mozilla/5.0 AppleWebKit/537.36 (KHTML, like Gecko; compatible; GPTBot/1.3; +https://openai.com/gptbot)"
66.249.65.173 - - [23/Dec/2025:20:41:53 +0800] "GET /shop/5108708.shtml HTTP/1.1" 404 - "-" "Mozilla/5.0 (Linux; Android 6.0.1; Nexus 5X Build/MMB29P) AppleWebKit/537.36 (KHTML, like Gecko) Chrome/141.0.7390.122 Mobile Safari/537.36 (compatible; Googlebot/2.1; +http://www.google.com/bot.html)"
40.77.167.25 - - [23/Dec/2025:20:41:53 +0800] "GET /mentol-kristal/mentol-kristal-1kg/BFO-Juicy-Couture-Viva-la-Juicy-Noir-W-1000ml-p151630537 HTTP/1.1" 404 - "-" "Mozilla/5.0 AppleWebKit/537.36 (KHTML, like Gecko; compatible; bingbot/2.0; +http://www.bing.com/bingbot.htm) Chrome/116.0.1938.76 Safari/537.36"
217.113.194.142 - - [23/Dec/2025:20:41:56 +0800] "GET /mentol-kristal/mentol-kristal-5kg/CI-Oil-Isopropyl-Palmitate-IPP-Fragrance-Grade-1000ml-p150021656 HTTP/1.1" 404 - "-" "Mozilla/5.0 (compatible; Barkrowler/0.9; +https://babbar.tech/crawler)"
217.113.194.143 - - [23/Dec/2025:20:42:11 +0800] "GET /mentol-kristal/mentol-kristal-5kg/Blended-Essential-Oil-BO-Anti-Aging-Essential-Oil-10ml-p153617294 HTTP/1.1" 404 - "-" "Mozilla/5.0 (compatible; Barkrowler/0.9; +https://babbar.tech/crawler)"
74.7.243.225 - - [23/Dec/2025:20:42:26 +0800] "GET /search.php?captain296045357.html HTTP/1.1" 404 - "-" "Mozilla/5.0 AppleWebKit/537.36 (KHTML, like Gecko; compatible; GPTBot/1.3; +https://openai.com/gptbot)"
217.113.194.148 - - [23/Dec/2025:20:42:27 +0800] "GET /mentol-kristal/mentol-kristal-5kg/Blended-Essential-Oil-BO-Pressure-Relief-Essential-Oil-50ml-p154181314 HTTP/1.1" 404 - "-" "Mozilla/5.0 (compatible; Barkrowler/0.9; +https://babbar.tech/crawler)"
74.7.227.167 - - [23/Dec/2025:20:42:30 +0800] "GET /search.php?justice182031169.html HTTP/1.1" 404 - "-" "Mozilla/5.0 AppleWebKit/537.36 (KHTML, like Gecko; compatible; GPTBot/1.3; +https://openai.com/gptbot)"
217.113.194.144 - - [23/Dec/2025:20:42:44 +0800] "GET /mentol-kristal/mentol-kristal-5kg/Blended-Essential-Oil-BO-Face-Slimming-Essential-Oil-10ml-p151664414 HTTP/1.1" 404 - "-" "Mozilla/5.0 (compatible; Barkrowler/0.9; +https://babbar.tech/crawler)"
217.113.194.147 - - [23/Dec/2025:20:42:59 +0800] "GET /mentol-kristal/mentol-kristal-200kg/EDP-Giorgio-Armani-Acqua-di-Gio-Woman-W-250ml-p158796806 HTTP/1.1" 404 - "-" "Mozilla/5.0 (compatible; Barkrowler/0.9; +https://babbar.tech/crawler)"
74.7.243.225 - - [23/Dec/2025:20:43:05 +0800] "GET /search.php?liberal068024351.html HTTP/1.1" 404 - "-" "Mozilla/5.0 AppleWebKit/537.36 (KHTML, like Gecko; compatible; GPTBot/1.3; +https://openai.com/gptbot)"
217.113.194.146 - - [23/Dec/2025:20:43:15 +0800] "GET /mentol-kristal/mentol-kristal-200kg/EDP-Poison-Eau-De-Parfum-By-Christian-Dior-W-1000ml-p153201615 HTTP/1.1" 404 - "-" "Mozilla/5.0 (compatible; Barkrowler/0.9; +https://babbar.tech/crawler)"
66.249.65.160 - - [23/Dec/2025:20:43:25 +0800] "GET /mentol-kristal/mentol-kristal-500g/Salon-Pack-Control-Hair-Fall-Shampoo-1L-p156623559 HTTP/1.1" 404 - "-" "Mozilla/5.0 (Linux; Android 6.0.1; Nexus 5X Build/MMB29P) AppleWebKit/537.36 (KHTML, like Gecko) Chrome/141.0.7390.122 Mobile Safari/537.36 (compatible; Googlebot/2.1; +http://www.google.com/bot.html)"
217.113.194.146 - - [23/Dec/2025:20:43:30 +0800] "GET /mentol-kristal/mentol-kristal-200kg/CI-Geling-Agent-Cold-Mix-Geling-Agent-Easy-Version-100g-p150018724 HTTP/1.1" 404 - "-" "Mozilla/5.0 (compatible; Barkrowler/0.9; +https://babbar.tech/crawler)"
74.7.227.167 - - [23/Dec/2025:20:43:32 +0800] "GET /search.php?theology284015175.html HTTP/1.1" 404 - "-" "Mozilla/5.0 AppleWebKit/537.36 (KHTML, like Gecko; compatible; GPTBot/1.3; +https://openai.com/gptbot)"
74.7.243.225 - - [23/Dec/2025:20:43:42 +0800] "GET /search.php?alleged238041971.html HTTP/1.1" 404 - "-" "Mozilla/5.0 AppleWebKit/537.36 (KHTML, like Gecko; compatible; GPTBot/1.3; +https://openai.com/gptbot)"
217.113.194.151 - - [23/Dec/2025:20:43:46 +0800] "GET /mentol-kristal/mentol-kristal-200kg/BFO-Ard-Al-Zaafaran-Oud-Al-Lail-U-10ml-p154548383 HTTP/1.1" 404 - "-" "Mozilla/5.0 (compatible; Barkrowler/0.9; +https://babbar.tech/crawler)"
204.12.208.18 - - [23/Dec/2025:20:43:54 +0800] "GET /wp-content/pl188f0e/index.php HTTP/1.1" 200 - "https://mentol.bf1.my/wp-content/pl188f0e/index.php" "Mozilla/5.0 (Macintosh; Intel Mac OS X 10_6_8) AppleWebKit/535.1 (KHTML, like Gecko) RockMelt/0.9.64.361 Chrome/13.0.782.218 Safari/535.1"
217.113.194.148 - - [23/Dec/2025:20:44:01 +0800] "GET /mentol-kristal/mentol-kristal-200kg/BFO-Anna-Sui-Dolly-Girl-W-5KG-100KG-p732234543 HTTP/1.1" 404 - "-" "Mozilla/5.0 (compatible; Barkrowler/0.9; +https://babbar.tech/crawler)"
171.234.9.197 - - [23/Dec/2025:20:44:09 +0800] "GET /bez-rubriki/cashout-wetten-2/ HTTP/1.1" 404 - "https://mentol.bf1.my/" "Mozilla/5.0 (X11; Fedora; Linux x86_64; rv:114.0) Gecko/20100101 Firefox/114.0"
171.234.9.197 - - [23/Dec/2025:20:44:10 +0800] "GET / HTTP/1.1" 404 - "-" "Mozilla/5.0 (X11; Fedora; Linux x86_64; rv:114.0) Gecko/20100101 Firefox/114.0"
171.234.9.197 - - [23/Dec/2025:20:44:11 +0800] "GET / HTTP/1.1" 404 - "-" "Mozilla/5.0 (X11; Fedora; Linux x86_64; rv:114.0) Gecko/20100101 Firefox/114.0"
171.234.9.197 - - [23/Dec/2025:20:44:12 +0800] "GET / HTTP/1.1" 404 - "-" "Mozilla/5.0 (X11; Fedora; Linux x86_64; rv:114.0) Gecko/20100101 Firefox/114.0"
217.113.194.148 - - [23/Dec/2025:20:44:17 +0800] "GET /mentol-kristal/mentol-kristal-200kg/BFO-Jo-Malone-Dark-Amber-&-Ginger-Lily-W-10ml-p154703348 HTTP/1.1" 404 - "-" "Mozilla/5.0 (compatible; Barkrowler/0.9; +https://babbar.tech/crawler)"
74.7.243.225 - - [23/Dec/2025:20:44:19 +0800] "GET /search.php?quietly017026082.html HTTP/1.1" 404 - "-" "Mozilla/5.0 AppleWebKit/537.36 (KHTML, like Gecko; compatible; GPTBot/1.3; +https://openai.com/gptbot)"
217.113.194.148 - - [23/Dec/2025:20:44:32 +0800] "GET /mentol-kristal/mentol-kristal-200kg/BFO-Jo-Malone-Vetiver-&-Golden-Vanilla-U-500ml-p357519801 HTTP/1.1" 404 - "-" "Mozilla/5.0 (compatible; Barkrowler/0.9; +https://babbar.tech/crawler)"
74.7.227.167 - - [23/Dec/2025:20:44:38 +0800] "GET /search.php?lawsuit031047092.html HTTP/1.1" 404 - "-" "Mozilla/5.0 AppleWebKit/537.36 (KHTML, like Gecko; compatible; GPTBot/1.3; +https://openai.com/gptbot)"
217.113.194.145 - - [23/Dec/2025:20:44:48 +0800] "GET /mentol-kristal/mentol-kristal-200kg/BFO-Jo-Malone-Vetiver-&-Golden-Vanilla-U-10ml-p357259653 HTTP/1.1" 404 - "-" "Mozilla/5.0 (compatible; Barkrowler/0.9; +https://babbar.tech/crawler)"
74.7.243.225 - - [23/Dec/2025:20:44:57 +0800] "GET /search.php?delicate186032057.html HTTP/1.1" 404 - "-" "Mozilla/5.0 AppleWebKit/537.36 (KHTML, like Gecko; compatible; GPTBot/1.3; +https://openai.com/gptbot)"
217.113.194.149 - - [23/Dec/2025:20:45:03 +0800] "GET /mentol-kristal/mentol-kristal-200kg/NAP-Calvin-Klein-CK-One-Shock-For-Her-W-5L-p161849531 HTTP/1.1" 404 - "-" "Mozilla/5.0 (compatible; Barkrowler/0.9; +https://babbar.tech/crawler)"
66.249.65.173 - - [23/Dec/2025:20:45:17 +0800] "GET /favicon.ico HTTP/1.1" 404 - "-" "Googlebot-Image/1.0"
217.113.194.146 - - [23/Dec/2025:20:45:19 +0800] "GET /mentol-kristal/mentol-kristal-200kg/Pure-Essential-Oil-EO-Pine-Fragrant-Pine-Essential-Oil-50ml-p152344372 HTTP/1.1" 404 - "-" "Mozilla/5.0 (compatible; Barkrowler/0.9; +https://babbar.tech/crawler)"
45.61.184.83 - - [23/Dec/2025:20:45:25 +0800] "GET /wp-login.php HTTP/1.1" 404 - "https://duckduckgo.com/" "Mozilla/5.0 (Linux; Android 14; Pixel 8 Build/UP1A) AppleWebKit/537.36 (KHTML, like Gecko) Chrome/131.0.0.0 Mobile Safari/537.36"
74.7.243.225 - - [23/Dec/2025:20:45:34 +0800] "GET /search.php?emotion123035254.html HTTP/1.1" 404 - "-" "Mozilla/5.0 AppleWebKit/537.36 (KHTML, like Gecko; compatible; GPTBot/1.3; +https://openai.com/gptbot)"
217.113.194.143 - - [23/Dec/2025:20:45:34 +0800] "GET /mentol-kristal/mentol-kristal-200kg/Pure-Essential-Oil-EO-Pine-Christmas-Pine-Essential-Oil-500ml-p152480302 HTTP/1.1" 404 - "-" "Mozilla/5.0 (compatible; Barkrowler/0.9; +https://babbar.tech/crawler)"
74.7.227.167 - - [23/Dec/2025:20:45:42 +0800] "GET /search.php?predict128037691.html HTTP/1.1" 404 - "-" "Mozilla/5.0 AppleWebKit/537.36 (KHTML, like Gecko; compatible; GPTBot/1.3; +https://openai.com/gptbot)"
217.113.194.231 - - [23/Dec/2025:20:45:49 +0800] "GET /mentol-kristal/mentol-kristal-200kg/Pure-Essential-Oil-EO-Weeping-Willow-Essential-Oil-1L-p152474487 HTTP/1.1" 404 - "-" "Mozilla/5.0 (compatible; Barkrowler/0.9; +https://babbar.tech/crawler)"
217.113.194.231 - - [23/Dec/2025:20:46:05 +0800] "GET /mentol-kristal/mentol-kristal-200kg/Pure-Essential-Oil-EO-Weeping-Willow-Essential-Oil-5L-p196274860 HTTP/1.1" 404 - "-" "Mozilla/5.0 (compatible; Barkrowler/0.9; +https://babbar.tech/crawler)"
74.7.243.225 - - [23/Dec/2025:20:46:11 +0800] "GET /search.php?shortage276019523.html HTTP/1.1" 404 - "-" "Mozilla/5.0 AppleWebKit/537.36 (KHTML, like Gecko; compatible; GPTBot/1.3; +https://openai.com/gptbot)"
217.113.194.148 - - [23/Dec/2025:20:46:20 +0800] "GET /mentol-kristal/mentol-kristal-200kg/Pure-Essential-Oil-EO-Bergamot-Leaf-Essential-Oil-5L-p196313501 HTTP/1.1" 404 - "-" "Mozilla/5.0 (compatible; Barkrowler/0.9; +https://babbar.tech/crawler)"
154.54.249.207 - - [23/Dec/2025:20:46:36 +0800] "GET /mentol-kristal/mentol-kristal-200kg/Pure-Essential-Oil-EO-Papaya-Leaves-Essential-Oil-1L-p152474353 HTTP/1.1" 404 - "-" "Mozilla/5.0 (compatible; Barkrowler/0.9; +https://babbar.tech/crawler)"
66.249.65.174 - - [23/Dec/2025:20:46:40 +0800] "GET /ctg/search/similarImageSearchResultView/?ctgItemCd=10540228 HTTP/1.1" 404 - "-" "Mozilla/5.0 (compatible; Googlebot/2.1; +http://www.google.com/bot.html)"
40.77.167.12 - - [23/Dec/2025:20:46:40 +0800] "GET /mentol-kristal/mentol-kristal-200kg/CI-Acid-Stearic-Acid-Powder-500g-p173089271 HTTP/1.1" 404 - "-" "Mozilla/5.0 AppleWebKit/537.36 (KHTML, like Gecko; compatible; bingbot/2.0; +http://www.bing.com/bingbot.htm) Chrome/116.0.1938.76 Safari/537.36"
74.7.227.167 - - [23/Dec/2025:20:46:45 +0800] "GET /search.php?inherit184002365.html HTTP/1.1" 404 - "-" "Mozilla/5.0 AppleWebKit/537.36 (KHTML, like Gecko; compatible; GPTBot/1.3; +https://openai.com/gptbot)"
74.7.243.225 - - [23/Dec/2025:20:46:50 +0800] "GET /search.php?fifteen262041817.html HTTP/1.1" 404 - "-" "Mozilla/5.0 AppleWebKit/537.36 (KHTML, like Gecko; compatible; GPTBot/1.3; +https://openai.com/gptbot)"
217.113.194.146 - - [23/Dec/2025:20:46:52 +0800] "GET /mentol-kristal/mentol-kristal-200kg/Pure-Essential-Oil-EO-Pomelo-Leaf-Essential-Oil-500ml-p152474224 HTTP/1.1" 404 - "-" "Mozilla/5.0 (compatible; Barkrowler/0.9; +https://babbar.tech/crawler)"
217.113.194.249 - - [23/Dec/2025:20:47:08 +0800] "GET /mentol-kristal/mentol-kristal-200kg/Pure-Essential-Oil-EO-Agarwood-Leaf-Essential-Oil-500ml-p150612445 HTTP/1.1" 404 - "-" "Mozilla/5.0 (compatible; Barkrowler/0.9; +https://babbar.tech/crawler)"
217.113.194.151 - - [23/Dec/2025:20:47:23 +0800] "GET /mentol-kristal/mentol-kristal-200kg/Pure-Essential-Oil-EO-Frangipani-White-Essential-Oil-1L-p152481276 HTTP/1.1" 404 - "-" "Mozilla/5.0 (compatible; Barkrowler/0.9; +https://babbar.tech/crawler)"
74.7.243.225 - - [23/Dec/2025:20:47:30 +0800] "GET /search.php?typical179024628.html HTTP/1.1" 404 - "-" "Mozilla/5.0 AppleWebKit/537.36 (KHTML, like Gecko; compatible; GPTBot/1.3; +https://openai.com/gptbot)"
66.249.65.173 - - [23/Dec/2025:20:47:31 +0800] "GET /shop/4114018.shtml HTTP/1.1" 404 - "-" "Mozilla/5.0 (compatible; Googlebot/2.1; +http://www.google.com/bot.html)"
66.249.65.160 - - [23/Dec/2025:20:47:34 +0800] "GET /shop/3470704.shtml HTTP/1.1" 404 - "-" "Mozilla/5.0 (compatible; Googlebot/2.1; +http://www.google.com/bot.html)"
217.113.194.146 - - [23/Dec/2025:20:47:39 +0800] "GET /mentol-kristal/mentol-kristal-200kg/Pure-Essential-Oil-EO-Frangipani-White-Essential-Oil-500ml-p152359288 HTTP/1.1" 404 - "-" "Mozilla/5.0 (compatible; Barkrowler/0.9; +https://babbar.tech/crawler)"
74.7.227.167 - - [23/Dec/2025:20:47:50 +0800] "GET /search.php?criminal250018427.html HTTP/1.1" 404 - "-" "Mozilla/5.0 AppleWebKit/537.36 (KHTML, like Gecko; compatible; GPTBot/1.3; +https://openai.com/gptbot)"
217.113.194.231 - - [23/Dec/2025:20:47:54 +0800] "GET /mentol-kristal/mentol-kristal-200kg/Pure-Essential-Oil-EO-Ylang-Ylang-Essential-Oil-500ml-p152480340 HTTP/1.1" 404 - "-" "Mozilla/5.0 (compatible; Barkrowler/0.9; +https://babbar.tech/crawler)"
74.7.243.225 - - [23/Dec/2025:20:48:06 +0800] "GET /search.php?deposit173002492.html HTTP/1.1" 404 - "-" "Mozilla/5.0 AppleWebKit/537.36 (KHTML, like Gecko; compatible; GPTBot/1.3; +https://openai.com/gptbot)"
217.113.194.146 - - [23/Dec/2025:20:48:10 +0800] "GET /mentol-kristal/mentol-kristal-200kg/Pure-Essential-Oil-EO-Capsicum-Green-Essential-Oil-1L-p152474277 HTTP/1.1" 404 - "-" "Mozilla/5.0 (compatible; Barkrowler/0.9; +https://babbar.tech/crawler)"
217.113.194.150 - - [23/Dec/2025:20:48:25 +0800] "GET /mentol-kristal/mentol-kristal-200kg/Pure-Essential-Oil-EO-Date-Candied-Date-Essential-Oil-1L-p152480399 HTTP/1.1" 404 - "-" "Mozilla/5.0 (compatible; Barkrowler/0.9; +https://babbar.tech/crawler)"
154.54.249.207 - - [23/Dec/2025:20:48:41 +0800] "GET /mentol-kristal/mentol-kristal-200kg/Pure-Essential-Oil-EO-Date-Candied-Date-Essential-Oil-10ml-p151421822 HTTP/1.1" 404 - "-" "Mozilla/5.0 (compatible; Barkrowler/0.9; +https://babbar.tech/crawler)"
74.7.243.225 - - [23/Dec/2025:20:48:44 +0800] "GET /search.php?distinct120047265.html HTTP/1.1" 404 - "-" "Mozilla/5.0 AppleWebKit/537.36 (KHTML, like Gecko; compatible; GPTBot/1.3; +https://openai.com/gptbot)"
74.7.227.167 - - [23/Dec/2025:20:48:54 +0800] "GET /search.php?complex192038965.html HTTP/1.1" 404 - "-" "Mozilla/5.0 AppleWebKit/537.36 (KHTML, like Gecko; compatible; GPTBot/1.3; +https://openai.com/gptbot)"
217.113.194.151 - - [23/Dec/2025:20:48:56 +0800] "GET /mentol-kristal/mentol-kristal-200kg/Pure-Essential-Oil-EO-Atractylodes-Essential-Oil-1L-p152474260 HTTP/1.1" 404 - "-" "Mozilla/5.0 (compatible; Barkrowler/0.9; +https://babbar.tech/crawler)"
217.113.194.149 - - [23/Dec/2025:20:49:13 +0800] "GET /mentol-kristal/mentol-kristal-200kg/Pure-Essential-Oil-EO-Atractylodes-Essential-Oil-5L-p196313489 HTTP/1.1" 404 - "-" "Mozilla/5.0 (compatible; Barkrowler/0.9; +https://babbar.tech/crawler)"
74.7.243.225 - - [23/Dec/2025:20:49:23 +0800] "GET /search.php?resolve295003816.html HTTP/1.1" 404 - "-" "Mozilla/5.0 AppleWebKit/537.36 (KHTML, like Gecko; compatible; GPTBot/1.3; +https://openai.com/gptbot)"
217.113.194.147 - - [23/Dec/2025:20:49:29 +0800] "GET /mentol-kristal/mentol-kristal-200kg/Natural-Aroma-Oil-AO-Pine-Pine-Wood-Aroma-Oil-1L-p194632108 HTTP/1.1" 404 - "-" "Mozilla/5.0 (compatible; Barkrowler/0.9; +https://babbar.tech/crawler)"
171.234.9.197 - - [23/Dec/2025:20:49:32 +0800] "GET /bez-rubriki/cashout-wetten-2/ HTTP/1.1" 404 - "https://mentol.bf1.my/" "Mozilla/5.0 (Macintosh; Intel Mac OS X 12_5) AppleWebKit/537.36 (KHTML, like Gecko) Chrome/114.0.0.0 YaBrowser/22.7.0 Yowser/2.5 Safari/537.36"
171.234.9.197 - - [23/Dec/2025:20:49:33 +0800] "GET / HTTP/1.1" 404 - "-" "Mozilla/5.0 (Macintosh; Intel Mac OS X 12_5) AppleWebKit/537.36 (KHTML, like Gecko) Chrome/114.0.0.0 YaBrowser/22.7.0 Yowser/2.5 Safari/537.36"
171.234.9.197 - - [23/Dec/2025:20:49:35 +0800] "GET / HTTP/1.1" 404 - "-" "Mozilla/5.0 (Macintosh; Intel Mac OS X 12_5) AppleWebKit/537.36 (KHTML, like Gecko) Chrome/114.0.0.0 YaBrowser/22.7.0 Yowser/2.5 Safari/537.36"
171.234.9.197 - - [23/Dec/2025:20:49:43 +0800] "GET / HTTP/1.1" 404 - "-" "Mozilla/5.0 (Macintosh; Intel Mac OS X 12_5) AppleWebKit/537.36 (KHTML, like Gecko) Chrome/114.0.0.0 YaBrowser/22.7.0 Yowser/2.5 Safari/537.36"
217.113.194.151 - - [23/Dec/2025:20:49:44 +0800] "GET /mentol-kristal/mentol-kristal-200kg/Natural-Aroma-Oil-AO-Wave-Aura-Aroma-Oil-500ml-p198680480 HTTP/1.1" 404 - "-" "Mozilla/5.0 (compatible; Barkrowler/0.9; +https://babbar.tech/crawler)"
66.249.65.160 - - [23/Dec/2025:20:49:46 +0800] "GET /mentol-kristal/mentol-kristal-25kg/Pure-Essential-Oil-EO-Almond-Essential-Oil-1L-p150611564 HTTP/1.1" 404 - "-" "Mozilla/5.0 (Linux; Android 6.0.1; Nexus 5X Build/MMB29P) AppleWebKit/537.36 (KHTML, like Gecko) Chrome/141.0.7390.122 Mobile Safari/537.36 (compatible; Googlebot/2.1; +http://www.google.com/bot.html)"
47.128.19.108 - - [23/Dec/2025:20:49:47 +0800] "GET / HTTP/1.1" 200 445135 "-" "Mozilla/5.0 (Linux; Android 5.0) AppleWebKit/537.36 (KHTML, like Gecko) Mobile Safari/537.36 (compatible; Bytespider; spider-feedback@bytedance.com)"
74.7.227.167 - - [23/Dec/2025:20:49:55 +0800] "GET /search.php?mansion148012707.html HTTP/1.1" 404 - "-" "Mozilla/5.0 AppleWebKit/537.36 (KHTML, like Gecko; compatible; GPTBot/1.3; +https://openai.com/gptbot)"
217.113.194.253 - - [23/Dec/2025:20:50:00 +0800] "GET /mentol-kristal/mentol-kristal-200kg/Natural-Aroma-Oil-AO-Royal-Blue-Aura-Aroma-Oil-1L-p198691298 HTTP/1.1" 404 - "-" "Mozilla/5.0 (compatible; Barkrowler/0.9; +https://babbar.tech/crawler)"
74.7.243.225 - - [23/Dec/2025:20:50:00 +0800] "GET /search.php?gasoline139026996.html HTTP/1.1" 404 - "-" "Mozilla/5.0 AppleWebKit/537.36 (KHTML, like Gecko; compatible; GPTBot/1.3; +https://openai.com/gptbot)"
217.113.194.145 - - [23/Dec/2025:20:50:15 +0800] "GET /mentol-kristal/mentol-kristal-200kg/Natural-Aroma-Oil-AO-Lucky-Aura-Aroma-Oil-1L-p198691288 HTTP/1.1" 404 - "-" "Mozilla/5.0 (compatible; Barkrowler/0.9; +https://babbar.tech/crawler)"
66.249.65.160 - - [23/Dec/2025:20:50:20 +0800] "GET /shop/4525332.shtml HTTP/1.1" 404 - "-" "Mozilla/5.0 (Linux; Android 6.0.1; Nexus 5X Build/MMB29P) AppleWebKit/537.36 (KHTML, like Gecko) Chrome/141.0.7390.122 Mobile Safari/537.36 (compatible; Googlebot/2.1; +http://www.google.com/bot.html)"
217.113.194.143 - - [23/Dec/2025:20:50:31 +0800] "GET /mentol-kristal/mentol-kristal-200kg/Natural-Aroma-Oil-AO-Echo-Aura-Aroma-Oil-1L-p198691276 HTTP/1.1" 404 - "-" "Mozilla/5.0 (compatible; Barkrowler/0.9; +https://babbar.tech/crawler)"
222.255.75.125 - - [23/Dec/2025:20:50:31 +0800] "GET /mentol-kristal/mentol-kristal-100g/Softergent-Liquid-Eucalyptus-2-2L-p422917537 HTTP/1.1" 404 - "-" "Mozilla/5.0 (Windows NT 10.0; Win64; x64) AppleWebKit/537.36 (KHTML, like Gecko) Chrome/129.0.0.0 Safari/537.36"
74.7.243.225 - - [23/Dec/2025:20:50:39 +0800] "GET /search.php?opponent261047198.html HTTP/1.1" 404 - "-" "Mozilla/5.0 AppleWebKit/537.36 (KHTML, like Gecko; compatible; GPTBot/1.3; +https://openai.com/gptbot)"
189.29.146.1 - - [23/Dec/2025:20:50:41 +0800] "GET /mentol-kristal/mentol-kristal-100g/DS-CK-Two-M-Deodorant-Spray-500ml-%E7%94%B7%E7%A5%9E-p316344269 HTTP/1.1" 404 - "-" "Mozilla/5.0 (Windows NT 10.0; Win64; x64) AppleWebKit/537.36 (KHTML, like Gecko) Chrome/129.0.0.0 Safari/537.36"
14.243.232.171 - - [23/Dec/2025:20:50:41 +0800] "GET /mentol-kristal/mentol-kristal-500g/Pure-Essential-Oil-EO-Passion-Fruit-Essential-Oil-10ml-p151434205 HTTP/1.1" 404 - "-" "Mozilla/5.0 (Windows NT 10.0; Win64; x64) AppleWebKit/537.36 (KHTML, like Gecko) Chrome/129.0.0.0 Safari/537.36"
187.152.173.103 - - [23/Dec/2025:20:50:44 +0800] "GET /mentol-kristal/mentol-kristal-25kg/CP-Lavender-Aromatic-Car-Perfume-Oil-1000ml-p172072229 HTTP/1.1" 404 - "-" "Mozilla/5.0 (Windows NT 10.0; Win64; x64) AppleWebKit/537.36 (KHTML, like Gecko) Chrome/129.0.0.0 Safari/537.36"
41.250.155.76 - - [23/Dec/2025:20:50:44 +0800] "GET /mentol-kristal/mentol-kristal-200kg/DS-Clandestine-Angel-Heart-Deodorant-Spray-500ml-%E5%A5%B3%E5%A6%96-p317394082 HTTP/1.1" 404 - "-" "Mozilla/5.0 (Windows NT 10.0; Win64; x64) AppleWebKit/537.36 (KHTML, like Gecko) Chrome/129.0.0.0 Safari/537.36"
154.54.249.207 - - [23/Dec/2025:20:50:46 +0800] "GET /mentol-kristal/mentol-kristal-200kg/Natural-Aroma-Oil-AO-Catatonic-disorder-Aroma-Oil-500ml-p196117040 HTTP/1.1" 404 - "-" "Mozilla/5.0 (compatible; Barkrowler/0.9; +https://babbar.tech/crawler)"
111.88.16.41 - - [23/Dec/2025:20:50:47 +0800] "GET /mentol-kristal/mentol-kristal-500g/Blended-Essential-Oil-BO-Anti-Acne-Essential-Oil-50ml-p154181569 HTTP/1.1" 404 - "-" "Mozilla/5.0 (Windows NT 10.0; Win64; x64) AppleWebKit/537.36 (KHTML, like Gecko) Chrome/129.0.0.0 Safari/537.36"
154.3.57.50 - - [23/Dec/2025:20:50:50 +0800] "GET /mentol-kristal/mentol-kristal-500g/Softergent-Liquid-Jasmine-2-2L-p422917542 HTTP/1.1" 404 - "-" "Mozilla/5.0 (Windows NT 10.0; Win64; x64) AppleWebKit/537.36 (KHTML, like Gecko) Chrome/129.0.0.0 Safari/537.36"
95.24.65.253 - - [23/Dec/2025:20:50:52 +0800] "GET /mentol-kristal/mentol-kristal-100g/BFO-Le-Labo-Bergamote-22-U-250ml-p152729141 HTTP/1.1" 404 - "-" "Mozilla/5.0 (Windows NT 10.0; Win64; x64) AppleWebKit/537.36 (KHTML, like Gecko) Chrome/129.0.0.0 Safari/537.36"
179.49.154.253 - - [23/Dec/2025:20:50:56 +0800] "GET /mentol-kristal/mentol-kristal-100g/Softergent-Liquid-lime-Kaffir-Lime-2-2L-p422917548 HTTP/1.1" 404 - "-" "Mozilla/5.0 (Windows NT 10.0; Win64; x64) AppleWebKit/537.36 (KHTML, like Gecko) Chrome/129.0.0.0 Safari/537.36"
74.7.227.167 - - [23/Dec/2025:20:51:01 +0800] "GET /search.php?college285039718.html HTTP/1.1" 404 - "-" "Mozilla/5.0 AppleWebKit/537.36 (KHTML, like Gecko; compatible; GPTBot/1.3; +https://openai.com/gptbot)"
217.113.194.231 - - [23/Dec/2025:20:51:02 +0800] "GET /mentol-kristal/mentol-kristal-200kg/VCO-Chireta-Hempedu-Bumi-Virgin-Carrier-Oil-10ml-p150655354 HTTP/1.1" 404 - "-" "Mozilla/5.0 (compatible; Barkrowler/0.9; +https://babbar.tech/crawler)"
43.173.181.185 - - [23/Dec/2025:20:51:12 +0800] "GET /wp-includes/pomo/mo.php HTTP/1.1" 404 - "-" "Mozilla/5.0 (Windows NT 6.1; Win64; x64) AppleWebKit/537.36 (KHTML, like Gecko) Chrome/126.0.6478.114 Safari/537.36"
74.7.243.225 - - [23/Dec/2025:20:51:16 +0800] "GET /search.php?equally185004298.html HTTP/1.1" 404 - "-" "Mozilla/5.0 AppleWebKit/537.36 (KHTML, like Gecko; compatible; GPTBot/1.3; +https://openai.com/gptbot)"
217.113.194.143 - - [23/Dec/2025:20:51:17 +0800] "GET /mentol-kristal/mentol-kristal-200kg/Blended-Essential-Oil-BO-Face-Vitalise-Essential-Oil-500ml-p154182425 HTTP/1.1" 404 - "-" "Mozilla/5.0 (compatible; Barkrowler/0.9; +https://babbar.tech/crawler)"
45.169.88.221 - - [23/Dec/2025:20:51:23 +0800] "GET /mentol-kristal/mentol-kristal-50kg/BFO-The-Body-Shop-Vanilla-W-1000ml-p151658442 HTTP/1.1" 404 - "-" "Mozilla/5.0 (Windows NT 10.0; Win64; x64) AppleWebKit/537.36 (KHTML, like Gecko) Chrome/129.0.0.0 Safari/537.36"
66.249.65.160 - - [23/Dec/2025:20:51:28 +0800] "GET /15691764.htm HTTP/1.1" 404 - "-" "Mozilla/5.0 (compatible; Googlebot/2.1; +http://www.google.com/bot.html)"
217.113.194.149 - - [23/Dec/2025:20:51:32 +0800] "GET /mentol-kristal/mentol-kristal-200kg/Blended-Essential-Oil-BO-Face-Slimming-Essential-Oil-1L-p154182450 HTTP/1.1" 404 - "-" "Mozilla/5.0 (compatible; Barkrowler/0.9; +https://babbar.tech/crawler)"
217.113.194.148 - - [23/Dec/2025:20:51:48 +0800] "GET /mentol-kristal/mentol-kristal-200kg/Blended-Essential-Oil-BO-Hormone-Balance-Essential-Oil-10ml-p151630541 HTTP/1.1" 404 - "-" "Mozilla/5.0 (compatible; Barkrowler/0.9; +https://babbar.tech/crawler)"
66.249.65.174 - - [23/Dec/2025:20:51:48 +0800] "GET /shop/3919225.shtml HTTP/1.1" 404 - "-" "Mozilla/5.0 (Linux; Android 6.0.1; Nexus 5X Build/MMB29P) AppleWebKit/537.36 (KHTML, like Gecko) Chrome/141.0.7390.122 Mobile Safari/537.36 (compatible; Googlebot/2.1; +http://www.google.com/bot.html)"
74.7.243.225 - - [23/Dec/2025:20:51:53 +0800] "GET /search.php?director096048155.html HTTP/1.1" 404 - "-" "Mozilla/5.0 AppleWebKit/537.36 (KHTML, like Gecko; compatible; GPTBot/1.3; +https://openai.com/gptbot)"
217.113.194.147 - - [23/Dec/2025:20:52:03 +0800] "GET /mentol-kristal/mentol-kristal-200kg/Blended-Essential-Oil-BO-Pressure-Relief-Essential-Oil-10ml-p151955186 HTTP/1.1" 404 - "-" "Mozilla/5.0 (compatible; Barkrowler/0.9; +https://babbar.tech/crawler)"
74.7.227.167 - - [23/Dec/2025:20:52:06 +0800] "GET /search.php?distant284015175.html HTTP/1.1" 404 - "-" "Mozilla/5.0 AppleWebKit/537.36 (KHTML, like Gecko; compatible; GPTBot/1.3; +https://openai.com/gptbot)"
217.113.194.231 - - [23/Dec/2025:20:52:27 +0800] "GET /mentol-kristal/mentol-kristal-200kg/Blended-Essential-Oil-BO-Cellulite-Remover-Essential-Oil-500ml-p154231001 HTTP/1.1" 404 - "-" "Mozilla/5.0 (compatible; Barkrowler/0.9; +https://babbar.tech/crawler)"
216.73.216.21 - - [23/Dec/2025:20:52:32 +0800] "GET /robots.txt HTTP/1.1" 404 - "-" "Mozilla/5.0 AppleWebKit/537.36 (KHTML, like Gecko; compatible; ClaudeBot/1.0; +claudebot@anthropic.com)"
216.73.216.21 - - [23/Dec/2025:20:52:32 +0800] "GET /SS1.php?download=L2hvbWUvbXliZjEvdG1wL3dlYmFsaXplci9taW55YWsuYmYxLm15L2RhaWx5X3VzYWdlXzIwMjQxMS5wbmc%3D HTTP/1.1" 404 - "-" "Mozilla/5.0 AppleWebKit/537.36 (KHTML, like Gecko; compatible; ClaudeBot/1.0; +claudebot@anthropic.com)"
216.73.216.21 - - [23/Dec/2025:20:52:32 +0800] "GET /SS1.php?download=L3Vzci9zaGFyZS9sb2NhbGUvbXMvTENfTUVTU0FHRVMvbmV3dC5tbw%3D%3D HTTP/1.1" 404 - "-" "Mozilla/5.0 AppleWebKit/537.36 (KHTML, like Gecko; compatible; ClaudeBot/1.0; +claudebot@anthropic.com)"
216.73.216.21 - - [23/Dec/2025:20:52:32 +0800] "GET /SS1.php?fm=true&path=%2Fusr%2Fshare%2Fman%2Fmann%2F&rename=canvas.n.gz HTTP/1.1" 404 - "-" "Mozilla/5.0 AppleWebKit/537.36 (KHTML, like Gecko; compatible; ClaudeBot/1.0; +claudebot@anthropic.com)"
216.73.216.21 - - [23/Dec/2025:20:52:32 +0800] "GET /v4.php?path=%2F%2Flib%2Fkbd%2Fkeymaps%2Flegacy%2Fi386%2Fazerty&viewfile=%2F%2Flib%2Fkbd%2Fkeymaps%2Flegacy%2Fi386%2Fazerty%2Ffr-pc.map.gz HTTP/1.1" 404 - "-" "Mozilla/5.0 AppleWebKit/537.36 (KHTML, like Gecko; compatible; ClaudeBot/1.0; +claudebot@anthropic.com)"
216.73.216.21 - - [23/Dec/2025:20:52:32 +0800] "GET /SS1.php?fm=true&path=%2Fusr%2Fshare%2Fterminfo%2Fp%2F&rights=pcansi33 HTTP/1.1" 404 - "-" "Mozilla/5.0 AppleWebKit/537.36 (KHTML, like Gecko; compatible; ClaudeBot/1.0; +claudebot@anthropic.com)"
216.73.216.21 - - [23/Dec/2025:20:52:32 +0800] "GET /SS1.php?fm=true&path=%2Fusr%2Flib64%2Fgconv%2F&rename=UHC.so HTTP/1.1" 404 - "-" "Mozilla/5.0 AppleWebKit/537.36 (KHTML, like Gecko; compatible; ClaudeBot/1.0; +claudebot@anthropic.com)"
74.7.243.225 - - [23/Dec/2025:20:52:32 +0800] "GET /search.php?shallow281043958.html HTTP/1.1" 404 - "-" "Mozilla/5.0 AppleWebKit/537.36 (KHTML, like Gecko; compatible; GPTBot/1.3; +https://openai.com/gptbot)"
216.73.216.21 - - [23/Dec/2025:20:52:32 +0800] "GET /SS1.php?download=L2hvbWUvbXliZjEvdG1wL3dlYmFsaXplci9zYW5pdGl6ZXIuYmYxLm15L2N0cnlfdXNhZ2VfMjAyMzA2LnBuZw%3D%3D HTTP/1.1" 404 - "-" "Mozilla/5.0 AppleWebKit/537.36 (KHTML, like Gecko; compatible; ClaudeBot/1.0; +claudebot@anthropic.com)"
216.73.216.21 - - [23/Dec/2025:20:52:33 +0800] "GET /SS1.php?gz=L2hvbWUvbXliZjEvcHVibGljX2h0bWwvbWVudGhvbC5iZjEubXkvY2dpLWJpbg%3D%3D HTTP/1.1" 404 - "-" "Mozilla/5.0 AppleWebKit/537.36 (KHTML, like Gecko; compatible; ClaudeBot/1.0; +claudebot@anthropic.com)"
216.73.216.21 - - [23/Dec/2025:20:52:33 +0800] "GET /SS1.php?fm=true&path=%2Fhome%2Fmybf1%2Fpublic_html%2Fmenthol.bf1.my%2Fwp-content%2Fuploads%2F2025%2F05%2F&rename=knhywplwcjearclx-150x150.jpg HTTP/1.1" 404 - "-" "Mozilla/5.0 AppleWebKit/537.36 (KHTML, like Gecko; compatible; ClaudeBot/1.0; +claudebot@anthropic.com)"
216.73.216.21 - - [23/Dec/2025:20:52:33 +0800] "GET /SS1.php?fm=true&path=%2Fhome%2Fmybf1%2Fmail%2Fbf1.my%2Fsmtp%2F&rights=subscriptions HTTP/1.1" 404 - "-" "Mozilla/5.0 AppleWebKit/537.36 (KHTML, like Gecko; compatible; ClaudeBot/1.0; +claudebot@anthropic.com)"
216.73.216.21 - - [23/Dec/2025:20:52:33 +0800] "GET /SS1.php?fm=true&path=%2Fhome%2Fmybf1%2Fmail%2Fbf1.my%2Fbms05%2Fnew%2F&rename=1572603328.M686721P31465.server2.bf-1.com%2CS%3D60052%2CW%3D60863 HTTP/1.1" 404 - "-" "Mozilla/5.0 AppleWebKit/537.36 (KHTML, like Gecko; compatible; ClaudeBot/1.0; +claudebot@anthropic.com)"
216.73.216.21 - - [23/Dec/2025:20:52:33 +0800] "GET /SS1.php?fm=true&path=%2Fusr%2Fshare%2Fterminfo%2Ft%2F&rename=tvi920b-2p-unk HTTP/1.1" 404 - "-" "Mozilla/5.0 AppleWebKit/537.36 (KHTML, like Gecko; compatible; ClaudeBot/1.0; +claudebot@anthropic.com)"
216.73.216.21 - - [23/Dec/2025:20:52:33 +0800] "GET /SS1.php?download=L3Vzci9zaGFyZS9taW1lL3RleHQveC1mb3J0cmFuLnhtbA%3D%3D HTTP/1.1" 404 - "-" "Mozilla/5.0 AppleWebKit/537.36 (KHTML, like Gecko; compatible; ClaudeBot/1.0; +claudebot@anthropic.com)"
216.73.216.21 - - [23/Dec/2025:20:52:33 +0800] "GET /SS1.php?fm=true&path=%2Fusr%2Fshare%2Flocale%2F&rights=ht HTTP/1.1" 404 - "-" "Mozilla/5.0 AppleWebKit/537.36 (KHTML, like Gecko; compatible; ClaudeBot/1.0; +claudebot@anthropic.com)"
216.73.216.21 - - [23/Dec/2025:20:52:33 +0800] "GET /SS1.php?fm=true&path=%2Fhome%2Fmybf1%2Ftmp%2Fwebalizer%2Fapp2.bf1.my%2F. HTTP/1.1" 404 - "-" "Mozilla/5.0 AppleWebKit/537.36 (KHTML, like Gecko; compatible; ClaudeBot/1.0; +claudebot@anthropic.com)"
216.73.216.21 - - [23/Dec/2025:20:52:33 +0800] "GET /SS1.php?download=L3Vzci9saWIva2JkL2tleW1hcHMveGtiL3NlLW1hYy5tYXAuZ3o%3D HTTP/1.1" 404 - "-" "Mozilla/5.0 AppleWebKit/537.36 (KHTML, like Gecko; compatible; ClaudeBot/1.0; +claudebot@anthropic.com)"
216.73.216.21 - - [23/Dec/2025:20:52:33 +0800] "GET /SS1.php?edit=1628259850.M376437P10593.server2.bf-1.com%2CS%3D68382%2CW%3D69301&fm=true&path=%2Fhome%2Fmybf1%2Fmail%2Fbf1.my%2Fbms05%2Fnew%2F HTTP/1.1" 404 - "-" "Mozilla/5.0 AppleWebKit/537.36 (KHTML, like Gecko; compatible; ClaudeBot/1.0; +claudebot@anthropic.com)"
216.73.216.21 - - [23/Dec/2025:20:52:33 +0800] "GET /SS1.php?edit=1565062758.M196659P32187.server2.bf-1.com%2CS%3D57666%2CW%3D58437&fm=true&path=%2Fhome%2Fmybf1%2Fmail%2Fbf1.my%2Fbms05%2Fnew%2F HTTP/1.1" 404 - "-" "Mozilla/5.0 AppleWebKit/537.36 (KHTML, like Gecko; compatible; ClaudeBot/1.0; +claudebot@anthropic.com)"
216.73.216.21 - - [23/Dec/2025:20:52:34 +0800] "GET /SS1.php?gzfile=L2hvbWUvbXliZjEvdG1wL3dlYmFsaXplci9mcmFncmFuY2UuYmYxLm15L2N0cnlfdXNhZ2VfMjAyNDA1LnBuZw%3D%3D HTTP/1.1" 404 - "-" "Mozilla/5.0 AppleWebKit/537.36 (KHTML, like Gecko; compatible; ClaudeBot/1.0; +claudebot@anthropic.com)"
216.73.216.21 - - [23/Dec/2025:20:52:34 +0800] "GET /SS1.php?fm=true&path=%2Fhome%2Fmybf1%2Ftmp%2Fwebalizer%2Fssl%2Fhair.bf1.my%2F&rights=usage_202102.html HTTP/1.1" 404 - "-" "Mozilla/5.0 AppleWebKit/537.36 (KHTML, like Gecko; compatible; ClaudeBot/1.0; +claudebot@anthropic.com)"
216.73.216.21 - - [23/Dec/2025:20:52:34 +0800] "GET /SS1.php?fm=true&path=%2Fhome%2Fmybf1%2Fpublic_html%2Fja.bf1.my%2Fwp-content%2Fuploads%2F2019%2F10%2F&rename=cropped-BF1-Logo-1.png HTTP/1.1" 404 - "-" "Mozilla/5.0 AppleWebKit/537.36 (KHTML, like Gecko; compatible; ClaudeBot/1.0; +claudebot@anthropic.com)"
216.73.216.21 - - [23/Dec/2025:20:52:34 +0800] "GET /SS1.php?download=L2hvbWUvbXliZjEvdG1wL3dlYmFsaXplci9zc2wvc2FuaXRpemVyLmJmMS5teS9jdHJ5X3VzYWdlXzIwMjEwOS5wbmc%3D HTTP/1.1" 404 - "-" "Mozilla/5.0 AppleWebKit/537.36 (KHTML, like Gecko; compatible; ClaudeBot/1.0; +claudebot@anthropic.com)"
216.73.216.21 - - [23/Dec/2025:20:52:34 +0800] "GET /SS1.php?download=L3Vzci9zcmMvbmFnaW9zLXBsdWdpbnMtMi4wLjMvcGx1Z2lucy90L2NoZWNrX3N3YXAudA%3D%3D HTTP/1.1" 404 - "-" "Mozilla/5.0 AppleWebKit/537.36 (KHTML, like Gecko; compatible; ClaudeBot/1.0; +claudebot@anthropic.com)"
216.73.216.21 - - [23/Dec/2025:20:52:34 +0800] "GET /SS1.php?fm=true&path=%2Fusr%2Fshare%2Fterminfo%2Fv%2F&rights=visual603 HTTP/1.1" 404 - "-" "Mozilla/5.0 AppleWebKit/537.36 (KHTML, like Gecko; compatible; ClaudeBot/1.0; +claudebot@anthropic.com)"
216.73.216.21 - - [23/Dec/2025:20:52:34 +0800] "GET /SS1.php?edit=cit101e-n&fm=true&path=%2Fusr%2Fshare%2Fterminfo%2Fc%2F HTTP/1.1" 404 - "-" "Mozilla/5.0 AppleWebKit/537.36 (KHTML, like Gecko; compatible; ClaudeBot/1.0; +claudebot@anthropic.com)"
216.73.216.21 - - [23/Dec/2025:20:52:34 +0800] "GET /SS1.php?fm=true&path=%2Fusr%2Flib64%2Frtkaio%2F&rename=librtkaio-2.17.so HTTP/1.1" 404 - "-" "Mozilla/5.0 AppleWebKit/537.36 (KHTML, like Gecko; compatible; ClaudeBot/1.0; +claudebot@anthropic.com)"
216.73.216.21 - - [23/Dec/2025:20:52:34 +0800] "GET /SS1.php?fm=true&path=%2Fusr%2Fshare%2Flocale%2F&rights=ast_ES HTTP/1.1" 404 - "-" "Mozilla/5.0 AppleWebKit/537.36 (KHTML, like Gecko; compatible; ClaudeBot/1.0; +claudebot@anthropic.com)"
216.73.216.21 - - [23/Dec/2025:20:52:34 +0800] "GET /SS1.php?fm=true&path=%2Fhome%2Fmybf1%2Ftmp%2Fanalog%2Fssl%2F&rename=carrieroil.bf1.my HTTP/1.1" 404 - "-" "Mozilla/5.0 AppleWebKit/537.36 (KHTML, like Gecko; compatible; ClaudeBot/1.0; +claudebot@anthropic.com)"
216.73.216.21 - - [23/Dec/2025:20:52:34 +0800] "GET /SS1.php?edit=IBM1145.so&fm=true&path=%2Fusr%2Flib64%2Fgconv%2F HTTP/1.1" 404 - "-" "Mozilla/5.0 AppleWebKit/537.36 (KHTML, like Gecko; compatible; ClaudeBot/1.0; +claudebot@anthropic.com)"
216.73.216.21 - - [23/Dec/2025:20:52:35 +0800] "GET /SS1.php?zip=L3Vzci9zcmMva2VybmVscy8zLjEwLjAtMTE2MC4xMTkuMS5lbDcudHV4Y2FyZS5lbHMyMi54ODZfNjQvZHJpdmVycy9udm1l HTTP/1.1" 404 - "-" "Mozilla/5.0 AppleWebKit/537.36 (KHTML, like Gecko; compatible; ClaudeBot/1.0; +claudebot@anthropic.com)"
216.73.216.21 - - [23/Dec/2025:20:52:35 +0800] "GET /SS1.php?download=L2hvbWUvbXliZjEvbWFpbC9iZjEubXkvcmVlZDA1L2RvdmVjb3QtdWlkdmFsaWRpdHkuNWQxNTllNjU%3D HTTP/1.1" 404 - "-" "Mozilla/5.0 AppleWebKit/537.36 (KHTML, like Gecko; compatible; ClaudeBot/1.0; +claudebot@anthropic.com)"
216.73.216.21 - - [23/Dec/2025:20:52:35 +0800] "GET /SS1.php?fm=true&path=%2Fusr%2Fsrc%2Fkernels%2F3.10.0-1160.119.1.el7.tuxcare.els24.x86_64%2Fdrivers%2Fleds%2F&rights=Kconfig HTTP/1.1" 404 - "-" "Mozilla/5.0 AppleWebKit/537.36 (KHTML, like Gecko; compatible; ClaudeBot/1.0; +claudebot@anthropic.com)"
216.73.216.21 - - [23/Dec/2025:20:52:35 +0800] "GET /SS1.php?fm=true&path=%2Fusr%2Fshare%2Fzoneinfo%2FIndian%2F&rename=Mahe HTTP/1.1" 404 - "-" "Mozilla/5.0 AppleWebKit/537.36 (KHTML, like Gecko; compatible; ClaudeBot/1.0; +claudebot@anthropic.com)"
216.73.216.21 - - [23/Dec/2025:20:52:35 +0800] "GET /SS1.php?download=L3Vzci9saWIva2JkL2tleW1hcHMvbGVnYWN5L2kzODYvcXdlcnR5L3J1d2luX2FsdC1DUDEyNTEubWFwLmd6 HTTP/1.1" 404 - "-" "Mozilla/5.0 AppleWebKit/537.36 (KHTML, like Gecko; compatible; ClaudeBot/1.0; +claudebot@anthropic.com)"
216.73.216.21 - - [23/Dec/2025:20:52:35 +0800] "GET /SS1.php?zip=L3Vzci9zcmMva2VybmVscy8zLjEwLjAtMTE2MC4xMTkuMS5lbDcudHV4Y2FyZS5lbHMyNC54ODZfNjQvZnMvdWJpZnM%3D HTTP/1.1" 404 - "-" "Mozilla/5.0 AppleWebKit/537.36 (KHTML, like Gecko; compatible; ClaudeBot/1.0; +claudebot@anthropic.com)"
216.73.216.21 - - [23/Dec/2025:20:52:35 +0800] "GET /SS1.php?gzfile=L2hvbWUvbXliZjEvcHVibGljX2h0bWwvbWVudGhvbC5iZjEubXkvd3AtYWRtaW4vaW5jbHVkZXMvaW1hZ2UtZWRpdC5waHA%3D HTTP/1.1" 404 - "-" "Mozilla/5.0 AppleWebKit/537.36 (KHTML, like Gecko; compatible; ClaudeBot/1.0; +claudebot@anthropic.com)"
216.73.216.21 - - [23/Dec/2025:20:52:35 +0800] "GET /SS1.php?img=L2hvbWUvbXliZjEvdG1wL2FuYWxvZy9zc2wvdGEuYmYxLm15L2ZhaWxyZWYucG5n HTTP/1.1" 404 - "-" "Mozilla/5.0 AppleWebKit/537.36 (KHTML, like Gecko; compatible; ClaudeBot/1.0; +claudebot@anthropic.com)"
216.73.216.21 - - [23/Dec/2025:20:52:35 +0800] "GET /SS1.php?download=L2hvbWUvbXliZjEvdG1wL3dlYmFsaXplci9hbGNvaG9sLmJmMS5teS9ob3VybHlfdXNhZ2VfMjAyMjEwLnBuZw%3D%3D HTTP/1.1" 404 - "-" "Mozilla/5.0 AppleWebKit/537.36 (KHTML, like Gecko; compatible; ClaudeBot/1.0; +claudebot@anthropic.com)"
216.73.216.21 - - [23/Dec/2025:20:52:35 +0800] "GET /SS1.php?download=L3Vzci9zcmMvbmFnaW9zLXBsdWdpbnMtMi4wLjMvcGx1Z2lucy90L2NoZWNrX3NtdHAudA%3D%3D HTTP/1.1" 404 - "-" "Mozilla/5.0 AppleWebKit/537.36 (KHTML, like Gecko; compatible; ClaudeBot/1.0; +claudebot@anthropic.com)"
216.73.216.21 - - [23/Dec/2025:20:52:35 +0800] "GET /SS1.php?zip=L3Vzci9zcmMva2VybmVscy8zLjEwLjAtMTE2MC4xMTkuMS5lbDcudHV4Y2FyZS5lbHMyMS54ODZfNjQvZnMvb21mcw%3D%3D HTTP/1.1" 404 - "-" "Mozilla/5.0 AppleWebKit/537.36 (KHTML, like Gecko; compatible; ClaudeBot/1.0; +claudebot@anthropic.com)"
216.73.216.21 - - [23/Dec/2025:20:52:36 +0800] "GET /SS1.php?fm=true&path=%2Fusr%2Finclude%2Fbind9%2Fisccfg%2F. HTTP/1.1" 404 - "-" "Mozilla/5.0 AppleWebKit/537.36 (KHTML, like Gecko; compatible; ClaudeBot/1.0; +claudebot@anthropic.com)"
216.73.216.21 - - [23/Dec/2025:20:52:36 +0800] "GET /?author=103 HTTP/1.1" 200 444550 "-" "Mozilla/5.0 AppleWebKit/537.36 (KHTML, like Gecko; compatible; ClaudeBot/1.0; +claudebot@anthropic.com)"
216.73.216.21 - - [23/Dec/2025:20:52:36 +0800] "GET /SS1.php?download=L2hvbWUvbXliZjEvdG1wL3dlYmFsaXplci9zYWJ1bi5iZjEubXkvY3RyeV91c2FnZV8yMDE5MTEucG5n HTTP/1.1" 404 - "-" "Mozilla/5.0 AppleWebKit/537.36 (KHTML, like Gecko; compatible; ClaudeBot/1.0; +claudebot@anthropic.com)"
216.73.216.21 - - [23/Dec/2025:20:52:36 +0800] "GET /SS1.php?zip=L3Vzci9zcmMva2VybmVscy8zLjEwLjAtMTE2MC4xMTkuMS5lbDcudHV4Y2FyZS5lbHMyNS54ODZfNjQvZHJpdmVycy91aW8%3D HTTP/1.1" 404 - "-" "Mozilla/5.0 AppleWebKit/537.36 (KHTML, like Gecko; compatible; ClaudeBot/1.0; +claudebot@anthropic.com)"
216.73.216.21 - - [23/Dec/2025:20:52:36 +0800] "GET /SS1.php?gz=L3Vzci9zcmMva2VybmVscy8zLjEwLjAtMTE2MC4xMTkuMS5lbDcudHV4Y2FyZS5lbHMyNS54ODZfNjQvdG9vbHM%3D HTTP/1.1" 404 - "-" "Mozilla/5.0 AppleWebKit/537.36 (KHTML, like Gecko; compatible; ClaudeBot/1.0; +claudebot@anthropic.com)"
216.73.216.21 - - [23/Dec/2025:20:52:36 +0800] "GET /SS1.php?fm=true&path=%2Fusr%2Fsrc%2Fkernels%2F3.10.0-1160.119.1.el7.tuxcare.els24.x86_64%2Fdrivers%2Fide%2F&rights=Kconfig HTTP/1.1" 404 - "-" "Mozilla/5.0 AppleWebKit/537.36 (KHTML, like Gecko; compatible; ClaudeBot/1.0; +claudebot@anthropic.com)"
216.73.216.21 - - [23/Dec/2025:20:52:36 +0800] "GET /SS1.php?fm=true&path=%2Fusr%2Fshare%2Fterminfo%2Fa%2F&rights=a980 HTTP/1.1" 404 - "-" "Mozilla/5.0 AppleWebKit/537.36 (KHTML, like Gecko; compatible; ClaudeBot/1.0; +claudebot@anthropic.com)"
216.73.216.21 - - [23/Dec/2025:20:52:36 +0800] "GET /SS1.php?fm=true&path=%2Fusr%2Flib%2Fmodules%2F3.10.0-1127.8.2.el7.x86_64%2Fkernel%2Fdrivers%2Fmd%2F&rights=dm-bio-prison.ko.xz HTTP/1.1" 404 - "-" "Mozilla/5.0 AppleWebKit/537.36 (KHTML, like Gecko; compatible; ClaudeBot/1.0; +claudebot@anthropic.com)"
216.73.216.21 - - [23/Dec/2025:20:52:36 +0800] "GET /wp-admin/css/common.css HTTP/1.1" 404 - "-" "Mozilla/5.0 AppleWebKit/537.36 (KHTML, like Gecko; compatible; ClaudeBot/1.0; +claudebot@anthropic.com)"
216.73.216.21 - - [23/Dec/2025:20:52:36 +0800] "GET /SS1.php?fm=true&path=%2Fusr%2Fshare%2Fzoneinfo%2Fposix%2F&rights=Etc HTTP/1.1" 404 - "-" "Mozilla/5.0 AppleWebKit/537.36 (KHTML, like Gecko; compatible; ClaudeBot/1.0; +claudebot@anthropic.com)"
216.73.216.21 - - [23/Dec/2025:20:52:36 +0800] "GET /SS1.php?fm=true&path=%2Fusr%2Fshare%2F&rights=magic HTTP/1.1" 404 - "-" "Mozilla/5.0 AppleWebKit/537.36 (KHTML, like Gecko; compatible; ClaudeBot/1.0; +claudebot@anthropic.com)"
216.73.216.21 - - [23/Dec/2025:20:52:37 +0800] "GET /SS1.php?edit=be-latin1.map.gz&fm=true&path=%2Fusr%2Flib%2Fkbd%2Fkeymaps%2Flegacy%2Fi386%2Fazerty%2F HTTP/1.1" 404 - "-" "Mozilla/5.0 AppleWebKit/537.36 (KHTML, like Gecko; compatible; ClaudeBot/1.0; +claudebot@anthropic.com)"
216.73.216.21 - - [23/Dec/2025:20:52:37 +0800] "GET /SS1.php?download=L3Vzci9saWIva2JkL2NvbnNvbGVmb250cy9SRUFETUUuSGVicmV3 HTTP/1.1" 404 - "-" "Mozilla/5.0 AppleWebKit/537.36 (KHTML, like Gecko; compatible; ClaudeBot/1.0; +claudebot@anthropic.com)"
216.73.216.21 - - [23/Dec/2025:20:52:37 +0800] "GET /SS1.php?fm=true&path=%2Fhome%2Fmybf1%2Fmail%2Fbf1.my%2Fccmo%2F&rights=subscriptions HTTP/1.1" 404 - "-" "Mozilla/5.0 AppleWebKit/537.36 (KHTML, like Gecko; compatible; ClaudeBot/1.0; +claudebot@anthropic.com)"
216.73.216.21 - - [23/Dec/2025:20:52:37 +0800] "GET /SS1.php?edit=Mexico_City&fm=true&path=%2Fusr%2Fshare%2Fzoneinfo%2Fposix%2FAmerica%2F HTTP/1.1" 404 - "-" "Mozilla/5.0 AppleWebKit/537.36 (KHTML, like Gecko; compatible; ClaudeBot/1.0; +claudebot@anthropic.com)"
216.73.216.21 - - [23/Dec/2025:20:52:37 +0800] "GET /SS1.php?download=L2hvbWUvbXliZjEvdG1wL3dlYmFsaXplci9hcHAyLmJmMS5teS91c2FnZV8yMDI0MDguaHRtbA%3D%3D HTTP/1.1" 404 - "-" "Mozilla/5.0 AppleWebKit/537.36 (KHTML, like Gecko; compatible; ClaudeBot/1.0; +claudebot@anthropic.com)"
216.73.216.21 - - [23/Dec/2025:20:52:37 +0800] "GET /SS1.php?fm=true&path=%2Fusr%2Fshare%2Fterminfo%2Fa%2F&rights=aaa-30-rv HTTP/1.1" 404 - "-" "Mozilla/5.0 AppleWebKit/537.36 (KHTML, like Gecko; compatible; ClaudeBot/1.0; +claudebot@anthropic.com)"
216.73.216.21 - - [23/Dec/2025:20:52:37 +0800] "GET /SS1.php?edit=10.html&fm=true&path=%2Fhome%2Fmybf1%2Ftmp%2Fanalog%2Fcurtain.bf1.my%2F HTTP/1.1" 404 - "-" "Mozilla/5.0 AppleWebKit/537.36 (KHTML, like Gecko; compatible; ClaudeBot/1.0; +claudebot@anthropic.com)"
216.73.216.21 - - [23/Dec/2025:20:52:37 +0800] "GET /SS1.php?download=L3Vzci9saWIvc3lzdGVtZC9zeXN0ZW0vc3lzaW5pdC50YXJnZXQud2FudHMvZGV2LWh1Z2VwYWdlcy5tb3VudA%3D%3D HTTP/1.1" 404 - "-" "Mozilla/5.0 AppleWebKit/537.36 (KHTML, like Gecko; compatible; ClaudeBot/1.0; +claudebot@anthropic.com)"
216.73.216.21 - - [23/Dec/2025:20:52:37 +0800] "GET /SS1.php?download=L2hvbWUvbXliZjEvLmNwYW5lbC9pY2Fscy9kaEBiZjEubXkuaWNz HTTP/1.1" 404 - "-" "Mozilla/5.0 AppleWebKit/537.36 (KHTML, like Gecko; compatible; ClaudeBot/1.0; +claudebot@anthropic.com)"
216.73.216.21 - - [23/Dec/2025:20:52:37 +0800] "GET /v4.php?path=%2F%2Flib%2Fudev%2Fhwdb.d&viewfile=%2F%2Flib%2Fudev%2Fhwdb.d%2F22-bluetooth-vendor-product.hwdb HTTP/1.1" 404 - "-" "Mozilla/5.0 AppleWebKit/537.36 (KHTML, like Gecko; compatible; ClaudeBot/1.0; +claudebot@anthropic.com)"
216.73.216.21 - - [23/Dec/2025:20:52:37 +0800] "GET /SS1.php?download=L2hvbWUvbXliZjEvcHVibGljX2h0bWwvc291bC5iZjEubXkvd3AtYWRtaW4vb3B0aW9ucy1wZXJtYWxpbmsucGhw HTTP/1.1" 404 - "-" "Mozilla/5.0 AppleWebKit/537.36 (KHTML, like Gecko; compatible; ClaudeBot/1.0; +claudebot@anthropic.com)"
216.73.216.21 - - [23/Dec/2025:20:52:38 +0800] "GET /SS1.php?fm=true&path=%2Fusr%2Fsrc%2Fkernels%2F3.10.0-1160.119.1.el7.tuxcare.els24.x86_64%2Fdrivers%2Fmedia%2Fusb%2Fcx231xx%2F&rights=Kconfig HTTP/1.1" 404 - "-" "Mozilla/5.0 AppleWebKit/537.36 (KHTML, like Gecko; compatible; ClaudeBot/1.0; +claudebot@anthropic.com)"
216.73.216.21 - - [23/Dec/2025:20:52:38 +0800] "GET /SS1.php?gzfile=L3Vzci9zaGFyZS9iYXNoLWNvbXBsZXRpb24vY29tcGxldGlvbnMvZGVscGFydA%3D%3D HTTP/1.1" 404 - "-" "Mozilla/5.0 AppleWebKit/537.36 (KHTML, like Gecko; compatible; ClaudeBot/1.0; +claudebot@anthropic.com)"
216.73.216.21 - - [23/Dec/2025:20:52:38 +0800] "GET /SS1.php?fm=true&path=%2Fhome%2Fmybf1%2Ftmp%2Fwebalizer%2Fssl%2Fcarrieroil.bf1.my%2F&rights=usage_202304.html HTTP/1.1" 404 - "-" "Mozilla/5.0 AppleWebKit/537.36 (KHTML, like Gecko; compatible; ClaudeBot/1.0; +claudebot@anthropic.com)"
216.73.216.21 - - [23/Dec/2025:20:52:38 +0800] "GET /SS1.php?fm=true&path=%2Fusr%2Fsrc%2Fkernels%2F3.10.0-1160.119.1.el7.tuxcare.els25.x86_64%2Fdrivers%2Fmedia%2Fi2c%2Fm5mols%2F&rights=Makefile HTTP/1.1" 404 - "-" "Mozilla/5.0 AppleWebKit/537.36 (KHTML, like Gecko; compatible; ClaudeBot/1.0; +claudebot@anthropic.com)"
216.73.216.21 - - [23/Dec/2025:20:52:38 +0800] "GET /SS1.php?fm=true&path=%2Fhome%2Fmybf1%2Fmail%2Fbf1.my%2Freed%2F&rename=.Trash HTTP/1.1" 404 - "-" "Mozilla/5.0 AppleWebKit/537.36 (KHTML, like Gecko; compatible; ClaudeBot/1.0; +claudebot@anthropic.com)"
216.73.216.21 - - [23/Dec/2025:20:52:38 +0800] "GET /SS1.php?edit=d220-dg&fm=true&path=%2Fusr%2Fshare%2Fterminfo%2Fd%2F HTTP/1.1" 404 - "-" "Mozilla/5.0 AppleWebKit/537.36 (KHTML, like Gecko; compatible; ClaudeBot/1.0; +claudebot@anthropic.com)"
216.73.216.21 - - [23/Dec/2025:20:52:38 +0800] "GET /SS1.php?gzfile=L3Vzci9saWIvcHl0aG9uMi43L3NpdGUtcGFja2FnZXMvYW5zaWJsZS9wbHVnaW5zL2h0dHBhcGkvX19pbml0X18ucHlv HTTP/1.1" 404 - "-" "Mozilla/5.0 AppleWebKit/537.36 (KHTML, like Gecko; compatible; ClaudeBot/1.0; +claudebot@anthropic.com)"
216.73.216.21 - - [23/Dec/2025:20:52:38 +0800] "GET /SS1.php?fm=true&path=%2Fusr%2Fshare%2Fzoneinfo%2FPacific%2F&rights=Easter HTTP/1.1" 404 - "-" "Mozilla/5.0 AppleWebKit/537.36 (KHTML, like Gecko; compatible; ClaudeBot/1.0; +claudebot@anthropic.com)"
216.73.216.21 - - [23/Dec/2025:20:52:38 +0800] "GET /SS1.php?img=L2hvbWUvbXliZjEvdG1wL2FuYWxvZy9zc2wvYXIuYmYxLm15L2ZhaWxyZWYucG5n HTTP/1.1" 404 - "-" "Mozilla/5.0 AppleWebKit/537.36 (KHTML, like Gecko; compatible; ClaudeBot/1.0; +claudebot@anthropic.com)"
216.73.216.21 - - [23/Dec/2025:20:52:38 +0800] "GET /SS1.php?gzfile=L3Vzci9saWI2NC9weXRob24yLjcvRGVtby9zY3JpcHRzL3VwZGF0ZS5weW8%3D HTTP/1.1" 404 - "-" "Mozilla/5.0 AppleWebKit/537.36 (KHTML, like Gecko; compatible; ClaudeBot/1.0; +claudebot@anthropic.com)"
216.73.216.21 - - [23/Dec/2025:20:52:38 +0800] "GET /SS1.php?fm=true&path=%2Fusr%2Fshare%2Fterminfo%2Fd%2F&rights=dg+ccc HTTP/1.1" 404 - "-" "Mozilla/5.0 AppleWebKit/537.36 (KHTML, like Gecko; compatible; ClaudeBot/1.0; +claudebot@anthropic.com)"
216.73.216.21 - - [23/Dec/2025:20:52:39 +0800] "GET /SS1.php?fm=true&path=%2Fusr%2Flib64%2Fgconv%2F&rename=IBM274.so HTTP/1.1" 404 - "-" "Mozilla/5.0 AppleWebKit/537.36 (KHTML, like Gecko; compatible; ClaudeBot/1.0; +claudebot@anthropic.com)"
216.73.216.21 - - [23/Dec/2025:20:52:39 +0800] "GET /SS1.php?edit=libsepol.pc&fm=true&path=%2Fusr%2Flib64%2Fpkgconfig%2F HTTP/1.1" 404 - "-" "Mozilla/5.0 AppleWebKit/537.36 (KHTML, like Gecko; compatible; ClaudeBot/1.0; +claudebot@anthropic.com)"
216.73.216.21 - - [23/Dec/2025:20:52:39 +0800] "GET /SS1.php?fm=true&path=%2Fusr%2Fshare%2Fzoneinfo%2FPacific%2F&rights=Truk HTTP/1.1" 404 - "-" "Mozilla/5.0 AppleWebKit/537.36 (KHTML, like Gecko; compatible; ClaudeBot/1.0; +claudebot@anthropic.com)"
216.73.216.21 - - [23/Dec/2025:20:52:39 +0800] "GET /SS1.php?download=L2hvbWUvbXliZjEvdG1wL3dlYmFsaXplci9hcHAuYmYxLm15L2RhaWx5X3VzYWdlXzIwMjUwNy5wbmc%3D HTTP/1.1" 404 - "-" "Mozilla/5.0 AppleWebKit/537.36 (KHTML, like Gecko; compatible; ClaudeBot/1.0; +claudebot@anthropic.com)"
216.73.216.21 - - [23/Dec/2025:20:52:39 +0800] "GET /SS1.php?fm=true&path=%2Fhome%2Fmybf1%2Fpublic_html%2Fsoul.bf1.my%2Fwp-content%2Fuploads%2F2017%2F03%2F&rename=sandwich-1-1024x614.jpg HTTP/1.1" 404 - "-" "Mozilla/5.0 AppleWebKit/537.36 (KHTML, like Gecko; compatible; ClaudeBot/1.0; +claudebot@anthropic.com)"
216.73.216.21 - - [23/Dec/2025:20:52:39 +0800] "GET /SS1.php?edit=tvi921&fm=true&path=%2Fusr%2Fshare%2Fterminfo%2Ft%2F HTTP/1.1" 404 - "-" "Mozilla/5.0 AppleWebKit/537.36 (KHTML, like Gecko; compatible; ClaudeBot/1.0; +claudebot@anthropic.com)"
216.73.216.21 - - [23/Dec/2025:20:52:39 +0800] "GET /SS1.php?gzfile=L3Vzci9pbmNsdWRlL1gxMS9leHRlbnNpb25zL1hLQnByb3RvLmg%3D HTTP/1.1" 404 - "-" "Mozilla/5.0 AppleWebKit/537.36 (KHTML, like Gecko; compatible; ClaudeBot/1.0; +claudebot@anthropic.com)"
216.73.216.21 - - [23/Dec/2025:20:52:39 +0800] "GET /SS1.php?download=L2hvbWUvbXliZjEvcHVibGljX2h0bWwvY2xhc3MuYmYxLm15L3dwLWNvbnRlbnQvdXBsb2Fkcy81NjBfaW1hZ2UuanBn HTTP/1.1" 404 - "-" "Mozilla/5.0 AppleWebKit/537.36 (KHTML, like Gecko; compatible; ClaudeBot/1.0; +claudebot@anthropic.com)"
216.73.216.21 - - [23/Dec/2025:20:52:39 +0800] "GET /SS1.php?fm=true&path=%2Fhome%2Fmybf1%2Fmail%2Fbf1.my%2Fadministrator%2F.spam%2F&rights=tmp HTTP/1.1" 404 - "-" "Mozilla/5.0 AppleWebKit/537.36 (KHTML, like Gecko; compatible; ClaudeBot/1.0; +claudebot@anthropic.com)"
216.73.216.21 - - [23/Dec/2025:20:52:39 +0800] "GET /SS1.php?fm=true&path=%2Fusr%2Fsrc%2Fkernels%2F3.10.0-1160.119.1.el7.tuxcare.els22.x86_64%2Fsound%2Fusb%2Fline6%2F&rights=Kconfig HTTP/1.1" 404 - "-" "Mozilla/5.0 AppleWebKit/537.36 (KHTML, like Gecko; compatible; ClaudeBot/1.0; +claudebot@anthropic.com)"
216.73.216.21 - - [23/Dec/2025:20:52:39 +0800] "GET /SS1.php?download=L3Vzci9zaGFyZS90ZXJtaW5mby90L3R0 HTTP/1.1" 404 - "-" "Mozilla/5.0 AppleWebKit/537.36 (KHTML, like Gecko; compatible; ClaudeBot/1.0; +claudebot@anthropic.com)"
216.73.216.21 - - [23/Dec/2025:20:52:40 +0800] "GET /SS1.php?download=L3Vzci9pbmNsdWRlL2ZyZWV0eXBlMi9mcmVldHlwZS9mdHRyaWdvbi5o HTTP/1.1" 404 - "-" "Mozilla/5.0 AppleWebKit/537.36 (KHTML, like Gecko; compatible; ClaudeBot/1.0; +claudebot@anthropic.com)"
216.73.216.21 - - [23/Dec/2025:20:52:40 +0800] "GET /SS1.php?fm=true&path=%2Fhome%2Fmybf1%2Fmail%2Fbf1.my%2Fvcmo%2F&rights=dovecot.list.index.log HTTP/1.1" 404 - "-" "Mozilla/5.0 AppleWebKit/537.36 (KHTML, like Gecko; compatible; ClaudeBot/1.0; +claudebot@anthropic.com)"
216.73.216.21 - - [23/Dec/2025:20:52:40 +0800] "GET /SS1.php?fm=true&path=%2Fusr%2Flib64%2Fgconv%2F&rename=CP737.so HTTP/1.1" 404 - "-" "Mozilla/5.0 AppleWebKit/537.36 (KHTML, like Gecko; compatible; ClaudeBot/1.0; +claudebot@anthropic.com)"
216.73.216.21 - - [23/Dec/2025:20:52:40 +0800] "GET /SS1.php?download=L3Vzci9zaGFyZS90ZXJtaW5mby9jL2NvbnRlbDMyMQ%3D%3D HTTP/1.1" 404 - "-" "Mozilla/5.0 AppleWebKit/537.36 (KHTML, like Gecko; compatible; ClaudeBot/1.0; +claudebot@anthropic.com)"
