217.113.194.249 - - [23/Dec/2025:22:00:31 +0800] "GET /robots.txt HTTP/1.1" 200 9725 "-" "Mozilla/5.0 (compatible; Barkrowler/0.9; +https://babbar.tech/crawler)"
217.113.194.149 - - [23/Dec/2025:22:00:46 +0800] "GET /DS-Christian-Dior-Higher-Deodorant-Spray-200ml-%E7%94%B7%E7%A5%9E-p320532879 HTTP/1.1" 200 161 "-" "Mozilla/5.0 (compatible; Barkrowler/0.9; +https://babbar.tech/crawler)"
217.113.194.142 - - [23/Dec/2025:22:01:02 +0800] "GET /DS-CD-Jadore-Lumiere-Deodorant-Spray-200ml-%E5%A5%B3%E5%A6%96-p321055169 HTTP/1.1" 200 161 "-" "Mozilla/5.0 (compatible; Barkrowler/0.9; +https://babbar.tech/crawler)"
217.113.194.253 - - [23/Dec/2025:22:01:18 +0800] "GET /Pure-Essential-Oil-EO-Eucommia-Ulmoides-Leaf-Essential-Oil-1L-p152474295 HTTP/1.1" 200 161 "-" "Mozilla/5.0 (compatible; Barkrowler/0.9; +https://babbar.tech/crawler)"
217.113.194.146 - - [23/Dec/2025:22:01:33 +0800] "GET /Pure-Essential-Oil-EO-Pepper-Sarawak-White-Pepper-Essential-Oil-50ml-p152344371 HTTP/1.1" 200 161 "-" "Mozilla/5.0 (compatible; Barkrowler/0.9; +https://babbar.tech/crawler)"
154.54.249.207 - - [23/Dec/2025:22:01:49 +0800] "GET /Pure-Essential-Oil-EO-Dill-Anethum-Graveolens-Essential-Oil-1L-p152481270 HTTP/1.1" 200 161 "-" "Mozilla/5.0 (compatible; Barkrowler/0.9; +https://babbar.tech/crawler)"
40.77.167.61 - - [23/Dec/2025:22:01:58 +0800] "GET /Household-Fragrance-HFO-Soul-Japanese-Pine-Household-Fragrance-500ml-p198645591 HTTP/1.1" 200 161 "-" "Mozilla/5.0 AppleWebKit/537.36 (KHTML, like Gecko; compatible; bingbot/2.0; +http://www.bing.com/bingbot.htm) Chrome/116.0.1938.76 Safari/537.36"
217.113.194.142 - - [23/Dec/2025:22:02:04 +0800] "GET /Aromatic-Water-Base-Perfume-WBP-Sparkling-Lemon-5L-Diffuser-Perfume-p262704969 HTTP/1.1" 200 161 "-" "Mozilla/5.0 (compatible; Barkrowler/0.9; +https://babbar.tech/crawler)"
154.54.249.207 - - [23/Dec/2025:22:02:20 +0800] "GET /Aromatic-Water-Base-Perfume-WBP-Vanilla-Bouquet-5L-Diffuser-Perfume-p262667730 HTTP/1.1" 200 161 "-" "Mozilla/5.0 (compatible; Barkrowler/0.9; +https://babbar.tech/crawler)"
154.54.249.207 - - [23/Dec/2025:22:02:35 +0800] "GET /Aromatic-Water-Base-Perfume-WBP-Grapefruit-Mint-5L-Diffuser-Perfume-p262687545 HTTP/1.1" 200 161 "-" "Mozilla/5.0 (compatible; Barkrowler/0.9; +https://babbar.tech/crawler)"
217.113.194.253 - - [23/Dec/2025:22:02:51 +0800] "GET /BFO-Dolce-&-Gabbana-D&G-Anthology-Llmperatrice-3-W-10ml-p154696007 HTTP/1.1" 200 161 "-" "Mozilla/5.0 (compatible; Barkrowler/0.9; +https://babbar.tech/crawler)"
217.113.194.143 - - [23/Dec/2025:22:03:06 +0800] "GET /BFO-Bath-&-Body-Works-Ginger-&-Cardamom-U-5KG-100KG-p732459184 HTTP/1.1" 200 161 "-" "Mozilla/5.0 (compatible; Barkrowler/0.9; +https://babbar.tech/crawler)"
217.113.194.148 - - [23/Dec/2025:22:03:22 +0800] "GET /BFO-Harajuku-Lovers-Harajuku-Lovers-Love-W-5KG-100KG-p160113152 HTTP/1.1" 200 161 "-" "Mozilla/5.0 (compatible; Barkrowler/0.9; +https://babbar.tech/crawler)"
217.113.194.231 - - [23/Dec/2025:22:03:37 +0800] "GET /Anti-Bac-Household-Perfume-Sanitizing-Spray-Non-Alcohol-ABHP-Orange-1L-p221942321 HTTP/1.1" 200 161 "-" "Mozilla/5.0 (compatible; Barkrowler/0.9; +https://babbar.tech/crawler)"
217.113.194.144 - - [23/Dec/2025:22:03:53 +0800] "GET /Anti-Bac-Household-Perfume-Sanitizing-Spray-Non-Alcohol-ABHP-Orange-5L-p221904273 HTTP/1.1" 200 161 "-" "Mozilla/5.0 (compatible; Barkrowler/0.9; +https://babbar.tech/crawler)"
216.73.216.21 - - [23/Dec/2025:22:03:58 +0800] "GET /robots.txt HTTP/1.1" 200 9725 "-" "Mozilla/5.0 AppleWebKit/537.36 (KHTML, like Gecko; compatible; ClaudeBot/1.0; +claudebot@anthropic.com)"
216.73.216.21 - - [23/Dec/2025:22:03:58 +0800] "GET /bez-rubriki/cashalot-live-wetten-strategie HTTP/1.1" 200 161 "-" "Mozilla/5.0 AppleWebKit/537.36 (KHTML, like Gecko; compatible; ClaudeBot/1.0; +claudebot@anthropic.com)"
217.113.194.148 - - [23/Dec/2025:22:04:08 +0800] "GET /Anti-Bac-Hand-Sanitizer-Gel-with-75-Alcohol-ABHSG-Ginger-25L-p230525006 HTTP/1.1" 200 161 "-" "Mozilla/5.0 (compatible; Barkrowler/0.9; +https://babbar.tech/crawler)"
217.113.194.144 - - [23/Dec/2025:22:04:24 +0800] "GET /Anti-Bac-Hand-Sanitizer-Gel-with-75-Alcohol-ABHSG-Lemon-1L-p230358932 HTTP/1.1" 200 161 "-" "Mozilla/5.0 (compatible; Barkrowler/0.9; +https://babbar.tech/crawler)"
217.113.194.146 - - [23/Dec/2025:22:04:39 +0800] "GET /Anti-Bac-Hand-Sanitizer-Gel-with-75-Alcohol-ABHSG-Lemon-500ml-p230364069 HTTP/1.1" 200 161 "-" "Mozilla/5.0 (compatible; Barkrowler/0.9; +https://babbar.tech/crawler)"
217.113.194.151 - - [23/Dec/2025:22:04:55 +0800] "GET /Anti-Bac-Hand-Sanitizer-Gel-with-75-Alcohol-ABHSG-Jasmine-5L-p221492395 HTTP/1.1" 200 161 "-" "Mozilla/5.0 (compatible; Barkrowler/0.9; +https://babbar.tech/crawler)"
217.113.194.147 - - [23/Dec/2025:22:05:11 +0800] "GET /Anti-Bac-Hand-Sanitizer-Gel-with-75-Alcohol-ABHSG-Jasmine-1L-p221492400 HTTP/1.1" 200 161 "-" "Mozilla/5.0 (compatible; Barkrowler/0.9; +https://babbar.tech/crawler)"
217.113.194.150 - - [23/Dec/2025:22:05:26 +0800] "GET /Anti-Bac-Hand-Sanitizer-Gel-with-75-Alcohol-ABHSG-Daisy-1L-p230358927 HTTP/1.1" 200 161 "-" "Mozilla/5.0 (compatible; Barkrowler/0.9; +https://babbar.tech/crawler)"
217.113.194.249 - - [23/Dec/2025:22:05:42 +0800] "GET /Anti-Bac-Hand-Sanitizer-Gel-with-75-Alcohol-ABHSG-Rosemary-1L-p230358940 HTTP/1.1" 200 161 "-" "Mozilla/5.0 (compatible; Barkrowler/0.9; +https://babbar.tech/crawler)"
217.113.194.253 - - [23/Dec/2025:22:05:57 +0800] "GET /Anti-Bac-Hand-Sanitizer-Gel-with-75-Alcohol-ABHSG-Rosemary-500ml-p230364077 HTTP/1.1" 200 161 "-" "Mozilla/5.0 (compatible; Barkrowler/0.9; +https://babbar.tech/crawler)"
171.251.239.206 - - [23/Dec/2025:22:06:04 +0800] "GET /bez-rubriki/beste-e-wallet-wettanbieter/ HTTP/1.1" 200 161 "https://ja.bf1.my/" "Mozilla/5.0 (Windows NT 10.0; WOW64) AppleWebKit/537.36 (KHTML, like Gecko) Chrome/114.0.0.0 YaBrowser/22.7.0 Yowser/2.5 Safari/537.36"
217.113.194.146 - - [23/Dec/2025:22:06:13 +0800] "GET /Anti-Bac-Hand-Sanitizer-Gel-with-75-Alcohol-ABHSG-Menthol-500ml-p230364072 HTTP/1.1" 200 161 "-" "Mozilla/5.0 (compatible; Barkrowler/0.9; +https://babbar.tech/crawler)"
217.113.194.149 - - [23/Dec/2025:22:06:28 +0800] "GET /Anti-Bac-Hand-Sanitizer-Gel-with-75-Alcohol-ABHSG-Sandalwood-1L-p230358941 HTTP/1.1" 200 161 "-" "Mozilla/5.0 (compatible; Barkrowler/0.9; +https://babbar.tech/crawler)"
217.113.194.149 - - [23/Dec/2025:22:06:44 +0800] "GET /Anti-Bac-Hand-Sanitizer-Gel-with-75-Alcohol-ABHSG-Sandalwood-5L-p230516250 HTTP/1.1" 200 161 "-" "Mozilla/5.0 (compatible; Barkrowler/0.9; +https://babbar.tech/crawler)"
154.54.249.207 - - [23/Dec/2025:22:06:59 +0800] "GET /Anti-Bac-Hand-Sanitizer-Spray-with-75-Alcohol-ABHSS-Lavender-500ml-p225177374 HTTP/1.1" 200 161 "-" "Mozilla/5.0 (compatible; Barkrowler/0.9; +https://babbar.tech/crawler)"
217.113.194.142 - - [23/Dec/2025:22:07:15 +0800] "GET /Anti-Bac-Hand-Sanitizer-Spray-with-75-Alcohol-ABHSS-Lavender-1L-p225177416 HTTP/1.1" 200 161 "-" "Mozilla/5.0 (compatible; Barkrowler/0.9; +https://babbar.tech/crawler)"
143.105.152.31 - - [23/Dec/2025:22:07:26 +0800] "GET /bez-rubriki/best-casino-with-bonus/ HTTP/1.1" 200 161 "https://ja.bf1.my/" "Mozilla/5.0 (Windows NT 10.0; Win64; x64) AppleWebKit/537.36 (KHTML, like Gecko) Chrome/114.0.0.0 Safari/537.36 Edg/114.0.1264.71"
217.113.194.253 - - [23/Dec/2025:22:07:30 +0800] "GET /Anti-Bac-Hand-Sanitizer-Spray-with-75-Alcohol-ABHSS-Ginger-500ml-p225177371 HTTP/1.1" 200 161 "-" "Mozilla/5.0 (compatible; Barkrowler/0.9; +https://babbar.tech/crawler)"
217.113.194.231 - - [23/Dec/2025:22:07:46 +0800] "GET /Anti-Bac-Hand-Sanitizer-Spray-with-75-Alcohol-ABHSS-Ginger-25L-p225183336 HTTP/1.1" 200 161 "-" "Mozilla/5.0 (compatible; Barkrowler/0.9; +https://babbar.tech/crawler)"
217.113.194.253 - - [23/Dec/2025:22:08:02 +0800] "GET /Anti-Bac-Hand-Sanitizer-Spray-with-75-Alcohol-ABHSS-Sandalwood-1L-p225177429 HTTP/1.1" 200 161 "-" "Mozilla/5.0 (compatible; Barkrowler/0.9; +https://babbar.tech/crawler)"
217.113.194.253 - - [23/Dec/2025:22:08:17 +0800] "GET /Anti-Bac-Hand-Sanitizer-Spray-with-75-Alcohol-ABHSS-Rosemary-5L-p225177456 HTTP/1.1" 200 161 "-" "Mozilla/5.0 (compatible; Barkrowler/0.9; +https://babbar.tech/crawler)"
217.113.194.145 - - [23/Dec/2025:22:08:33 +0800] "GET /Anti-Bac-Hand-Sanitizer-Spray-with-75-Alcohol-ABHSS-Lemongrass-500ml-p225177377 HTTP/1.1" 200 161 "-" "Mozilla/5.0 (compatible; Barkrowler/0.9; +https://babbar.tech/crawler)"
217.113.194.231 - - [23/Dec/2025:22:08:48 +0800] "GET /Anti-Bac-Hand-Sanitizer-Spray-with-75-Alcohol-ABHSS-Lemongrass-5L-p225177447 HTTP/1.1" 200 161 "-" "Mozilla/5.0 (compatible; Barkrowler/0.9; +https://babbar.tech/crawler)"
217.113.194.147 - - [23/Dec/2025:22:09:04 +0800] "GET /Anti-Bac-Hand-Sanitizer-Spray-with-75-Alcohol-ABHSS-Lemongrass-25L-p225183342 HTTP/1.1" 200 161 "-" "Mozilla/5.0 (compatible; Barkrowler/0.9; +https://babbar.tech/crawler)"
217.113.194.149 - - [23/Dec/2025:22:09:20 +0800] "GET /Anti-Bac-Hand-Sanitizer-Spray-with-75-Alcohol-ABHSS-Jasmine-5L-p225177443 HTTP/1.1" 200 161 "-" "Mozilla/5.0 (compatible; Barkrowler/0.9; +https://babbar.tech/crawler)"
40.77.167.150 - - [23/Dec/2025:22:09:29 +0800] "GET /Bed-Sanitizing-Spray-Bidara-5L-p223803130 HTTP/1.1" 200 161 "-" "Mozilla/5.0 AppleWebKit/537.36 (KHTML, like Gecko; compatible; bingbot/2.0; +http://www.bing.com/bingbot.htm) Chrome/116.0.1938.76 Safari/537.36"
217.113.194.150 - - [23/Dec/2025:22:09:36 +0800] "GET /Anti-Bac-Hand-Sanitizer-Spray-with-75-Alcohol-ABHSS-Bidara-1L-p225177406 HTTP/1.1" 200 161 "-" "Mozilla/5.0 (compatible; Barkrowler/0.9; +https://babbar.tech/crawler)"
49.228.64.138 - - [23/Dec/2025:22:09:45 +0800] "GET /bez-rubriki/casino-online-wplata-cepbank-bez-weryfikacji/ HTTP/1.1" 200 161 "https://ja.bf1.my/" "Mozilla/5.0 (X11; Linux x86_64) AppleWebKit/537.36 (KHTML, like Gecko) Chrome/114.0.0.0 Safari/537.36 OPR/89.0.4447.51"
217.113.194.150 - - [23/Dec/2025:22:09:51 +0800] "GET /Anti-Bac-Hand-Sanitizer-Spray-with-75-Alcohol-ABHSS-Bidara-25L-p225183329 HTTP/1.1" 200 161 "-" "Mozilla/5.0 (compatible; Barkrowler/0.9; +https://babbar.tech/crawler)"
103.136.107.99 - - [23/Dec/2025:22:09:51 +0800] "GET /bez-rubriki/jokerbet-codigo-de-bonificacion/ HTTP/1.1" 200 161 "https://ja.bf1.my/" "Mozilla/5.0 (X11; Ubuntu; Linux i686; rv:114.0) Gecko/20100101 Firefox/114.0"
217.113.194.149 - - [23/Dec/2025:22:10:08 +0800] "GET /Anti-Bac-Hand-Sanitizer-Spray-with-75-Alcohol-ABHSS-Strawberry-25L-p225183353 HTTP/1.1" 200 161 "-" "Mozilla/5.0 (compatible; Barkrowler/0.9; +https://babbar.tech/crawler)"
217.113.194.253 - - [23/Dec/2025:22:10:24 +0800] "GET /Anti-Bac-Hand-Sanitizer-Spray-with-75-Alcohol-ABHSS-Daisy-1L-p225177409 HTTP/1.1" 200 161 "-" "Mozilla/5.0 (compatible; Barkrowler/0.9; +https://babbar.tech/crawler)"
217.113.194.231 - - [23/Dec/2025:22:10:40 +0800] "GET /Anti-Bac-Hand-Sanitizer-Spray-with-75-Alcohol-ABHSS-Daisy-500ml-p225177367 HTTP/1.1" 200 161 "-" "Mozilla/5.0 (compatible; Barkrowler/0.9; +https://babbar.tech/crawler)"
217.113.194.145 - - [23/Dec/2025:22:10:55 +0800] "GET /Anti-Bac-Hand-Sanitizer-Spray-with-75-Alcohol-ABHSS-Daisy-25L-p225183332 HTTP/1.1" 200 161 "-" "Mozilla/5.0 (compatible; Barkrowler/0.9; +https://babbar.tech/crawler)"
216.73.216.21 - - [23/Dec/2025:22:11:01 +0800] "GET /wp-login.php?action=register HTTP/1.1" 200 166 "-" "Mozilla/5.0 AppleWebKit/537.36 (KHTML, like Gecko; compatible; ClaudeBot/1.0; +claudebot@anthropic.com)"
217.113.194.146 - - [23/Dec/2025:22:11:11 +0800] "GET /Anti-Bac-Air-Conditioner-Sanitizing-Spray-Non-Alcohol-ABACS-Apple-Green-Apple-1L-p224120094 HTTP/1.1" 200 161 "-" "Mozilla/5.0 (compatible; Barkrowler/0.9; +https://babbar.tech/crawler)"
217.113.194.149 - - [23/Dec/2025:22:11:27 +0800] "GET /Anti-Bac-Air-Conditioner-Sanitizing-Spray-Non-Alcohol-ABACS-Apple-Green-Apple-500ml-p224120065 HTTP/1.1" 200 161 "-" "Mozilla/5.0 (compatible; Barkrowler/0.9; +https://babbar.tech/crawler)"
217.113.194.142 - - [23/Dec/2025:22:11:42 +0800] "GET /Anti-Bac-Air-Conditioner-Sanitizing-Spray-Non-Alcohol-ABACS-Frangipani-1L-p224120100 HTTP/1.1" 200 161 "-" "Mozilla/5.0 (compatible; Barkrowler/0.9; +https://babbar.tech/crawler)"
217.113.194.143 - - [23/Dec/2025:22:11:58 +0800] "GET /Anti-Bac-Air-Conditioner-Sanitizing-Spray-Non-Alcohol-ABACS-Frangipani-500ml-p224120071 HTTP/1.1" 200 161 "-" "Mozilla/5.0 (compatible; Barkrowler/0.9; +https://babbar.tech/crawler)"
217.113.194.142 - - [23/Dec/2025:22:12:13 +0800] "GET /Anti-Bac-Air-Conditioner-Sanitizing-Spray-Non-Alcohol-ABACS-Eucalyptus-1L-p224120099 HTTP/1.1" 200 161 "-" "Mozilla/5.0 (compatible; Barkrowler/0.9; +https://babbar.tech/crawler)"
217.113.194.148 - - [23/Dec/2025:22:12:29 +0800] "GET /Anti-Bac-Air-Conditioner-Sanitizing-Spray-Non-Alcohol-ABACS-Tea-Tree-5L-p224120149 HTTP/1.1" 200 161 "-" "Mozilla/5.0 (compatible; Barkrowler/0.9; +https://babbar.tech/crawler)"
217.113.194.143 - - [23/Dec/2025:22:12:44 +0800] "GET /Anti-Bac-Air-Conditioner-Sanitizing-Spray-Non-Alcohol-ABACS-Pine-Leaf-1L-p224120115 HTTP/1.1" 200 161 "-" "Mozilla/5.0 (compatible; Barkrowler/0.9; +https://babbar.tech/crawler)"
102.165.54.158 - - [23/Dec/2025:22:12:56 +0800] "GET /bez-rubriki/casino-online-wplata-cepbank-bez-weryfikacji/ HTTP/1.1" 200 161 "https://ja.bf1.my/" "Mozilla/5.0 (X11; Linux x86_64) AppleWebKit/537.36 (KHTML, like Gecko) Chrome/114.0.0.0 Safari/537.36"
217.113.194.144 - - [23/Dec/2025:22:13:00 +0800] "GET /Anti-Bac-Air-Conditioner-Sanitizing-Spray-Non-Alcohol-ABACS-Pine-Leaf-5L-p224120144 HTTP/1.1" 200 161 "-" "Mozilla/5.0 (compatible; Barkrowler/0.9; +https://babbar.tech/crawler)"
217.113.194.150 - - [23/Dec/2025:22:13:15 +0800] "GET /Anti-Bac-Air-Conditioner-Sanitizing-Spray-Non-Alcohol-ABACS-Honey-Melon-5L-p224120132 HTTP/1.1" 200 161 "-" "Mozilla/5.0 (compatible; Barkrowler/0.9; +https://babbar.tech/crawler)"
217.113.194.231 - - [23/Dec/2025:22:13:31 +0800] "GET /Anti-Bac-Air-Conditioner-Sanitizing-Spray-Non-Alcohol-ABACS-Aloe-Vera-5L-p224120122 HTTP/1.1" 200 161 "-" "Mozilla/5.0 (compatible; Barkrowler/0.9; +https://babbar.tech/crawler)"
217.113.194.148 - - [23/Dec/2025:22:13:46 +0800] "GET /Anti-Bac-Parcel-Sanitizing-Spray-Non-Alcohol-ABPS-Eucalyptus-1L-p226767075 HTTP/1.1" 200 161 "-" "Mozilla/5.0 (compatible; Barkrowler/0.9; +https://babbar.tech/crawler)"
23.94.77.29 - - [23/Dec/2025:22:13:59 +0800] "GET /bez-rubriki/beste-e-wallet-wettanbieter/ HTTP/1.1" 200 161 "https://ja.bf1.my/" "Mozilla/5.0 (X11; Ubuntu; Linux i686; rv:114.0) Gecko/20100101 Firefox/114.0"
217.113.194.146 - - [23/Dec/2025:22:14:02 +0800] "GET /Anti-Bac-Parcel-Sanitizing-Spray-Non-Alcohol-ABPS-Apple-Green-Apple-25L-p227008002 HTTP/1.1" 200 161 "-" "Mozilla/5.0 (compatible; Barkrowler/0.9; +https://babbar.tech/crawler)"
217.113.194.150 - - [23/Dec/2025:22:14:17 +0800] "GET /Anti-Bac-Parcel-Sanitizing-Spray-Non-Alcohol-ABPS-Apple-Green-Apple-500ml-p226767041 HTTP/1.1" 200 161 "-" "Mozilla/5.0 (compatible; Barkrowler/0.9; +https://babbar.tech/crawler)"
217.113.194.253 - - [23/Dec/2025:22:14:33 +0800] "GET /Anti-Bac-Parcel-Sanitizing-Spray-Non-Alcohol-ABPS-Frangipani-500ml-p226767047 HTTP/1.1" 200 161 "-" "Mozilla/5.0 (compatible; Barkrowler/0.9; +https://babbar.tech/crawler)"
47.82.11.32 - - [23/Dec/2025:22:14:48 +0800] "GET /bez-rubriki/fuball-heute-tabelle-europa HTTP/1.1" 200 161 "https://ja.bf1.my/" "Mozilla/5.0 (Macintosh; Intel Mac OS X 10_15_7) AppleWebKit/605.1.15 (KHTML, like Gecko) Version/17.6 Safari/605.1.15"
154.54.249.207 - - [23/Dec/2025:22:14:49 +0800] "GET /Anti-Bac-Parcel-Sanitizing-Spray-Non-Alcohol-ABPS-Frangipani-1L-p226767076 HTTP/1.1" 200 161 "-" "Mozilla/5.0 (compatible; Barkrowler/0.9; +https://babbar.tech/crawler)"
47.82.11.113 - - [23/Dec/2025:22:14:55 +0800] "GET /bez-rubriki/apuestas-reales-bayern-vs-tigres HTTP/1.1" 200 161 "https://ja.bf1.my/" "Mozilla/5.0 (Windows NT 10.0; Win64; x64) AppleWebKit/537.36 (KHTML, like Gecko) Chrome/135.0.0.0 Safari/537.36"
217.113.194.147 - - [23/Dec/2025:22:15:04 +0800] "GET /Anti-Bac-Parcel-Sanitizing-Spray-Non-Alcohol-ABPS-Frangipani-5L-p226767105 HTTP/1.1" 200 161 "-" "Mozilla/5.0 (compatible; Barkrowler/0.9; +https://babbar.tech/crawler)"
217.113.194.151 - - [23/Dec/2025:22:15:20 +0800] "GET /Anti-Bac-Computer-Sanitizing-Spray-Non-Alcohol-ABCS-Lemon-Green-Lemon-500ml-p223416616 HTTP/1.1" 200 161 "-" "Mozilla/5.0 (compatible; Barkrowler/0.9; +https://babbar.tech/crawler)"
217.113.194.142 - - [23/Dec/2025:22:15:35 +0800] "GET /Anti-Bac-Computer-Sanitizing-Spray-Non-Alcohol-ABCS-mint-Peppermint-1L-p223490175 HTTP/1.1" 200 161 "-" "Mozilla/5.0 (compatible; Barkrowler/0.9; +https://babbar.tech/crawler)"
217.113.194.143 - - [23/Dec/2025:22:15:51 +0800] "GET /Clearance-Stock-BFO-Swiss-Army-Swiss-Army-Forest-Victorinox-M-1000ml-p417468512 HTTP/1.1" 200 161 "-" "Mozilla/5.0 (compatible; Barkrowler/0.9; +https://babbar.tech/crawler)"
217.113.194.150 - - [23/Dec/2025:22:16:06 +0800] "GET /Hair-Conditioning-Spray-Inspired-Perfume-Scents-Leave-In-Conditioner-5000ml-5L-p517450576 HTTP/1.1" 200 161 "-" "Mozilla/5.0 (compatible; Barkrowler/0.9; +https://babbar.tech/crawler)"
217.113.194.150 - - [23/Dec/2025:22:16:22 +0800] "GET /Hair-Conditioning-Spray-Inspired-Perfume-Scents-Leave-In-Conditioner-25000ml-25L-p517465304 HTTP/1.1" 200 161 "-" "Mozilla/5.0 (compatible; Barkrowler/0.9; +https://babbar.tech/crawler)"
217.113.194.147 - - [23/Dec/2025:22:16:37 +0800] "GET /PATI-SoChloe-SoChloe-Eau-De-Parfum-PATI-So-W-250ml-p266030330 HTTP/1.1" 200 161 "-" "Mozilla/5.0 (compatible; Barkrowler/0.9; +https://babbar.tech/crawler)"
217.113.194.144 - - [23/Dec/2025:22:16:53 +0800] "GET /DS-CK-CK-One-Summer-2004-Deodorant-Spray-5L-%E7%94%B7%E7%A5%9E-p316545541 HTTP/1.1" 200 161 "-" "Mozilla/5.0 (compatible; Barkrowler/0.9; +https://babbar.tech/crawler)"
217.113.194.149 - - [23/Dec/2025:22:17:09 +0800] "GET /DS-CK-CK-One-Shock-Deodorant-Spray-500ml-%E5%A5%B3%E5%A6%96-p317394080 HTTP/1.1" 200 161 "-" "Mozilla/5.0 (compatible; Barkrowler/0.9; +https://babbar.tech/crawler)"
217.113.194.142 - - [23/Dec/2025:22:17:25 +0800] "GET /DS-CK-Contradiction-for-Men-Deodorant-Spray-5L-%E7%94%B7%E7%A5%9E-p316545542 HTTP/1.1" 200 161 "-" "Mozilla/5.0 (compatible; Barkrowler/0.9; +https://babbar.tech/crawler)"
217.113.194.148 - - [23/Dec/2025:22:17:40 +0800] "GET /DS-CK-Contradiction-for-Men-Deodorant-Spray-100L-%E7%94%B7%E7%A5%9E-p317054119 HTTP/1.1" 200 161 "-" "Mozilla/5.0 (compatible; Barkrowler/0.9; +https://babbar.tech/crawler)"
154.54.249.207 - - [23/Dec/2025:22:17:56 +0800] "GET /DS-CK-Obsessed-for-Men-Deodorant-Spray-5L-%E7%94%B7%E7%A5%9E-p316545552 HTTP/1.1" 200 161 "-" "Mozilla/5.0 (compatible; Barkrowler/0.9; +https://babbar.tech/crawler)"
217.113.194.249 - - [23/Dec/2025:22:18:11 +0800] "GET /DS-Clinique-Happy-for-Men-Deodorant-Spray-100L-%E7%94%B7%E7%A5%9E-p317054137 HTTP/1.1" 200 161 "-" "Mozilla/5.0 (compatible; Barkrowler/0.9; +https://babbar.tech/crawler)"
114.46.148.59 - - [23/Dec/2025:22:18:22 +0800] "GET /bez-rubriki/cote-du-jour-foot-2/ HTTP/1.1" 200 161 "https://ja.bf1.my/" "Mozilla/5.0 (Windows NT 10.0; Win64; x64) AppleWebKit/537.36 (KHTML, like Gecko) Chrome/114.0.0.0 YaBrowser/22.7.0 Yowser/2.5 Safari/537.36"
217.113.194.142 - - [23/Dec/2025:22:18:27 +0800] "GET /DS-Chanel-Chanel-de-Bleu-Deodorant-Spray-5L-%E7%94%B7%E7%A5%9E-p316545525 HTTP/1.1" 200 161 "-" "Mozilla/5.0 (compatible; Barkrowler/0.9; +https://babbar.tech/crawler)"
217.113.194.249 - - [23/Dec/2025:22:18:43 +0800] "GET /DS-Chanel-Allure-Homme-Sport-Deodorant-Spray-200ml-%E7%94%B7%E7%A5%9E-p320532869 HTTP/1.1" 200 161 "-" "Mozilla/5.0 (compatible; Barkrowler/0.9; +https://babbar.tech/crawler)"
217.113.194.148 - - [23/Dec/2025:22:18:58 +0800] "GET /DS-Chanel-Coco-Mademoiselle-Deodorant-Spray-200ml-%E5%A5%B3%E5%A6%96-p321055175 HTTP/1.1" 200 161 "-" "Mozilla/5.0 (compatible; Barkrowler/0.9; +https://babbar.tech/crawler)"
217.113.194.150 - - [23/Dec/2025:22:19:14 +0800] "GET /DS-Amouage-Epic-for-Men-Deodorant-Spray-25L-%E7%94%B7%E7%A5%9E-p316548478 HTTP/1.1" 200 161 "-" "Mozilla/5.0 (compatible; Barkrowler/0.9; +https://babbar.tech/crawler)"
217.113.194.231 - - [23/Dec/2025:22:19:29 +0800] "GET /DS-Giorgio-Armani-Mania-Deodorant-Spray-25L-%E7%94%B7%E7%A5%9E-p316548620 HTTP/1.1" 200 161 "-" "Mozilla/5.0 (compatible; Barkrowler/0.9; +https://babbar.tech/crawler)"
217.113.194.146 - - [23/Dec/2025:22:19:45 +0800] "GET /DS-Bottega-Veneta-Knot-Deodorant-Spray-200ml-%E7%94%B7%E7%A5%9E-p320532848 HTTP/1.1" 200 161 "-" "Mozilla/5.0 (compatible; Barkrowler/0.9; +https://babbar.tech/crawler)"
217.113.194.148 - - [23/Dec/2025:22:20:00 +0800] "GET /DS-Al-Rehab-Original-Deodorant-Spray-100L-%E7%94%B7%E7%A5%9E-p317054061 HTTP/1.1" 200 161 "-" "Mozilla/5.0 (compatible; Barkrowler/0.9; +https://babbar.tech/crawler)"
217.113.194.145 - - [23/Dec/2025:22:20:16 +0800] "GET /DS-Al-Rehab-Original-Deodorant-Spray-25L-%E7%94%B7%E7%A5%9E-p316548474 HTTP/1.1" 200 161 "-" "Mozilla/5.0 (compatible; Barkrowler/0.9; +https://babbar.tech/crawler)"
217.113.194.231 - - [23/Dec/2025:22:20:31 +0800] "GET /DS-Al-Rehab-Dakar-Deodorant-Spray-100L-%E7%94%B7%E7%A5%9E-p317054058 HTTP/1.1" 200 161 "-" "Mozilla/5.0 (compatible; Barkrowler/0.9; +https://babbar.tech/crawler)"
217.113.194.147 - - [23/Dec/2025:22:20:47 +0800] "GET /DS-Al-Rehab-Dakar-Deodorant-Spray-25L-%E7%94%B7%E7%A5%9E-p316548471 HTTP/1.1" 200 161 "-" "Mozilla/5.0 (compatible; Barkrowler/0.9; +https://babbar.tech/crawler)"
216.73.216.21 - - [23/Dec/2025:22:20:52 +0800] "GET /robots.txt HTTP/1.1" 200 9725 "-" "Mozilla/5.0 AppleWebKit/537.36 (KHTML, like Gecko; compatible; ClaudeBot/1.0; +claudebot@anthropic.com)"
216.73.216.21 - - [23/Dec/2025:22:20:52 +0800] "GET /.git/config HTTP/1.1" 200 161 "-" "Mozilla/5.0 AppleWebKit/537.36 (KHTML, like Gecko; compatible; ClaudeBot/1.0; +claudebot@anthropic.com)"
217.113.194.146 - - [23/Dec/2025:22:21:02 +0800] "GET /DS-Azzaro-Azzaro-Couture-Deodorant-Spray-200ml-%E5%A5%B3%E5%A6%96-p321055144 HTTP/1.1" 200 161 "-" "Mozilla/5.0 (compatible; Barkrowler/0.9; +https://babbar.tech/crawler)"
217.113.194.231 - - [23/Dec/2025:22:21:18 +0800] "GET /DS-DKNY-Be-Delicious-Deodorant-Spray-200ml-%E5%A5%B3%E5%A6%96-p321055215 HTTP/1.1" 200 161 "-" "Mozilla/5.0 (compatible; Barkrowler/0.9; +https://babbar.tech/crawler)"
191.101.114.230 - - [23/Dec/2025:22:21:32 +0800] "GET /bez-rubriki/best-casino-with-bonus/ HTTP/1.1" 200 161 "https://ja.bf1.my/" "Mozilla/5.0 (Windows NT 10.0; WOW64) AppleWebKit/537.36 (KHTML, like Gecko) Chrome/114.0.0.0 YaBrowser/22.7.0 Yowser/2.5 Safari/537.36"
217.113.194.148 - - [23/Dec/2025:22:21:33 +0800] "GET /DS-DKNY-Be-Desired-Deodorant-Spray-25L-%E5%A5%B3%E5%A6%96-p318186148 HTTP/1.1" 200 161 "-" "Mozilla/5.0 (compatible; Barkrowler/0.9; +https://babbar.tech/crawler)"
217.113.194.146 - - [23/Dec/2025:22:21:49 +0800] "GET /DS-Carolina-Herrera-212-VIP-Deodorant-Spray-200ml-%E5%A5%B3%E5%A6%96-p321055166 HTTP/1.1" 200 161 "-" "Mozilla/5.0 (compatible; Barkrowler/0.9; +https://babbar.tech/crawler)"
217.113.194.249 - - [23/Dec/2025:22:22:05 +0800] "GET /DS-Carolina-Herrera-212-Sexy-Deodorant-Spray-200ml-%E5%A5%B3%E5%A6%96-p321055165 HTTP/1.1" 200 161 "-" "Mozilla/5.0 (compatible; Barkrowler/0.9; +https://babbar.tech/crawler)"
217.113.194.231 - - [23/Dec/2025:22:22:20 +0800] "GET /DS-Carolina-Herrera-Good-Girl-Deodorant-Spray-200ml-%E5%A5%B3%E5%A6%96-p321055167 HTTP/1.1" 200 161 "-" "Mozilla/5.0 (compatible; Barkrowler/0.9; +https://babbar.tech/crawler)"
217.113.194.231 - - [23/Dec/2025:22:22:36 +0800] "GET /DS-Burberry-Burberry-for-Men-Deodorant-Spray-5L-%E7%94%B7%E7%A5%9E-p316545507 HTTP/1.1" 200 161 "-" "Mozilla/5.0 (compatible; Barkrowler/0.9; +https://babbar.tech/crawler)"
217.113.194.148 - - [23/Dec/2025:22:22:51 +0800] "GET /DS-Chloe-Narcisse-Deodorant-Spray-100L-%E5%A5%B3%E5%A6%96-p318186598 HTTP/1.1" 200 161 "-" "Mozilla/5.0 (compatible; Barkrowler/0.9; +https://babbar.tech/crawler)"
217.113.194.149 - - [23/Dec/2025:22:23:07 +0800] "GET /DS-Anna-Sui-Dolly-Girl-Deodorant-Spray-200ml-%E5%A5%B3%E5%A6%96-p321055135 HTTP/1.1" 200 161 "-" "Mozilla/5.0 (compatible; Barkrowler/0.9; +https://babbar.tech/crawler)"
217.113.194.253 - - [23/Dec/2025:22:23:22 +0800] "GET /DS-Aramis-Aramis-Life-Deodorant-Spray-25L-%E7%94%B7%E7%A5%9E-p316548483 HTTP/1.1" 200 161 "-" "Mozilla/5.0 (compatible; Barkrowler/0.9; +https://babbar.tech/crawler)"
217.113.194.143 - - [23/Dec/2025:22:23:38 +0800] "GET /DS-Creed-Aventus-For-Her-Deodorant-Spray-200ml-%E5%A5%B3%E5%A6%96-p321055206 HTTP/1.1" 200 161 "-" "Mozilla/5.0 (compatible; Barkrowler/0.9; +https://babbar.tech/crawler)"
217.113.194.147 - - [23/Dec/2025:22:23:53 +0800] "GET /DS-Caron-Pour-un-Homme-Deodorant-Spray-25L-%E7%94%B7%E7%A5%9E-p316548510 HTTP/1.1" 200 161 "-" "Mozilla/5.0 (compatible; Barkrowler/0.9; +https://babbar.tech/crawler)"
217.113.194.147 - - [23/Dec/2025:22:24:09 +0800] "GET /DS-Christian-Dior-Sauvage-Deodorant-Spray-200ml-%E7%94%B7%E7%A5%9E-p320532880 HTTP/1.1" 200 161 "-" "Mozilla/5.0 (compatible; Barkrowler/0.9; +https://babbar.tech/crawler)"
93.159.25.246 - - [23/Dec/2025:22:24:11 +0800] "GET /bez-rubriki/pronostic-gagnant-gratuit-foot/ HTTP/1.1" 200 161 "https://ja.bf1.my/" "Mozilla/5.0 (Windows NT 10.0; WOW64; x64) AppleWebKit/537.36 (KHTML, like Gecko) Chrome/114.0.0.0 Safari/537.36 OPR/89.0.4447.51"
217.113.194.148 - - [23/Dec/2025:22:24:24 +0800] "GET /DS-Christian-Dior-Dune-Deodorant-Spray-200ml-%E5%A5%B3%E5%A6%96-p321055194 HTTP/1.1" 200 161 "-" "Mozilla/5.0 (compatible; Barkrowler/0.9; +https://babbar.tech/crawler)"
217.113.194.253 - - [23/Dec/2025:22:24:40 +0800] "GET /DS-Christian-Dior-Echo-Deodorant-Spray-5L-%E7%94%B7%E7%A5%9E-p316545532 HTTP/1.1" 200 161 "-" "Mozilla/5.0 (compatible; Barkrowler/0.9; +https://babbar.tech/crawler)"
217.113.194.143 - - [23/Dec/2025:22:24:55 +0800] "GET /DS-Christian-Dior-Echo-Deodorant-Spray-100L-%E7%94%B7%E7%A5%9E-p317054109 HTTP/1.1" 200 161 "-" "Mozilla/5.0 (compatible; Barkrowler/0.9; +https://babbar.tech/crawler)"
217.113.194.146 - - [23/Dec/2025:22:25:11 +0800] "GET /DS-Christian-Dior-Higher-Deodorant-Spray-200ml-%E5%A5%B3%E5%A6%96-p321055197 HTTP/1.1" 200 161 "-" "Mozilla/5.0 (compatible; Barkrowler/0.9; +https://babbar.tech/crawler)"
217.113.194.231 - - [23/Dec/2025:22:25:26 +0800] "GET /DS-Christian-Dior-Higher-Deodorant-Spray-5L-%E7%94%B7%E7%A5%9E-p316545534 HTTP/1.1" 200 161 "-" "Mozilla/5.0 (compatible; Barkrowler/0.9; +https://babbar.tech/crawler)"
217.113.194.249 - - [23/Dec/2025:22:25:42 +0800] "GET /DS-CD-Jadore-Lumiere-Deodorant-Spray-5L-%E5%A5%B3%E5%A6%96-p317928230 HTTP/1.1" 200 161 "-" "Mozilla/5.0 (compatible; Barkrowler/0.9; +https://babbar.tech/crawler)"
217.113.194.231 - - [23/Dec/2025:22:25:58 +0800] "GET /DS-CD-Jadore-Lumiere-Deodorant-Spray-100L-%E5%A5%B3%E5%A6%96-p318186581 HTTP/1.1" 200 161 "-" "Mozilla/5.0 (compatible; Barkrowler/0.9; +https://babbar.tech/crawler)"
217.113.194.231 - - [23/Dec/2025:22:26:13 +0800] "GET /DS-Cacharel-LouLou-Deodorant-Spray-500ml-%E5%A5%B3%E5%A6%96-p317394040 HTTP/1.1" 200 161 "-" "Mozilla/5.0 (compatible; Barkrowler/0.9; +https://babbar.tech/crawler)"
217.113.194.150 - - [23/Dec/2025:22:26:29 +0800] "GET /Pure-Essential-Oil-EO-Basil-Sweet-Basil-Giant-Basil-Essential-Oil-10ml-p150614253 HTTP/1.1" 200 161 "-" "Mozilla/5.0 (compatible; Barkrowler/0.9; +https://babbar.tech/crawler)"
217.113.194.253 - - [23/Dec/2025:22:26:45 +0800] "GET /Pure-Essential-Oil-EO-Chive-Allium-schoenoprasum-L-Essential-Oil-50ml-p151814156 HTTP/1.1" 200 161 "-" "Mozilla/5.0 (compatible; Barkrowler/0.9; +https://babbar.tech/crawler)"
217.113.194.151 - - [23/Dec/2025:22:27:00 +0800] "GET /Pure-Essential-Oil-EO-Safflower-Carthamus-Tinctorius-Essential-Oil-500ml-p152480318 HTTP/1.1" 200 161 "-" "Mozilla/5.0 (compatible; Barkrowler/0.9; +https://babbar.tech/crawler)"
217.113.194.150 - - [23/Dec/2025:22:27:16 +0800] "GET /Pure-Essential-Oil-EO-Betel-Leaf-Daun-Sireh-Essential-Oil-50ml-p151814110 HTTP/1.1" 200 161 "-" "Mozilla/5.0 (compatible; Barkrowler/0.9; +https://babbar.tech/crawler)"
217.113.194.149 - - [23/Dec/2025:22:27:31 +0800] "GET /Pure-Essential-Oil-EO-Pepper-Sarawak-White-Pepper-Essential-Oil-5L-p196313657 HTTP/1.1" 200 161 "-" "Mozilla/5.0 (compatible; Barkrowler/0.9; +https://babbar.tech/crawler)"
217.113.194.253 - - [23/Dec/2025:22:27:47 +0800] "GET /Aromatic-Water-Base-Perfume-WBP-Calamansi-Lime-500ml-Diffuser-Perfume-p262704652 HTTP/1.1" 200 161 "-" "Mozilla/5.0 (compatible; Barkrowler/0.9; +https://babbar.tech/crawler)"
217.113.194.146 - - [23/Dec/2025:22:28:02 +0800] "GET /BFO-Jo-Malone-Cypress-&-Grapevine-Cologne-Intense-U-5KG-p357519923 HTTP/1.1" 200 161 "-" "Mozilla/5.0 (compatible; Barkrowler/0.9; +https://babbar.tech/crawler)"
217.113.194.249 - - [23/Dec/2025:22:28:18 +0800] "GET /BFO-Issey-Miyake-Nuit-DIssey-Pilse-Of-The-Night-M-250ml-p357472131 HTTP/1.1" 200 161 "-" "Mozilla/5.0 (compatible; Barkrowler/0.9; +https://babbar.tech/crawler)"
217.113.194.146 - - [23/Dec/2025:22:28:34 +0800] "GET /Anti-Bac-Household-Perfume-Sanitizing-Spray-Non-Alcohol-ABHP-Lemon-5L-p221904265 HTTP/1.1" 200 161 "-" "Mozilla/5.0 (compatible; Barkrowler/0.9; +https://babbar.tech/crawler)"
107.152.46.79 - - [23/Dec/2025:22:28:41 +0800] "GET /bez-rubriki/apuestas-reales-a-largo-plazo/ HTTP/1.1" 200 161 "https://ja.bf1.my/" "Mozilla/5.0 (X11; Ubuntu; Linux x86_64; rv:114.0) Gecko/20100101 Firefox/114.0"
217.113.194.143 - - [23/Dec/2025:22:28:49 +0800] "GET /Anti-Bac-Hand-Sanitizer-Gel-with-75-Alcohol-ABHSG-Tea-Tree-1L-p230358942 HTTP/1.1" 200 161 "-" "Mozilla/5.0 (compatible; Barkrowler/0.9; +https://babbar.tech/crawler)"
217.113.194.142 - - [23/Dec/2025:22:29:05 +0800] "GET /Anti-Bac-Hand-Sanitizer-Gel-with-75-Alcohol-ABHSG-Jasmine-25L-p221713603 HTTP/1.1" 200 161 "-" "Mozilla/5.0 (compatible; Barkrowler/0.9; +https://babbar.tech/crawler)"
107.152.47.63 - - [23/Dec/2025:22:29:07 +0800] "GET /bez-rubriki/beste-e-wallet-wettanbieter/ HTTP/1.1" 200 161 "https://ja.bf1.my/" "Mozilla/5.0 (Windows NT 10.0; WOW64) AppleWebKit/537.36 (KHTML, like Gecko) Chrome/114.0.0.0 YaBrowser/22.7.0 Yowser/2.5 Safari/537.36"
216.73.216.21 - - [23/Dec/2025:22:29:09 +0800] "GET /bez-rubriki/play-bingo-online-for-real-money-new-zealand HTTP/1.1" 200 161 "-" "Mozilla/5.0 AppleWebKit/537.36 (KHTML, like Gecko; compatible; ClaudeBot/1.0; +claudebot@anthropic.com)"
216.73.216.21 - - [23/Dec/2025:22:29:09 +0800] "GET /bez-rubriki/big-casino-wins HTTP/1.1" 200 161 "-" "Mozilla/5.0 AppleWebKit/537.36 (KHTML, like Gecko; compatible; ClaudeBot/1.0; +claudebot@anthropic.com)"
216.73.216.21 - - [23/Dec/2025:22:29:09 +0800] "GET /Herbal-Powder-500g-c41154020 HTTP/1.1" 200 161 "-" "Mozilla/5.0 AppleWebKit/537.36 (KHTML, like Gecko; compatible; ClaudeBot/1.0; +claudebot@anthropic.com)"
217.113.194.142 - - [23/Dec/2025:22:29:20 +0800] "GET /Anti-Bac-Hand-Sanitizer-Gel-with-75-Alcohol-ABHSG-Menthol-25L-p230525011 HTTP/1.1" 200 161 "-" "Mozilla/5.0 (compatible; Barkrowler/0.9; +https://babbar.tech/crawler)"
216.73.216.21 - - [23/Dec/2025:22:29:25 +0800] "GET /bez-rubriki/sportwetten-sportwettenanbieter-erfahrungen HTTP/1.1" 200 161 "-" "Mozilla/5.0 AppleWebKit/537.36 (KHTML, like Gecko; compatible; ClaudeBot/1.0; +claudebot@anthropic.com)"
216.73.216.21 - - [23/Dec/2025:22:29:25 +0800] "GET /bez-rubriki/sportwetten-quote HTTP/1.1" 200 161 "-" "Mozilla/5.0 AppleWebKit/537.36 (KHTML, like Gecko; compatible; ClaudeBot/1.0; +claudebot@anthropic.com)"
216.73.216.21 - - [23/Dec/2025:22:29:25 +0800] "GET /bez-rubriki/pino-casino-bonus-bez-depozytu HTTP/1.1" 200 161 "-" "Mozilla/5.0 AppleWebKit/537.36 (KHTML, like Gecko; compatible; ClaudeBot/1.0; +claudebot@anthropic.com)"
216.73.216.21 - - [23/Dec/2025:22:29:25 +0800] "GET /bez-rubriki/bundesliga-vorhersage-heute HTTP/1.1" 200 161 "-" "Mozilla/5.0 AppleWebKit/537.36 (KHTML, like Gecko; compatible; ClaudeBot/1.0; +claudebot@anthropic.com)"
216.73.216.21 - - [23/Dec/2025:22:29:25 +0800] "GET /Herbal-Products-c38010029 HTTP/1.1" 200 161 "-" "Mozilla/5.0 AppleWebKit/537.36 (KHTML, like Gecko; compatible; ClaudeBot/1.0; +claudebot@anthropic.com)"
216.73.216.21 - - [23/Dec/2025:22:29:25 +0800] "GET /bez-rubriki/oberhausen-duisburg-fuball HTTP/1.1" 200 161 "-" "Mozilla/5.0 AppleWebKit/537.36 (KHTML, like Gecko; compatible; ClaudeBot/1.0; +claudebot@anthropic.com)"
216.73.216.21 - - [23/Dec/2025:22:29:25 +0800] "GET /bez-rubriki/sportwetten-paypal-einzahlung HTTP/1.1" 200 161 "-" "Mozilla/5.0 AppleWebKit/537.36 (KHTML, like Gecko; compatible; ClaudeBot/1.0; +claudebot@anthropic.com)"
217.113.194.143 - - [23/Dec/2025:22:29:36 +0800] "GET /Anti-Bac-Hand-Sanitizer-Gel-with-75-Alcohol-ABHSG-Menthol-5L-p230516244 HTTP/1.1" 200 161 "-" "Mozilla/5.0 (compatible; Barkrowler/0.9; +https://babbar.tech/crawler)"
154.54.249.207 - - [23/Dec/2025:22:29:51 +0800] "GET /Anti-Bac-Hand-Sanitizer-Gel-with-75-Alcohol-ABHSG-Geranium-1L-p230358929 HTTP/1.1" 200 161 "-" "Mozilla/5.0 (compatible; Barkrowler/0.9; +https://babbar.tech/crawler)"
217.113.194.142 - - [23/Dec/2025:22:30:07 +0800] "GET /Anti-Bac-Hand-Sanitizer-Gel-with-75-Alcohol-ABHSG-Chamomile-5L-p230516234 HTTP/1.1" 200 161 "-" "Mozilla/5.0 (compatible; Barkrowler/0.9; +https://babbar.tech/crawler)"
217.113.194.253 - - [23/Dec/2025:22:30:22 +0800] "GET /Anti-Bac-Hand-Sanitizer-Gel-with-75-Alcohol-ABHSG-Chamomile-500ml-p230364062 HTTP/1.1" 200 161 "-" "Mozilla/5.0 (compatible; Barkrowler/0.9; +https://babbar.tech/crawler)"
52.167.144.230 - - [23/Dec/2025:22:30:32 +0800] "GET /EDP-Victorias-Secret-Temptation-W-250ml-p158796787 HTTP/1.1" 200 161 "-" "Mozilla/5.0 AppleWebKit/537.36 (KHTML, like Gecko; compatible; bingbot/2.0; +http://www.bing.com/bingbot.htm) Chrome/116.0.1938.76 Safari/537.36"
217.113.194.231 - - [23/Dec/2025:22:30:38 +0800] "GET /Anti-Bac-Hand-Sanitizer-Spray-with-75-Alcohol-ABHSS-Tea-Tree-25L-p225183354 HTTP/1.1" 200 161 "-" "Mozilla/5.0 (compatible; Barkrowler/0.9; +https://babbar.tech/crawler)"
107.152.46.202 - - [23/Dec/2025:22:30:44 +0800] "GET /bez-rubriki/cote-du-jour-foot-2/ HTTP/1.1" 200 161 "https://ja.bf1.my/" "Mozilla/5.0 (Windows NT 10.0; Win64; x64; rv:114.0) Gecko/20100101 Firefox/114.0"
217.113.194.142 - - [23/Dec/2025:22:30:53 +0800] "GET /Anti-Bac-Hand-Sanitizer-Spray-with-75-Alcohol-ABHSS-Chamomile-500ml-p225177365 HTTP/1.1" 200 161 "-" "Mozilla/5.0 (compatible; Barkrowler/0.9; +https://babbar.tech/crawler)"
217.113.194.151 - - [23/Dec/2025:22:31:09 +0800] "GET /Anti-Bac-Hand-Sanitizer-Spray-with-75-Alcohol-ABHSS-Agarwood-25L-p225175323 HTTP/1.1" 200 161 "-" "Mozilla/5.0 (compatible; Barkrowler/0.9; +https://babbar.tech/crawler)"
217.113.194.146 - - [23/Dec/2025:22:31:25 +0800] "GET /Anti-Bac-Hand-Sanitizer-Spray-with-75-Alcohol-ABHSS-Agarwood-500ml-p225175309 HTTP/1.1" 200 161 "-" "Mozilla/5.0 (compatible; Barkrowler/0.9; +https://babbar.tech/crawler)"
217.113.194.231 - - [23/Dec/2025:22:31:40 +0800] "GET /Anti-Bac-Hand-Sanitizer-Spray-with-75-Alcohol-ABHSS-Pine-Leaf-1L-p225177426 HTTP/1.1" 200 161 "-" "Mozilla/5.0 (compatible; Barkrowler/0.9; +https://babbar.tech/crawler)"
217.113.194.143 - - [23/Dec/2025:22:31:56 +0800] "GET /Anti-Bac-Air-Conditioner-Sanitizing-Spray-Non-Alcohol-ABACS-Apple-Green-Apple-5L-p224120123 HTTP/1.1" 200 161 "-" "Mozilla/5.0 (compatible; Barkrowler/0.9; +https://babbar.tech/crawler)"
154.54.249.207 - - [23/Dec/2025:22:32:12 +0800] "GET /Anti-Bac-Air-Conditioner-Sanitizing-Spray-Non-Alcohol-ABACS-Eucalyptus-500ml-p224120070 HTTP/1.1" 200 161 "-" "Mozilla/5.0 (compatible; Barkrowler/0.9; +https://babbar.tech/crawler)"
217.113.194.149 - - [23/Dec/2025:22:32:28 +0800] "GET /Anti-Bac-Air-Conditioner-Sanitizing-Spray-Non-Alcohol-ABACS-Pine-Leaf-500ml-p224120086 HTTP/1.1" 200 161 "-" "Mozilla/5.0 (compatible; Barkrowler/0.9; +https://babbar.tech/crawler)"
217.113.194.143 - - [23/Dec/2025:22:32:43 +0800] "GET /Anti-Bac-Air-Conditioner-Sanitizing-Spray-Non-Alcohol-ABACS-Lemon-Green-Lemon-1L-p224120106 HTTP/1.1" 200 161 "-" "Mozilla/5.0 (compatible; Barkrowler/0.9; +https://babbar.tech/crawler)"
52.167.144.25 - - [23/Dec/2025:22:32:53 +0800] "GET /bez-rubriki/sportwetten-paysafecard-einzahlung/ HTTP/1.1" 200 161 "-" "Mozilla/5.0 AppleWebKit/537.36 (KHTML, like Gecko; compatible; bingbot/2.0; +http://www.bing.com/bingbot.htm) Chrome/116.0.1938.76 Safari/537.36"
217.113.194.249 - - [23/Dec/2025:22:32:59 +0800] "GET /Anti-Bac-Air-Conditioner-Sanitizing-Spray-Non-Alcohol-ABACS-Lemon-Green-Lemon-500ml-p224120077 HTTP/1.1" 200 161 "-" "Mozilla/5.0 (compatible; Barkrowler/0.9; +https://babbar.tech/crawler)"
217.113.194.146 - - [23/Dec/2025:22:33:14 +0800] "GET /Anti-Bac-Parcel-Sanitizing-Spray-Non-Alcohol-ABPS-Eucalyptus-25L-p227008007 HTTP/1.1" 200 161 "-" "Mozilla/5.0 (compatible; Barkrowler/0.9; +https://babbar.tech/crawler)"
217.113.194.150 - - [23/Dec/2025:22:33:30 +0800] "GET /Anti-Bac-Parcel-Sanitizing-Spray-Non-Alcohol-ABPS-Lemon-Green-Lemon-25L-p227008016 HTTP/1.1" 200 161 "-" "Mozilla/5.0 (compatible; Barkrowler/0.9; +https://babbar.tech/crawler)"
217.113.194.148 - - [23/Dec/2025:22:33:45 +0800] "GET /Anti-Bac-Parcel-Sanitizing-Spray-Non-Alcohol-ABPS-Lemon-Green-Lemon-500ml-p226767053 HTTP/1.1" 200 161 "-" "Mozilla/5.0 (compatible; Barkrowler/0.9; +https://babbar.tech/crawler)"
217.113.194.146 - - [23/Dec/2025:22:34:01 +0800] "GET /Clearance-Stock-BFO-Swiss-Army-Swiss-Army-Classic-Victorinox-M-1000ml-p417468511 HTTP/1.1" 200 161 "-" "Mozilla/5.0 (compatible; Barkrowler/0.9; +https://babbar.tech/crawler)"
217.113.194.253 - - [23/Dec/2025:22:34:17 +0800] "GET /Antibacterial-Glass-Cleaner-AGC-Orange-5L-Refill-Pack-Cleaning-Glossy-No-Residue-p419273983 HTTP/1.1" 200 161 "-" "Mozilla/5.0 (compatible; Barkrowler/0.9; +https://babbar.tech/crawler)"
47.82.11.18 - - [23/Dec/2025:22:34:18 +0800] "GET /bez-rubriki/buchmacher-frankfurt HTTP/1.1" 200 161 "https://ja.bf1.my/" "Mozilla/5.0 (Windows NT 10.0; Win64; x64) AppleWebKit/537.36 (KHTML, like Gecko) Chrome/135.0.0.0 Safari/537.36"
217.113.194.249 - - [23/Dec/2025:22:34:32 +0800] "GET /Antibacterial-Glass-Cleaner-AGC-Orange-25L-Refill-Pack-Cleaning-Glossy-No-Residue-p419291512 HTTP/1.1" 200 161 "-" "Mozilla/5.0 (compatible; Barkrowler/0.9; +https://babbar.tech/crawler)"
217.113.194.253 - - [23/Dec/2025:22:34:48 +0800] "GET /DS-CK-Eternity-Summer-2009-Deodorant-Spray-5L-%E7%94%B7%E7%A5%9E-p316545547 HTTP/1.1" 200 161 "-" "Mozilla/5.0 (compatible; Barkrowler/0.9; +https://babbar.tech/crawler)"
217.113.194.144 - - [23/Dec/2025:22:35:03 +0800] "GET /DS-CK-Eternity-Summer-2009-Deodorant-Spray-100L-%E7%94%B7%E7%A5%9E-p317054124 HTTP/1.1" 200 161 "-" "Mozilla/5.0 (compatible; Barkrowler/0.9; +https://babbar.tech/crawler)"
217.113.194.249 - - [23/Dec/2025:22:35:19 +0800] "GET /DS-CK-CK-One-Summer-2004-Deodorant-Spray-25L-%E7%94%B7%E7%A5%9E-p316548531 HTTP/1.1" 200 161 "-" "Mozilla/5.0 (compatible; Barkrowler/0.9; +https://babbar.tech/crawler)"
217.113.194.253 - - [23/Dec/2025:22:35:34 +0800] "GET /DS-Boucheron-Jaipur-for-Men-Deodorant-Spray-5L-%E7%94%B7%E7%A5%9E-p316545505 HTTP/1.1" 200 161 "-" "Mozilla/5.0 (compatible; Barkrowler/0.9; +https://babbar.tech/crawler)"
47.82.11.94 - - [23/Dec/2025:22:35:49 +0800] "GET /bez-rubriki/que-significa-cuota-en-apuestas HTTP/1.1" 200 161 "https://ja.bf1.my/" "Mozilla/5.0 (Windows NT 10.0; Win64; x64) AppleWebKit/537.36 (KHTML, like Gecko) Chrome/134.0.0.0 Safari/537.36 Edg/134.0.0.0"
217.113.194.148 - - [23/Dec/2025:22:35:50 +0800] "GET /DS-Clandestine-Angel-Heart-Deodorant-Spray-100L-%E5%A5%B3%E5%A6%96-p318186616 HTTP/1.1" 200 161 "-" "Mozilla/5.0 (compatible; Barkrowler/0.9; +https://babbar.tech/crawler)"
217.113.194.146 - - [23/Dec/2025:22:36:05 +0800] "GET /DS-Clandestine-Angel-Heart-Deodorant-Spray-25L-%E5%A5%B3%E5%A6%96-p318186135 HTTP/1.1" 200 161 "-" "Mozilla/5.0 (compatible; Barkrowler/0.9; +https://babbar.tech/crawler)"
154.54.249.207 - - [23/Dec/2025:22:36:21 +0800] "GET /DS-Brut-Brut-Musk-Deodorant-Spray-5L-%E7%94%B7%E7%A5%9E-p316545506 HTTP/1.1" 200 161 "-" "Mozilla/5.0 (compatible; Barkrowler/0.9; +https://babbar.tech/crawler)"
217.113.194.249 - - [23/Dec/2025:22:36:36 +0800] "GET /DS-Chanel-Chanel-de-Bleu-Deodorant-Spray-100L-%E7%94%B7%E7%A5%9E-p317054102 HTTP/1.1" 200 161 "-" "Mozilla/5.0 (compatible; Barkrowler/0.9; +https://babbar.tech/crawler)"
217.113.194.231 - - [23/Dec/2025:22:36:52 +0800] "GET /DS-Chanel-Chanel-de-Bleu-Deodorant-Spray-25L-%E7%94%B7%E7%A5%9E-p316548515 HTTP/1.1" 200 161 "-" "Mozilla/5.0 (compatible; Barkrowler/0.9; +https://babbar.tech/crawler)"
154.54.249.207 - - [23/Dec/2025:22:37:07 +0800] "GET /DS-Chanel-Allure-Pour-Homme-Deodorant-Spray-5L-%E7%94%B7%E7%A5%9E-p316545528 HTTP/1.1" 200 161 "-" "Mozilla/5.0 (compatible; Barkrowler/0.9; +https://babbar.tech/crawler)"
196.240.143.49 - - [23/Dec/2025:22:37:18 +0800] "GET /bez-rubriki/apuestas-regulares-directo-madrid/ HTTP/1.1" 200 161 "https://ja.bf1.my/" "Mozilla/5.0 (Macintosh; Intel Mac OS X 12_5) AppleWebKit/537.36 (KHTML, like Gecko) Chrome/114.0.0.0 YaBrowser/22.7.0 Yowser/2.5 Safari/537.36"
217.113.194.148 - - [23/Dec/2025:22:37:23 +0800] "GET /DS-Amouage-Interlude-for-Men-Deodorant-Spray-5L-%E7%94%B7%E7%A5%9E-p316545489 HTTP/1.1" 200 161 "-" "Mozilla/5.0 (compatible; Barkrowler/0.9; +https://babbar.tech/crawler)"
217.113.194.146 - - [23/Dec/2025:22:37:39 +0800] "GET /DS-Giorgio-Armani-Black-Code-Deodorant-Spray-5L-%E7%94%B7%E7%A5%9E-p316545624 HTTP/1.1" 200 161 "-" "Mozilla/5.0 (compatible; Barkrowler/0.9; +https://babbar.tech/crawler)"
107.152.46.79 - - [23/Dec/2025:22:37:43 +0800] "GET /bez-rubriki/best-betting-app/ HTTP/1.1" 200 161 "https://ja.bf1.my/" "Mozilla/5.0 (Windows NT 10.0; Win64; x64; Xbox; Xbox One) AppleWebKit/537.36 (KHTML, like Gecko) Chrome/114.0.0.0 Safari/537.36 Edge/44.18363.8131"
217.113.194.149 - - [23/Dec/2025:22:37:54 +0800] "GET /DS-Giorgio-Armani-Black-Code-Deodorant-Spray-25L-%E7%94%B7%E7%A5%9E-p316548614 HTTP/1.1" 200 161 "-" "Mozilla/5.0 (compatible; Barkrowler/0.9; +https://babbar.tech/crawler)"
217.113.194.147 - - [23/Dec/2025:22:38:10 +0800] "GET /DS-Giorgio-Armani-Sensi-Deodorant-Spray-5L-%E5%A5%B3%E5%A6%96-p317928319 HTTP/1.1" 200 161 "-" "Mozilla/5.0 (compatible; Barkrowler/0.9; +https://babbar.tech/crawler)"
217.113.194.149 - - [23/Dec/2025:22:38:25 +0800] "GET /DS-Giorgio-Armani-Sensi-Deodorant-Spray-100L-%E5%A5%B3%E5%A6%96-p318186671 HTTP/1.1" 200 161 "-" "Mozilla/5.0 (compatible; Barkrowler/0.9; +https://babbar.tech/crawler)"
217.113.194.145 - - [23/Dec/2025:22:38:41 +0800] "GET /DS-Bottega-Veneta-Knot-Deodorant-Spray-5L-%E7%94%B7%E7%A5%9E-p316545503 HTTP/1.1" 200 161 "-" "Mozilla/5.0 (compatible; Barkrowler/0.9; +https://babbar.tech/crawler)"
217.113.194.148 - - [23/Dec/2025:22:38:56 +0800] "GET /DS-Al-Rehab-White-Musk-Deodorant-Spray-5L-%E7%94%B7%E7%A5%9E-p316545487 HTTP/1.1" 200 161 "-" "Mozilla/5.0 (compatible; Barkrowler/0.9; +https://babbar.tech/crawler)"
217.113.194.144 - - [23/Dec/2025:22:39:12 +0800] "GET /DS-Al-Rehab-Al-Fares-Deodorant-Spray-5L-%E7%94%B7%E7%A5%9E-p316545478 HTTP/1.1" 200 161 "-" "Mozilla/5.0 (compatible; Barkrowler/0.9; +https://babbar.tech/crawler)"
217.113.194.151 - - [23/Dec/2025:22:39:27 +0800] "GET /DS-DKNY-Be-Delicious-Deodorant-Spray-500ml-%E5%A5%B3%E5%A6%96-p317394093 HTTP/1.1" 200 161 "-" "Mozilla/5.0 (compatible; Barkrowler/0.9; +https://babbar.tech/crawler)"
217.113.194.142 - - [23/Dec/2025:22:39:43 +0800] "GET /DS-DKNY-Golden-Delicious-Deodorant-Spray-25L-%E5%A5%B3%E5%A6%96-p318186150 HTTP/1.1" 200 161 "-" "Mozilla/5.0 (compatible; Barkrowler/0.9; +https://babbar.tech/crawler)"
217.113.194.148 - - [23/Dec/2025:22:39:58 +0800] "GET /DS-DKNY-Nolita-Girl-Deodorant-Spray-5L-%E5%A5%B3%E5%A6%96-p317928275 HTTP/1.1" 200 161 "-" "Mozilla/5.0 (compatible; Barkrowler/0.9; +https://babbar.tech/crawler)"
40.77.167.35 - - [23/Dec/2025:22:40:02 +0800] "GET /CI-Lotion-Base-5L-p154696583 HTTP/1.1" 200 161 "-" "Mozilla/5.0 AppleWebKit/537.36 (KHTML, like Gecko; compatible; bingbot/2.0; +http://www.bing.com/bingbot.htm) Chrome/116.0.1938.76 Safari/537.36"
217.113.194.249 - - [23/Dec/2025:22:40:14 +0800] "GET /DS-DKNY-Nolita-Girl-Deodorant-Spray-25L-%E5%A5%B3%E5%A6%96-p318186145 HTTP/1.1" 200 161 "-" "Mozilla/5.0 (compatible; Barkrowler/0.9; +https://babbar.tech/crawler)"
217.113.194.253 - - [23/Dec/2025:22:40:30 +0800] "GET /DS-DKNY-Red-Delicious-Deodorant-Spray-25L-%E5%A5%B3%E5%A6%96-p318186151 HTTP/1.1" 200 161 "-" "Mozilla/5.0 (compatible; Barkrowler/0.9; +https://babbar.tech/crawler)"
154.54.249.207 - - [23/Dec/2025:22:40:45 +0800] "GET /DS-DKNY-Delicious-Night-Deodorant-Spray-500ml-%E5%A5%B3%E5%A6%96-p317394096 HTTP/1.1" 200 161 "-" "Mozilla/5.0 (compatible; Barkrowler/0.9; +https://babbar.tech/crawler)"
40.77.167.35 - - [23/Dec/2025:22:40:53 +0800] "GET /BFO-Jo-Malone-Poppy-&-Barley-U-250ml-p151658238 HTTP/1.1" 200 161 "-" "Mozilla/5.0 AppleWebKit/537.36 (KHTML, like Gecko; compatible; bingbot/2.0; +http://www.bing.com/bingbot.htm) Chrome/116.0.1938.76 Safari/537.36"
217.113.194.253 - - [23/Dec/2025:22:41:01 +0800] "GET /DS-DKNY-Delicious-Night-Deodorant-Spray-5L-%E5%A5%B3%E5%A6%96-p317928279 HTTP/1.1" 200 161 "-" "Mozilla/5.0 (compatible; Barkrowler/0.9; +https://babbar.tech/crawler)"
40.77.167.35 - - [23/Dec/2025:22:41:03 +0800] "GET /Helmet-Sanitizer-And-Deodorizer-Spray-mint-Peppermint-500ml-p221907530 HTTP/1.1" 200 161 "-" "Mozilla/5.0 AppleWebKit/537.36 (KHTML, like Gecko; compatible; bingbot/2.0; +http://www.bing.com/bingbot.htm) Chrome/116.0.1938.76 Safari/537.36"
52.167.144.139 - - [23/Dec/2025:22:41:13 +0800] "GET /BFO-Escada-Sexy-Graffiti-W-10ml-p154703015 HTTP/1.1" 200 161 "-" "Mozilla/5.0 AppleWebKit/537.36 (KHTML, like Gecko; compatible; bingbot/2.0; +http://www.bing.com/bingbot.htm) Chrome/116.0.1938.76 Safari/537.36"
217.113.194.151 - - [23/Dec/2025:22:41:16 +0800] "GET /DS-DKNY-Delicious-Night-Deodorant-Spray-25L-%E5%A5%B3%E5%A6%96-p318186149 HTTP/1.1" 200 161 "-" "Mozilla/5.0 (compatible; Barkrowler/0.9; +https://babbar.tech/crawler)"
217.113.194.149 - - [23/Dec/2025:22:41:32 +0800] "GET /DS-Bvlgari-Aqua-Pour-Homme-Deodorant-Spray-5L-%E7%94%B7%E7%A5%9E-p316545511 HTTP/1.1" 200 161 "-" "Mozilla/5.0 (compatible; Barkrowler/0.9; +https://babbar.tech/crawler)"
104.194.153.222 - - [23/Dec/2025:22:41:35 +0800] "GET /bez-rubriki/biggest-online-casino-jackpots/ HTTP/1.1" 200 161 "https://ja.bf1.my/" "Mozilla/5.0 (Windows NT 10.0; Win64; x64) AppleWebKit/537.36 (KHTML, like Gecko) Chrome/114.0.0.0 Safari/537.36 OPR/89.0.4447.51"
217.113.194.145 - - [23/Dec/2025:22:41:47 +0800] "GET /DS-Bvlgari-Aqua-Pour-Homme-Deodorant-Spray-100L-%E7%94%B7%E7%A5%9E-p317054088 HTTP/1.1" 200 161 "-" "Mozilla/5.0 (compatible; Barkrowler/0.9; +https://babbar.tech/crawler)"
216.73.216.21 - - [23/Dec/2025:22:41:47 +0800] "GET /wp-content/maintenance/assets/styles.css HTTP/1.1" 200 2884 "-" "Mozilla/5.0 AppleWebKit/537.36 (KHTML, like Gecko; compatible; ClaudeBot/1.0; +claudebot@anthropic.com)"
217.113.194.148 - - [23/Dec/2025:22:42:03 +0800] "GET /DS-Carolina-Herrera-212-VIP-Deodorant-Spray-5L-%E5%A5%B3%E5%A6%96-p317928227 HTTP/1.1" 200 161 "-" "Mozilla/5.0 (compatible; Barkrowler/0.9; +https://babbar.tech/crawler)"
217.113.194.142 - - [23/Dec/2025:22:42:18 +0800] "GET /DS-Carolina-Herrera-212-VIP-Deodorant-Spray-5L-%E7%94%B7%E7%A5%9E-p316545517 HTTP/1.1" 200 161 "-" "Mozilla/5.0 (compatible; Barkrowler/0.9; +https://babbar.tech/crawler)"
217.113.194.231 - - [23/Dec/2025:22:42:34 +0800] "GET /DS-Carolina-Herrera-212-Men-Deodorant-Spray-5L-%E7%94%B7%E7%A5%9E-p316545514 HTTP/1.1" 200 161 "-" "Mozilla/5.0 (compatible; Barkrowler/0.9; +https://babbar.tech/crawler)"
217.113.194.145 - - [23/Dec/2025:22:42:49 +0800] "GET /DS-Carolina-Herrera-Chic-M-Deodorant-Spray-25L-%E7%94%B7%E7%A5%9E-p316548508 HTTP/1.1" 200 161 "-" "Mozilla/5.0 (compatible; Barkrowler/0.9; +https://babbar.tech/crawler)"
217.113.194.146 - - [23/Dec/2025:22:43:05 +0800] "GET /DS-Carolina-Herrera-Chic-M-Deodorant-Spray-5L-%E7%94%B7%E7%A5%9E-p316545518 HTTP/1.1" 200 161 "-" "Mozilla/5.0 (compatible; Barkrowler/0.9; +https://babbar.tech/crawler)"
217.113.194.145 - - [23/Dec/2025:22:43:20 +0800] "GET /DS-Chloe-Roses-De-Chloe-Deodorant-Spray-200ml-%E5%A5%B3%E5%A6%96-p321055188 HTTP/1.1" 200 161 "-" "Mozilla/5.0 (compatible; Barkrowler/0.9; +https://babbar.tech/crawler)"
217.113.194.150 - - [23/Dec/2025:22:43:36 +0800] "GET /DS-Creed-Aventus-For-Her-Deodorant-Spray-5L-%E5%A5%B3%E5%A6%96-p317928267 HTTP/1.1" 200 161 "-" "Mozilla/5.0 (compatible; Barkrowler/0.9; +https://babbar.tech/crawler)"
217.113.194.146 - - [23/Dec/2025:22:43:51 +0800] "GET /DS-Creed-Green-Irish-Tweed-Deodorant-Spray-5L-%E7%94%B7%E7%A5%9E-p316545562 HTTP/1.1" 200 161 "-" "Mozilla/5.0 (compatible; Barkrowler/0.9; +https://babbar.tech/crawler)"
217.113.194.149 - - [23/Dec/2025:22:44:07 +0800] "GET /DS-Celine-Dion-Sensational-Deodorant-Spray-200ml-%E5%A5%B3%E5%A6%96-p321055170 HTTP/1.1" 200 161 "-" "Mozilla/5.0 (compatible; Barkrowler/0.9; +https://babbar.tech/crawler)"
47.82.11.86 - - [23/Dec/2025:22:44:18 +0800] "GET /bez-rubriki/buchmacher-tennis-tipp HTTP/1.1" 200 161 "https://ja.bf1.my/" "Mozilla/5.0 (Windows NT 10.0; Win64; x64) AppleWebKit/537.36 (KHTML, like Gecko) Chrome/135.0.0.0 Safari/537.36 Edg/135.0.0.0"
217.113.194.253 - - [23/Dec/2025:22:44:23 +0800] "GET /DS-Christian-Dior-Sauvage-Deodorant-Spray-5L-%E7%94%B7%E7%A5%9E-p316545535 HTTP/1.1" 200 161 "-" "Mozilla/5.0 (compatible; Barkrowler/0.9; +https://babbar.tech/crawler)"
217.113.194.253 - - [23/Dec/2025:22:44:38 +0800] "GET /DS-Christian-Dior-Higher-Deodorant-Spray-100L-%E7%94%B7%E7%A5%9E-p317054111 HTTP/1.1" 200 161 "-" "Mozilla/5.0 (compatible; Barkrowler/0.9; +https://babbar.tech/crawler)"
217.113.194.148 - - [23/Dec/2025:22:44:54 +0800] "GET /DS-Christian-Dior-Higher-Deodorant-Spray-25L-%E5%A5%B3%E5%A6%96-p318186128 HTTP/1.1" 200 161 "-" "Mozilla/5.0 (compatible; Barkrowler/0.9; +https://babbar.tech/crawler)"
47.82.11.29 - - [23/Dec/2025:22:44:56 +0800] "GET /bez-rubriki/que-significa-doble-oportunidad-en-las-apuestas HTTP/1.1" 200 161 "https://ja.bf1.my/" "Mozilla/5.0 (Windows NT 10.0; Win64; x64) AppleWebKit/537.36 (KHTML, like Gecko) Chrome/135.0.0.0 Safari/537.36"
