74.7.243.223 - - [23/Dec/2025:21:07:21 +0800] "GET /search.php?_bd_prev_page=https://class.bf1.my/detail.do?q-~10dv1caExThKbu9E6FNT0XN3k9CvSYWD35945/&_bdsid=e8edj2.n~BUODK.171657308.176571313&_gz=2.198110775.194159345.177128665-869673475.163667671 HTTP/1.1" 200 144937 "-" "Mozilla/5.0 AppleWebKit/537.36 (KHTML, like Gecko; compatible; GPTBot/1.3; +https://openai.com/gptbot)"
74.7.243.223 - - [23/Dec/2025:21:07:22 +0800] "GET /search.php?71tsvr17603.html HTTP/1.1" 200 143188 "-" "Mozilla/5.0 AppleWebKit/537.36 (KHTML, like Gecko; compatible; GPTBot/1.3; +https://openai.com/gptbot)"
74.7.243.223 - - [23/Dec/2025:21:07:23 +0800] "GET /search.php?243zje22835.html HTTP/1.1" 200 145048 "-" "Mozilla/5.0 AppleWebKit/537.36 (KHTML, like Gecko; compatible; GPTBot/1.3; +https://openai.com/gptbot)"
74.7.243.223 - - [23/Dec/2025:21:07:24 +0800] "GET /search.php?295ofxt7893.html HTTP/1.1" 200 141424 "-" "Mozilla/5.0 AppleWebKit/537.36 (KHTML, like Gecko; compatible; GPTBot/1.3; +https://openai.com/gptbot)"
74.7.243.223 - - [23/Dec/2025:21:07:24 +0800] "GET /search.php?12cugf38584.html HTTP/1.1" 200 141671 "-" "Mozilla/5.0 AppleWebKit/537.36 (KHTML, like Gecko; compatible; GPTBot/1.3; +https://openai.com/gptbot)"
74.7.243.223 - - [23/Dec/2025:21:07:26 +0800] "GET /search.php?232zcrx38256.html HTTP/1.1" 200 140735 "-" "Mozilla/5.0 AppleWebKit/537.36 (KHTML, like Gecko; compatible; GPTBot/1.3; +https://openai.com/gptbot)"
74.7.243.223 - - [23/Dec/2025:21:07:26 +0800] "GET /search.php?m38430120862 HTTP/1.1" 200 145188 "-" "Mozilla/5.0 AppleWebKit/537.36 (KHTML, like Gecko; compatible; GPTBot/1.3; +https://openai.com/gptbot)"
74.7.243.223 - - [23/Dec/2025:21:07:28 +0800] "GET /search.php?285zjrn3649.html HTTP/1.1" 200 141351 "-" "Mozilla/5.0 AppleWebKit/537.36 (KHTML, like Gecko; compatible; GPTBot/1.3; +https://openai.com/gptbot)"
74.7.243.223 - - [23/Dec/2025:21:07:29 +0800] "GET /search.php?_bd_prev_page=https://class.bf1.my/detail.do?q-~36xHKcg5Elc2IucSOUCJeefKYBUFB46E29977/&_bdsid=e8edj2.n~BUODK.171657308.176571313&_gz=2.198110775.194159345.177128665-869673475.163667671 HTTP/1.1" 200 141918 "-" "Mozilla/5.0 AppleWebKit/537.36 (KHTML, like Gecko; compatible; GPTBot/1.3; +https://openai.com/gptbot)"
74.7.243.223 - - [23/Dec/2025:21:07:30 +0800] "GET /search.php?_bd_prev_page=https://class.bf1.my/detail.do?q-~110QLCPshDyE0Dudnbrqw7unL4qvsiZnw14583/&_bdsid=e8edj2.n~BUODK.171657308.176571313&_gz=2.198110775.194159345.177128665-869673475.163667671 HTTP/1.1" 200 147856 "-" "Mozilla/5.0 AppleWebKit/537.36 (KHTML, like Gecko; compatible; GPTBot/1.3; +https://openai.com/gptbot)"
74.7.243.223 - - [23/Dec/2025:21:07:31 +0800] "GET /search.php?_bd_prev_page=https://class.bf1.my/detail.do?q-~147cjL88TQF3Q50XMfXRqlnha597xZkKq46270/&_bdsid=e8edj2.n~BUODK.171657308.176571313&_gz=2.198110775.194159345.177128665-869673475.163667671 HTTP/1.1" 200 143557 "-" "Mozilla/5.0 AppleWebKit/537.36 (KHTML, like Gecko; compatible; GPTBot/1.3; +https://openai.com/gptbot)"
74.7.243.223 - - [23/Dec/2025:21:07:31 +0800] "GET /search.php?auc-kobefm-372188 HTTP/1.1" 200 142747 "-" "Mozilla/5.0 AppleWebKit/537.36 (KHTML, like Gecko; compatible; GPTBot/1.3; +https://openai.com/gptbot)"
74.7.243.223 - - [23/Dec/2025:21:07:32 +0800] "GET /search.php?96lfolb47960.html HTTP/1.1" 200 154877 "-" "Mozilla/5.0 AppleWebKit/537.36 (KHTML, like Gecko; compatible; GPTBot/1.3; +https://openai.com/gptbot)"
74.7.243.223 - - [23/Dec/2025:21:07:34 +0800] "GET /search.php?m48181261697 HTTP/1.1" 200 163278 "-" "Mozilla/5.0 AppleWebKit/537.36 (KHTML, like Gecko; compatible; GPTBot/1.3; +https://openai.com/gptbot)"
74.7.243.223 - - [23/Dec/2025:21:07:35 +0800] "GET /search.php?261ygxup26293.html HTTP/1.1" 200 143589 "-" "Mozilla/5.0 AppleWebKit/537.36 (KHTML, like Gecko; compatible; GPTBot/1.3; +https://openai.com/gptbot)"
74.7.243.223 - - [23/Dec/2025:21:07:35 +0800] "GET /search.php?64pwigw33228.html HTTP/1.1" 200 145346 "-" "Mozilla/5.0 AppleWebKit/537.36 (KHTML, like Gecko; compatible; GPTBot/1.3; +https://openai.com/gptbot)"
74.7.243.223 - - [23/Dec/2025:21:07:36 +0800] "GET /search.php?106ilk35118.html HTTP/1.1" 200 145985 "-" "Mozilla/5.0 AppleWebKit/537.36 (KHTML, like Gecko; compatible; GPTBot/1.3; +https://openai.com/gptbot)"
95.154.200.37 - - [23/Dec/2025:21:07:37 +0800] "HEAD / HTTP/1.1" 200 - "-" "Turaco Labs ThreatView Security Auditor (threatview.app)"
95.154.200.37 - - [23/Dec/2025:21:07:37 +0800] "GET /ItwqdfJSGsYs HTTP/1.1" 200 1 "-" "Turaco Labs ThreatView Security Auditor (threatview.app)"
95.154.200.37 - - [23/Dec/2025:21:07:38 +0800] "GET / HTTP/1.1" 200 1 "-" "Turaco Labs ThreatView Security Auditor (threatview.app)"
95.154.200.37 - - [23/Dec/2025:21:07:38 +0800] "GET /robots.txt HTTP/1.1" 200 355 "-" "Turaco Labs ThreatView Security Auditor (threatview.app)"
74.7.243.223 - - [23/Dec/2025:21:07:38 +0800] "GET /search.php?25ejqco23531.html HTTP/1.1" 200 200344 "-" "Mozilla/5.0 AppleWebKit/537.36 (KHTML, like Gecko; compatible; GPTBot/1.3; +https://openai.com/gptbot)"
95.154.200.37 - - [23/Dec/2025:21:07:39 +0800] "GET / HTTP/1.1" 200 1 "https://www.google.com/" "Mozilla/5.0 (Macintosh; Intel Mac OS X 10_15_7) AppleWebKit/537.36 (KHTML, like Gecko, Foregenix) Chrome/133.0.0.0 Safari/537.36"
95.154.200.37 - - [23/Dec/2025:21:07:39 +0800] "GET /favicon.ico HTTP/1.1" 200 1155 "https://class.bf1.my/" "Mozilla/5.0 (Macintosh; Intel Mac OS X 10_15_7) AppleWebKit/537.36 (KHTML, like Gecko, Foregenix) Chrome/133.0.0.0 Safari/537.36"
74.7.243.223 - - [23/Dec/2025:21:07:39 +0800] "GET /search.php?m23395562841 HTTP/1.1" 200 148787 "-" "Mozilla/5.0 AppleWebKit/537.36 (KHTML, like Gecko; compatible; GPTBot/1.3; +https://openai.com/gptbot)"
74.7.243.223 - - [23/Dec/2025:21:07:40 +0800] "GET /search.php?q-~20IznEvnAc0f4XwKQzZG27WPq5oZogtX3667/ HTTP/1.1" 200 144679 "-" "Mozilla/5.0 AppleWebKit/537.36 (KHTML, like Gecko; compatible; GPTBot/1.3; +https://openai.com/gptbot)"
95.154.200.37 - - [23/Dec/2025:21:07:41 +0800] "GET /wp-includes/wlwmanifest.xml HTTP/1.1" 200 1 "-" "Turaco Labs ThreatView Security Auditor (threatview.app)"
74.7.243.223 - - [23/Dec/2025:21:07:41 +0800] "GET /search.php?q-~104hgJErKmxYDVVxSUM1c7sUeXOdauFxN38881/ HTTP/1.1" 200 147557 "-" "Mozilla/5.0 AppleWebKit/537.36 (KHTML, like Gecko; compatible; GPTBot/1.3; +https://openai.com/gptbot)"
95.154.200.37 - - [23/Dec/2025:21:07:41 +0800] "GET /wp-admin HTTP/1.1" 301 238 "-" "Turaco Labs ThreatView Security Auditor (threatview.app)"
74.7.243.223 - - [23/Dec/2025:21:07:42 +0800] "GET /search.php?m11956848361 HTTP/1.1" 200 143008 "-" "Mozilla/5.0 AppleWebKit/537.36 (KHTML, like Gecko; compatible; GPTBot/1.3; +https://openai.com/gptbot)"
95.154.200.37 - - [23/Dec/2025:21:07:42 +0800] "GET /wp-admin/ HTTP/1.1" 500 - "https://class.bf1.my/wp-admin" "Turaco Labs ThreatView Security Auditor (threatview.app)"
95.154.200.37 - - [23/Dec/2025:21:07:43 +0800] "GET /feed/ HTTP/1.1" 200 1 "-" "Turaco Labs ThreatView Security Auditor (threatview.app)"
95.154.200.37 - - [23/Dec/2025:21:07:43 +0800] "GET /images/wlw/wp-icon.png HTTP/1.1" 200 1 "-" "Turaco Labs ThreatView Security Auditor (threatview.app)"
95.154.200.37 - - [23/Dec/2025:21:07:43 +0800] "GET /js/varien/js.js HTTP/1.1" 200 1 "-" "Turaco Labs ThreatView Security Auditor (threatview.app)"
74.7.243.223 - - [23/Dec/2025:21:07:43 +0800] "GET /search.php?m94600726637 HTTP/1.1" 200 142700 "-" "Mozilla/5.0 AppleWebKit/537.36 (KHTML, like Gecko; compatible; GPTBot/1.3; +https://openai.com/gptbot)"
95.154.200.37 - - [23/Dec/2025:21:07:43 +0800] "GET /magento_version HTTP/1.1" 200 1 "-" "Turaco Labs ThreatView Security Auditor (threatview.app)"
95.154.200.37 - - [23/Dec/2025:21:07:43 +0800] "GET /js/varien/js.js HTTP/1.1" 200 1 "-" "Turaco Labs ThreatView Security Auditor (threatview.app)"
95.154.200.37 - - [23/Dec/2025:21:07:43 +0800] "GET /js/lib/flex.js HTTP/1.1" 200 1 "-" "Turaco Labs ThreatView Security Auditor (threatview.app)"
95.154.200.37 - - [23/Dec/2025:21:07:43 +0800] "GET /js/mage/adminhtml/product.js HTTP/1.1" 200 1 "-" "Turaco Labs ThreatView Security Auditor (threatview.app)"
95.154.200.37 - - [23/Dec/2025:21:07:44 +0800] "GET /js/mage/adminhtml/sales.js HTTP/1.1" 200 1 "-" "Turaco Labs ThreatView Security Auditor (threatview.app)"
95.154.200.37 - - [23/Dec/2025:21:07:44 +0800] "GET /js/mage/adminhtml/tools.js HTTP/1.1" 200 1 "-" "Turaco Labs ThreatView Security Auditor (threatview.app)"
95.154.200.37 - - [23/Dec/2025:21:07:44 +0800] "GET /js/mage/translate_inline.js HTTP/1.1" 200 1 "-" "Turaco Labs ThreatView Security Auditor (threatview.app)"
66.249.73.232 - - [23/Dec/2025:21:07:43 +0800] "GET /search.php?q-~208fnUKztCA0ozOv6wRv8rzLnT7QjPmVU36043/ HTTP/1.1" 200 158259 "-" "Mozilla/5.0 (Linux; Android 6.0.1; Nexus 5X Build/MMB29P) AppleWebKit/537.36 (KHTML, like Gecko) Chrome/141.0.7390.122 Mobile Safari/537.36 (compatible; Googlebot/2.1; +http://www.google.com/bot.html)"
95.154.200.37 - - [23/Dec/2025:21:07:44 +0800] "GET /skin/adminhtml/default/default/boxes.css HTTP/1.1" 200 1 "-" "Turaco Labs ThreatView Security Auditor (threatview.app)"
95.154.200.37 - - [23/Dec/2025:21:07:44 +0800] "GET /js/prototype/validation.js HTTP/1.1" 200 1 "-" "Turaco Labs ThreatView Security Auditor (threatview.app)"
74.7.243.223 - - [23/Dec/2025:21:07:43 +0800] "GET /search.php?108vhb34244.html HTTP/1.1" 200 153399 "-" "Mozilla/5.0 AppleWebKit/537.36 (KHTML, like Gecko; compatible; GPTBot/1.3; +https://openai.com/gptbot)"
95.154.200.37 - - [23/Dec/2025:21:07:44 +0800] "GET /RELEASE_NOTES.txt HTTP/1.1" 200 1 "-" "Turaco Labs ThreatView Security Auditor (threatview.app)"
95.154.200.37 - - [23/Dec/2025:21:07:44 +0800] "GET /js/mage/cookies.js HTTP/1.1" 200 1 "-" "Turaco Labs ThreatView Security Auditor (threatview.app)"
95.154.200.37 - - [23/Dec/2025:21:07:44 +0800] "GET /js/js.js HTTP/1.1" 200 1 "-" "Turaco Labs ThreatView Security Auditor (threatview.app)"
95.154.200.37 - - [23/Dec/2025:21:07:44 +0800] "GET / HTTP/1.1" 200 1 "-" "Turaco Labs ThreatView Security Auditor (threatview.app)"
95.154.200.37 - - [23/Dec/2025:21:07:45 +0800] "GET /static/admin/css/base.css HTTP/1.1" 200 1 "-" "Turaco Labs ThreatView Security Auditor (threatview.app)"
95.154.200.37 - - [23/Dec/2025:21:07:45 +0800] "GET /administrator/manifests/files/joomla.xml HTTP/1.1" 200 1 "-" "Turaco Labs ThreatView Security Auditor (threatview.app)"
74.7.243.223 - - [23/Dec/2025:21:07:44 +0800] "GET /search.php?156ojhv40824.html HTTP/1.1" 200 142900 "-" "Mozilla/5.0 AppleWebKit/537.36 (KHTML, like Gecko; compatible; GPTBot/1.3; +https://openai.com/gptbot)"
95.154.200.37 - - [23/Dec/2025:21:07:45 +0800] "GET /js/eccube.js HTTP/1.1" 200 1 "-" "Turaco Labs ThreatView Security Auditor (threatview.app)"
95.154.200.37 - - [23/Dec/2025:21:07:45 +0800] "GET /js/eccube.legacy.js HTTP/1.1" 200 1 "-" "Turaco Labs ThreatView Security Auditor (threatview.app)"
95.154.200.37 - - [23/Dec/2025:21:07:45 +0800] "GET /js/css.js HTTP/1.1" 200 1 "-" "Turaco Labs ThreatView Security Auditor (threatview.app)"
95.154.200.37 - - [23/Dec/2025:21:07:45 +0800] "GET /js/navi.js HTTP/1.1" 200 1 "-" "Turaco Labs ThreatView Security Auditor (threatview.app)"
95.154.200.37 - - [23/Dec/2025:21:07:45 +0800] "GET /js/win_op.js HTTP/1.1" 200 1 "-" "Turaco Labs ThreatView Security Auditor (threatview.app)"
95.154.200.37 - - [23/Dec/2025:21:07:45 +0800] "GET /js/site.js HTTP/1.1" 200 1 "-" "Turaco Labs ThreatView Security Auditor (threatview.app)"
95.154.200.37 - - [23/Dec/2025:21:07:45 +0800] "GET /js/locale.js HTTP/1.1" 200 1 "-" "Turaco Labs ThreatView Security Auditor (threatview.app)"
95.154.200.37 - - [23/Dec/2025:21:07:46 +0800] "GET /admin/ HTTP/1.1" 200 1 "-" "Turaco Labs ThreatView Security Auditor (threatview.app)"
74.7.243.223 - - [23/Dec/2025:21:07:45 +0800] "GET /search.php?_bd_prev_page=https://class.bf1.my/detail.do?q-~85mkDyh6wwUOmWffWpVxUuCGQXOCnZ6r25150/&_bdsid=e8edj2.n~BUODK.171657308.176571313&_gz=2.198110775.194159345.177128665-869673475.163667671 HTTP/1.1" 200 141657 "-" "Mozilla/5.0 AppleWebKit/537.36 (KHTML, like Gecko; compatible; GPTBot/1.3; +https://openai.com/gptbot)"
95.154.200.37 - - [23/Dec/2025:21:07:46 +0800] "GET /user_data/css/common.css HTTP/1.1" 200 1 "-" "Turaco Labs ThreatView Security Auditor (threatview.app)"
95.154.200.37 - - [23/Dec/2025:21:07:46 +0800] "GET /template/admin/assets/img/logo2.png HTTP/1.1" 200 1 "-" "Turaco Labs ThreatView Security Auditor (threatview.app)"
95.154.200.37 - - [23/Dec/2025:21:07:46 +0800] "GET /user_data/packages/default/img/common/favicon.ico HTTP/1.1" 200 1 "-" "Turaco Labs ThreatView Security Auditor (threatview.app)"
95.154.200.37 - - [23/Dec/2025:21:07:46 +0800] "GET /INSTALL.txt HTTP/1.1" 200 1 "-" "Turaco Labs ThreatView Security Auditor (threatview.app)"
95.154.200.37 - - [23/Dec/2025:21:07:46 +0800] "GET /a/j/volusion.js HTTP/1.1" 200 1 "-" "Turaco Labs ThreatView Security Auditor (threatview.app)"
74.7.243.223 - - [23/Dec/2025:21:07:46 +0800] "GET /search.php?_bd_prev_page=https://class.bf1.my/detail.do?q-~221c4iJMMgXKY40hUaEVm9h24SofguOVN1270/&_bdsid=e8edj2.n~BUODK.171657308.176571313&_gz=2.198110775.194159345.177128665-869673475.163667671 HTTP/1.1" 200 143781 "-" "Mozilla/5.0 AppleWebKit/537.36 (KHTML, like Gecko; compatible; GPTBot/1.3; +https://openai.com/gptbot)"
95.154.200.37 - - [23/Dec/2025:21:07:46 +0800] "GET /CHANGELOG.txt HTTP/1.1" 200 1 "-" "Turaco Labs ThreatView Security Auditor (threatview.app)"
95.154.200.37 - - [23/Dec/2025:21:07:46 +0800] "GET /core/CHANGELOG.txt HTTP/1.1" 200 1 "-" "Turaco Labs ThreatView Security Auditor (threatview.app)"
95.154.200.37 - - [23/Dec/2025:21:07:47 +0800] "GET /misc/druplicon.png HTTP/1.1" 200 1 "-" "Turaco Labs ThreatView Security Auditor (threatview.app)"
95.154.200.37 - - [23/Dec/2025:21:07:47 +0800] "GET /misc/drupal.js HTTP/1.1" 200 1 "-" "Turaco Labs ThreatView Security Auditor (threatview.app)"
95.154.200.37 - - [23/Dec/2025:21:07:47 +0800] "GET /admin HTTP/1.1" 200 1 "-" "Turaco Labs ThreatView Security Auditor (threatview.app)"
95.154.200.37 - - [23/Dec/2025:21:07:47 +0800] "GET /README.md HTTP/1.1" 200 1 "-" "Turaco Labs ThreatView Security Auditor (threatview.app)"
74.7.243.223 - - [23/Dec/2025:21:07:47 +0800] "GET /search.php?q-~117ev7xD3Rmaihib2w9S20LxtpEMqMZsX44426/ HTTP/1.1" 200 148682 "-" "Mozilla/5.0 AppleWebKit/537.36 (KHTML, like Gecko; compatible; GPTBot/1.3; +https://openai.com/gptbot)"
95.154.200.37 - - [23/Dec/2025:21:07:47 +0800] "GET /themes/Frontend/Responsive/frontend/_public/src/fonts/shopware.woff2 HTTP/1.1" 200 1 "-" "Turaco Labs ThreatView Security Auditor (threatview.app)"
95.154.200.37 - - [23/Dec/2025:21:07:47 +0800] "HEAD / HTTP/1.1" 200 - "-" "Turaco Labs ThreatView Security Auditor (threatview.app)"
74.7.243.223 - - [23/Dec/2025:21:07:47 +0800] "GET /search.php?151tbka1865.html HTTP/1.1" 200 143244 "-" "Mozilla/5.0 AppleWebKit/537.36 (KHTML, like Gecko; compatible; GPTBot/1.3; +https://openai.com/gptbot)"
74.7.243.223 - - [23/Dec/2025:21:07:48 +0800] "GET /search.php?97cape21031.html HTTP/1.1" 200 146172 "-" "Mozilla/5.0 AppleWebKit/537.36 (KHTML, like Gecko; compatible; GPTBot/1.3; +https://openai.com/gptbot)"
74.7.243.223 - - [23/Dec/2025:21:07:49 +0800] "GET /search.php?168eprt5260.html HTTP/1.1" 200 146535 "-" "Mozilla/5.0 AppleWebKit/537.36 (KHTML, like Gecko; compatible; GPTBot/1.3; +https://openai.com/gptbot)"
74.7.243.223 - - [23/Dec/2025:21:07:50 +0800] "GET /search.php?55fohl39773.html HTTP/1.1" 200 147405 "-" "Mozilla/5.0 AppleWebKit/537.36 (KHTML, like Gecko; compatible; GPTBot/1.3; +https://openai.com/gptbot)"
74.7.243.223 - - [23/Dec/2025:21:07:51 +0800] "GET /search.php?183zss26035.html HTTP/1.1" 200 150688 "-" "Mozilla/5.0 AppleWebKit/537.36 (KHTML, like Gecko; compatible; GPTBot/1.3; +https://openai.com/gptbot)"
74.7.243.223 - - [23/Dec/2025:21:07:51 +0800] "GET /search.php?300mplvz41616.html HTTP/1.1" 200 144375 "-" "Mozilla/5.0 AppleWebKit/537.36 (KHTML, like Gecko; compatible; GPTBot/1.3; +https://openai.com/gptbot)"
74.7.243.223 - - [23/Dec/2025:21:07:52 +0800] "GET /search.php?m35816962648 HTTP/1.1" 200 143157 "-" "Mozilla/5.0 AppleWebKit/537.36 (KHTML, like Gecko; compatible; GPTBot/1.3; +https://openai.com/gptbot)"
74.7.243.223 - - [23/Dec/2025:21:07:53 +0800] "GET /search.php?224fcdp2694.html HTTP/1.1" 200 151986 "-" "Mozilla/5.0 AppleWebKit/537.36 (KHTML, like Gecko; compatible; GPTBot/1.3; +https://openai.com/gptbot)"
74.7.243.223 - - [23/Dec/2025:21:07:53 +0800] "GET /search.php?_bd_prev_page=https://class.bf1.my/detail.do?q-~157U9ecAO5BaWEl0m2U8FF9FVqQC3fbhu24616/&_bdsid=e8edj2.n~BUODK.171657308.176571313&_gz=2.198110775.194159345.177128665-869673475.163667671 HTTP/1.1" 200 145029 "-" "Mozilla/5.0 AppleWebKit/537.36 (KHTML, like Gecko; compatible; GPTBot/1.3; +https://openai.com/gptbot)"
74.7.243.223 - - [23/Dec/2025:21:07:54 +0800] "GET /search.php?_bd_prev_page=https://class.bf1.my/detail.do?q-~185ZdbE2B0CYK57pBjIQw2knahH1UvzlJ6490/&_bdsid=e8edj2.n~BUODK.171657308.176571313&_gz=2.198110775.194159345.177128665-869673475.163667671 HTTP/1.1" 200 140430 "-" "Mozilla/5.0 AppleWebKit/537.36 (KHTML, like Gecko; compatible; GPTBot/1.3; +https://openai.com/gptbot)"
74.7.243.223 - - [23/Dec/2025:21:07:55 +0800] "GET /search.php?ra-kudenmart-wn7618k HTTP/1.1" 200 153030 "-" "Mozilla/5.0 AppleWebKit/537.36 (KHTML, like Gecko; compatible; GPTBot/1.3; +https://openai.com/gptbot)"
74.7.243.223 - - [23/Dec/2025:21:07:56 +0800] "GET /search.php?233quw13029.html HTTP/1.1" 200 147439 "-" "Mozilla/5.0 AppleWebKit/537.36 (KHTML, like Gecko; compatible; GPTBot/1.3; +https://openai.com/gptbot)"
74.7.243.223 - - [23/Dec/2025:21:07:56 +0800] "GET /search.php?200ldye40244.html HTTP/1.1" 200 140209 "-" "Mozilla/5.0 AppleWebKit/537.36 (KHTML, like Gecko; compatible; GPTBot/1.3; +https://openai.com/gptbot)"
74.7.243.223 - - [23/Dec/2025:21:07:57 +0800] "GET /search.php?_bd_prev_page=https://class.bf1.my/detail.do?q-~150LlqmZN9U9BN4ALfLB2YHogfOeViB4C10535/&_bdsid=e8edj2.n~BUODK.171657308.176571313&_gz=2.198110775.194159345.177128665-869673475.163667671 HTTP/1.1" 200 147254 "-" "Mozilla/5.0 AppleWebKit/537.36 (KHTML, like Gecko; compatible; GPTBot/1.3; +https://openai.com/gptbot)"
74.7.243.223 - - [23/Dec/2025:21:07:58 +0800] "GET /search.php?m46901769487 HTTP/1.1" 200 142619 "-" "Mozilla/5.0 AppleWebKit/537.36 (KHTML, like Gecko; compatible; GPTBot/1.3; +https://openai.com/gptbot)"
74.7.243.223 - - [23/Dec/2025:21:07:59 +0800] "GET /search.php?185dvqj5147.html HTTP/1.1" 200 156112 "-" "Mozilla/5.0 AppleWebKit/537.36 (KHTML, like Gecko; compatible; GPTBot/1.3; +https://openai.com/gptbot)"
74.7.243.223 - - [23/Dec/2025:21:08:01 +0800] "GET /search.php?m71568068967 HTTP/1.1" 200 154426 "-" "Mozilla/5.0 AppleWebKit/537.36 (KHTML, like Gecko; compatible; GPTBot/1.3; +https://openai.com/gptbot)"
74.7.243.223 - - [23/Dec/2025:21:08:02 +0800] "GET /search.php?64oaht10072.html HTTP/1.1" 200 149154 "-" "Mozilla/5.0 AppleWebKit/537.36 (KHTML, like Gecko; compatible; GPTBot/1.3; +https://openai.com/gptbot)"
74.7.243.223 - - [23/Dec/2025:21:08:03 +0800] "GET /search.php?m72321465182 HTTP/1.1" 200 145117 "-" "Mozilla/5.0 AppleWebKit/537.36 (KHTML, like Gecko; compatible; GPTBot/1.3; +https://openai.com/gptbot)"
74.7.243.223 - - [23/Dec/2025:21:08:03 +0800] "GET /search.php?210rtmvz7180.html HTTP/1.1" 200 144129 "-" "Mozilla/5.0 AppleWebKit/537.36 (KHTML, like Gecko; compatible; GPTBot/1.3; +https://openai.com/gptbot)"
74.7.243.223 - - [23/Dec/2025:21:08:05 +0800] "GET /search.php?_bd_prev_page=https://class.bf1.my/detail.do?q-~16JQrvXIiMT6Xq8sxLMrPSJNHRWopDSk42109/&_bdsid=e8edj2.n~BUODK.171657308.176571313&_gz=2.198110775.194159345.177128665-869673475.163667671 HTTP/1.1" 200 145109 "-" "Mozilla/5.0 AppleWebKit/537.36 (KHTML, like Gecko; compatible; GPTBot/1.3; +https://openai.com/gptbot)"
74.7.243.223 - - [23/Dec/2025:21:08:06 +0800] "GET /search.php?265ovm39833.html HTTP/1.1" 200 143719 "-" "Mozilla/5.0 AppleWebKit/537.36 (KHTML, like Gecko; compatible; GPTBot/1.3; +https://openai.com/gptbot)"
74.7.243.223 - - [23/Dec/2025:21:08:07 +0800] "GET /search.php?m69261437470 HTTP/1.1" 200 152382 "-" "Mozilla/5.0 AppleWebKit/537.36 (KHTML, like Gecko; compatible; GPTBot/1.3; +https://openai.com/gptbot)"
74.7.243.223 - - [23/Dec/2025:21:08:08 +0800] "GET /search.php?73qgi6749.html HTTP/1.1" 200 159947 "-" "Mozilla/5.0 AppleWebKit/537.36 (KHTML, like Gecko; compatible; GPTBot/1.3; +https://openai.com/gptbot)"
74.7.243.223 - - [23/Dec/2025:21:08:09 +0800] "GET /search.php?72adoj17340.html HTTP/1.1" 200 144209 "-" "Mozilla/5.0 AppleWebKit/537.36 (KHTML, like Gecko; compatible; GPTBot/1.3; +https://openai.com/gptbot)"
74.7.243.223 - - [23/Dec/2025:21:08:09 +0800] "GET /search.php?183fwjr38661.html HTTP/1.1" 200 147550 "-" "Mozilla/5.0 AppleWebKit/537.36 (KHTML, like Gecko; compatible; GPTBot/1.3; +https://openai.com/gptbot)"
74.7.243.223 - - [23/Dec/2025:21:08:10 +0800] "GET /search.php?m75495025878 HTTP/1.1" 200 147141 "-" "Mozilla/5.0 AppleWebKit/537.36 (KHTML, like Gecko; compatible; GPTBot/1.3; +https://openai.com/gptbot)"
74.7.243.223 - - [23/Dec/2025:21:08:11 +0800] "GET /search.php?m60290271687 HTTP/1.1" 200 140398 "-" "Mozilla/5.0 AppleWebKit/537.36 (KHTML, like Gecko; compatible; GPTBot/1.3; +https://openai.com/gptbot)"
74.7.243.223 - - [23/Dec/2025:21:08:12 +0800] "GET /search.php?_bd_prev_page=https://class.bf1.my/detail.do?q-~278ipD97CvuWJdan86eASbJfgXaopyOCH25475/&_bdsid=e8edj2.n~BUODK.171657308.176571313&_gz=2.198110775.194159345.177128665-869673475.163667671 HTTP/1.1" 200 143602 "-" "Mozilla/5.0 AppleWebKit/537.36 (KHTML, like Gecko; compatible; GPTBot/1.3; +https://openai.com/gptbot)"
74.7.243.223 - - [23/Dec/2025:21:08:13 +0800] "GET /search.php?_bd_prev_page=https://class.bf1.my/detail.do?q-~252pG2RmeK0AiiEzoHlYVXaxhkGQBKmjy43901/&_bdsid=e8edj2.n~BUODK.171657308.176571313&_gz=2.198110775.194159345.177128665-869673475.163667671 HTTP/1.1" 200 147734 "-" "Mozilla/5.0 AppleWebKit/537.36 (KHTML, like Gecko; compatible; GPTBot/1.3; +https://openai.com/gptbot)"
74.7.243.223 - - [23/Dec/2025:21:08:13 +0800] "GET /search.php?22dplp49736.html HTTP/1.1" 200 157796 "-" "Mozilla/5.0 AppleWebKit/537.36 (KHTML, like Gecko; compatible; GPTBot/1.3; +https://openai.com/gptbot)"
74.7.243.223 - - [23/Dec/2025:21:08:14 +0800] "GET /search.php?m94703716920 HTTP/1.1" 200 152122 "-" "Mozilla/5.0 AppleWebKit/537.36 (KHTML, like Gecko; compatible; GPTBot/1.3; +https://openai.com/gptbot)"
74.7.243.223 - - [23/Dec/2025:21:08:15 +0800] "GET /search.php?112sblv16880.html HTTP/1.1" 200 146539 "-" "Mozilla/5.0 AppleWebKit/537.36 (KHTML, like Gecko; compatible; GPTBot/1.3; +https://openai.com/gptbot)"
74.7.243.223 - - [23/Dec/2025:21:08:16 +0800] "GET /search.php?55oovus25483.html HTTP/1.1" 200 141032 "-" "Mozilla/5.0 AppleWebKit/537.36 (KHTML, like Gecko; compatible; GPTBot/1.3; +https://openai.com/gptbot)"
74.7.243.223 - - [23/Dec/2025:21:08:17 +0800] "GET /search.php?m89258071318 HTTP/1.1" 200 142525 "-" "Mozilla/5.0 AppleWebKit/537.36 (KHTML, like Gecko; compatible; GPTBot/1.3; +https://openai.com/gptbot)"
74.7.243.223 - - [23/Dec/2025:21:08:17 +0800] "GET /search.php?51alsu13973.html HTTP/1.1" 200 156967 "-" "Mozilla/5.0 AppleWebKit/537.36 (KHTML, like Gecko; compatible; GPTBot/1.3; +https://openai.com/gptbot)"
74.7.243.223 - - [23/Dec/2025:21:08:19 +0800] "GET /search.php?_bd_prev_page=https://class.bf1.my/detail.do?q-~250EUeBtUk7HkJBmHurabeyG5Tcu4i2RY32653/&_bdsid=e8edj2.n~BUODK.171657308.176571313&_gz=2.198110775.194159345.177128665-869673475.163667671 HTTP/1.1" 200 146939 "-" "Mozilla/5.0 AppleWebKit/537.36 (KHTML, like Gecko; compatible; GPTBot/1.3; +https://openai.com/gptbot)"
74.7.243.223 - - [23/Dec/2025:21:08:19 +0800] "GET /search.php?273tbqq1331.html HTTP/1.1" 200 159449 "-" "Mozilla/5.0 AppleWebKit/537.36 (KHTML, like Gecko; compatible; GPTBot/1.3; +https://openai.com/gptbot)"
74.7.243.223 - - [23/Dec/2025:21:08:20 +0800] "GET /search.php?q-~238DebaLBjDYzRBZrPHTx4pqPenh9fnVK23/ HTTP/1.1" 200 154783 "-" "Mozilla/5.0 AppleWebKit/537.36 (KHTML, like Gecko; compatible; GPTBot/1.3; +https://openai.com/gptbot)"
74.7.243.223 - - [23/Dec/2025:21:08:21 +0800] "GET /search.php?m75787060428 HTTP/1.1" 200 140780 "-" "Mozilla/5.0 AppleWebKit/537.36 (KHTML, like Gecko; compatible; GPTBot/1.3; +https://openai.com/gptbot)"
74.7.243.223 - - [23/Dec/2025:21:08:22 +0800] "GET /search.php?m49152105722 HTTP/1.1" 200 146499 "-" "Mozilla/5.0 AppleWebKit/537.36 (KHTML, like Gecko; compatible; GPTBot/1.3; +https://openai.com/gptbot)"
66.249.73.232 - - [23/Dec/2025:21:08:22 +0800] "GET /search.php?265ubye45707.html HTTP/1.1" 200 143193 "-" "Mozilla/5.0 (Linux; Android 6.0.1; Nexus 5X Build/MMB29P) AppleWebKit/537.36 (KHTML, like Gecko) Chrome/141.0.7390.122 Mobile Safari/537.36 (compatible; Googlebot/2.1; +http://www.google.com/bot.html)"
74.7.243.223 - - [23/Dec/2025:21:08:23 +0800] "GET /search.php?11ykfq32999.html HTTP/1.1" 200 148031 "-" "Mozilla/5.0 AppleWebKit/537.36 (KHTML, like Gecko; compatible; GPTBot/1.3; +https://openai.com/gptbot)"
74.7.243.223 - - [23/Dec/2025:21:08:24 +0800] "GET /search.php?16hqlj11794.html HTTP/1.1" 200 143371 "-" "Mozilla/5.0 AppleWebKit/537.36 (KHTML, like Gecko; compatible; GPTBot/1.3; +https://openai.com/gptbot)"
74.7.243.223 - - [23/Dec/2025:21:08:25 +0800] "GET /search.php?m26168310746 HTTP/1.1" 200 141871 "-" "Mozilla/5.0 AppleWebKit/537.36 (KHTML, like Gecko; compatible; GPTBot/1.3; +https://openai.com/gptbot)"
74.7.243.223 - - [23/Dec/2025:21:08:26 +0800] "GET /search.php?228mjy25746.html HTTP/1.1" 200 143704 "-" "Mozilla/5.0 AppleWebKit/537.36 (KHTML, like Gecko; compatible; GPTBot/1.3; +https://openai.com/gptbot)"
74.7.243.223 - - [23/Dec/2025:21:08:27 +0800] "GET /search.php?_bd_prev_page=https://class.bf1.my/detail.do?59rbg623.html&_bdsid=e8edj2.n~BUODK.171657308.176571313&_gz=2.198110775.194159345.177128665-869673475.163667671 HTTP/1.1" 200 140588 "-" "Mozilla/5.0 AppleWebKit/537.36 (KHTML, like Gecko; compatible; GPTBot/1.3; +https://openai.com/gptbot)"
74.7.243.223 - - [23/Dec/2025:21:08:28 +0800] "GET /search.php?_bd_prev_page=https://class.bf1.my/detail.do?q-~199Y4mDC7yHhTBwXGf6oWLYxBwGGUysTe18624/&_bdsid=e8edj2.n~BUODK.171657308.176571313&_gz=2.198110775.194159345.177128665-869673475.163667671 HTTP/1.1" 200 154839 "-" "Mozilla/5.0 AppleWebKit/537.36 (KHTML, like Gecko; compatible; GPTBot/1.3; +https://openai.com/gptbot)"
74.7.243.223 - - [23/Dec/2025:21:08:29 +0800] "GET /search.php?_bd_prev_page=https://class.bf1.my/detail.do?q-~220ApUWBzlkhqveC0Ea0ETWtbvSkI92BY28133/&_bdsid=e8edj2.n~BUODK.171657308.176571313&_gz=2.198110775.194159345.177128665-869673475.163667671 HTTP/1.1" 200 146454 "-" "Mozilla/5.0 AppleWebKit/537.36 (KHTML, like Gecko; compatible; GPTBot/1.3; +https://openai.com/gptbot)"
74.7.243.223 - - [23/Dec/2025:21:08:30 +0800] "GET /search.php?194ttw38042.html HTTP/1.1" 200 141583 "-" "Mozilla/5.0 AppleWebKit/537.36 (KHTML, like Gecko; compatible; GPTBot/1.3; +https://openai.com/gptbot)"
74.7.243.223 - - [23/Dec/2025:21:08:32 +0800] "GET /search.php?_bd_prev_page=https://class.bf1.my/detail.do?52nzl770.html&_bdsid=e8edj2.n~BUODK.171657308.176571313&_gz=2.198110775.194159345.177128665-869673475.163667671 HTTP/1.1" 200 139996 "-" "Mozilla/5.0 AppleWebKit/537.36 (KHTML, like Gecko; compatible; GPTBot/1.3; +https://openai.com/gptbot)"
74.7.243.223 - - [23/Dec/2025:21:08:33 +0800] "GET /search.php?1097062036 HTTP/1.1" 200 155012 "-" "Mozilla/5.0 AppleWebKit/537.36 (KHTML, like Gecko; compatible; GPTBot/1.3; +https://openai.com/gptbot)"
74.7.243.223 - - [23/Dec/2025:21:08:34 +0800] "GET /search.php?_bd_prev_page=https://class.bf1.my/detail.do?q-~40LVnS7xNC3Glnxlh1IrnucVqg5VP2zU34213/&_bdsid=e8edj2.n~BUODK.171657308.176571313&_gz=2.198110775.194159345.177128665-869673475.163667671 HTTP/1.1" 200 143419 "-" "Mozilla/5.0 AppleWebKit/537.36 (KHTML, like Gecko; compatible; GPTBot/1.3; +https://openai.com/gptbot)"
74.7.243.223 - - [23/Dec/2025:21:08:34 +0800] "GET /search.php?51mxsx33243.html HTTP/1.1" 200 144939 "-" "Mozilla/5.0 AppleWebKit/537.36 (KHTML, like Gecko; compatible; GPTBot/1.3; +https://openai.com/gptbot)"
74.7.243.223 - - [23/Dec/2025:21:08:35 +0800] "GET /search.php?14evsu49694.html HTTP/1.1" 200 141289 "-" "Mozilla/5.0 AppleWebKit/537.36 (KHTML, like Gecko; compatible; GPTBot/1.3; +https://openai.com/gptbot)"
74.7.243.223 - - [23/Dec/2025:21:08:36 +0800] "GET /search.php?213lrau7183.html HTTP/1.1" 200 150972 "-" "Mozilla/5.0 AppleWebKit/537.36 (KHTML, like Gecko; compatible; GPTBot/1.3; +https://openai.com/gptbot)"
74.7.243.223 - - [23/Dec/2025:21:08:37 +0800] "GET /search.php?42lstv12116.html HTTP/1.1" 200 147337 "-" "Mozilla/5.0 AppleWebKit/537.36 (KHTML, like Gecko; compatible; GPTBot/1.3; +https://openai.com/gptbot)"
74.7.243.223 - - [23/Dec/2025:21:08:37 +0800] "GET /search.php?64cdpa14876.html HTTP/1.1" 200 146071 "-" "Mozilla/5.0 AppleWebKit/537.36 (KHTML, like Gecko; compatible; GPTBot/1.3; +https://openai.com/gptbot)"
74.7.243.223 - - [23/Dec/2025:21:08:38 +0800] "GET /search.php?290nmsg2600.html HTTP/1.1" 200 141845 "-" "Mozilla/5.0 AppleWebKit/537.36 (KHTML, like Gecko; compatible; GPTBot/1.3; +https://openai.com/gptbot)"
74.7.243.223 - - [23/Dec/2025:21:08:39 +0800] "GET /search.php?93knd5025.html HTTP/1.1" 200 145658 "-" "Mozilla/5.0 AppleWebKit/537.36 (KHTML, like Gecko; compatible; GPTBot/1.3; +https://openai.com/gptbot)"
74.7.243.223 - - [23/Dec/2025:21:08:40 +0800] "GET /search.php?q-~49Z5cbL3cMIvHIvL426om680VKiGjz0d2490/ HTTP/1.1" 200 148016 "-" "Mozilla/5.0 AppleWebKit/537.36 (KHTML, like Gecko; compatible; GPTBot/1.3; +https://openai.com/gptbot)"
74.7.243.223 - - [23/Dec/2025:21:08:41 +0800] "GET /search.php?90tfxbg11810.html HTTP/1.1" 200 146934 "-" "Mozilla/5.0 AppleWebKit/537.36 (KHTML, like Gecko; compatible; GPTBot/1.3; +https://openai.com/gptbot)"
74.7.243.223 - - [23/Dec/2025:21:08:42 +0800] "GET /search.php?m38646610835 HTTP/1.1" 200 173748 "-" "Mozilla/5.0 AppleWebKit/537.36 (KHTML, like Gecko; compatible; GPTBot/1.3; +https://openai.com/gptbot)"
74.7.243.223 - - [23/Dec/2025:21:08:43 +0800] "GET /search.php?q-~5nHA7EU4sINEv30a3BlDYPaiNLAskEJ22486/ HTTP/1.1" 200 142457 "-" "Mozilla/5.0 AppleWebKit/537.36 (KHTML, like Gecko; compatible; GPTBot/1.3; +https://openai.com/gptbot)"
52.167.144.16 - - [23/Dec/2025:21:08:44 +0800] "GET /free-casino-slot-game-downloads/ HTTP/1.1" 200 1 "-" "Mozilla/5.0 AppleWebKit/537.36 (KHTML, like Gecko; compatible; bingbot/2.0; +http://www.bing.com/bingbot.htm) Chrome/116.0.1938.76 Safari/537.36"
74.7.243.223 - - [23/Dec/2025:21:08:45 +0800] "GET /search.php?295qcpy12243.html HTTP/1.1" 200 143513 "-" "Mozilla/5.0 AppleWebKit/537.36 (KHTML, like Gecko; compatible; GPTBot/1.3; +https://openai.com/gptbot)"
74.7.243.223 - - [23/Dec/2025:21:08:46 +0800] "GET /search.php?295plsjb1603.html HTTP/1.1" 200 143607 "-" "Mozilla/5.0 AppleWebKit/537.36 (KHTML, like Gecko; compatible; GPTBot/1.3; +https://openai.com/gptbot)"
74.7.243.223 - - [23/Dec/2025:21:08:47 +0800] "GET /search.php?m39749540129 HTTP/1.1" 200 166847 "-" "Mozilla/5.0 AppleWebKit/537.36 (KHTML, like Gecko; compatible; GPTBot/1.3; +https://openai.com/gptbot)"
74.7.243.223 - - [23/Dec/2025:21:08:47 +0800] "GET /search.php?226yugr20376.html HTTP/1.1" 200 152017 "-" "Mozilla/5.0 AppleWebKit/537.36 (KHTML, like Gecko; compatible; GPTBot/1.3; +https://openai.com/gptbot)"
74.7.243.223 - - [23/Dec/2025:21:08:48 +0800] "GET /search.php?m32452899608 HTTP/1.1" 200 150529 "-" "Mozilla/5.0 AppleWebKit/537.36 (KHTML, like Gecko; compatible; GPTBot/1.3; +https://openai.com/gptbot)"
74.7.243.223 - - [23/Dec/2025:21:08:49 +0800] "GET /search.php?m42864499055 HTTP/1.1" 200 140694 "-" "Mozilla/5.0 AppleWebKit/537.36 (KHTML, like Gecko; compatible; GPTBot/1.3; +https://openai.com/gptbot)"
74.7.243.223 - - [23/Dec/2025:21:08:50 +0800] "GET /search.php?auc-jetrag-b76205e10b1d1ab6-1 HTTP/1.1" 200 140614 "-" "Mozilla/5.0 AppleWebKit/537.36 (KHTML, like Gecko; compatible; GPTBot/1.3; +https://openai.com/gptbot)"
74.7.243.223 - - [23/Dec/2025:21:08:51 +0800] "GET /search.php?203fgoa24329.html HTTP/1.1" 200 146041 "-" "Mozilla/5.0 AppleWebKit/537.36 (KHTML, like Gecko; compatible; GPTBot/1.3; +https://openai.com/gptbot)"
74.7.243.223 - - [23/Dec/2025:21:08:52 +0800] "GET /search.php?_bd_prev_page=https://class.bf1.my/detail.do?q-~31BhyN6IMf8KBzdu1V6p8uNNfxWBapEP48616/&_bdsid=e8edj2.n~BUODK.171657308.176571313&_gz=2.198110775.194159345.177128665-869673475.163667671 HTTP/1.1" 200 144445 "-" "Mozilla/5.0 AppleWebKit/537.36 (KHTML, like Gecko; compatible; GPTBot/1.3; +https://openai.com/gptbot)"
74.7.243.223 - - [23/Dec/2025:21:08:52 +0800] "GET /search.php?m69749215619 HTTP/1.1" 200 141206 "-" "Mozilla/5.0 AppleWebKit/537.36 (KHTML, like Gecko; compatible; GPTBot/1.3; +https://openai.com/gptbot)"
74.7.243.223 - - [23/Dec/2025:21:08:53 +0800] "GET /search.php?_bd_prev_page=https://class.bf1.my/detail.do?q-~127iL9APRTNl7erUXhcTwokKhmSITJ0IF33640/&_bdsid=e8edj2.n~BUODK.171657308.176571313&_gz=2.198110775.194159345.177128665-869673475.163667671 HTTP/1.1" 200 143301 "-" "Mozilla/5.0 AppleWebKit/537.36 (KHTML, like Gecko; compatible; GPTBot/1.3; +https://openai.com/gptbot)"
74.7.243.223 - - [23/Dec/2025:21:08:54 +0800] "GET /search.php?73ycnuc19083.html HTTP/1.1" 200 150947 "-" "Mozilla/5.0 AppleWebKit/537.36 (KHTML, like Gecko; compatible; GPTBot/1.3; +https://openai.com/gptbot)"
74.7.243.223 - - [23/Dec/2025:21:08:55 +0800] "GET /search.php?292bez10996.html HTTP/1.1" 200 144949 "-" "Mozilla/5.0 AppleWebKit/537.36 (KHTML, like Gecko; compatible; GPTBot/1.3; +https://openai.com/gptbot)"
74.7.243.223 - - [23/Dec/2025:21:08:56 +0800] "GET /search.php?m59329089712 HTTP/1.1" 200 141054 "-" "Mozilla/5.0 AppleWebKit/537.36 (KHTML, like Gecko; compatible; GPTBot/1.3; +https://openai.com/gptbot)"
74.7.243.223 - - [23/Dec/2025:21:08:57 +0800] "GET /search.php?_bd_prev_page=https://class.bf1.my/detail.do?q-~57vEJMr58Yrq9jWHPTlkl6BUfZOSGfVM48402/&_bdsid=e8edj2.n~BUODK.171657308.176571313&_gz=2.198110775.194159345.177128665-869673475.163667671 HTTP/1.1" 200 146180 "-" "Mozilla/5.0 AppleWebKit/537.36 (KHTML, like Gecko; compatible; GPTBot/1.3; +https://openai.com/gptbot)"
74.7.243.223 - - [23/Dec/2025:21:08:58 +0800] "GET /search.php?126bmm6004.html HTTP/1.1" 200 144671 "-" "Mozilla/5.0 AppleWebKit/537.36 (KHTML, like Gecko; compatible; GPTBot/1.3; +https://openai.com/gptbot)"
74.7.243.223 - - [23/Dec/2025:21:08:59 +0800] "GET /search.php?_bd_prev_page=https://class.bf1.my/detail.do?q-~256nHdgIKXIKQ7gDwrtae6NCiuLEDVP3E43115/&_bdsid=e8edj2.n~BUODK.171657308.176571313&_gz=2.198110775.194159345.177128665-869673475.163667671 HTTP/1.1" 200 148640 "-" "Mozilla/5.0 AppleWebKit/537.36 (KHTML, like Gecko; compatible; GPTBot/1.3; +https://openai.com/gptbot)"
74.7.243.223 - - [23/Dec/2025:21:09:00 +0800] "GET /search.php?_bd_prev_page=https://class.bf1.my/detail.do?q-~125I9zhC1P1r0RYwPES6XYXx4R4a1WE2y3528/&_bdsid=e8edj2.n~BUODK.171657308.176571313&_gz=2.198110775.194159345.177128665-869673475.163667671 HTTP/1.1" 200 172740 "-" "Mozilla/5.0 AppleWebKit/537.36 (KHTML, like Gecko; compatible; GPTBot/1.3; +https://openai.com/gptbot)"
74.7.243.223 - - [23/Dec/2025:21:09:01 +0800] "GET /search.php?q-~256nHdgIKXIKQ7gDwrtae6NCiuLEDVP3E43115/ HTTP/1.1" 200 149073 "-" "Mozilla/5.0 AppleWebKit/537.36 (KHTML, like Gecko; compatible; GPTBot/1.3; +https://openai.com/gptbot)"
74.7.243.223 - - [23/Dec/2025:21:09:02 +0800] "GET /search.php?m81566968279 HTTP/1.1" 200 140978 "-" "Mozilla/5.0 AppleWebKit/537.36 (KHTML, like Gecko; compatible; GPTBot/1.3; +https://openai.com/gptbot)"
74.7.243.223 - - [23/Dec/2025:21:09:03 +0800] "GET /search.php?4vmbyk31712.html HTTP/1.1" 200 141780 "-" "Mozilla/5.0 AppleWebKit/537.36 (KHTML, like Gecko; compatible; GPTBot/1.3; +https://openai.com/gptbot)"
74.7.243.223 - - [23/Dec/2025:21:09:04 +0800] "GET /search.php?drink-market-b122-109-2-t HTTP/1.1" 200 165790 "-" "Mozilla/5.0 AppleWebKit/537.36 (KHTML, like Gecko; compatible; GPTBot/1.3; +https://openai.com/gptbot)"
74.7.243.223 - - [23/Dec/2025:21:09:05 +0800] "GET /search.php?93whct30823.html HTTP/1.1" 200 152913 "-" "Mozilla/5.0 AppleWebKit/537.36 (KHTML, like Gecko; compatible; GPTBot/1.3; +https://openai.com/gptbot)"
74.7.243.223 - - [23/Dec/2025:21:09:05 +0800] "GET /search.php?m31940464259 HTTP/1.1" 200 143687 "-" "Mozilla/5.0 AppleWebKit/537.36 (KHTML, like Gecko; compatible; GPTBot/1.3; +https://openai.com/gptbot)"
74.7.243.223 - - [23/Dec/2025:21:09:06 +0800] "GET /search.php?282cpyz1452.html HTTP/1.1" 200 154387 "-" "Mozilla/5.0 AppleWebKit/537.36 (KHTML, like Gecko; compatible; GPTBot/1.3; +https://openai.com/gptbot)"
74.7.243.223 - - [23/Dec/2025:21:09:07 +0800] "GET /search.php?166npen1928.html HTTP/1.1" 200 146591 "-" "Mozilla/5.0 AppleWebKit/537.36 (KHTML, like Gecko; compatible; GPTBot/1.3; +https://openai.com/gptbot)"
74.7.243.223 - - [23/Dec/2025:21:09:08 +0800] "GET /search.php?q-~99GlXSVtw1kU5PBFV6Ma4EeZUfAK5ozo1576/ HTTP/1.1" 200 151146 "-" "Mozilla/5.0 AppleWebKit/537.36 (KHTML, like Gecko; compatible; GPTBot/1.3; +https://openai.com/gptbot)"
74.7.243.223 - - [23/Dec/2025:21:09:09 +0800] "GET /search.php?198dmm16320.html HTTP/1.1" 200 175896 "-" "Mozilla/5.0 AppleWebKit/537.36 (KHTML, like Gecko; compatible; GPTBot/1.3; +https://openai.com/gptbot)"
74.7.243.223 - - [23/Dec/2025:21:09:10 +0800] "GET /search.php?108ukkh48574.html HTTP/1.1" 200 145436 "-" "Mozilla/5.0 AppleWebKit/537.36 (KHTML, like Gecko; compatible; GPTBot/1.3; +https://openai.com/gptbot)"
74.7.243.223 - - [23/Dec/2025:21:09:10 +0800] "GET /search.php?q-~172JeMkVlOZj4zxdjofkruujjje3XuPoL15941/ HTTP/1.1" 200 145635 "-" "Mozilla/5.0 AppleWebKit/537.36 (KHTML, like Gecko; compatible; GPTBot/1.3; +https://openai.com/gptbot)"
74.7.243.223 - - [23/Dec/2025:21:09:11 +0800] "GET /search.php?m13029093751 HTTP/1.1" 200 143416 "-" "Mozilla/5.0 AppleWebKit/537.36 (KHTML, like Gecko; compatible; GPTBot/1.3; +https://openai.com/gptbot)"
74.7.243.223 - - [23/Dec/2025:21:09:12 +0800] "GET /search.php?293zswh7429.html HTTP/1.1" 200 143627 "-" "Mozilla/5.0 AppleWebKit/537.36 (KHTML, like Gecko; compatible; GPTBot/1.3; +https://openai.com/gptbot)"
74.7.243.223 - - [23/Dec/2025:21:09:13 +0800] "GET /search.php?q-~55WYwMiGXshe1n5d46OsOUX0rpVILbqr7228/ HTTP/1.1" 200 147905 "-" "Mozilla/5.0 AppleWebKit/537.36 (KHTML, like Gecko; compatible; GPTBot/1.3; +https://openai.com/gptbot)"
74.7.243.223 - - [23/Dec/2025:21:09:14 +0800] "GET /search.php?278trwvo6886.html HTTP/1.1" 200 143544 "-" "Mozilla/5.0 AppleWebKit/537.36 (KHTML, like Gecko; compatible; GPTBot/1.3; +https://openai.com/gptbot)"
74.7.243.223 - - [23/Dec/2025:21:09:15 +0800] "GET /search.php?m62035515774 HTTP/1.1" 200 146233 "-" "Mozilla/5.0 AppleWebKit/537.36 (KHTML, like Gecko; compatible; GPTBot/1.3; +https://openai.com/gptbot)"
74.7.243.223 - - [23/Dec/2025:21:09:16 +0800] "GET /search.php?_bd_prev_page=https://class.bf1.my/detail.do?q-~128fJr6SazkxdbHwXPo1MeRLckbTBmgKT24517/&_bdsid=e8edj2.n~BUODK.171657308.176571313&_gz=2.198110775.194159345.177128665-869673475.163667671 HTTP/1.1" 200 155471 "-" "Mozilla/5.0 AppleWebKit/537.36 (KHTML, like Gecko; compatible; GPTBot/1.3; +https://openai.com/gptbot)"
74.7.243.223 - - [23/Dec/2025:21:09:17 +0800] "GET /search.php?157zzr12897.html HTTP/1.1" 200 149440 "-" "Mozilla/5.0 AppleWebKit/537.36 (KHTML, like Gecko; compatible; GPTBot/1.3; +https://openai.com/gptbot)"
74.7.243.223 - - [23/Dec/2025:21:09:17 +0800] "GET /search.php?60dxoo28304.html HTTP/1.1" 200 156099 "-" "Mozilla/5.0 AppleWebKit/537.36 (KHTML, like Gecko; compatible; GPTBot/1.3; +https://openai.com/gptbot)"
74.7.243.223 - - [23/Dec/2025:21:09:18 +0800] "GET /search.php?m83016847457 HTTP/1.1" 200 145506 "-" "Mozilla/5.0 AppleWebKit/537.36 (KHTML, like Gecko; compatible; GPTBot/1.3; +https://openai.com/gptbot)"
74.7.243.223 - - [23/Dec/2025:21:09:19 +0800] "GET /search.php?_bd_prev_page=https://class.bf1.my/detail.do?q-~98mEEySZSckPWr62PxENJdwdnGo92hwD21487/&_bdsid=e8edj2.n~BUODK.171657308.176571313&_gz=2.198110775.194159345.177128665-869673475.163667671 HTTP/1.1" 200 147054 "-" "Mozilla/5.0 AppleWebKit/537.36 (KHTML, like Gecko; compatible; GPTBot/1.3; +https://openai.com/gptbot)"
74.7.243.223 - - [23/Dec/2025:21:09:20 +0800] "GET /search.php?q-~256ZUqK8ttiRWReesTvMJ3U86lpTGvvqN4721/ HTTP/1.1" 200 151133 "-" "Mozilla/5.0 AppleWebKit/537.36 (KHTML, like Gecko; compatible; GPTBot/1.3; +https://openai.com/gptbot)"
74.7.243.223 - - [23/Dec/2025:21:09:21 +0800] "GET /search.php?_bd_prev_page=https://class.bf1.my/detail.do?q-~223lpKGcW02NKDMlU7tKbxxZfomGHUTbE17030/&_bdsid=e8edj2.n~BUODK.171657308.176571313&_gz=2.198110775.194159345.177128665-869673475.163667671 HTTP/1.1" 200 143080 "-" "Mozilla/5.0 AppleWebKit/537.36 (KHTML, like Gecko; compatible; GPTBot/1.3; +https://openai.com/gptbot)"
74.7.243.223 - - [23/Dec/2025:21:09:22 +0800] "GET /search.php?170dehhp23754.html HTTP/1.1" 200 141209 "-" "Mozilla/5.0 AppleWebKit/537.36 (KHTML, like Gecko; compatible; GPTBot/1.3; +https://openai.com/gptbot)"
74.7.243.223 - - [23/Dec/2025:21:09:23 +0800] "GET /search.php?217tgf9921.html HTTP/1.1" 200 159049 "-" "Mozilla/5.0 AppleWebKit/537.36 (KHTML, like Gecko; compatible; GPTBot/1.3; +https://openai.com/gptbot)"
74.7.243.223 - - [23/Dec/2025:21:09:24 +0800] "GET /search.php?127xny31767.html HTTP/1.1" 200 140311 "-" "Mozilla/5.0 AppleWebKit/537.36 (KHTML, like Gecko; compatible; GPTBot/1.3; +https://openai.com/gptbot)"
74.7.243.223 - - [23/Dec/2025:21:09:25 +0800] "GET /search.php?1109547727 HTTP/1.1" 200 155523 "-" "Mozilla/5.0 AppleWebKit/537.36 (KHTML, like Gecko; compatible; GPTBot/1.3; +https://openai.com/gptbot)"
74.7.243.223 - - [23/Dec/2025:21:09:26 +0800] "GET /search.php?_bd_prev_page=https://class.bf1.my/detail.do?q-~101iWTkXBxKGX8hDqUnUxSbbNx5s0dxoT5632/&_bdsid=e8edj2.n~BUODK.171657308.176571313&_gz=2.198110775.194159345.177128665-869673475.163667671 HTTP/1.1" 200 168121 "-" "Mozilla/5.0 AppleWebKit/537.36 (KHTML, like Gecko; compatible; GPTBot/1.3; +https://openai.com/gptbot)"
74.7.243.223 - - [23/Dec/2025:21:09:28 +0800] "GET /search.php?_bd_prev_page=https://class.bf1.my/detail.do?q-~172vVYk5SnuCLV0T730dYbMMJJdWNajJE15047/&_bdsid=e8edj2.n~BUODK.171657308.176571313&_gz=2.198110775.194159345.177128665-869673475.163667671 HTTP/1.1" 200 142753 "-" "Mozilla/5.0 AppleWebKit/537.36 (KHTML, like Gecko; compatible; GPTBot/1.3; +https://openai.com/gptbot)"
74.7.243.223 - - [23/Dec/2025:21:09:29 +0800] "GET /search.php?256fwc33282.html HTTP/1.1" 200 150618 "-" "Mozilla/5.0 AppleWebKit/537.36 (KHTML, like Gecko; compatible; GPTBot/1.3; +https://openai.com/gptbot)"
74.7.243.223 - - [23/Dec/2025:21:09:30 +0800] "GET /search.php?2kwgty44356.html HTTP/1.1" 200 141561 "-" "Mozilla/5.0 AppleWebKit/537.36 (KHTML, like Gecko; compatible; GPTBot/1.3; +https://openai.com/gptbot)"
74.7.243.223 - - [23/Dec/2025:21:09:31 +0800] "GET /search.php?m60464392503 HTTP/1.1" 200 149674 "-" "Mozilla/5.0 AppleWebKit/537.36 (KHTML, like Gecko; compatible; GPTBot/1.3; +https://openai.com/gptbot)"
74.7.243.223 - - [23/Dec/2025:21:09:32 +0800] "GET /search.php?1128404895 HTTP/1.1" 200 142691 "-" "Mozilla/5.0 AppleWebKit/537.36 (KHTML, like Gecko; compatible; GPTBot/1.3; +https://openai.com/gptbot)"
74.7.243.223 - - [23/Dec/2025:21:09:33 +0800] "GET /search.php?m10757956336 HTTP/1.1" 200 140678 "-" "Mozilla/5.0 AppleWebKit/537.36 (KHTML, like Gecko; compatible; GPTBot/1.3; +https://openai.com/gptbot)"
66.249.73.231 - - [23/Dec/2025:21:09:35 +0800] "GET /products/3142625/ HTTP/1.1" 200 1 "-" "Mozilla/5.0 (compatible; Googlebot/2.1; +http://www.google.com/bot.html)"
74.7.243.223 - - [23/Dec/2025:21:09:36 +0800] "GET /search.php?265chlb7021.html HTTP/1.1" 200 143232 "-" "Mozilla/5.0 AppleWebKit/537.36 (KHTML, like Gecko; compatible; GPTBot/1.3; +https://openai.com/gptbot)"
74.7.243.223 - - [23/Dec/2025:21:09:39 +0800] "GET /search.php?_bd_prev_page=https://class.bf1.my/detail.do?q-~106NoffVki1ZBMU0uQF5MrZx76VIEQkRp1387/&_bdsid=e8edj2.n~BUODK.171657308.176571313&_gz=2.198110775.194159345.177128665-869673475.163667671 HTTP/1.1" 200 149536 "-" "Mozilla/5.0 AppleWebKit/537.36 (KHTML, like Gecko; compatible; GPTBot/1.3; +https://openai.com/gptbot)"
74.7.243.223 - - [23/Dec/2025:21:09:40 +0800] "GET /search.php?57mrva20503.html HTTP/1.1" 200 146363 "-" "Mozilla/5.0 AppleWebKit/537.36 (KHTML, like Gecko; compatible; GPTBot/1.3; +https://openai.com/gptbot)"
74.7.243.223 - - [23/Dec/2025:21:09:42 +0800] "GET /search.php?_bd_prev_page=https://class.bf1.my/detail.do?q-~177WCh1dezRAlJ3Y4hXXCy0cPzF6L1Cvr12254/&_bdsid=e8edj2.n~BUODK.171657308.176571313&_gz=2.198110775.194159345.177128665-869673475.163667671 HTTP/1.1" 200 151934 "-" "Mozilla/5.0 AppleWebKit/537.36 (KHTML, like Gecko; compatible; GPTBot/1.3; +https://openai.com/gptbot)"
74.7.243.223 - - [23/Dec/2025:21:09:43 +0800] "GET /search.php?59hjxp20045.html HTTP/1.1" 200 143289 "-" "Mozilla/5.0 AppleWebKit/537.36 (KHTML, like Gecko; compatible; GPTBot/1.3; +https://openai.com/gptbot)"
74.7.243.223 - - [23/Dec/2025:21:09:44 +0800] "GET /search.php?31nljp36043.html HTTP/1.1" 200 143002 "-" "Mozilla/5.0 AppleWebKit/537.36 (KHTML, like Gecko; compatible; GPTBot/1.3; +https://openai.com/gptbot)"
74.7.243.223 - - [23/Dec/2025:21:09:45 +0800] "GET /search.php?46atlq17262.html HTTP/1.1" 200 148293 "-" "Mozilla/5.0 AppleWebKit/537.36 (KHTML, like Gecko; compatible; GPTBot/1.3; +https://openai.com/gptbot)"
74.7.243.223 - - [23/Dec/2025:21:09:46 +0800] "GET /search.php?52pcqh23310.html HTTP/1.1" 200 149968 "-" "Mozilla/5.0 AppleWebKit/537.36 (KHTML, like Gecko; compatible; GPTBot/1.3; +https://openai.com/gptbot)"
74.7.243.223 - - [23/Dec/2025:21:09:46 +0800] "GET /search.php?m87611794420 HTTP/1.1" 200 142257 "-" "Mozilla/5.0 AppleWebKit/537.36 (KHTML, like Gecko; compatible; GPTBot/1.3; +https://openai.com/gptbot)"
74.7.243.223 - - [23/Dec/2025:21:09:47 +0800] "GET /search.php?239pocs5383.html HTTP/1.1" 200 156728 "-" "Mozilla/5.0 AppleWebKit/537.36 (KHTML, like Gecko; compatible; GPTBot/1.3; +https://openai.com/gptbot)"
74.7.243.223 - - [23/Dec/2025:21:09:48 +0800] "GET /search.php?139eprt5289.html HTTP/1.1" 200 181877 "-" "Mozilla/5.0 AppleWebKit/537.36 (KHTML, like Gecko; compatible; GPTBot/1.3; +https://openai.com/gptbot)"
74.7.243.223 - - [23/Dec/2025:21:09:49 +0800] "GET /search.php?m38564842699 HTTP/1.1" 200 144306 "-" "Mozilla/5.0 AppleWebKit/537.36 (KHTML, like Gecko; compatible; GPTBot/1.3; +https://openai.com/gptbot)"
74.7.243.223 - - [23/Dec/2025:21:09:50 +0800] "GET /search.php?_bd_prev_page=https://class.bf1.my/detail.do?q-~137VBKxcBeXiRNoASaVnzUkYWTg4nI80F39850/&_bdsid=e8edj2.n~BUODK.171657308.176571313&_gz=2.198110775.194159345.177128665-869673475.163667671 HTTP/1.1" 200 158859 "-" "Mozilla/5.0 AppleWebKit/537.36 (KHTML, like Gecko; compatible; GPTBot/1.3; +https://openai.com/gptbot)"
74.7.243.223 - - [23/Dec/2025:21:09:51 +0800] "GET /search.php?114ckhl9682.html HTTP/1.1" 200 161686 "-" "Mozilla/5.0 AppleWebKit/537.36 (KHTML, like Gecko; compatible; GPTBot/1.3; +https://openai.com/gptbot)"
74.7.243.223 - - [23/Dec/2025:21:09:52 +0800] "GET /search.php?221mhlx4067.html HTTP/1.1" 200 153363 "-" "Mozilla/5.0 AppleWebKit/537.36 (KHTML, like Gecko; compatible; GPTBot/1.3; +https://openai.com/gptbot)"
66.249.73.231 - - [23/Dec/2025:21:09:52 +0800] "GET /search.php?76rre41052.html HTTP/1.1" 200 158801 "-" "Mozilla/5.0 (Linux; Android 6.0.1; Nexus 5X Build/MMB29P) AppleWebKit/537.36 (KHTML, like Gecko) Chrome/141.0.7390.122 Mobile Safari/537.36 (compatible; Googlebot/2.1; +http://www.google.com/bot.html)"
74.7.243.223 - - [23/Dec/2025:21:09:53 +0800] "GET /search.php?35earf32151.html HTTP/1.1" 200 145091 "-" "Mozilla/5.0 AppleWebKit/537.36 (KHTML, like Gecko; compatible; GPTBot/1.3; +https://openai.com/gptbot)"
74.7.243.223 - - [23/Dec/2025:21:09:54 +0800] "GET /search.php?m85590794649 HTTP/1.1" 200 144776 "-" "Mozilla/5.0 AppleWebKit/537.36 (KHTML, like Gecko; compatible; GPTBot/1.3; +https://openai.com/gptbot)"
74.7.243.223 - - [23/Dec/2025:21:09:54 +0800] "GET /search.php?_bd_prev_page=https://class.bf1.my/detail.do?q-~116IbCjTomXFd6L0Unhmd1QGYZ0XoCW7Q34387/&_bdsid=e8edj2.n~BUODK.171657308.176571313&_gz=2.198110775.194159345.177128665-869673475.163667671 HTTP/1.1" 200 143557 "-" "Mozilla/5.0 AppleWebKit/537.36 (KHTML, like Gecko; compatible; GPTBot/1.3; +https://openai.com/gptbot)"
74.7.243.223 - - [23/Dec/2025:21:09:55 +0800] "GET /search.php?_bd_prev_page=https://class.bf1.my/detail.do?q-~169z84uYI1G1J89y4okiJnX0WCYqNhmcK32942/&_bdsid=e8edj2.n~BUODK.171657308.176571313&_gz=2.198110775.194159345.177128665-869673475.163667671 HTTP/1.1" 200 146553 "-" "Mozilla/5.0 AppleWebKit/537.36 (KHTML, like Gecko; compatible; GPTBot/1.3; +https://openai.com/gptbot)"
74.7.243.223 - - [23/Dec/2025:21:09:56 +0800] "GET /search.php?m60410186549 HTTP/1.1" 200 141582 "-" "Mozilla/5.0 AppleWebKit/537.36 (KHTML, like Gecko; compatible; GPTBot/1.3; +https://openai.com/gptbot)"
74.7.243.223 - - [23/Dec/2025:21:09:57 +0800] "GET /search.php?74urep12252.html HTTP/1.1" 200 152919 "-" "Mozilla/5.0 AppleWebKit/537.36 (KHTML, like Gecko; compatible; GPTBot/1.3; +https://openai.com/gptbot)"
74.7.243.223 - - [23/Dec/2025:21:09:58 +0800] "GET /search.php?132jho43178.html HTTP/1.1" 200 142610 "-" "Mozilla/5.0 AppleWebKit/537.36 (KHTML, like Gecko; compatible; GPTBot/1.3; +https://openai.com/gptbot)"
74.7.243.223 - - [23/Dec/2025:21:09:59 +0800] "GET /search.php?215rfcc10563.html HTTP/1.1" 200 149038 "-" "Mozilla/5.0 AppleWebKit/537.36 (KHTML, like Gecko; compatible; GPTBot/1.3; +https://openai.com/gptbot)"
74.7.243.223 - - [23/Dec/2025:21:10:00 +0800] "GET /search.php?_bd_prev_page=https://class.bf1.my/detail.do?q-~75AdqiYRVJs3zAU1le5Dva5dkF9pHucP41514/&_bdsid=e8edj2.n~BUODK.171657308.176571313&_gz=2.198110775.194159345.177128665-869673475.163667671 HTTP/1.1" 200 144130 "-" "Mozilla/5.0 AppleWebKit/537.36 (KHTML, like Gecko; compatible; GPTBot/1.3; +https://openai.com/gptbot)"
