65.109.118.212 - - [23/Dec/2025:23:12:27 +0800] "GET /brunei/index.php?main_page=product_info&cPath=4&products_id=63 HTTP/1.1" 404 16419 "-" "Mozilla/5.0 (compatible; AwarioBot/1.0; +https://awario.com/bots.html)"
20.89.216.82 - - [23/Dec/2025:23:12:27 +0800] "GET /ina.bf-1.com/index/function.php HTTP/1.1" 404 16419 "-" "-"
20.89.216.82 - - [23/Dec/2025:23:12:27 +0800] "GET /ina.bf-1.com/ot.php HTTP/1.1" 404 16419 "-" "-"
20.89.216.82 - - [23/Dec/2025:23:12:27 +0800] "GET /ina.bf-1.com/post.php HTTP/1.1" 404 16419 "-" "-"
20.89.216.82 - - [23/Dec/2025:23:12:28 +0800] "GET /ina.bf-1.com/wp.php HTTP/1.1" 404 16419 "-" "-"
65.109.118.212 - - [23/Dec/2025:23:12:28 +0800] "GET /brunei/index.php?main_page=product_info&cPath=5&products_id=24 HTTP/1.1" 404 16419 "-" "Mozilla/5.0 (compatible; AwarioBot/1.0; +https://awario.com/bots.html)"
65.109.118.212 - - [23/Dec/2025:23:12:30 +0800] "GET /brunei/index.php?main_page=product_info&cPath=8&products_id=34 HTTP/1.1" 404 16419 "-" "Mozilla/5.0 (compatible; AwarioBot/1.0; +https://awario.com/bots.html)"
66.249.65.192 - - [23/Dec/2025:23:12:31 +0800] "GET / HTTP/1.1" 200 - "-" "Mozilla/5.0 (Linux; Android 6.0.1; Nexus 5X Build/MMB29P) AppleWebKit/537.36 (KHTML, like Gecko) Chrome/141.0.7390.122 Mobile Safari/537.36 (compatible; Googlebot/2.1; +http://www.google.com/bot.html)"
54.236.1.54 - - [23/Dec/2025:23:12:31 +0800] "GET /men/tag/%E7%94%B7%E8%A3%B8%E4%BD%93 HTTP/1.1" 404 16419 "-" "Mozilla/5.0 (compatible; Pinterestbot/1.0; +http://www.pinterest.com/bot.html)"
65.109.118.212 - - [23/Dec/2025:23:12:33 +0800] "GET /canada/robots.txt HTTP/1.1" 404 16419 "-" "Mozilla/5.0 (compatible; AwarioBot/1.0; +https://awario.com/bots.html)"
65.109.118.212 - - [23/Dec/2025:23:12:33 +0800] "GET /canada/ HTTP/1.1" 404 16419 "-" "Mozilla/5.0 (compatible; AwarioBot/1.0; +https://awario.com/bots.html)"
65.109.118.212 - - [23/Dec/2025:23:12:38 +0800] "GET /chile/robots.txt HTTP/1.1" 404 16419 "-" "Mozilla/5.0 (compatible; AwarioBot/1.0; +https://awario.com/bots.html)"
65.109.118.212 - - [23/Dec/2025:23:12:39 +0800] "GET /chile/ HTTP/1.1" 404 16419 "-" "Mozilla/5.0 (compatible; AwarioBot/1.0; +https://awario.com/bots.html)"
65.109.118.212 - - [23/Dec/2025:23:12:42 +0800] "GET /chinese/robots.txt HTTP/1.1" 404 16419 "-" "Mozilla/5.0 (compatible; AwarioBot/1.0; +https://awario.com/bots.html)"
65.109.118.212 - - [23/Dec/2025:23:12:43 +0800] "GET /chinese/ HTTP/1.1" 404 16419 "-" "Mozilla/5.0 (compatible; AwarioBot/1.0; +https://awario.com/bots.html)"
65.109.118.212 - - [23/Dec/2025:23:12:45 +0800] "GET /colombia/robots.txt HTTP/1.1" 404 16419 "-" "Mozilla/5.0 (compatible; AwarioBot/1.0; +https://awario.com/bots.html)"
65.109.118.212 - - [23/Dec/2025:23:12:46 +0800] "GET /colombia/ HTTP/1.1" 404 16419 "-" "Mozilla/5.0 (compatible; AwarioBot/1.0; +https://awario.com/bots.html)"
65.109.118.212 - - [23/Dec/2025:23:12:49 +0800] "GET /denmark/robots.txt HTTP/1.1" 404 16419 "-" "Mozilla/5.0 (compatible; AwarioBot/1.0; +https://awario.com/bots.html)"
65.109.118.212 - - [23/Dec/2025:23:12:50 +0800] "GET /denmark/ HTTP/1.1" 404 16419 "-" "Mozilla/5.0 (compatible; AwarioBot/1.0; +https://awario.com/bots.html)"
206.189.183.141 - - [23/Dec/2025:23:12:55 +0800] "GET /flag/switzerland.jpg HTTP/1.1" 404 16419 "https://switzerland.bf-1.com/index.php?id=36&main_page=page&zenid=l41njsph7g3f25p3t7v8hl6u01" "Mozilla/5.0 (Windows NT 10.0; Win64; x64) AppleWebKit/537.36 (KHTML, like Gecko) Chrome/108.0.0.0 Safari/537.36"
65.109.118.212 - - [23/Dec/2025:23:12:56 +0800] "GET /egypt/robots.txt HTTP/1.1" 404 16419 "-" "Mozilla/5.0 (compatible; AwarioBot/1.0; +https://awario.com/bots.html)"
65.109.118.212 - - [23/Dec/2025:23:12:57 +0800] "GET /egypt/ HTTP/1.1" 404 16419 "-" "Mozilla/5.0 (compatible; AwarioBot/1.0; +https://awario.com/bots.html)"
65.109.118.212 - - [23/Dec/2025:23:13:02 +0800] "GET /finland/robots.txt HTTP/1.1" 404 16419 "-" "Mozilla/5.0 (compatible; AwarioBot/1.0; +https://awario.com/bots.html)"
65.109.118.212 - - [23/Dec/2025:23:13:02 +0800] "GET /finland/ HTTP/1.1" 404 16419 "-" "Mozilla/5.0 (compatible; AwarioBot/1.0; +https://awario.com/bots.html)"
65.109.118.212 - - [23/Dec/2025:23:13:05 +0800] "GET /france/robots.txt HTTP/1.1" 404 16419 "-" "Mozilla/5.0 (compatible; AwarioBot/1.0; +https://awario.com/bots.html)"
65.109.118.212 - - [23/Dec/2025:23:13:06 +0800] "GET /france/ HTTP/1.1" 404 16419 "-" "Mozilla/5.0 (compatible; AwarioBot/1.0; +https://awario.com/bots.html)"
65.109.118.212 - - [23/Dec/2025:23:13:10 +0800] "GET /germany/robots.txt HTTP/1.1" 404 16419 "-" "Mozilla/5.0 (compatible; AwarioBot/1.0; +https://awario.com/bots.html)"
65.109.118.212 - - [23/Dec/2025:23:13:10 +0800] "GET /germany/ HTTP/1.1" 404 16419 "-" "Mozilla/5.0 (compatible; AwarioBot/1.0; +https://awario.com/bots.html)"
202.185.146.7 - - [23/Dec/2025:23:13:16 +0800] "GET /?srsltid=AfmBOoq7O4RtYmao5XOcJUQ2h9wRx2BpIhNvVmi66ir7qIoMd2GjXLxq HTTP/1.1" 200 12818 "-" "Mozilla/5.0 (Windows NT 10.0; Win64; x64) AppleWebKit/537.36 (KHTML, like Gecko) Chrome/143.0.0.0 Safari/537.36"
202.185.146.7 - - [23/Dec/2025:23:13:16 +0800] "GET /images/bf1-guarantee.jpg HTTP/1.1" 200 33895 "https://bf1.my/?srsltid=AfmBOoq7O4RtYmao5XOcJUQ2h9wRx2BpIhNvVmi66ir7qIoMd2GjXLxq" "Mozilla/5.0 (Windows NT 10.0; Win64; x64) AppleWebKit/537.36 (KHTML, like Gecko) Chrome/143.0.0.0 Safari/537.36"
202.185.146.7 - - [23/Dec/2025:23:13:17 +0800] "GET /images/sanitizer-covid-19.jpg HTTP/1.1" 200 69888 "https://bf1.my/?srsltid=AfmBOoq7O4RtYmao5XOcJUQ2h9wRx2BpIhNvVmi66ir7qIoMd2GjXLxq" "Mozilla/5.0 (Windows NT 10.0; Win64; x64) AppleWebKit/537.36 (KHTML, like Gecko) Chrome/143.0.0.0 Safari/537.36"
202.185.146.7 - - [23/Dec/2025:23:13:17 +0800] "GET /images/hand-sanitizer-covid-19.jpg HTTP/1.1" 200 78176 "https://bf1.my/?srsltid=AfmBOoq7O4RtYmao5XOcJUQ2h9wRx2BpIhNvVmi66ir7qIoMd2GjXLxq" "Mozilla/5.0 (Windows NT 10.0; Win64; x64) AppleWebKit/537.36 (KHTML, like Gecko) Chrome/143.0.0.0 Safari/537.36"
202.185.146.7 - - [23/Dec/2025:23:13:18 +0800] "GET /images/sanitizer-covid19.jpg HTTP/1.1" 200 78528 "https://bf1.my/?srsltid=AfmBOoq7O4RtYmao5XOcJUQ2h9wRx2BpIhNvVmi66ir7qIoMd2GjXLxq" "Mozilla/5.0 (Windows NT 10.0; Win64; x64) AppleWebKit/537.36 (KHTML, like Gecko) Chrome/143.0.0.0 Safari/537.36"
202.185.146.7 - - [23/Dec/2025:23:13:18 +0800] "GET /images/Facebook.jpg HTTP/1.1" 200 959 "https://bf1.my/?srsltid=AfmBOoq7O4RtYmao5XOcJUQ2h9wRx2BpIhNvVmi66ir7qIoMd2GjXLxq" "Mozilla/5.0 (Windows NT 10.0; Win64; x64) AppleWebKit/537.36 (KHTML, like Gecko) Chrome/143.0.0.0 Safari/537.36"
202.185.146.7 - - [23/Dec/2025:23:13:18 +0800] "GET /images/Youtube.jpg HTTP/1.1" 200 1569 "https://bf1.my/?srsltid=AfmBOoq7O4RtYmao5XOcJUQ2h9wRx2BpIhNvVmi66ir7qIoMd2GjXLxq" "Mozilla/5.0 (Windows NT 10.0; Win64; x64) AppleWebKit/537.36 (KHTML, like Gecko) Chrome/143.0.0.0 Safari/537.36"
202.185.146.7 - - [23/Dec/2025:23:13:18 +0800] "GET /images/link.png HTTP/1.1" 200 6744 "https://bf1.my/?srsltid=AfmBOoq7O4RtYmao5XOcJUQ2h9wRx2BpIhNvVmi66ir7qIoMd2GjXLxq" "Mozilla/5.0 (Windows NT 10.0; Win64; x64) AppleWebKit/537.36 (KHTML, like Gecko) Chrome/143.0.0.0 Safari/537.36"
202.185.146.7 - - [23/Dec/2025:23:13:18 +0800] "GET /images/guarantee.png HTTP/1.1" 200 8239 "https://bf1.my/?srsltid=AfmBOoq7O4RtYmao5XOcJUQ2h9wRx2BpIhNvVmi66ir7qIoMd2GjXLxq" "Mozilla/5.0 (Windows NT 10.0; Win64; x64) AppleWebKit/537.36 (KHTML, like Gecko) Chrome/143.0.0.0 Safari/537.36"
202.185.146.7 - - [23/Dec/2025:23:13:18 +0800] "GET /logo.jpg HTTP/1.1" 200 5013 "https://bf1.my/?srsltid=AfmBOoq7O4RtYmao5XOcJUQ2h9wRx2BpIhNvVmi66ir7qIoMd2GjXLxq" "Mozilla/5.0 (Windows NT 10.0; Win64; x64) AppleWebKit/537.36 (KHTML, like Gecko) Chrome/143.0.0.0 Safari/537.36"
202.185.146.7 - - [23/Dec/2025:23:13:19 +0800] "GET /images/user.png HTTP/1.1" 200 5681 "https://bf1.my/?srsltid=AfmBOoq7O4RtYmao5XOcJUQ2h9wRx2BpIhNvVmi66ir7qIoMd2GjXLxq" "Mozilla/5.0 (Windows NT 10.0; Win64; x64) AppleWebKit/537.36 (KHTML, like Gecko) Chrome/143.0.0.0 Safari/537.36"
202.185.146.7 - - [23/Dec/2025:23:13:19 +0800] "GET /images/favorites.png HTTP/1.1" 200 2390 "https://bf1.my/?srsltid=AfmBOoq7O4RtYmao5XOcJUQ2h9wRx2BpIhNvVmi66ir7qIoMd2GjXLxq" "Mozilla/5.0 (Windows NT 10.0; Win64; x64) AppleWebKit/537.36 (KHTML, like Gecko) Chrome/143.0.0.0 Safari/537.36"
202.185.146.7 - - [23/Dec/2025:23:13:19 +0800] "GET /images/shipping.png HTTP/1.1" 200 5761 "https://bf1.my/?srsltid=AfmBOoq7O4RtYmao5XOcJUQ2h9wRx2BpIhNvVmi66ir7qIoMd2GjXLxq" "Mozilla/5.0 (Windows NT 10.0; Win64; x64) AppleWebKit/537.36 (KHTML, like Gecko) Chrome/143.0.0.0 Safari/537.36"
202.185.146.7 - - [23/Dec/2025:23:13:19 +0800] "GET /images/payment.png HTTP/1.1" 200 5317 "https://bf1.my/?srsltid=AfmBOoq7O4RtYmao5XOcJUQ2h9wRx2BpIhNvVmi66ir7qIoMd2GjXLxq" "Mozilla/5.0 (Windows NT 10.0; Win64; x64) AppleWebKit/537.36 (KHTML, like Gecko) Chrome/143.0.0.0 Safari/537.36"
202.185.146.7 - - [23/Dec/2025:23:13:19 +0800] "GET /images/whatsapp.png HTTP/1.1" 200 4562 "https://bf1.my/?srsltid=AfmBOoq7O4RtYmao5XOcJUQ2h9wRx2BpIhNvVmi66ir7qIoMd2GjXLxq" "Mozilla/5.0 (Windows NT 10.0; Win64; x64) AppleWebKit/537.36 (KHTML, like Gecko) Chrome/143.0.0.0 Safari/537.36"
65.109.118.212 - - [23/Dec/2025:23:13:20 +0800] "GET /greece/robots.txt HTTP/1.1" 404 16419 "-" "Mozilla/5.0 (compatible; AwarioBot/1.0; +https://awario.com/bots.html)"
65.109.118.212 - - [23/Dec/2025:23:13:21 +0800] "GET /greece/ HTTP/1.1" 404 16419 "-" "Mozilla/5.0 (compatible; AwarioBot/1.0; +https://awario.com/bots.html)"
202.185.146.7 - - [23/Dec/2025:23:13:22 +0800] "GET /favicon.ico HTTP/1.1" 200 1150 "https://bf1.my/?srsltid=AfmBOoq7O4RtYmao5XOcJUQ2h9wRx2BpIhNvVmi66ir7qIoMd2GjXLxq" "Mozilla/5.0 (Windows NT 10.0; Win64; x64) AppleWebKit/537.36 (KHTML, like Gecko) Chrome/143.0.0.0 Safari/537.36"
202.185.146.7 - - [23/Dec/2025:23:13:31 +0800] "GET /?srsltid=AfmBOoq7O4RtYmao5XOcJUQ2h9wRx2BpIhNvVmi66ir7qIoMd2GjXLxq HTTP/1.1" 200 12818 "https://bf1.my/?srsltid=AfmBOoq7O4RtYmao5XOcJUQ2h9wRx2BpIhNvVmi66ir7qIoMd2GjXLxq" "Mozilla/5.0 (Windows NT 10.0; Win64; x64) AppleWebKit/537.36 (KHTML, like Gecko) Chrome/143.0.0.0 Safari/537.36"
65.109.118.212 - - [23/Dec/2025:23:13:35 +0800] "GET /hair-growth/robots.txt HTTP/1.1" 404 16419 "-" "Mozilla/5.0 (compatible; AwarioBot/1.0; +https://awario.com/bots.html)"
65.109.118.212 - - [23/Dec/2025:23:13:36 +0800] "GET /robots.txt HTTP/1.1" 200 365 "-" "Mozilla/5.0 (compatible; AwarioBot/1.0; +https://awario.com/bots.html)"
65.109.118.212 - - [23/Dec/2025:23:13:37 +0800] "GET /hair-growth/?cat=9 HTTP/1.1" 404 16419 "-" "Mozilla/5.0 (compatible; AwarioBot/1.0; +https://awario.com/bots.html)"
66.249.65.204 - - [23/Dec/2025:23:13:46 +0800] "GET /?79LfGd442db5cbb4c3cFsq1b.jo HTTP/1.1" 200 - "-" "Mozilla/5.0 (compatible; Googlebot/2.1; +http://www.google.com/bot.html)"
174.138.17.137 - - [23/Dec/2025:23:13:47 +0800] "GET /Products/black/black-images/BlackConditioner200.jpg HTTP/1.1" 404 16419 "https://egypt.bf-1.com/index.php?cPath=12&main_page=product_info&products_id=55&zenid=30h154nejeqan2njsolh7lg9d1" "Mozilla/5.0 (Windows NT 10.0; Win64; x64) AppleWebKit/537.36 (KHTML, like Gecko) Chrome/104.0.5112.81 Safari/537.36"
178.128.50.35 - - [23/Dec/2025:23:13:47 +0800] "GET /Products/black/black-images/BlackShampoo200.jpg HTTP/1.1" 404 16419 "https://egypt.bf-1.com/index.php?cPath=12&main_page=product_info&products_id=55&zenid=30h154nejeqan2njsolh7lg9d1" "Mozilla/5.0 (Windows NT 10.0; Win64; x64) AppleWebKit/537.36 (KHTML, like Gecko) Chrome/104.0.5112.81 Safari/537.36"
152.42.228.138 - - [23/Dec/2025:23:13:47 +0800] "GET /Products/black/black-images/BlackHair-Direction.jpg HTTP/1.1" 404 16419 "https://egypt.bf-1.com/index.php?cPath=12&main_page=product_info&products_id=55&zenid=30h154nejeqan2njsolh7lg9d1" "Mozilla/5.0 (Windows NT 10.0; Win64; x64) AppleWebKit/537.36 (KHTML, like Gecko) Chrome/104.0.5112.81 Safari/537.36"
68.183.230.152 - - [23/Dec/2025:23:13:47 +0800] "GET /Products/black/black-images/BlackSpray200.jpg HTTP/1.1" 404 16419 "https://egypt.bf-1.com/index.php?cPath=12&main_page=product_info&products_id=55&zenid=30h154nejeqan2njsolh7lg9d1" "Mozilla/5.0 (Windows NT 10.0; Win64; x64) AppleWebKit/537.36 (KHTML, like Gecko) Chrome/104.0.5112.81 Safari/537.36"
165.22.57.105 - - [23/Dec/2025:23:13:47 +0800] "GET /Products/black/black-images/BlackSerum200.jpg HTTP/1.1" 404 16419 "https://egypt.bf-1.com/index.php?cPath=12&main_page=product_info&products_id=55&zenid=30h154nejeqan2njsolh7lg9d1" "Mozilla/5.0 (Windows NT 10.0; Win64; x64) AppleWebKit/537.36 (KHTML, like Gecko) Chrome/104.0.5112.81 Safari/537.36"
152.42.178.111 - - [23/Dec/2025:23:13:47 +0800] "GET /Products/black/black-images/BlackUseChat.jpg HTTP/1.1" 404 16419 "https://egypt.bf-1.com/index.php?cPath=12&main_page=product_info&products_id=55&zenid=30h154nejeqan2njsolh7lg9d1" "Mozilla/5.0 (Windows NT 10.0; Win64; x64) AppleWebKit/537.36 (KHTML, like Gecko) Chrome/104.0.5112.81 Safari/537.36"
65.109.118.212 - - [23/Dec/2025:23:13:49 +0800] "GET /hair-growth/?p=102 HTTP/1.1" 404 16419 "-" "Mozilla/5.0 (compatible; AwarioBot/1.0; +https://awario.com/bots.html)"
192.241.151.174 - - [23/Dec/2025:23:13:51 +0800] "GET /flag/philippine.jpg HTTP/1.1" 404 16419 "https://philippine.bf-1.com/index.php?main_page=products_all&zenid=s2uofmg4s92oqkkhghvgseh0g5" "Mozilla/5.0 (Windows NT 10.0; Win64; x64) AppleWebKit/537.36 (KHTML, like Gecko) Chrome/117.0.0.0 Safari/537.36"
65.109.118.212 - - [23/Dec/2025:23:13:55 +0800] "GET /hair-growth/?p=110 HTTP/1.1" 404 16419 "-" "Mozilla/5.0 (compatible; AwarioBot/1.0; +https://awario.com/bots.html)"
92.45.54.60 - - [23/Dec/2025:23:13:55 +0800] "GET /Products/black/black-images/BlackUseChat.jpg HTTP/1.1" 404 16419 "https://egypt.bf-1.com/index.php?cPath=12&main_page=product_info&products_id=55&zenid=30h154nejeqan2njsolh7lg9d1" "Mozilla/5.0 (Windows NT 10.0; Win64; x64) AppleWebKit/537.36 (KHTML, like Gecko) Chrome/104.0.5112.81 Safari/537.36"
65.109.118.212 - - [23/Dec/2025:23:13:57 +0800] "GET /hair-growth/?p=819 HTTP/1.1" 404 16419 "-" "Mozilla/5.0 (compatible; AwarioBot/1.0; +https://awario.com/bots.html)"
202.185.146.7 - - [23/Dec/2025:23:13:58 +0800] "GET /?srsltid=AfmBOoq7O4RtYmao5XOcJUQ2h9wRx2BpIhNvVmi66ir7qIoMd2GjXLxq HTTP/1.1" 200 12818 "https://bf1.my/?srsltid=AfmBOoq7O4RtYmao5XOcJUQ2h9wRx2BpIhNvVmi66ir7qIoMd2GjXLxq" "Mozilla/5.0 (Windows NT 10.0; Win64; x64) AppleWebKit/537.36 (KHTML, like Gecko) Chrome/143.0.0.0 Safari/537.36"
52.167.144.156 - - [23/Dec/2025:23:13:58 +0800] "GET /india/generator/data/urllist.txt HTTP/1.1" 404 16419 "-" "Mozilla/5.0 AppleWebKit/537.36 (KHTML, like Gecko; compatible; bingbot/2.0; +http://www.bing.com/bingbot.htm) Chrome/116.0.1938.76 Safari/537.36"
65.109.118.212 - - [23/Dec/2025:23:14:00 +0800] "GET /hair-growth/?p=823 HTTP/1.1" 404 16419 "-" "Mozilla/5.0 (compatible; AwarioBot/1.0; +https://awario.com/bots.html)"
2.179.8.107 - - [23/Dec/2025:23:14:05 +0800] "GET /flag/philippine.jpg HTTP/1.1" 404 16419 "https://philippine.bf-1.com/index.php?main_page=products_all&zenid=s2uofmg4s92oqkkhghvgseh0g5" "Mozilla/5.0 (Windows NT 10.0; Win64; x64) AppleWebKit/537.36 (KHTML, like Gecko) Chrome/117.0.0.0 Safari/537.36"
65.109.118.212 - - [23/Dec/2025:23:14:06 +0800] "GET /hair-growth/?p=830 HTTP/1.1" 404 16419 "-" "Mozilla/5.0 (compatible; AwarioBot/1.0; +https://awario.com/bots.html)"
65.109.118.212 - - [23/Dec/2025:23:14:09 +0800] "GET /hk/robots.txt HTTP/1.1" 404 16419 "-" "Mozilla/5.0 (compatible; AwarioBot/1.0; +https://awario.com/bots.html)"
65.109.118.212 - - [23/Dec/2025:23:14:09 +0800] "GET /hk/ HTTP/1.1" 404 16419 "-" "Mozilla/5.0 (compatible; AwarioBot/1.0; +https://awario.com/bots.html)"
102.141.194.30 - - [23/Dec/2025:23:14:10 +0800] "GET /Products/black/black-images/BlackConditioner200.jpg HTTP/1.1" 404 16419 "https://egypt.bf-1.com/index.php?cPath=12&main_page=product_info&products_id=55&zenid=30h154nejeqan2njsolh7lg9d1" "Mozilla/5.0 (Windows NT 10.0; Win64; x64) AppleWebKit/537.36 (KHTML, like Gecko) Chrome/104.0.5112.81 Safari/537.36"
37.236.65.9 - - [23/Dec/2025:23:14:11 +0800] "GET /Products/black/black-images/BlackSpray200.jpg HTTP/1.1" 404 16419 "https://egypt.bf-1.com/index.php?cPath=12&main_page=product_info&products_id=55&zenid=30h154nejeqan2njsolh7lg9d1" "Mozilla/5.0 (Windows NT 10.0; Win64; x64) AppleWebKit/537.36 (KHTML, like Gecko) Chrome/104.0.5112.81 Safari/537.36"
65.109.118.212 - - [23/Dec/2025:23:14:13 +0800] "GET /india/robots.txt HTTP/1.1" 404 16419 "-" "Mozilla/5.0 (compatible; AwarioBot/1.0; +https://awario.com/bots.html)"
72.27.147.231 - - [23/Dec/2025:23:14:13 +0800] "GET /Products/black/black-images/BlackSerum200.jpg HTTP/1.1" 404 16419 "https://egypt.bf-1.com/index.php?cPath=12&main_page=product_info&products_id=55&zenid=30h154nejeqan2njsolh7lg9d1" "Mozilla/5.0 (Windows NT 10.0; Win64; x64) AppleWebKit/537.36 (KHTML, like Gecko) Chrome/104.0.5112.81 Safari/537.36"
65.109.118.212 - - [23/Dec/2025:23:14:13 +0800] "GET /india/ HTTP/1.1" 404 16419 "-" "Mozilla/5.0 (compatible; AwarioBot/1.0; +https://awario.com/bots.html)"
65.109.118.212 - - [23/Dec/2025:23:14:16 +0800] "GET /indonesia/robots.txt HTTP/1.1" 404 16419 "-" "Mozilla/5.0 (compatible; AwarioBot/1.0; +https://awario.com/bots.html)"
65.109.118.212 - - [23/Dec/2025:23:14:16 +0800] "GET /indonesia/ HTTP/1.1" 404 16419 "-" "Mozilla/5.0 (compatible; AwarioBot/1.0; +https://awario.com/bots.html)"
66.249.65.193 - - [23/Dec/2025:23:14:16 +0800] "GET /en/eo/black-pepper-essential-oil-10ml.html HTTP/1.1" 304 - "-" "Mozilla/5.0 (Linux; Android 6.0.1; Nexus 5X Build/MMB29P) AppleWebKit/537.36 (KHTML, like Gecko) Chrome/141.0.7390.122 Mobile Safari/537.36 (compatible; Googlebot/2.1; +http://www.google.com/bot.html)"
65.109.118.212 - - [23/Dec/2025:23:14:19 +0800] "GET /italy/robots.txt HTTP/1.1" 404 16419 "-" "Mozilla/5.0 (compatible; AwarioBot/1.0; +https://awario.com/bots.html)"
65.109.118.212 - - [23/Dec/2025:23:14:20 +0800] "GET /italy/ HTTP/1.1" 404 16419 "-" "Mozilla/5.0 (compatible; AwarioBot/1.0; +https://awario.com/bots.html)"
65.109.118.212 - - [23/Dec/2025:23:14:22 +0800] "GET /japan/robots.txt HTTP/1.1" 404 16419 "-" "Mozilla/5.0 (compatible; AwarioBot/1.0; +https://awario.com/bots.html)"
65.109.118.212 - - [23/Dec/2025:23:14:23 +0800] "GET /japan/ HTTP/1.1" 404 16419 "-" "Mozilla/5.0 (compatible; AwarioBot/1.0; +https://awario.com/bots.html)"
65.109.118.212 - - [23/Dec/2025:23:14:25 +0800] "GET /kedai/robots.txt HTTP/1.1" 404 16419 "-" "Mozilla/5.0 (compatible; AwarioBot/1.0; +https://awario.com/bots.html)"
65.109.118.212 - - [23/Dec/2025:23:14:26 +0800] "GET /kedai/ HTTP/1.1" 404 16419 "-" "Mozilla/5.0 (compatible; AwarioBot/1.0; +https://awario.com/bots.html)"
65.109.118.212 - - [23/Dec/2025:23:14:29 +0800] "GET /korea/robots.txt HTTP/1.1" 404 16419 "-" "Mozilla/5.0 (compatible; AwarioBot/1.0; +https://awario.com/bots.html)"
65.109.118.212 - - [23/Dec/2025:23:14:30 +0800] "GET /korea/ HTTP/1.1" 404 16419 "-" "Mozilla/5.0 (compatible; AwarioBot/1.0; +https://awario.com/bots.html)"
65.109.118.212 - - [23/Dec/2025:23:14:35 +0800] "GET /kuwait/robots.txt HTTP/1.1" 404 16419 "-" "Mozilla/5.0 (compatible; AwarioBot/1.0; +https://awario.com/bots.html)"
65.109.118.212 - - [23/Dec/2025:23:14:35 +0800] "GET /kuwait/ HTTP/1.1" 404 16419 "-" "Mozilla/5.0 (compatible; AwarioBot/1.0; +https://awario.com/bots.html)"
65.109.118.212 - - [23/Dec/2025:23:14:39 +0800] "GET /mexico/robots.txt HTTP/1.1" 404 16419 "-" "Mozilla/5.0 (compatible; AwarioBot/1.0; +https://awario.com/bots.html)"
65.109.118.212 - - [23/Dec/2025:23:14:40 +0800] "GET /mexico/ HTTP/1.1" 404 16419 "-" "Mozilla/5.0 (compatible; AwarioBot/1.0; +https://awario.com/bots.html)"
65.109.118.212 - - [23/Dec/2025:23:14:42 +0800] "GET /mongolia/robots.txt HTTP/1.1" 404 16419 "-" "Mozilla/5.0 (compatible; AwarioBot/1.0; +https://awario.com/bots.html)"
65.109.118.212 - - [23/Dec/2025:23:14:43 +0800] "GET /mongolia/ HTTP/1.1" 404 16419 "-" "Mozilla/5.0 (compatible; AwarioBot/1.0; +https://awario.com/bots.html)"
65.109.118.212 - - [23/Dec/2025:23:14:46 +0800] "GET /pakistan/robots.txt HTTP/1.1" 404 16419 "-" "Mozilla/5.0 (compatible; AwarioBot/1.0; +https://awario.com/bots.html)"
65.109.118.212 - - [23/Dec/2025:23:14:47 +0800] "GET /pakistan/ HTTP/1.1" 404 16419 "-" "Mozilla/5.0 (compatible; AwarioBot/1.0; +https://awario.com/bots.html)"
65.109.118.212 - - [23/Dec/2025:23:14:50 +0800] "GET /philippine/robots.txt HTTP/1.1" 404 16419 "-" "Mozilla/5.0 (compatible; AwarioBot/1.0; +https://awario.com/bots.html)"
65.109.118.212 - - [23/Dec/2025:23:14:51 +0800] "GET /philippine/ HTTP/1.1" 404 16419 "-" "Mozilla/5.0 (compatible; AwarioBot/1.0; +https://awario.com/bots.html)"
65.109.118.212 - - [23/Dec/2025:23:14:54 +0800] "GET /poland/robots.txt HTTP/1.1" 404 16419 "-" "Mozilla/5.0 (compatible; AwarioBot/1.0; +https://awario.com/bots.html)"
65.109.118.212 - - [23/Dec/2025:23:14:55 +0800] "GET /poland/ HTTP/1.1" 404 16419 "-" "Mozilla/5.0 (compatible; AwarioBot/1.0; +https://awario.com/bots.html)"
65.109.118.212 - - [23/Dec/2025:23:14:59 +0800] "GET /romania/robots.txt HTTP/1.1" 404 16419 "-" "Mozilla/5.0 (compatible; AwarioBot/1.0; +https://awario.com/bots.html)"
65.109.118.212 - - [23/Dec/2025:23:14:59 +0800] "GET /romania/ HTTP/1.1" 404 16419 "-" "Mozilla/5.0 (compatible; AwarioBot/1.0; +https://awario.com/bots.html)"
65.109.118.212 - - [23/Dec/2025:23:15:03 +0800] "GET /shop/robots.txt HTTP/1.1" 404 16419 "-" "Mozilla/5.0 (compatible; AwarioBot/1.0; +https://awario.com/bots.html)"
65.109.118.212 - - [23/Dec/2025:23:15:03 +0800] "GET /shop/ HTTP/1.1" 404 16419 "-" "Mozilla/5.0 (compatible; AwarioBot/1.0; +https://awario.com/bots.html)"
65.109.118.212 - - [23/Dec/2025:23:15:06 +0800] "GET /shop/index.php?main_page=page&id=58 HTTP/1.1" 404 16419 "-" "Mozilla/5.0 (compatible; AwarioBot/1.0; +https://awario.com/bots.html)"
65.109.118.212 - - [23/Dec/2025:23:15:08 +0800] "GET /shop/index.php?main_page=product_info&cPath=4&products_id=63 HTTP/1.1" 404 16419 "-" "Mozilla/5.0 (compatible; AwarioBot/1.0; +https://awario.com/bots.html)"
202.185.146.7 - - [23/Dec/2025:23:15:11 +0800] "GET /images/bf1-guarantee.jpg HTTP/1.1" 200 33895 "https://shop.bf-1.com/" "Mozilla/5.0 (Windows NT 10.0; Win64; x64) AppleWebKit/537.36 (KHTML, like Gecko) Chrome/143.0.0.0 Safari/537.36"
65.109.118.212 - - [23/Dec/2025:23:15:11 +0800] "GET /shop/index.php?main_page=product_info&cPath=5&products_id=24 HTTP/1.1" 404 16419 "-" "Mozilla/5.0 (compatible; AwarioBot/1.0; +https://awario.com/bots.html)"
65.109.118.212 - - [23/Dec/2025:23:15:13 +0800] "GET /singapore/robots.txt HTTP/1.1" 404 16419 "-" "Mozilla/5.0 (compatible; AwarioBot/1.0; +https://awario.com/bots.html)"
65.109.118.212 - - [23/Dec/2025:23:15:14 +0800] "GET /singapore/ HTTP/1.1" 404 16419 "-" "Mozilla/5.0 (compatible; AwarioBot/1.0; +https://awario.com/bots.html)"
65.109.118.212 - - [23/Dec/2025:23:15:17 +0800] "GET /spain/robots.txt HTTP/1.1" 404 16419 "-" "Mozilla/5.0 (compatible; AwarioBot/1.0; +https://awario.com/bots.html)"
65.109.118.212 - - [23/Dec/2025:23:15:17 +0800] "GET /spain/ HTTP/1.1" 404 16419 "-" "Mozilla/5.0 (compatible; AwarioBot/1.0; +https://awario.com/bots.html)"
65.109.118.212 - - [23/Dec/2025:23:15:20 +0800] "GET /srilanka/robots.txt HTTP/1.1" 404 16419 "-" "Mozilla/5.0 (compatible; AwarioBot/1.0; +https://awario.com/bots.html)"
65.109.118.212 - - [23/Dec/2025:23:15:21 +0800] "GET /srilanka/ HTTP/1.1" 404 16419 "-" "Mozilla/5.0 (compatible; AwarioBot/1.0; +https://awario.com/bots.html)"
65.109.118.212 - - [23/Dec/2025:23:15:24 +0800] "GET /sweden/robots.txt HTTP/1.1" 404 16419 "-" "Mozilla/5.0 (compatible; AwarioBot/1.0; +https://awario.com/bots.html)"
65.109.118.212 - - [23/Dec/2025:23:15:24 +0800] "GET /sweden/ HTTP/1.1" 404 16419 "-" "Mozilla/5.0 (compatible; AwarioBot/1.0; +https://awario.com/bots.html)"
65.109.118.212 - - [23/Dec/2025:23:15:27 +0800] "GET /switzerland/robots.txt HTTP/1.1" 404 16419 "-" "Mozilla/5.0 (compatible; AwarioBot/1.0; +https://awario.com/bots.html)"
65.109.118.212 - - [23/Dec/2025:23:15:28 +0800] "GET /switzerland/ HTTP/1.1" 404 16419 "-" "Mozilla/5.0 (compatible; AwarioBot/1.0; +https://awario.com/bots.html)"
65.109.118.212 - - [23/Dec/2025:23:15:30 +0800] "GET /taiwan/robots.txt HTTP/1.1" 404 16419 "-" "Mozilla/5.0 (compatible; AwarioBot/1.0; +https://awario.com/bots.html)"
65.109.118.212 - - [23/Dec/2025:23:15:31 +0800] "GET /taiwan/ HTTP/1.1" 404 16419 "-" "Mozilla/5.0 (compatible; AwarioBot/1.0; +https://awario.com/bots.html)"
65.109.118.212 - - [23/Dec/2025:23:15:34 +0800] "GET /thai/robots.txt HTTP/1.1" 404 16419 "-" "Mozilla/5.0 (compatible; AwarioBot/1.0; +https://awario.com/bots.html)"
65.109.118.212 - - [23/Dec/2025:23:15:35 +0800] "GET /thai/ HTTP/1.1" 404 16419 "-" "Mozilla/5.0 (compatible; AwarioBot/1.0; +https://awario.com/bots.html)"
82.115.11.11 - - [23/Dec/2025:23:15:35 +0800] "GET /Products/black/black-images/BlackHair-Direction.jpg HTTP/1.1" 404 16419 "https://srilanka.bf-1.com/index.php?cPath=12&main_page=product_info&products_id=56&zenid=ij56snmspimp4ng4lgs71p5ud2" "Mozilla/5.0 (Windows NT 10.0; Win64; x64) AppleWebKit/537.36 (KHTML, like Gecko) Chrome/117.0.0.0 Safari/537.36"
143.14.151.168 - - [23/Dec/2025:23:15:35 +0800] "GET /Products/black/black-images/BlackShampoo200.jpg HTTP/1.1" 404 16419 "https://srilanka.bf-1.com/index.php?cPath=12&main_page=product_info&products_id=56&zenid=ij56snmspimp4ng4lgs71p5ud2" "Mozilla/5.0 (Windows NT 10.0; Win64; x64) AppleWebKit/537.36 (KHTML, like Gecko) Chrome/117.0.0.0 Safari/537.36"
143.14.151.231 - - [23/Dec/2025:23:15:35 +0800] "GET /Products/black/black-images/BlackUseChat.jpg HTTP/1.1" 404 16419 "https://srilanka.bf-1.com/index.php?cPath=12&main_page=product_info&products_id=56&zenid=ij56snmspimp4ng4lgs71p5ud2" "Mozilla/5.0 (Windows NT 10.0; Win64; x64) AppleWebKit/537.36 (KHTML, like Gecko) Chrome/117.0.0.0 Safari/537.36"
143.14.151.160 - - [23/Dec/2025:23:15:35 +0800] "GET /Products/black/black-images/BlackConditioner200.jpg HTTP/1.1" 404 16419 "https://srilanka.bf-1.com/index.php?cPath=12&main_page=product_info&products_id=56&zenid=ij56snmspimp4ng4lgs71p5ud2" "Mozilla/5.0 (Windows NT 10.0; Win64; x64) AppleWebKit/537.36 (KHTML, like Gecko) Chrome/117.0.0.0 Safari/537.36"
143.14.151.165 - - [23/Dec/2025:23:15:35 +0800] "GET /Products/black/black-images/BlackSerum200.jpg HTTP/1.1" 404 16419 "https://srilanka.bf-1.com/index.php?cPath=12&main_page=product_info&products_id=56&zenid=ij56snmspimp4ng4lgs71p5ud2" "Mozilla/5.0 (Windows NT 10.0; Win64; x64) AppleWebKit/537.36 (KHTML, like Gecko) Chrome/117.0.0.0 Safari/537.36"
82.115.10.227 - - [23/Dec/2025:23:15:35 +0800] "GET /Products/black/black-images/BlackHair-Ingredients.jpg HTTP/1.1" 404 16419 "https://srilanka.bf-1.com/index.php?cPath=12&main_page=product_info&products_id=56&zenid=ij56snmspimp4ng4lgs71p5ud2" "Mozilla/5.0 (Windows NT 10.0; Win64; x64) AppleWebKit/537.36 (KHTML, like Gecko) Chrome/117.0.0.0 Safari/537.36"
155.117.163.32 - - [23/Dec/2025:23:15:36 +0800] "GET /Products/black/black-images/BlackSpray200.jpg HTTP/1.1" 404 16419 "https://srilanka.bf-1.com/index.php?cPath=12&main_page=product_info&products_id=56&zenid=ij56snmspimp4ng4lgs71p5ud2" "Mozilla/5.0 (Windows NT 10.0; Win64; x64) AppleWebKit/537.36 (KHTML, like Gecko) Chrome/117.0.0.0 Safari/537.36"
150.241.237.244 - - [23/Dec/2025:23:15:36 +0800] "GET /Products/black/black-images/BlackChat.jpg HTTP/1.1" 404 16419 "https://srilanka.bf-1.com/index.php?cPath=12&main_page=product_info&products_id=56&zenid=ij56snmspimp4ng4lgs71p5ud2" "Mozilla/5.0 (Windows NT 10.0; Win64; x64) AppleWebKit/537.36 (KHTML, like Gecko) Chrome/117.0.0.0 Safari/537.36"
65.109.118.212 - - [23/Dec/2025:23:15:37 +0800] "GET /thailand/robots.txt HTTP/1.1" 404 16419 "-" "Mozilla/5.0 (compatible; AwarioBot/1.0; +https://awario.com/bots.html)"
65.109.118.212 - - [23/Dec/2025:23:15:38 +0800] "GET /robots.txt HTTP/1.1" 200 365 "-" "Mozilla/5.0 (compatible; AwarioBot/1.0; +https://awario.com/bots.html)"
65.109.118.212 - - [23/Dec/2025:23:15:38 +0800] "GET /thailand/ HTTP/1.1" 404 16419 "-" "Mozilla/5.0 (compatible; AwarioBot/1.0; +https://awario.com/bots.html)"
62.201.254.245 - - [23/Dec/2025:23:15:40 +0800] "GET /Products/black/black-images/BlackConditioner200.jpg HTTP/1.1" 404 16419 "https://srilanka.bf-1.com/index.php?cPath=12&main_page=product_info&products_id=56&zenid=ij56snmspimp4ng4lgs71p5ud2" "Mozilla/5.0 (Windows NT 10.0; Win64; x64) AppleWebKit/537.36 (KHTML, like Gecko) Chrome/117.0.0.0 Safari/537.36"
5.246.217.199 - - [23/Dec/2025:23:15:41 +0800] "GET /Products/black/black-images/BlackChat.jpg HTTP/1.1" 404 16419 "https://srilanka.bf-1.com/index.php?cPath=12&main_page=product_info&products_id=56&zenid=ij56snmspimp4ng4lgs71p5ud2" "Mozilla/5.0 (Windows NT 10.0; Win64; x64) AppleWebKit/537.36 (KHTML, like Gecko) Chrome/117.0.0.0 Safari/537.36"
65.109.118.212 - - [23/Dec/2025:23:15:42 +0800] "GET /travel/robots.txt HTTP/1.1" 404 16419 "-" "Mozilla/5.0 (compatible; AwarioBot/1.0; +https://awario.com/bots.html)"
65.109.118.212 - - [23/Dec/2025:23:15:42 +0800] "GET /travel/?p=673 HTTP/1.1" 404 16419 "-" "Mozilla/5.0 (compatible; AwarioBot/1.0; +https://awario.com/bots.html)"
154.255.32.15 - - [23/Dec/2025:23:15:44 +0800] "GET /Products/black/black-images/BlackHair-Direction.jpg HTTP/1.1" 404 16419 "https://srilanka.bf-1.com/index.php?cPath=12&main_page=product_info&products_id=56&zenid=ij56snmspimp4ng4lgs71p5ud2" "Mozilla/5.0 (Windows NT 10.0; Win64; x64) AppleWebKit/537.36 (KHTML, like Gecko) Chrome/117.0.0.0 Safari/537.36"
157.173.109.46 - - [23/Dec/2025:23:15:45 +0800] "GET /yule/wp-content/uploads/2009/11/081025243ta_3_conew1.jpg HTTP/1.1" 404 16419 "-" "Mozilla/5.0 (Macintosh; Intel Mac OS X 10_15_7) AppleWebKit/537.36 (KHTML, like Gecko) Chrome/120.0.0.0 Safari/537.36"
65.109.118.212 - - [23/Dec/2025:23:15:46 +0800] "GET /turkey/robots.txt HTTP/1.1" 404 16419 "-" "Mozilla/5.0 (compatible; AwarioBot/1.0; +https://awario.com/bots.html)"
162.243.169.133 - - [23/Dec/2025:23:15:47 +0800] "GET /Products/black/black-images/BlackConditioner200.jpg HTTP/1.1" 404 16419 "https://sweden.bf-1.com/index.php?cPath=12&main_page=product_info&products_id=54&zenid=mo58p3og3heopr2tod06ku2jh6" "Mozilla/5.0 (Windows NT 10.0; Win64; x64) AppleWebKit/537.36 (KHTML, like Gecko) Chrome/112.0.0.0 Safari/537.36"
65.109.118.212 - - [23/Dec/2025:23:15:47 +0800] "GET /turkey/ HTTP/1.1" 404 16419 "-" "Mozilla/5.0 (compatible; AwarioBot/1.0; +https://awario.com/bots.html)"
143.198.190.30 - - [23/Dec/2025:23:15:47 +0800] "GET /Products/black/black-images/BlackHair-Direction.jpg HTTP/1.1" 404 16419 "https://sweden.bf-1.com/index.php?cPath=12&main_page=product_info&products_id=54&zenid=mo58p3og3heopr2tod06ku2jh6" "Mozilla/5.0 (Windows NT 10.0; Win64; x64) AppleWebKit/537.36 (KHTML, like Gecko) Chrome/112.0.0.0 Safari/537.36"
143.198.190.30 - - [23/Dec/2025:23:15:47 +0800] "GET /Products/black/black-images/BlackShampoo200.jpg HTTP/1.1" 404 16419 "https://sweden.bf-1.com/index.php?cPath=12&main_page=product_info&products_id=54&zenid=mo58p3og3heopr2tod06ku2jh6" "Mozilla/5.0 (Windows NT 10.0; Win64; x64) AppleWebKit/537.36 (KHTML, like Gecko) Chrome/112.0.0.0 Safari/537.36"
159.203.177.117 - - [23/Dec/2025:23:15:47 +0800] "GET /Products/black/black-images/BlackUseChat.jpg HTTP/1.1" 404 16419 "https://sweden.bf-1.com/index.php?cPath=12&main_page=product_info&products_id=54&zenid=mo58p3og3heopr2tod06ku2jh6" "Mozilla/5.0 (Windows NT 10.0; Win64; x64) AppleWebKit/537.36 (KHTML, like Gecko) Chrome/112.0.0.0 Safari/537.36"
157.245.128.144 - - [23/Dec/2025:23:15:47 +0800] "GET /Products/black/black-images/BlackSpray200.jpg HTTP/1.1" 404 16419 "https://sweden.bf-1.com/index.php?cPath=12&main_page=product_info&products_id=54&zenid=mo58p3og3heopr2tod06ku2jh6" "Mozilla/5.0 (Windows NT 10.0; Win64; x64) AppleWebKit/537.36 (KHTML, like Gecko) Chrome/112.0.0.0 Safari/537.36"
157.230.55.89 - - [23/Dec/2025:23:15:48 +0800] "GET /Products/black/black-images/BlackSerum200.jpg HTTP/1.1" 404 16419 "https://sweden.bf-1.com/index.php?cPath=12&main_page=product_info&products_id=54&zenid=mo58p3og3heopr2tod06ku2jh6" "Mozilla/5.0 (Windows NT 10.0; Win64; x64) AppleWebKit/537.36 (KHTML, like Gecko) Chrome/112.0.0.0 Safari/537.36"
168.196.85.63 - - [23/Dec/2025:23:15:48 +0800] "GET /Products/black/black-images/BlackHair-Ingredients.jpg HTTP/1.1" 404 16419 "https://srilanka.bf-1.com/index.php?cPath=12&main_page=product_info&products_id=56&zenid=ij56snmspimp4ng4lgs71p5ud2" "Mozilla/5.0 (Windows NT 10.0; Win64; x64) AppleWebKit/537.36 (KHTML, like Gecko) Chrome/117.0.0.0 Safari/537.36"
67.207.83.101 - - [23/Dec/2025:23:15:51 +0800] "GET /Products/hair-growth/hairgrowth-images/200hairgrowth/200hgmask180g.jpg HTTP/1.1" 404 16419 "https://turkey.bf-1.com/index.php?main_page=product_info&products_id=12&zenid=n2ugkbj8oc0o7qi122g4hpuct0" "Mozilla/5.0 (Windows NT 10.0; Win64; x64) AppleWebKit/537.36 (KHTML, like Gecko) Chrome/110.0.0.0 Safari/537.36"
68.183.122.37 - - [23/Dec/2025:23:15:51 +0800] "GET /Products/hair-growth/hairgrowth-images/200hairgrowth/200GBAoriginal.jpg HTTP/1.1" 404 16419 "https://turkey.bf-1.com/index.php?main_page=product_info&products_id=12&zenid=n2ugkbj8oc0o7qi122g4hpuct0" "Mozilla/5.0 (Windows NT 10.0; Win64; x64) AppleWebKit/537.36 (KHTML, like Gecko) Chrome/110.0.0.0 Safari/537.36"
68.183.122.37 - - [23/Dec/2025:23:15:51 +0800] "GET /Products/hair-growth/hairgrowth-images/200hairgrowth/200hgcond250ml.jpg HTTP/1.1" 404 16419 "https://turkey.bf-1.com/index.php?main_page=product_info&products_id=12&zenid=n2ugkbj8oc0o7qi122g4hpuct0" "Mozilla/5.0 (Windows NT 10.0; Win64; x64) AppleWebKit/537.36 (KHTML, like Gecko) Chrome/110.0.0.0 Safari/537.36"
143.198.190.255 - - [23/Dec/2025:23:15:51 +0800] "GET /Products/hair-growth/hairgrowth-images/200hairgrowth/200solution.jpg HTTP/1.1" 404 16419 "https://turkey.bf-1.com/index.php?main_page=product_info&products_id=12&zenid=n2ugkbj8oc0o7qi122g4hpuct0" "Mozilla/5.0 (Windows NT 10.0; Win64; x64) AppleWebKit/537.36 (KHTML, like Gecko) Chrome/110.0.0.0 Safari/537.36"
134.209.65.15 - - [23/Dec/2025:23:15:51 +0800] "GET /Products/hair-growth/hairgrowth-images/200hairgrowth/200Reishi125ml.jpg HTTP/1.1" 404 16419 "https://turkey.bf-1.com/index.php?main_page=product_info&products_id=12&zenid=n2ugkbj8oc0o7qi122g4hpuct0" "Mozilla/5.0 (Windows NT 10.0; Win64; x64) AppleWebKit/537.36 (KHTML, like Gecko) Chrome/110.0.0.0 Safari/537.36"
68.183.122.37 - - [23/Dec/2025:23:15:51 +0800] "GET /Products/hair-growth/hairgrowth-images/hg-jpg/mask/HGMask-ingredients.jpg HTTP/1.1" 404 16419 "https://turkey.bf-1.com/index.php?main_page=product_info&products_id=12&zenid=n2ugkbj8oc0o7qi122g4hpuct0" "Mozilla/5.0 (Windows NT 10.0; Win64; x64) AppleWebKit/537.36 (KHTML, like Gecko) Chrome/110.0.0.0 Safari/537.36"
161.35.49.128 - - [23/Dec/2025:23:15:52 +0800] "GET /Products/hair-growth/hairgrowth-images/200hairgrowth/200GBAspray125ml.jpg HTTP/1.1" 404 16419 "https://turkey.bf-1.com/index.php?main_page=product_info&products_id=12&zenid=n2ugkbj8oc0o7qi122g4hpuct0" "Mozilla/5.0 (Windows NT 10.0; Win64; x64) AppleWebKit/537.36 (KHTML, like Gecko) Chrome/110.0.0.0 Safari/537.36"
67.205.156.42 - - [23/Dec/2025:23:15:52 +0800] "GET /ad-image/mobile_girls.jpg HTTP/1.1" 404 16419 "https://turkey.bf-1.com/index.php?main_page=product_info&products_id=12&zenid=n2ugkbj8oc0o7qi122g4hpuct0" "Mozilla/5.0 (Windows NT 10.0; Win64; x64) AppleWebKit/537.36 (KHTML, like Gecko) Chrome/110.0.0.0 Safari/537.36"
67.205.160.28 - - [23/Dec/2025:23:15:52 +0800] "GET /Products/hair-growth/hairgrowth-images/200hairgrowth/200hgshampoo250ml.jpg HTTP/1.1" 404 16419 "https://turkey.bf-1.com/index.php?main_page=product_info&products_id=12&zenid=n2ugkbj8oc0o7qi122g4hpuct0" "Mozilla/5.0 (Windows NT 10.0; Win64; x64) AppleWebKit/537.36 (KHTML, like Gecko) Chrome/110.0.0.0 Safari/537.36"
68.183.139.123 - - [23/Dec/2025:23:15:52 +0800] "GET /Products/hair-growth/hairgrowth-images/200hairgrowth/200GBA8ml.jpg HTTP/1.1" 404 16419 "https://turkey.bf-1.com/index.php?main_page=product_info&products_id=12&zenid=n2ugkbj8oc0o7qi122g4hpuct0" "Mozilla/5.0 (Windows NT 10.0; Win64; x64) AppleWebKit/537.36 (KHTML, like Gecko) Chrome/110.0.0.0 Safari/537.36"
65.109.118.212 - - [23/Dec/2025:23:15:52 +0800] "GET /uk/robots.txt HTTP/1.1" 404 16419 "-" "Mozilla/5.0 (compatible; AwarioBot/1.0; +https://awario.com/bots.html)"
65.109.118.212 - - [23/Dec/2025:23:15:53 +0800] "GET /uk/ HTTP/1.1" 404 16419 "-" "Mozilla/5.0 (compatible; AwarioBot/1.0; +https://awario.com/bots.html)"
192.241.151.156 - - [23/Dec/2025:23:15:54 +0800] "GET /Products/hair-growth/hairgrowth-images/200hairgrowth/200hgtonic125ml.jpg HTTP/1.1" 404 16419 "https://turkey.bf-1.com/index.php?main_page=product_info&products_id=12&zenid=n2ugkbj8oc0o7qi122g4hpuct0" "Mozilla/5.0 (Windows NT 10.0; Win64; x64) AppleWebKit/537.36 (KHTML, like Gecko) Chrome/110.0.0.0 Safari/537.36"
162.243.161.177 - - [23/Dec/2025:23:15:54 +0800] "GET /Products/hair-growth/hairgrowth-images/hg-jpg/Test1.jpg HTTP/1.1" 404 16419 "https://turkey.bf-1.com/index.php?main_page=product_info&products_id=12&zenid=n2ugkbj8oc0o7qi122g4hpuct0" "Mozilla/5.0 (Windows NT 10.0; Win64; x64) AppleWebKit/537.36 (KHTML, like Gecko) Chrome/110.0.0.0 Safari/537.36"
169.224.19.200 - - [23/Dec/2025:23:15:55 +0800] "GET /Products/black/black-images/BlackUseChat.jpg HTTP/1.1" 404 16419 "https://sweden.bf-1.com/index.php?cPath=12&main_page=product_info&products_id=54&zenid=mo58p3og3heopr2tod06ku2jh6" "Mozilla/5.0 (Windows NT 10.0; Win64; x64) AppleWebKit/537.36 (KHTML, like Gecko) Chrome/112.0.0.0 Safari/537.36"
66.118.146.222 - - [23/Dec/2025:23:15:56 +0800] "GET /Products/black/black-images/BlackConditioner200.jpg HTTP/1.1" 404 16419 "https://sweden.bf-1.com/index.php?cPath=12&main_page=product_info&products_id=54&zenid=mo58p3og3heopr2tod06ku2jh6" "Mozilla/5.0 (Windows NT 10.0; Win64; x64) AppleWebKit/537.36 (KHTML, like Gecko) Chrome/112.0.0.0 Safari/537.36"
142.93.53.195 - - [23/Dec/2025:23:15:57 +0800] "GET /Products/hair-growth/hairgrowth-images/200hairgrowth/200hgspray125.jpg HTTP/1.1" 404 16419 "https://turkey.bf-1.com/index.php?main_page=product_info&products_id=12&zenid=n2ugkbj8oc0o7qi122g4hpuct0" "Mozilla/5.0 (Windows NT 10.0; Win64; x64) AppleWebKit/537.36 (KHTML, like Gecko) Chrome/110.0.0.0 Safari/537.36"
5.187.10.8 - - [23/Dec/2025:23:15:58 +0800] "GET /Products/black/black-images/BlackHair-Direction.jpg HTTP/1.1" 404 16419 "https://sweden.bf-1.com/index.php?cPath=12&main_page=product_info&products_id=54&zenid=mo58p3og3heopr2tod06ku2jh6" "Mozilla/5.0 (Windows NT 10.0; Win64; x64) AppleWebKit/537.36 (KHTML, like Gecko) Chrome/112.0.0.0 Safari/537.36"
65.109.118.212 - - [23/Dec/2025:23:15:58 +0800] "GET /us/robots.txt HTTP/1.1" 404 16419 "-" "Mozilla/5.0 (compatible; AwarioBot/1.0; +https://awario.com/bots.html)"
65.109.118.212 - - [23/Dec/2025:23:15:58 +0800] "GET /us/ HTTP/1.1" 404 16419 "-" "Mozilla/5.0 (compatible; AwarioBot/1.0; +https://awario.com/bots.html)"
147.182.128.17 - - [23/Dec/2025:23:16:01 +0800] "GET /flag/switzerland.jpg HTTP/1.1" 404 16419 "https://switzerland.bf-1.com/index.php?cPath=30&main_page=index&zenid=h157pnv0d983g40ghvahsn9fl4" "Mozilla/5.0 (Windows NT 10.0; Win64; x64) AppleWebKit/537.36 (KHTML, like Gecko) Chrome/105.0.0.0 Safari/537.3"
76.25.35.16 - - [23/Dec/2025:23:16:01 +0800] "GET /healthy/wp-content/uploads/2009/12/4e.jpg HTTP/1.1" 404 16419 "-" "Mozilla/5.0 (compatible; crawler)"
152.42.225.243 - - [23/Dec/2025:23:16:01 +0800] "GET /flag/switzerland.jpg HTTP/1.1" 404 16419 "https://switzerland.bf-1.com/index.php?id=8&main_page=page&zenid=dlr82u6g3cqahga394de0bglq5" "Mozilla/5.0 (Windows NT 10.0; Win64; x64) AppleWebKit/537.36 (KHTML, like Gecko) Chrome/109.0.0.0 Safari/537.36"
165.22.187.243 - - [23/Dec/2025:23:16:01 +0800] "GET /flag/switzerland.jpg HTTP/1.1" 404 16419 "https://switzerland.bf-1.com/index.php?main_page=products_new&zenid=ectrgp588k8udbio0vpdd6n9n7" "Mozilla/5.0 (Windows NT 10.0; Win64; x64) AppleWebKit/537.36 (KHTML, like Gecko) Chrome/104.0.5112.81 Safari/537.36"
167.172.78.242 - - [23/Dec/2025:23:16:01 +0800] "GET /wp-content/uploads/2012/10/delivery.jpg HTTP/1.1" 404 16419 "https://switzerland.bf-1.com/index.php?id=8&main_page=page&zenid=dlr82u6g3cqahga394de0bglq5" "Mozilla/5.0 (Windows NT 10.0; Win64; x64) AppleWebKit/537.36 (KHTML, like Gecko) Chrome/109.0.0.0 Safari/537.36"
65.109.118.212 - - [23/Dec/2025:23:16:01 +0800] "GET /vietnam/robots.txt HTTP/1.1" 404 16419 "-" "Mozilla/5.0 (compatible; AwarioBot/1.0; +https://awario.com/bots.html)"
37.77.55.26 - - [23/Dec/2025:23:16:02 +0800] "GET /Products/hair-growth/hairgrowth-images/200hairgrowth/200hgshampoo250ml.jpg HTTP/1.1" 404 16419 "https://turkey.bf-1.com/index.php?main_page=product_info&products_id=12&zenid=n2ugkbj8oc0o7qi122g4hpuct0" "Mozilla/5.0 (Windows NT 10.0; Win64; x64) AppleWebKit/537.36 (KHTML, like Gecko) Chrome/110.0.0.0 Safari/537.36"
65.109.118.212 - - [23/Dec/2025:23:16:02 +0800] "GET /vietnam/ HTTP/1.1" 404 16419 "-" "Mozilla/5.0 (compatible; AwarioBot/1.0; +https://awario.com/bots.html)"
52.167.144.185 - - [23/Dec/2025:23:16:04 +0800] "GET /women/wp-content/uploads/2010/04/ana_carolina_da_fonseca.jpg HTTP/1.1" 404 16419 "-" "Mozilla/5.0 AppleWebKit/537.36 (KHTML, like Gecko; compatible; bingbot/2.0; +http://www.bing.com/bingbot.htm) Chrome/116.0.1938.76 Safari/537.36"
65.109.118.212 - - [23/Dec/2025:23:16:05 +0800] "GET /world/robots.txt HTTP/1.1" 404 16419 "-" "Mozilla/5.0 (compatible; AwarioBot/1.0; +https://awario.com/bots.html)"
169.224.4.140 - - [23/Dec/2025:23:16:05 +0800] "GET /Products/hair-growth/hairgrowth-images/hg-jpg/mask/HGMask-ingredients.jpg HTTP/1.1" 404 16419 "https://turkey.bf-1.com/index.php?main_page=product_info&products_id=12&zenid=n2ugkbj8oc0o7qi122g4hpuct0" "Mozilla/5.0 (Windows NT 10.0; Win64; x64) AppleWebKit/537.36 (KHTML, like Gecko) Chrome/110.0.0.0 Safari/537.36"
154.111.251.172 - - [23/Dec/2025:23:16:05 +0800] "GET /Products/hair-growth/hairgrowth-images/200hairgrowth/200hgtonic125ml.jpg HTTP/1.1" 404 16419 "https://turkey.bf-1.com/index.php?main_page=product_info&products_id=12&zenid=n2ugkbj8oc0o7qi122g4hpuct0" "Mozilla/5.0 (Windows NT 10.0; Win64; x64) AppleWebKit/537.36 (KHTML, like Gecko) Chrome/110.0.0.0 Safari/537.36"
65.109.118.212 - - [23/Dec/2025:23:16:05 +0800] "GET /world/ HTTP/1.1" 404 16419 "-" "Mozilla/5.0 (compatible; AwarioBot/1.0; +https://awario.com/bots.html)"
65.109.118.212 - - [23/Dec/2025:23:16:08 +0800] "GET /world/index.php?main_page=product_info&cPath=12&products_id=53 HTTP/1.1" 404 16419 "-" "Mozilla/5.0 (compatible; AwarioBot/1.0; +https://awario.com/bots.html)"
65.109.118.212 - - [23/Dec/2025:23:16:10 +0800] "GET /world/index.php?main_page=product_info&cPath=12&products_id=54 HTTP/1.1" 404 16419 "-" "Mozilla/5.0 (compatible; AwarioBot/1.0; +https://awario.com/bots.html)"
37.236.96.19 - - [23/Dec/2025:23:16:11 +0800] "GET /Products/hair-growth/hairgrowth-images/200hairgrowth/200GBAspray125ml.jpg HTTP/1.1" 404 16419 "https://turkey.bf-1.com/index.php?main_page=product_info&products_id=12&zenid=n2ugkbj8oc0o7qi122g4hpuct0" "Mozilla/5.0 (Windows NT 10.0; Win64; x64) AppleWebKit/537.36 (KHTML, like Gecko) Chrome/110.0.0.0 Safari/537.36"
65.109.118.212 - - [23/Dec/2025:23:16:12 +0800] "GET /world/index.php?main_page=product_info&cPath=12&products_id=55 HTTP/1.1" 404 16419 "-" "Mozilla/5.0 (compatible; AwarioBot/1.0; +https://awario.com/bots.html)"
122.52.86.196 - - [23/Dec/2025:23:16:14 +0800] "GET /Products/hair-growth/hairgrowth-images/200hairgrowth/200solution.jpg HTTP/1.1" 404 16419 "https://turkey.bf-1.com/index.php?main_page=product_info&products_id=12&zenid=n2ugkbj8oc0o7qi122g4hpuct0" "Mozilla/5.0 (Windows NT 10.0; Win64; x64) AppleWebKit/537.36 (KHTML, like Gecko) Chrome/110.0.0.0 Safari/537.36"
65.109.118.212 - - [23/Dec/2025:23:16:15 +0800] "GET /world/index.php?main_page=product_info&cPath=12&products_id=56 HTTP/1.1" 404 16419 "-" "Mozilla/5.0 (compatible; AwarioBot/1.0; +https://awario.com/bots.html)"
77.46.133.10 - - [23/Dec/2025:23:16:15 +0800] "GET /Products/hair-growth/hairgrowth-images/hg-jpg/Test1.jpg HTTP/1.1" 404 16419 "https://turkey.bf-1.com/index.php?main_page=product_info&products_id=12&zenid=n2ugkbj8oc0o7qi122g4hpuct0" "Mozilla/5.0 (Windows NT 10.0; Win64; x64) AppleWebKit/537.36 (KHTML, like Gecko) Chrome/110.0.0.0 Safari/537.36"
65.109.118.212 - - [23/Dec/2025:23:16:17 +0800] "GET /yemen/robots.txt HTTP/1.1" 404 16419 "-" "Mozilla/5.0 (compatible; AwarioBot/1.0; +https://awario.com/bots.html)"
65.109.118.212 - - [23/Dec/2025:23:16:18 +0800] "GET /yemen/ HTTP/1.1" 404 16419 "-" "Mozilla/5.0 (compatible; AwarioBot/1.0; +https://awario.com/bots.html)"
168.90.23.46 - - [23/Dec/2025:23:16:20 +0800] "GET /man/tag/polish-ancestry HTTP/1.1" 404 16419 "-" "Mozilla/5.0 (Windows NT 6.1; Win64; x64) AppleWebKit/537.36 (KHTML, like Gecko) Chrome/66.0.3359.117 Safari/537.36"
102.0.22.208 - - [23/Dec/2025:23:16:22 +0800] "GET /wp-content/uploads/2012/10/delivery.jpg HTTP/1.1" 404 16419 "https://switzerland.bf-1.com/index.php?id=8&main_page=page&zenid=dlr82u6g3cqahga394de0bglq5" "Mozilla/5.0 (Windows NT 10.0; Win64; x64) AppleWebKit/537.36 (KHTML, like Gecko) Chrome/109.0.0.0 Safari/537.36"
4.197.145.169 - - [23/Dec/2025:23:16:24 +0800] "GET /wp-content/plugins/hellopress/wp_filemanager.php HTTP/1.1" 404 16419 "-" "-"
4.197.145.169 - - [23/Dec/2025:23:16:25 +0800] "GET /nc4.php HTTP/1.1" 404 16 "-" "-"
4.197.145.169 - - [23/Dec/2025:23:16:25 +0800] "GET /d4.php HTTP/1.1" 404 16 "-" "-"
4.197.145.169 - - [23/Dec/2025:23:16:25 +0800] "GET /ad.php HTTP/1.1" 404 16 "-" "-"
4.197.145.169 - - [23/Dec/2025:23:16:26 +0800] "GET /dlex.php HTTP/1.1" 404 16 "-" "-"
4.217.183.253 - - [23/Dec/2025:23:16:26 +0800] "GET /uk/wp-content/plugins/hellopress/wp_filemanager.php HTTP/1.1" 404 16419 "-" "-"
4.197.145.169 - - [23/Dec/2025:23:16:26 +0800] "GET /classwithtostring.php HTTP/1.1" 404 16 "-" "-"
4.217.183.253 - - [23/Dec/2025:23:16:27 +0800] "GET /uk/class-t.api.php HTTP/1.1" 404 16419 "-" "-"
4.217.183.253 - - [23/Dec/2025:23:16:27 +0800] "GET /uk/zwso.php HTTP/1.1" 404 16419 "-" "-"
4.197.145.169 - - [23/Dec/2025:23:16:27 +0800] "GET /pass.php HTTP/1.1" 404 16 "-" "-"
4.217.183.253 - - [23/Dec/2025:23:16:27 +0800] "GET /uk/wp-admin/css/colors/blue/index.php HTTP/1.1" 404 16419 "-" "-"
4.197.145.169 - - [23/Dec/2025:23:16:27 +0800] "GET /good.php HTTP/1.1" 404 16 "-" "-"
4.217.183.253 - - [23/Dec/2025:23:16:28 +0800] "GET /uk/class19.php HTTP/1.1" 404 16419 "-" "-"
4.197.145.169 - - [23/Dec/2025:23:16:28 +0800] "GET /ext.php HTTP/1.1" 404 16 "-" "-"
4.217.183.253 - - [23/Dec/2025:23:16:28 +0800] "GET /uk/class20.php HTTP/1.1" 404 16419 "-" "-"
4.197.145.169 - - [23/Dec/2025:23:16:28 +0800] "GET /class20.php HTTP/1.1" 404 16 "-" "-"
4.217.183.253 - - [23/Dec/2025:23:16:29 +0800] "GET /uk/admin.php?p= HTTP/1.1" 404 16419 "-" "-"
4.197.145.169 - - [23/Dec/2025:23:16:29 +0800] "GET /css/index.php HTTP/1.1" 404 16419 "-" "-"
4.217.183.253 - - [23/Dec/2025:23:16:29 +0800] "GET /uk/randkeyword.php HTTP/1.1" 404 16419 "-" "-"
4.197.145.169 - - [23/Dec/2025:23:16:29 +0800] "GET /aa.php HTTP/1.1" 404 16 "-" "-"
4.217.183.253 - - [23/Dec/2025:23:16:29 +0800] "GET /uk/fwe.php HTTP/1.1" 404 16419 "-" "-"
4.197.145.169 - - [23/Dec/2025:23:16:29 +0800] "GET /npi.php HTTP/1.1" 404 16 "-" "-"
4.217.183.253 - - [23/Dec/2025:23:16:30 +0800] "GET /uk/403.shtml HTTP/1.1" 404 16419 "-" "-"
4.197.145.169 - - [23/Dec/2025:23:16:30 +0800] "GET /ahax.php HTTP/1.1" 404 16 "-" "-"
4.217.183.253 - - [23/Dec/2025:23:16:30 +0800] "GET /uk/g.php HTTP/1.1" 404 16419 "-" "-"
4.197.145.169 - - [23/Dec/2025:23:16:30 +0800] "GET /pop.php HTTP/1.1" 404 16 "-" "-"
4.197.145.169 - - [23/Dec/2025:23:16:31 +0800] "GET /file17.php HTTP/1.1" 404 16 "-" "-"
4.217.183.253 - - [23/Dec/2025:23:16:31 +0800] "GET /uk/tx1.php HTTP/1.1" 404 16419 "-" "-"
4.197.145.169 - - [23/Dec/2025:23:16:31 +0800] "GET /wp-includes/fonts/themes.php HTTP/1.1" 404 16419 "-" "-"
4.217.183.253 - - [23/Dec/2025:23:16:31 +0800] "GET /uk/xv.php HTTP/1.1" 404 16419 "-" "-"
4.197.145.169 - - [23/Dec/2025:23:16:32 +0800] "GET /about.php HTTP/1.1" 404 16 "-" "-"
4.217.183.253 - - [23/Dec/2025:23:16:32 +0800] "GET /uk/x56.php HTTP/1.1" 404 16419 "-" "-"
216.73.216.21 - - [23/Dec/2025:23:16:32 +0800] "GET /?laz_event_id=776_1666064631017_34261 HTTP/1.1" 200 12818 "-" "Mozilla/5.0 AppleWebKit/537.36 (KHTML, like Gecko; compatible; ClaudeBot/1.0; +claudebot@anthropic.com)"
4.217.183.253 - - [23/Dec/2025:23:16:33 +0800] "GET /uk/htaccess.php HTTP/1.1" 404 16419 "-" "-"
4.197.145.169 - - [23/Dec/2025:23:16:33 +0800] "GET /litanies.php HTTP/1.1" 404 16 "-" "-"
4.197.145.169 - - [23/Dec/2025:23:16:33 +0800] "GET /g.php HTTP/1.1" 404 16 "-" "-"
4.217.183.253 - - [23/Dec/2025:23:16:33 +0800] "GET /uk/readme.php HTTP/1.1" 404 16419 "-" "-"
4.197.145.169 - - [23/Dec/2025:23:16:33 +0800] "GET /readme.php HTTP/1.1" 404 16 "-" "-"
4.217.183.253 - - [23/Dec/2025:23:16:34 +0800] "GET /uk/x50.php HTTP/1.1" 404 16419 "-" "-"
4.197.145.169 - - [23/Dec/2025:23:16:34 +0800] "GET /kwm4.php HTTP/1.1" 404 16 "-" "-"
4.197.145.169 - - [23/Dec/2025:23:16:34 +0800] "GET /just2.php HTTP/1.1" 404 16 "-" "-"
4.217.183.253 - - [23/Dec/2025:23:16:34 +0800] "GET /uk/fv.php HTTP/1.1" 404 16419 "-" "-"
4.217.183.253 - - [23/Dec/2025:23:16:35 +0800] "GET /uk/file.php? HTTP/1.1" 404 16419 "-" "-"
146.190.74.75 - - [23/Dec/2025:23:16:35 +0800] "GET /photo/public.jpg HTTP/1.1" 404 16419 "https://philippine.bf-1.com/index.php?id=2&main_page=page&zenid=t02oieghu350mhi5bpb5o380b3" "Mozilla/5.0 (Windows NT 10.0; Win64; x64) AppleWebKit/537.36 (KHTML, like Gecko) Chrome/124.0.0.0 Safari/537.36"
159.223.109.12 - - [23/Dec/2025:23:16:35 +0800] "GET /icon/maybank1.png HTTP/1.1" 404 16419 "https://philippine.bf-1.com/index.php?id=2&main_page=page&zenid=t02oieghu350mhi5bpb5o380b3" "Mozilla/5.0 (Windows NT 10.0; Win64; x64) AppleWebKit/537.36 (KHTML, like Gecko) Chrome/124.0.0.0 Safari/537.36"
